000
CXUS55 KCYS 121741 CCA
CLALAR

CLIMATE REPORT
NATIONAL WEATHER SERVICE CHEYENNE WY
1029 AM MST THU JAN 12 2017

...................................

...THE LARAMIE WY AIRPORT CLIMATE SUMMARY FOR THE YEAR OF 2016...

CLIMATE NORMAL PERIOD 1981 TO 2010
CLIMATE RECORD PERIOD 1948 TO 2017

WEATHER         OBSERVED          NORMAL  DEPART  LAST YEAR`S
                 VALUE   DATE(S)  VALUE   FROM    VALUE
                                          NORMAL
.............................................................
TEMPERATURE (F)
RECORD
 HIGH              94   07/22/1982
                        08/05/1979
                        06/23/1954
 LOW              -50   01/12/1963
HIGHEST            91   06/21        MM      MM       89
LOWEST            -23   12/08        MM      MM      -24
AVG. MAXIMUM     56.7              54.5     2.2     56.6
AVG. MINIMUM     28.6              27.5     1.1     29.5
MEAN             42.6              41.0     1.6     43.1
DAYS MAX >= 90      1               1.5                0
DAYS MAX <= 32     58              53.7               47
DAYS MIN <= 32    218             209.3              188
DAYS MIN <= 0      15              21.9               21

PRECIPITATION (INCHES)
RECORD
 MAXIMUM        14.30   2014
 MINIMUM         3.50   2002
TOTALS          11.80             10.92    0.88    13.22
DAYS >= .01        90              85.7              107
DAYS >= .10        33              32.1               41
DAYS >= .50         5               3.8                6
DAYS >= 1.00        0               0.5                0
GREATEST
 24 HR. TOTAL    1.02   05/06 TO 05/07

DEGREE_DAYS
HEATING TOTAL    8213              8830    -617     7955
 SINCE 7/1       3173              3673    -500     3339
COOLING TOTAL     119                67      52       65
 SINCE 1/1        119                67      52       65
..............................................................

WIND (MPH)
AVERAGE WIND SPEED              12.1
HIGHEST WIND SPEED/DIRECTION    55/260    DATE  02/15
HIGHEST GUST SPEED/DIRECTION    69/270    DATE  02/15

SKY COVER
POSSIBLE SUNSHINE (PERCENT)   MM
AVERAGE SKY COVER           0.30
NUMBER OF DAYS FAIR          243
NUMBER OF DAYS PC             97
NUMBER OF DAYS CLOUDY         25

AVERAGE RH (PERCENT)     57

WEATHER CONDITIONS. NUMBER OF DAYS WITH
THUNDERSTORM              0     MIXED PRECIP               0
HEAVY RAIN               13     RAIN                      17
LIGHT RAIN               78     FREEZING RAIN              0
LT FREEZING RAIN          1     HAIL                       0
HEAVY SNOW               12     SNOW                      24
LIGHT SNOW               73     SLEET                      0
FOG                      98     FOG W/VIS <= 1/4 MILE     26
HAZE                     35

-  INDICATES NEGATIVE NUMBERS.
R  INDICATES RECORD WAS SET OR TIED.
MM INDICATES DATA IS MISSING.
T  INDICATES TRACE AMOUNT.

$$
