000
CXUS53 KGRB 011136
CLARHI

CLIMATE REPORT
NATIONAL WEATHER SERVICE GREEN BAY
527 AM CST FRI JAN 1 2016

...................................

...THE RHINELANDER WI CLIMATE SUMMARY FOR THE YEAR OF 2015...

CLIMATE NORMAL PERIOD 1981 TO 2010
CLIMATE RECORD PERIOD 1908 TO 2015

WEATHER         OBSERVED          NORMAL  DEPART  LAST YEAR`S
                 VALUE   DATE(S)  VALUE   FROM    VALUE  DATE(S)
                                          NORMAL
................................................................
TEMPERATURE (F)
RECORD
 HIGH             108   07/13/1936
 LOW              -42   02/03/1996
HIGHEST            89   08/15                         85  06/17
                        08/14
LOWEST            -24   02/19                        -30  01/06
                        01/13
AVG. MAXIMUM     52.4              51.5     0.9     46.8
AVG. MINIMUM     31.5              30.4     1.1     26.2
MEAN             41.9              41.0     0.9     36.5
DAYS MAX >= 90      0               2.2    -2.2        0
DAYS MAX <= 32     82              92.2   -10.2      120
DAYS MIN <= 32    170             183.3   -13.3      196
DAYS MIN <= 0      35              34.4     0.6       66

PRECIPITATION (INCHES)
RECORD
 MAXIMUM        42.42   1911
                        1990
 MINIMUM        16.90   1989
TOTALS          31.38             31.40   -0.02    41.62
DAILY AVG.       0.09
DAYS >= .01       135                MM      MM      167
DAYS >= .10        79                MM      MM       86
DAYS >= .50        18                MM      MM       28
DAYS >= 1.00        6                MM      MM        8

SNOWFALL (INCHES)
RECORDS
 TOTAL          131.5   2014
TOTALS           52.0                MM      MM    131.5
SINCE 7/1        16.8                MM      MM     54.1
SNOWDEPTH AVG.      3
DAYS >= TRACE      91                MM      MM      123
DAYS >= 1.0        19                MM      MM       38
GREATEST
 SNOW DEPTH        19   03/05                         28  03/04
                        03/03                             02/21
                        03/04
 24 HR TOTAL      7.6   MM

DEGREE_DAYS
HEATING TOTAL    8478              9020    -542    10379
 SINCE 7/1         MM              3626      MM       MM
COOLING TOTAL     233               262     -29      148
 SINCE 1/1        233               261     -28      148

FREEZE DATES
RECORD
 EARLIEST     08/27/1915
 LATEST       07/30/1928
EARLIEST                        09/23
LATEST                          05/20
.................................................................

WIND (MPH)
AVERAGE WIND SPEED              7.4
HIGHEST WIND SPEED/DIRECTION    35/260    DATE  12/24
HIGHEST GUST SPEED/DIRECTION    47/260    DATE  11/19

SKY COVER
POSSIBLE SUNSHINE (PERCENT)   MM
AVERAGE SKY COVER           0.50
NUMBER OF DAYS FAIR          139
NUMBER OF DAYS PC            116
NUMBER OF DAYS CLOUDY        110

AVERAGE RH (PERCENT)     71

WEATHER CONDITIONS. NUMBER OF DAYS WITH
THUNDERSTORM              0     MIXED PRECIP               0
HEAVY RAIN               29     RAIN                      47
LIGHT RAIN              121     FREEZING RAIN              1
LT FREEZING RAIN          5     HAIL                       0
HEAVY SNOW                5     SNOW                      16
LIGHT SNOW               88     SLEET                      1
FOG                     241     FOG W/VIS <= 1/4 MILE     49
HAZE                     79

-  INDICATES NEGATIVE NUMBERS.
R  INDICATES RECORD WAS SET OR TIED.
MM INDICATES DATA IS MISSING.
T  INDICATES TRACE AMOUNT.

$$
