000
CDUS41 KBTV 010557
CLI1V4


CLIMATE REPORT
NATIONAL WEATHER SERVICE BURLINGTON VT
157 AM EDT WED OCT 1 2014


...................................

...THE ST. JOHNSBURY VT CLIMATE SUMMARY FOR SEPTEMBER 30 2014...

CLIMATE NORMAL PERIOD 1981 TO 2010
CLIMATE RECORD PERIOD 1894 TO 2014


WEATHER ITEM   OBSERVED TIME   RECORD YEAR NORMAL DEPARTURE LAST
                VALUE   (LST)  VALUE       VALUE  FROM      YEAR
                                                  NORMAL
..................................................................
TEMPERATURE (F)
 YESTERDAY
  MAXIMUM         68    254 PM  85    1927  65      3       72
  MINIMUM         54    454 AM  22    1941  43     11       42
  AVERAGE         61                        54      7       57

PRECIPITATION (IN)
  YESTERDAY        0.00          2.21 1916   0.12  -0.12     0.00
  MONTH TO DATE    1.43                      3.39  -1.96     3.65
  SINCE SEP 1      1.43                      3.39  -1.96     3.65
  SINCE JAN 1     28.87                     29.15  -0.28    28.62

DEGREE DAYS
 HEATING
  YESTERDAY        4                        11     -7        8
  MONTH TO DATE  227                       185     42      248
  SINCE SEP 1    227                       184     43      248
  SINCE JUL 1    284                       234     50      308

 COOLING
  YESTERDAY        0                         0      0        0
  MONTH TO DATE   28                        34     -6       40
  SINCE SEP 1     28                        34     -6       40
  SINCE JAN 1    247                       432   -185      407
..................................................................


WIND (MPH)
  HIGHEST WIND SPEED    MM   HIGHEST WIND DIRECTION    MM
  HIGHEST GUST SPEED    MM   HIGHEST GUST DIRECTION    MM
  AVERAGE WIND SPEED    MM


SKY COVER
  AVERAGE SKY COVER 0.0


WEATHER CONDITIONS
 THE FOLLOWING WEATHER WAS RECORDED YESTERDAY.
  NO SIGNIFICANT WEATHER WAS OBSERVED.


RELATIVE HUMIDITY (PERCENT)
 HIGHEST    93           800 PM
 LOWEST     63           200 PM
 AVERAGE    78

..........................................................


THE ST. JOHNSBURY VT CLIMATE NORMALS FOR TODAY
                         NORMAL    RECORD    YEAR
 MAXIMUM TEMPERATURE (F)   64        87      1922
 MINIMUM TEMPERATURE (F)   42        24      1925


SUNRISE AND SUNSET
OCTOBER  1 2014.......SUNRISE   646 AM EDT   SUNSET   629 PM EDT
OCTOBER  2 2014.......SUNRISE   647 AM EDT   SUNSET   627 PM EDT


-  INDICATES NEGATIVE NUMBERS.
R  INDICATES RECORD WAS SET OR TIED.
MM INDICATES DATA IS MISSING.
T  INDICATES TRACE AMOUNT.




$$
