000
CDUS41 KBTV 300708
CLI1V4


CLIMATE REPORT
NATIONAL WEATHER SERVICE BURLINGTON VT
306 AM EDT SAT JUL 30 2016


...................................

...THE ST. JOHNSBURY VT CLIMATE SUMMARY FOR JULY 29 2016...

CLIMATE NORMAL PERIOD 1981 TO 2010
CLIMATE RECORD PERIOD 1894 TO 2016


WEATHER ITEM   OBSERVED TIME   RECORD YEAR NORMAL DEPARTURE LAST
                VALUE   (LST)  VALUE       VALUE  FROM      YEAR
                                                  NORMAL
..................................................................
TEMPERATURE (F)
 YESTERDAY
  MAXIMUM         84        MM  97    1959  81      3       91
  MINIMUM         61        MM  42    1987  59      2       63
  AVERAGE         73                        70      3       77

PRECIPITATION (IN)
  YESTERDAY        0.00          1.49 1969   0.14  -0.14     0.00
  MONTH TO DATE    5.19                      3.82   1.37     5.54
  SINCE JUN 1      9.82                      7.83   1.99    13.24
  SINCE JAN 1     22.40                     21.24   1.16    24.61

DEGREE DAYS
 HEATING
  YESTERDAY        0                         0      0        0
  MONTH TO DATE   16                        10      6       29
  SINCE JUN 1    107                        82     25      138
  SINCE JUL 1     16                        10      6       29

 COOLING
  YESTERDAY        8                         5      3       12
  MONTH TO DATE  155                       160     -5      127
  SINCE JUN 1    216                       250    -34      160
  SINCE JAN 1    259                       268     -9      198
..................................................................


WIND (MPH)
  HIGHEST WIND SPEED    MM   HIGHEST WIND DIRECTION    MM
  HIGHEST GUST SPEED    MM   HIGHEST GUST DIRECTION    MM
  AVERAGE WIND SPEED    MM


SKY COVER
  AVERAGE SKY COVER 0.0


WEATHER CONDITIONS
 THE FOLLOWING WEATHER WAS RECORDED YESTERDAY.
  NO SIGNIFICANT WEATHER WAS OBSERVED.


RELATIVE HUMIDITY (PERCENT)
 HIGHEST    93           300 AM
 LOWEST     37           200 PM
 AVERAGE    65

..........................................................


THE ST. JOHNSBURY VT CLIMATE NORMALS FOR TODAY
                         NORMAL    RECORD    YEAR
 MAXIMUM TEMPERATURE (F)   81        97      1959
 MINIMUM TEMPERATURE (F)   59        39      1952


SUNRISE AND SUNSET
JULY 30 2016..........SUNRISE   533 AM EDT   SUNSET   815 PM EDT
JULY 31 2016..........SUNRISE   534 AM EDT   SUNSET   814 PM EDT


-  INDICATES NEGATIVE NUMBERS.
R  INDICATES RECORD WAS SET OR TIED.
MM INDICATES DATA IS MISSING.
T  INDICATES TRACE AMOUNT.




$$
