000
CDUS41 KBTV 170530
CLI1V4


CLIMATE REPORT
NATIONAL WEATHER SERVICE BURLINGTON VT
127 AM EDT THU APR 17 2014


...................................

...THE ST. JOHNSBURY VT CLIMATE SUMMARY FOR APRIL 16 2014...

CLIMATE NORMAL PERIOD 1981 TO 2010
CLIMATE RECORD PERIOD 1894 TO 2014


WEATHER ITEM   OBSERVED TIME   RECORD YEAR NORMAL DEPARTURE LAST
                VALUE   (LST)  VALUE       VALUE  FROM      YEAR
                                                  NORMAL
..................................................................
TEMPERATURE (F)
 YESTERDAY
  MAXIMUM         32        MM  87    2002  57    -25       57
  MINIMUM         21        MM  12    1943  33    -12       38
  AVERAGE         27                        45    -18       48

PRECIPITATION (IN)
  YESTERDAY        0.02          0.89 2010   0.10  -0.08     0.24
  MONTH TO DATE    2.48                      1.48   1.00     1.62
  SINCE MAR 1      5.35                      3.99   1.36     3.54
  SINCE JAN 1     10.48                      8.67   1.81     6.92

DEGREE DAYS
 HEATING
  YESTERDAY       38                        20     18       17
  MONTH TO DATE  386                       379      7      433
  SINCE MAR 1   1807                      1455    352     1487
  SINCE JUL 1   7839                      7179    660     6965

 COOLING
  YESTERDAY        0                         0      0        0
  MONTH TO DATE    0                         0      0        0
  SINCE MAR 1      0                         0      0        0
  SINCE JAN 1      0                         0      0        0
..................................................................


WIND (MPH)
  HIGHEST WIND SPEED    MM   HIGHEST WIND DIRECTION    MM
  HIGHEST GUST SPEED    MM   HIGHEST GUST DIRECTION    MM
  AVERAGE WIND SPEED    MM


SKY COVER
  AVERAGE SKY COVER 0.0


WEATHER CONDITIONS
 THE FOLLOWING WEATHER WAS RECORDED YESTERDAY.
  NO SIGNIFICANT WEATHER WAS OBSERVED.


RELATIVE HUMIDITY (PERCENT)
 HIGHEST    88           100 AM
 LOWEST     39           300 PM
 AVERAGE    64

..........................................................


THE ST. JOHNSBURY VT CLIMATE NORMALS FOR TODAY
                         NORMAL    RECORD    YEAR
 MAXIMUM TEMPERATURE (F)   57        88      2002
 MINIMUM TEMPERATURE (F)   33        11      1904


SUNRISE AND SUNSET
APRIL 17 2014.........SUNRISE   601 AM EDT   SUNSET   735 PM EDT
APRIL 18 2014.........SUNRISE   559 AM EDT   SUNSET   736 PM EDT


-  INDICATES NEGATIVE NUMBERS.
R  INDICATES RECORD WAS SET OR TIED.
MM INDICATES DATA IS MISSING.
T  INDICATES TRACE AMOUNT.




$$
