000
CDUS41 KBTV 190552
CLI1V4


CLIMATE REPORT
NATIONAL WEATHER SERVICE BURLINGTON VT
1251 AM EST FRI JAN 19 2018


...................................

...THE ST. JOHNSBURY VT CLIMATE SUMMARY FOR JANUARY 18 2018...

CLIMATE NORMAL PERIOD 1981 TO 2010
CLIMATE RECORD PERIOD 1894 TO 2018


WEATHER ITEM   OBSERVED TIME   RECORD YEAR NORMAL DEPARTURE LAST
                VALUE   (LST)  VALUE       VALUE  FROM      YEAR
                                                  NORMAL
..................................................................
TEMPERATURE (F)
 YESTERDAY
  MAXIMUM         24        MM  55    1996  27     -3       34
  MINIMUM          4        MM -30    1954   6     -2       29
  AVERAGE         14                        16     -2       32

PRECIPITATION (IN)
  YESTERDAY        0.00          1.15 2006   0.08  -0.08     0.10
  MONTH TO DATE    2.59                      1.44   1.15     0.93
  SINCE DEC 1      5.52                      4.52   1.00     4.50
  SINCE JAN 1      2.59                      1.44   1.15     0.93

DEGREE DAYS
 HEATING
  YESTERDAY       51                        49      2       33
  MONTH TO DATE  951                       865     86      776
  SINCE DEC 1   2433                      2162    271     2037
  SINCE JUL 1   3906                      3818     88     3497

 COOLING
  YESTERDAY        0                         0      0        0
  MONTH TO DATE    0                         0      0        0
  SINCE DEC 1      0                         0      0        0
  SINCE JAN 1      0                         0      0        0
..................................................................


WIND (MPH)
  HIGHEST WIND SPEED    MM   HIGHEST WIND DIRECTION    MM
  HIGHEST GUST SPEED    MM   HIGHEST GUST DIRECTION    MM
  AVERAGE WIND SPEED    MM


SKY COVER
  AVERAGE SKY COVER 0.0


WEATHER CONDITIONS
 THE FOLLOWING WEATHER WAS RECORDED YESTERDAY.
  NO SIGNIFICANT WEATHER WAS OBSERVED.


RELATIVE HUMIDITY (PERCENT)
 HIGHEST   100          1200 AM
 LOWEST     74           200 PM
 AVERAGE    87

..........................................................


THE ST. JOHNSBURY VT CLIMATE NORMALS FOR TODAY
                         NORMAL    RECORD    YEAR
 MAXIMUM TEMPERATURE (F)   27        60      1996
 MINIMUM TEMPERATURE (F)    6       -34      1904


SUNRISE AND SUNSET
JANUARY 19 2018.......SUNRISE   718 AM EST   SUNSET   440 PM EST
JANUARY 20 2018.......SUNRISE   718 AM EST   SUNSET   441 PM EST


-  INDICATES NEGATIVE NUMBERS.
R  INDICATES RECORD WAS SET OR TIED.
MM INDICATES DATA IS MISSING.
T  INDICATES TRACE AMOUNT.




$$
