000
CDUS41 KBTV 030525
CLI1V4


CLIMATE REPORT
NATIONAL WEATHER SERVICE BURLINGTON VT
123 AM EDT FRI JUL 3 2015


...................................

...THE ST. JOHNSBURY VT CLIMATE SUMMARY FOR JULY 2 2015...

CLIMATE NORMAL PERIOD 1981 TO 2010
CLIMATE RECORD PERIOD 1894 TO 2015


WEATHER ITEM   OBSERVED TIME   RECORD YEAR NORMAL DEPARTURE LAST
                VALUE   (LST)  VALUE       VALUE  FROM      YEAR
                                                  NORMAL
..................................................................
TEMPERATURE (F)
 YESTERDAY
  MAXIMUM         73        MM  96    1963  81     -8       92
  MINIMUM         51        MM  37    1992  58     -7       69
  AVERAGE         62                        69     -7       81

PRECIPITATION (IN)
  YESTERDAY        0.00          0.95 1905   0.12  -0.12     0.12
  MONTH TO DATE    0.61                      0.25   0.36     0.12
  SINCE JUN 1      8.31                      4.26   4.05     3.39
  SINCE JAN 1     19.68                     17.67   2.01    19.09

DEGREE DAYS
 HEATING
  YESTERDAY        3                         1      2        0
  MONTH TO DATE    3                         2      1        0
  SINCE JUN 1    112                        74     38       69
  SINCE JUL 1      3                         2      1        0

 COOLING
  YESTERDAY        0                         5     -5       16
  MONTH TO DATE    1                        10     -9       25
  SINCE JUN 1     34                       100    -66       72
  SINCE JAN 1     72                       118    -46       76
..................................................................


WIND (MPH)
  HIGHEST WIND SPEED    MM   HIGHEST WIND DIRECTION    MM
  HIGHEST GUST SPEED    MM   HIGHEST GUST DIRECTION    MM
  AVERAGE WIND SPEED    MM


SKY COVER
  AVERAGE SKY COVER 0.0


WEATHER CONDITIONS
 THE FOLLOWING WEATHER WAS RECORDED YESTERDAY.
  NO SIGNIFICANT WEATHER WAS OBSERVED.


RELATIVE HUMIDITY (PERCENT)
 HIGHEST    93           300 AM
 LOWEST     29           500 PM
 AVERAGE    61

..........................................................


THE ST. JOHNSBURY VT CLIMATE NORMALS FOR TODAY
                         NORMAL    RECORD    YEAR
 MAXIMUM TEMPERATURE (F)   81       102      1911
 MINIMUM TEMPERATURE (F)   58        37      1962


SUNRISE AND SUNSET
JULY  3 2015..........SUNRISE   508 AM EDT   SUNSET   836 PM EDT
JULY  4 2015..........SUNRISE   509 AM EDT   SUNSET   836 PM EDT


-  INDICATES NEGATIVE NUMBERS.
R  INDICATES RECORD WAS SET OR TIED.
MM INDICATES DATA IS MISSING.
T  INDICATES TRACE AMOUNT.




$$
