000
CDUS41 KBTV 300530
CLI1V4


CLIMATE REPORT
NATIONAL WEATHER SERVICE BURLINGTON VT
128 AM EDT FRI SEP 30 2016


...................................

...THE ST. JOHNSBURY VT CLIMATE SUMMARY FOR SEPTEMBER 29 2016...

CLIMATE NORMAL PERIOD 1981 TO 2010
CLIMATE RECORD PERIOD 1894 TO 2016


WEATHER ITEM   OBSERVED TIME   RECORD YEAR NORMAL DEPARTURE LAST
                VALUE   (LST)  VALUE       VALUE  FROM      YEAR
                                                  NORMAL
..................................................................
TEMPERATURE (F)
 YESTERDAY
  MAXIMUM         68        MM  82    1952  65      3       72
  MINIMUM         41        MM  24    1947  43     -2       64
  AVERAGE         55                        54      1       68

PRECIPITATION (IN)
  YESTERDAY        0.00          1.45 1907   0.13  -0.13     1.00
  MONTH TO DATE    1.48                      3.27  -1.79     3.28
  SINCE SEP 1      1.48                      3.27  -1.79     3.28
  SINCE JAN 1     29.42                     29.03   0.39    31.77

DEGREE DAYS
 HEATING
  YESTERDAY       10                        11     -1        0
  MONTH TO DATE  133                       174    -41       94
  SINCE SEP 1    133                       174    -41       94
  SINCE JUL 1    160                       224    -64      130

 COOLING
  YESTERDAY        0                         0      0        3
  MONTH TO DATE   49                        33     16       82
  SINCE SEP 1     49                        33     16       82
  SINCE JAN 1    457                       431     26      440
..................................................................


WIND (MPH)
  HIGHEST WIND SPEED    MM   HIGHEST WIND DIRECTION    MM
  HIGHEST GUST SPEED    MM   HIGHEST GUST DIRECTION    MM
  AVERAGE WIND SPEED    MM


SKY COVER
  AVERAGE SKY COVER 0.0


WEATHER CONDITIONS
 THE FOLLOWING WEATHER WAS RECORDED YESTERDAY.
  NO SIGNIFICANT WEATHER WAS OBSERVED.


RELATIVE HUMIDITY (PERCENT)
 HIGHEST   100           600 AM
 LOWEST     42           200 PM
 AVERAGE    71

..........................................................


THE ST. JOHNSBURY VT CLIMATE NORMALS FOR TODAY
                         NORMAL    RECORD    YEAR
 MAXIMUM TEMPERATURE (F)   65        85      1927
 MINIMUM TEMPERATURE (F)   43        22      1941


SUNRISE AND SUNSET
SEPTEMBER 30 2016.....SUNRISE   645 AM EDT   SUNSET   630 PM EDT
OCTOBER  1 2016.......SUNRISE   646 AM EDT   SUNSET   628 PM EDT


-  INDICATES NEGATIVE NUMBERS.
R  INDICATES RECORD WAS SET OR TIED.
MM INDICATES DATA IS MISSING.
T  INDICATES TRACE AMOUNT.




$$
