000
CDUS43 KUNR 270837
CLI2WX


CLIMATE REPORT
NATIONAL WEATHER SERVICE RAPID CITY SD
135 AM MST TUE JAN 27 2015


...................................

...THE BUFFALO SD CLIMATE SUMMARY FOR JANUARY 26 2015...

CLIMATE NORMAL PERIOD 1981 TO 2010
CLIMATE RECORD PERIOD 9999 TO 9999


WEATHER ITEM   OBSERVED TIME   NORMAL DEPARTURE LAST
                VALUE   (LST)  VALUE  FROM      YEAR
                                      NORMAL
......................................................
TEMPERATURE (F)
 YESTERDAY
  MAXIMUM         63    259 PM  31     32       40
  MINIMUM         33    725 AM  11     22        0
  AVERAGE         48            21     27       20

PRECIPITATION (IN)
  YESTERDAY        0.00          0.02  -0.02     0.00
  MONTH TO DATE    0.27          0.25   0.02     0.02
  SINCE DEC 1      0.43          0.54  -0.11     1.18
  SINCE JAN 1      0.27          0.25   0.02     0.02

DEGREE DAYS
 HEATING
  YESTERDAY       17            44    -27       45
  MONTH TO DATE 1068          1161    -93     1057
  SINCE DEC 1   2253          2523   -270     2603
  SINCE JUL 1   4174          4421   -247     4393

 COOLING
  YESTERDAY        0             0      0        0
  MONTH TO DATE    0             0      0        0
  SINCE DEC 1      0             0      0        0
  SINCE JAN 1      0             0      0        0
......................................................


WIND (MPH)
  HIGHEST WIND SPEED    20   HIGHEST WIND DIRECTION     W (280)
  HIGHEST GUST SPEED    22   HIGHEST GUST DIRECTION     W (280)
  AVERAGE WIND SPEED     9.9




RELATIVE HUMIDITY (PERCENT)
 HIGHEST    82           300 AM
 LOWEST     32           200 PM
 AVERAGE    57

..........................................................




SUNRISE AND SUNSET
JANUARY 27 2015.......SUNRISE   721 AM MST   SUNSET   453 PM MST
JANUARY 28 2015.......SUNRISE   720 AM MST   SUNSET   455 PM MST


-  INDICATES NEGATIVE NUMBERS.
R  INDICATES RECORD WAS SET OR TIED.
MM INDICATES DATA IS MISSING.
T  INDICATES TRACE AMOUNT.




$$
