000
CDUS43 KUNR 170831
CLI2WX


CLIMATE REPORT
NATIONAL WEATHER SERVICE RAPID CITY SD
131 AM MST FRI NOV 17 2017


...................................

...THE BUFFALO SD CLIMATE SUMMARY FOR NOVEMBER 16 2017...

CLIMATE NORMAL PERIOD 1981 TO 2010
CLIMATE RECORD PERIOD 9999 TO 9999


WEATHER ITEM   OBSERVED TIME   NORMAL DEPARTURE LAST
                VALUE   (LST)  VALUE  FROM      YEAR
                                      NORMAL
......................................................
TEMPERATURE (F)
 YESTERDAY
  MAXIMUM         40   1109 PM  42     -2       56
  MINIMUM         19    516 AM  21     -2       29
  AVERAGE         30            31     -1       43

PRECIPITATION (IN)
  YESTERDAY        0.00          0.01  -0.01     0.00
  MONTH TO DATE    0.13          0.29  -0.16     0.00
  SINCE SEP 1      2.95          2.07   0.88     2.21
  SINCE JAN 1     14.47         14.21   0.26     9.89

DEGREE DAYS
 HEATING
  YESTERDAY       35            34      1       22
  MONTH TO DATE  555           473     82      227
  SINCE SEP 1   1319          1322     -3      804
  SINCE JUL 1   1330          1374    -44      834

 COOLING
  YESTERDAY        0             0      0        0
  MONTH TO DATE    0             0      0        0
  SINCE SEP 1     93            42     51       42
  SINCE JAN 1    743           513    230      734
......................................................


WIND (MPH)
  HIGHEST WIND SPEED    20   HIGHEST WIND DIRECTION    SE (150)
  HIGHEST GUST SPEED    24   HIGHEST GUST DIRECTION    SE (150)
  AVERAGE WIND SPEED    10.2




RELATIVE HUMIDITY (PERCENT)
 HIGHEST    92           900 AM
 LOWEST     59           800 PM
 AVERAGE    76

..........................................................




SUNRISE AND SUNSET
NOVEMBER 17 2017......SUNRISE   657 AM MST   SUNSET   421 PM MST
NOVEMBER 18 2017......SUNRISE   658 AM MST   SUNSET   420 PM MST


-  INDICATES NEGATIVE NUMBERS.
R  INDICATES RECORD WAS SET OR TIED.
MM INDICATES DATA IS MISSING.
T  INDICATES TRACE AMOUNT.




$$
