000
CDUS43 KUNR 250850
CLI2WX


CLIMATE REPORT
NATIONAL WEATHER SERVICE RAPID CITY SD
244 AM MDT THU MAY 25 2017


...................................

...THE BUFFALO SD CLIMATE SUMMARY FOR MAY 24 2017...

CLIMATE NORMAL PERIOD 1981 TO 2010
CLIMATE RECORD PERIOD 9999 TO 9999


WEATHER ITEM   OBSERVED TIME   NORMAL DEPARTURE LAST
                VALUE   (LST)  VALUE  FROM      YEAR
                                      NORMAL
......................................................
TEMPERATURE (F)
 YESTERDAY
  MAXIMUM         76    424 PM  68      8       76
  MINIMUM         41    226 AM  44     -3       41
  AVERAGE         59            56      3       59

PRECIPITATION (IN)
  YESTERDAY        0.22          0.15   0.07     0.00
  MONTH TO DATE    1.64          2.10  -0.46     0.47
  SINCE MAR 1      6.35          4.42   1.93     2.87
  SINCE JAN 1      6.65          4.99   1.66     3.53

DEGREE DAYS
 HEATING
  YESTERDAY        6             9     -3        6
  MONTH TO DATE  239           305    -66      243
  SINCE MAR 1   1656          1961   -305     1542
  SINCE JUL 1   7007          7758   -751     6320

 COOLING
  YESTERDAY        0             0      0        0
  MONTH TO DATE   13             0     13        2
  SINCE MAR 1     13             0     13        2
  SINCE JAN 1     13             0     13        2
......................................................


WIND (MPH)
  HIGHEST WIND SPEED    43   HIGHEST WIND DIRECTION     N (350)
  HIGHEST GUST SPEED    50   HIGHEST GUST DIRECTION     N (350)
  AVERAGE WIND SPEED    23.3




RELATIVE HUMIDITY (PERCENT)
 HIGHEST    82           200 AM
 LOWEST     31          1200 PM
 AVERAGE    57

..........................................................




SUNRISE AND SUNSET
MAY 25 2017...........SUNRISE   513 AM MDT   SUNSET   830 PM MDT
MAY 26 2017...........SUNRISE   512 AM MDT   SUNSET   831 PM MDT


-  INDICATES NEGATIVE NUMBERS.
R  INDICATES RECORD WAS SET OR TIED.
MM INDICATES DATA IS MISSING.
T  INDICATES TRACE AMOUNT.




$$
