000
CDUS43 KUNR 010845
CLI2WX


CLIMATE REPORT
NATIONAL WEATHER SERVICE RAPID CITY SD
143 AM MST SUN MAR 1 2015


...................................

...THE BUFFALO SD CLIMATE SUMMARY FOR FEBRUARY 28 2015...

CLIMATE NORMAL PERIOD 1981 TO 2010
CLIMATE RECORD PERIOD 9999 TO 9999


WEATHER ITEM   OBSERVED TIME   NORMAL DEPARTURE LAST
                VALUE   (LST)  VALUE  FROM      YEAR
                                      NORMAL
......................................................
TEMPERATURE (F)
 YESTERDAY
  MAXIMUM         21    241 PM  38    -17       27
  MINIMUM          5    709 AM  17    -12       -2
  AVERAGE         13            27    -14       13

PRECIPITATION (IN)
  YESTERDAY        0.00          0.01  -0.01     0.11
  MONTH TO DATE    0.13          0.28  -0.15     0.39
  SINCE DEC 1      0.63          0.86  -0.23     1.74
  SINCE JAN 1      0.47          0.57  -0.10     0.58

DEGREE DAYS
 HEATING
  YESTERDAY       52            38     14       52
  MONTH TO DATE 1139          1159    -20     1400
  SINCE DEC 1   3537          3899   -362     4267
  SINCE JUL 1   5458          5797   -339     6057

 COOLING
  YESTERDAY        0             0      0        0
  MONTH TO DATE    0             0      0        0
  SINCE DEC 1      0             0      0        0
  SINCE JAN 1      0             0      0        0
......................................................


WIND (MPH)
  HIGHEST WIND SPEED    28   HIGHEST WIND DIRECTION    NW (300)
  HIGHEST GUST SPEED    34   HIGHEST GUST DIRECTION    NW (320)
  AVERAGE WIND SPEED    14.2




RELATIVE HUMIDITY (PERCENT)
 HIGHEST    88           200 AM
 LOWEST     56           300 PM
 AVERAGE    72

..........................................................




SUNRISE AND SUNSET
MARCH  1 2015.........SUNRISE   633 AM MST   SUNSET   541 PM MST
MARCH  2 2015.........SUNRISE   631 AM MST   SUNSET   542 PM MST


-  INDICATES NEGATIVE NUMBERS.
R  INDICATES RECORD WAS SET OR TIED.
MM INDICATES DATA IS MISSING.
T  INDICATES TRACE AMOUNT.




$$
