000
CDUS43 KUNR 180832
CLI2WX


CLIMATE REPORT
NATIONAL WEATHER SERVICE RAPID CITY SD
132 AM MST THU DEC 18 2014


...................................

...THE BUFFALO SD CLIMATE SUMMARY FOR DECEMBER 17 2014...

CLIMATE NORMAL PERIOD 1981 TO 2010
CLIMATE RECORD PERIOD 9999 TO 9999


WEATHER ITEM   OBSERVED TIME   NORMAL DEPARTURE LAST
                VALUE   (LST)  VALUE  FROM      YEAR
                                      NORMAL
......................................................
TEMPERATURE (F)
 YESTERDAY
  MAXIMUM         23   1159 PM  31     -8       39
  MINIMUM         16   1244 AM  10      6       17
  AVERAGE         20            20      0       28

PRECIPITATION (IN)
  YESTERDAY        0.00          0.02  -0.02     0.00
  MONTH TO DATE    0.00          0.13  -0.13     0.59
  SINCE DEC 1      0.00          0.13  -0.13     0.59
  SINCE JAN 1     16.91         14.36   2.55    12.74

DEGREE DAYS
 HEATING
  YESTERDAY       45            45      0       37
  MONTH TO DATE  588           733   -145      883
  SINCE DEC 1    588           733   -145      883
  SINCE JUL 1   2509          2631   -122     2673

 COOLING
  YESTERDAY        0             0      0        0
  MONTH TO DATE    0             0      0        0
  SINCE DEC 1      0             0      0        0
  SINCE JAN 1    420           513    -93      587
......................................................


WIND (MPH)
  HIGHEST WIND SPEED    20   HIGHEST WIND DIRECTION    SE (140)
  HIGHEST GUST SPEED    23   HIGHEST GUST DIRECTION    SE (140)
  AVERAGE WIND SPEED    12.4




RELATIVE HUMIDITY (PERCENT)
 HIGHEST    92          1000 AM
 LOWEST     84           100 AM
 AVERAGE    88

..........................................................




SUNRISE AND SUNSET
DECEMBER 18 2014......SUNRISE   730 AM MST   SUNSET   412 PM MST
DECEMBER 19 2014......SUNRISE   730 AM MST   SUNSET   412 PM MST


-  INDICATES NEGATIVE NUMBERS.
R  INDICATES RECORD WAS SET OR TIED.
MM INDICATES DATA IS MISSING.
T  INDICATES TRACE AMOUNT.




$$
