000
CDUS43 KUNR 170834
CLI2WX


CLIMATE REPORT
NATIONAL WEATHER SERVICE RAPID CITY SD
134 AM MST TUE JAN 17 2017


...................................

...THE BUFFALO SD CLIMATE SUMMARY FOR JANUARY 16 2017...

CLIMATE NORMAL PERIOD 1981 TO 2010
CLIMATE RECORD PERIOD 9999 TO 9999


WEATHER ITEM   OBSERVED TIME   NORMAL DEPARTURE LAST
                VALUE   (LST)  VALUE  FROM      YEAR
                                      NORMAL
......................................................
TEMPERATURE (F)
 YESTERDAY
  MAXIMUM         27    217 PM  31     -4       14
  MINIMUM         12    543 AM  10      2      -10
  AVERAGE         20            20      0        2

PRECIPITATION (IN)
  YESTERDAY        0.00          0.01  -0.01     0.00
  MONTH TO DATE    0.00          0.15  -0.15     0.04
  SINCE DEC 1      1.17          0.44   0.73     0.50
  SINCE JAN 1      0.00          0.15  -0.15     0.04

DEGREE DAYS
 HEATING
  YESTERDAY       45            45      0       63
  MONTH TO DATE  959           720    239      712
  SINCE DEC 1   2514          2082    432     1901
  SINCE JUL 1   3804          3980   -176     3363

 COOLING
  YESTERDAY        0             0      0        0
  MONTH TO DATE    0             0      0        0
  SINCE DEC 1      0             0      0        0
  SINCE JAN 1      0             0      0        0
......................................................


WIND (MPH)
  HIGHEST WIND SPEED    23   HIGHEST WIND DIRECTION    NW (310)
  HIGHEST GUST SPEED    25   HIGHEST GUST DIRECTION    NW (310)
  AVERAGE WIND SPEED    10.7




RELATIVE HUMIDITY (PERCENT)
 HIGHEST    74           600 PM
 LOWEST     56           100 AM
 AVERAGE    65

..........................................................




SUNRISE AND SUNSET
JANUARY 17 2017.......SUNRISE   729 AM MST   SUNSET   440 PM MST
JANUARY 18 2017.......SUNRISE   729 AM MST   SUNSET   441 PM MST


-  INDICATES NEGATIVE NUMBERS.
R  INDICATES RECORD WAS SET OR TIED.
MM INDICATES DATA IS MISSING.
T  INDICATES TRACE AMOUNT.




$$
