000
CDUS43 KUNR 210837
CLI2WX


CLIMATE REPORT
NATIONAL WEATHER SERVICE RAPID CITY SD
135 AM MST SUN JAN 21 2018


...................................

...THE BUFFALO SD CLIMATE SUMMARY FOR JANUARY 20 2018...

CLIMATE NORMAL PERIOD 1981 TO 2010
CLIMATE RECORD PERIOD 9999 TO 9999


WEATHER ITEM   OBSERVED TIME   NORMAL DEPARTURE LAST
                VALUE   (LST)  VALUE  FROM      YEAR
                                      NORMAL
......................................................
TEMPERATURE (F)
 YESTERDAY
  MAXIMUM         38    115 PM  31      7       37
  MINIMUM         27    932 PM  11     16       23
  AVERAGE         33            21     12       30

PRECIPITATION (IN)
  YESTERDAY        0.00          0.01  -0.01     0.00
  MONTH TO DATE    0.21          0.18   0.03     0.00
  SINCE DEC 1      0.75          0.47   0.28     1.17
  SINCE JAN 1      0.21          0.18   0.03     0.00

DEGREE DAYS
 HEATING
  YESTERDAY       32            44    -12       35
  MONTH TO DATE  955           897     58     1098
  SINCE DEC 1   2271          2259     12     2653
  SINCE JUL 1   3939          4157   -218     3943

 COOLING
  YESTERDAY        0             0      0        0
  MONTH TO DATE    0             0      0        0
  SINCE DEC 1      0             0      0        0
  SINCE JAN 1      0             0      0        0
......................................................


WIND (MPH)
  HIGHEST WIND SPEED    17   HIGHEST WIND DIRECTION    NW (310)
  HIGHEST GUST SPEED    20   HIGHEST GUST DIRECTION    NW (300)
  AVERAGE WIND SPEED     8.8




RELATIVE HUMIDITY (PERCENT)
 HIGHEST   100           300 AM
 LOWEST     59           200 PM
 AVERAGE    80

..........................................................




SUNRISE AND SUNSET
JANUARY 21 2018.......SUNRISE   726 AM MST   SUNSET   445 PM MST
JANUARY 22 2018.......SUNRISE   726 AM MST   SUNSET   446 PM MST


-  INDICATES NEGATIVE NUMBERS.
R  INDICATES RECORD WAS SET OR TIED.
MM INDICATES DATA IS MISSING.
T  INDICATES TRACE AMOUNT.




$$
