007
CDUS43 KABR 241031
CLI8D3


CLIMATE REPORT
NATIONAL WEATHER SERVICE ABERDEEN SD
531 AM CDT FRI MAR 24 2017


...................................

...THE SISSETON SD CLIMATE SUMMARY FOR MARCH 23 2017...

CLIMATE NORMAL PERIOD 1981 TO 2010
CLIMATE RECORD PERIOD 1900 TO 2017


WEATHER ITEM   OBSERVED TIME   RECORD YEAR NORMAL DEPARTURE LAST
                VALUE   (LST)  VALUE       VALUE  FROM      YEAR
                                                  NORMAL
..................................................................
TEMPERATURE (F)
 YESTERDAY
  MAXIMUM         42   1137 AM  77    1939  43     -1       42
  MINIMUM         33    340 AM -14    1974  24      9       24
  AVERAGE         38                        33      5       33

PRECIPITATION (IN)
  YESTERDAY        0.02          1.39 1937   0.03  -0.01     0.00
  MONTH TO DATE    0.26                      0.76  -0.50     0.33
  SINCE MAR 1      0.26                      0.76  -0.50     0.33
  SINCE JAN 1      1.46                      1.62  -0.16     1.50

SNOWFALL (IN)
  YESTERDAY        0.0
  MONTH TO DATE    3.4
  SINCE OCT 1     30.4
  SINCE JUL 1     30.4
  SNOW DEPTH       0

DEGREE DAYS
 HEATING
  YESTERDAY       27                        32     -5       32
  MONTH TO DATE  893                       846     47      619
  SINCE MAR 1    893                       846     47      619
  SINCE JUL 1   6157                      7105   -948     5920

 COOLING
  YESTERDAY        0                         0      0        0
  MONTH TO DATE    0                         0      0        0
  SINCE MAR 1      0                         0      0        0
  SINCE JAN 1      0                         0      0        0
..................................................................


WIND (MPH)
  HIGHEST WIND SPEED    23   HIGHEST WIND DIRECTION     S (170)
  HIGHEST GUST SPEED    27   HIGHEST GUST DIRECTION     S (170)
  AVERAGE WIND SPEED    10.4


SKY COVER
  POSSIBLE SUNSHINE  MM
  AVERAGE SKY COVER 0.0


WEATHER CONDITIONS
 THE FOLLOWING WEATHER WAS RECORDED YESTERDAY.
  LIGHT RAIN


RELATIVE HUMIDITY (PERCENT)
 HIGHEST   100           200 PM
 LOWEST     64           900 AM
 AVERAGE    82

..........................................................


THE SISSETON SD CLIMATE NORMALS FOR TODAY
                         NORMAL    RECORD    YEAR
 MAXIMUM TEMPERATURE (F)   43        81      1939
 MINIMUM TEMPERATURE (F)   24       -12      1974


SUNRISE AND SUNSET
MARCH 24 2017.........SUNRISE   723 AM CDT   SUNSET   746 PM CDT
MARCH 25 2017.........SUNRISE   721 AM CDT   SUNSET   748 PM CDT


-  INDICATES NEGATIVE NUMBERS.
R  INDICATES RECORD WAS SET OR TIED.
MM INDICATES DATA IS MISSING.
T  INDICATES TRACE AMOUNT.




$$
