000
CDUS43 KABR 191042
CLI8D3


CLIMATE REPORT
NATIONAL WEATHER SERVICE ABERDEEN SD
541 AM CDT FRI SEP 19 2014


...................................

...THE SISSETON SD CLIMATE SUMMARY FOR SEPTEMBER 18 2014...

CLIMATE NORMAL PERIOD 1981 TO 2010
CLIMATE RECORD PERIOD 1900 TO 2014


WEATHER ITEM   OBSERVED TIME   RECORD YEAR NORMAL DEPARTURE LAST
                VALUE   (LST)  VALUE       VALUE  FROM      YEAR
                                                  NORMAL
..................................................................
TEMPERATURE (F)
 YESTERDAY
  MAXIMUM         78    403 PM  94    1998  72      6       91
  MINIMUM         41    449 AM  31    2012  46     -5       59
  AVERAGE         60                        59      1       75

PRECIPITATION (IN)
  YESTERDAY        0.00          1.09 2003   0.09  -0.09     0.09
  MONTH TO DATE    0.07                      1.46  -1.39     0.94
  SINCE SEP 1      0.07                      1.46  -1.39     0.94
  SINCE JAN 1     21.03                     18.20   2.83    19.61

DEGREE DAYS
 HEATING
  YESTERDAY        5                         7     -2        0
  MONTH TO DATE  124                        87     37       55
  SINCE SEP 1    124                        87     37       55
  SINCE JUL 1    161                       130     31      104

 COOLING
  YESTERDAY        0                         1     -1       10
  MONTH TO DATE   23                        37    -14       75
  SINCE SEP 1     23                        37    -14       75
  SINCE JAN 1    423                       516    -93      610
..................................................................


WIND (MPH)
  HIGHEST WIND SPEED    18   HIGHEST WIND DIRECTION     S (190)
  HIGHEST GUST SPEED    26   HIGHEST GUST DIRECTION     S (190)
  AVERAGE WIND SPEED     8.8


SKY COVER
  POSSIBLE SUNSHINE  MM
  AVERAGE SKY COVER 0.0


WEATHER CONDITIONS
 THE FOLLOWING WEATHER WAS RECORDED YESTERDAY.
  NO SIGNIFICANT WEATHER WAS OBSERVED.


RELATIVE HUMIDITY (PERCENT)
 HIGHEST   100          1200 AM
 LOWEST     54           400 PM
 AVERAGE    77

..........................................................


THE SISSETON SD CLIMATE NORMALS FOR TODAY
                         NORMAL    RECORD    YEAR
 MAXIMUM TEMPERATURE (F)   71        97      1984
 MINIMUM TEMPERATURE (F)   46        30      1937


SUNRISE AND SUNSET
SEPTEMBER 19 2014.....SUNRISE   711 AM CDT   SUNSET   731 PM CDT
SEPTEMBER 20 2014.....SUNRISE   712 AM CDT   SUNSET   729 PM CDT


-  INDICATES NEGATIVE NUMBERS.
R  INDICATES RECORD WAS SET OR TIED.
MM INDICATES DATA IS MISSING.
T  INDICATES TRACE AMOUNT.




$$
