000
CDUS43 KABR 302236
CLI8D3


CLIMATE REPORT
NATIONAL WEATHER SERVICE ABERDEEN SD
534 PM CDT SUN APR 30 2017


...................................

...THE SISSETON SD CLIMATE SUMMARY FOR APRIL 30 2017...
VALID TODAY AS OF 0500 PM LOCAL TIME.

CLIMATE NORMAL PERIOD 1981 TO 2010
CLIMATE RECORD PERIOD 1900 TO 2017


WEATHER ITEM   OBSERVED TIME   RECORD YEAR NORMAL DEPARTURE LAST
                VALUE   (LST)  VALUE       VALUE  FROM      YEAR
                                                  NORMAL
..................................................................
TEMPERATURE (F)
 TODAY
  MAXIMUM         57    154 PM  93    1992  64     -7       60
  MINIMUM         34    451 AM  19    1903  39              36
  AVERAGE         46                        51     -5       48

PRECIPITATION (IN)
  TODAY            0.00          2.05 1942   0.14  -0.14     0.00
  MONTH TO DATE    1.57                      2.28  -0.71     2.46
  SINCE MAR 1      1.83                      3.40  -1.57     3.00
  SINCE JAN 1      3.03                      4.26  -1.23     4.17

SNOWFALL (IN)
  TODAY            0.0
  MONTH TO DATE    0.7
  SINCE OCT 1     31.1
  SINCE JUL 1     31.1
  SNOW DEPTH       0

DEGREE DAYS
 HEATING
  TODAY           19                        14      5       17
  MONTH TO DATE  570                       617    -47      604
  SINCE MAR 1   1650                      1700    -50     1410
  SINCE JUL 1   6914                      7959  -1045     6711

 COOLING
  TODAY            0                         0      0        0
  MONTH TO DATE    0                         1     -1        0
  SINCE MAR 1      0                         1     -1        0
  SINCE JAN 1      0                         1     -1        0
..................................................................


WIND (MPH)
  HIGHEST WIND SPEED    23   HIGHEST WIND DIRECTION     E (90)
  HIGHEST GUST SPEED    29   HIGHEST GUST DIRECTION     E (90)
  AVERAGE WIND SPEED     9.9


SKY COVER
  POSSIBLE SUNSHINE  MM
  AVERAGE SKY COVER 0.0


WEATHER CONDITIONS
 THE FOLLOWING WEATHER WAS RECORDED TODAY.
  NO SIGNIFICANT WEATHER WAS OBSERVED.


RELATIVE HUMIDITY (PERCENT)
 HIGHEST    76           400 AM
 LOWEST     22          1200 PM
 AVERAGE    49

..........................................................


THE SISSETON SD CLIMATE NORMALS FOR TOMORROW
                         NORMAL    RECORD    YEAR
 MAXIMUM TEMPERATURE (F)   64        98      1959
 MINIMUM TEMPERATURE (F)   39        24      1966


SUNRISE AND SUNSET
APRIL 30 2017.........SUNRISE   617 AM CDT   SUNSET   834 PM CDT
MAY  1 2017...........SUNRISE   615 AM CDT   SUNSET   836 PM CDT


-  INDICATES NEGATIVE NUMBERS.
R  INDICATES RECORD WAS SET OR TIED.
MM INDICATES DATA IS MISSING.
T  INDICATES TRACE AMOUNT.




$$
