000
CDUS43 KABR 042234
CLI8D3


CLIMATE REPORT
NATIONAL WEATHER SERVICE ABERDEEN SD
533 PM CDT SAT JUL 4 2015


...................................

...THE SISSETON SD CLIMATE SUMMARY FOR JULY 4 2015...
VALID TODAY AS OF 0500 PM LOCAL TIME.

CLIMATE NORMAL PERIOD 1981 TO 2010
CLIMATE RECORD PERIOD 1900 TO 2015


WEATHER ITEM   OBSERVED TIME   RECORD YEAR NORMAL DEPARTURE LAST
                VALUE   (LST)  VALUE       VALUE  FROM      YEAR
                                                  NORMAL
..................................................................
TEMPERATURE (F)
 TODAY
  MAXIMUM         87    328 PM 101    1988  82      5       83
  MINIMUM         60    511 AM  44    1967  59              56
  AVERAGE         74                        70      4       70

PRECIPITATION (IN)
  TODAY            0.00          1.13 1962   0.12  -0.12     0.38
  MONTH TO DATE    0.09                      0.45  -0.36     0.48
  SINCE JUN 1      1.47                      4.19  -2.72     9.15
  SINCE JAN 1      9.12                     11.17  -2.05    17.52

DEGREE DAYS
 COOLING
  TODAY            9                         6      3        5
  MONTH TO DATE   15                        23     -8        5
  SINCE JUN 1    139                       117     22       93
  SINCE JAN 1    156                       140     16      154
..................................................................


WIND (MPH)
  HIGHEST WIND SPEED    16   HIGHEST WIND DIRECTION     S (190)
  HIGHEST GUST SPEED    20   HIGHEST GUST DIRECTION     S (190)
  AVERAGE WIND SPEED     7.1


SKY COVER
  POSSIBLE SUNSHINE  MM
  AVERAGE SKY COVER 0.0


WEATHER CONDITIONS
 THE FOLLOWING WEATHER WAS RECORDED TODAY.
  NO SIGNIFICANT WEATHER WAS OBSERVED.


RELATIVE HUMIDITY (PERCENT)
 HIGHEST   100           300 AM
 LOWEST     46           300 PM
 AVERAGE    73

..........................................................


THE SISSETON SD CLIMATE NORMALS FOR TOMORROW
                         NORMAL    RECORD    YEAR
 MAXIMUM TEMPERATURE (F)   82       103      1988
 MINIMUM TEMPERATURE (F)   59        44      1950


SUNRISE AND SUNSET
JULY  4 2015..........SUNRISE   544 AM CDT   SUNSET   920 PM CDT
JULY  5 2015..........SUNRISE   545 AM CDT   SUNSET   920 PM CDT


-  INDICATES NEGATIVE NUMBERS.
R  INDICATES RECORD WAS SET OR TIED.
MM INDICATES DATA IS MISSING.
T  INDICATES TRACE AMOUNT.




$$
