000
CDUS43 KABR 181200
CLI8D3


CLIMATE REPORT
NATIONAL WEATHER SERVICE ABERDEEN SD
700 AM CDT FRI AUG 18 2017


...................................

...THE SISSETON SD CLIMATE SUMMARY FOR AUGUST 17 2017...

CLIMATE NORMAL PERIOD 1981 TO 2010
CLIMATE RECORD PERIOD 1900 TO 2017


WEATHER ITEM   OBSERVED TIME   RECORD YEAR NORMAL DEPARTURE LAST
                VALUE   (LST)  VALUE       VALUE  FROM      YEAR
                                                  NORMAL
..................................................................
TEMPERATURE (F)
 YESTERDAY
  MAXIMUM         78    514 PM 102    1976  81     -3       84
  MINIMUM         60    944 PM  42    2012  58      2       59
  AVERAGE         69                        69      0       72

PRECIPITATION (IN)
  YESTERDAY        0.00          1.87 2005   0.06  -0.06     0.00
  MONTH TO DATE    4.29                      1.38   2.91     2.99
  SINCE JUN 1      7.54                      8.70  -1.16     9.11
  SINCE JAN 1     11.71                     15.68  -3.97    14.15

DEGREE DAYS
 HEATING
  YESTERDAY        0                         1     -1        0
  MONTH TO DATE    6                         8     -2        0
  SINCE JUN 1     32                        83    -51       40
  SINCE JUL 1      6                        21    -15       13

 COOLING
  YESTERDAY        4                         5     -1        7
  MONTH TO DATE   34                       100    -66      115
  SINCE JUN 1    432                       399     33      485
  SINCE JAN 1    448                       422     26      522
..................................................................


WIND (MPH)
  HIGHEST WIND SPEED    22   HIGHEST WIND DIRECTION     N (340)
  HIGHEST GUST SPEED    27   HIGHEST GUST DIRECTION    NW (320)
  AVERAGE WIND SPEED    11.1


SKY COVER
  POSSIBLE SUNSHINE  MM
  AVERAGE SKY COVER 0.0


WEATHER CONDITIONS
 THE FOLLOWING WEATHER WAS RECORDED YESTERDAY.
  NO SIGNIFICANT WEATHER WAS OBSERVED.


RELATIVE HUMIDITY (PERCENT)
 HIGHEST   100          1200 AM
 LOWEST     50           200 PM
 AVERAGE    75

..........................................................


THE SISSETON SD CLIMATE NORMALS FOR TODAY
                         NORMAL    RECORD    YEAR
 MAXIMUM TEMPERATURE (F)   81       105      1976
 MINIMUM TEMPERATURE (F)   57        38      1950


SUNRISE AND SUNSET
AUGUST 18 2017........SUNRISE   632 AM CDT   SUNSET   830 PM CDT
AUGUST 19 2017........SUNRISE   633 AM CDT   SUNSET   829 PM CDT


-  INDICATES NEGATIVE NUMBERS.
R  INDICATES RECORD WAS SET OR TIED.
MM INDICATES DATA IS MISSING.
T  INDICATES TRACE AMOUNT.




$$
