000
CDUS43 KABR 281030
CLI8D3


CLIMATE REPORT
NATIONAL WEATHER SERVICE ABERDEEN SD
528 AM CDT THU AUG 28 2014


...................................

...THE SISSETON SD CLIMATE SUMMARY FOR AUGUST 27 2014...

CLIMATE NORMAL PERIOD 1981 TO 2010
CLIMATE RECORD PERIOD 1900 TO 2014


WEATHER ITEM   OBSERVED TIME   RECORD YEAR NORMAL DEPARTURE LAST
                VALUE   (LST)  VALUE       VALUE  FROM      YEAR
                                                  NORMAL
..................................................................
TEMPERATURE (F)
 YESTERDAY
  MAXIMUM         75    429 PM 103    1973  79     -4       93
  MINIMUM         53    424 AM  39    1986  55     -2       68
  AVERAGE         64                        67     -3       81

PRECIPITATION (IN)
  YESTERDAY        0.00          0.65 1936   0.08  -0.08     0.00
  MONTH TO DATE    2.00                      2.10  -0.10     0.64
  SINCE JUN 1     12.41                      9.42   2.99     9.02
  SINCE JAN 1     20.78                     16.40   4.38    18.36

DEGREE DAYS
 HEATING
  YESTERDAY        1                         2     -1        0
  MONTH TO DATE   16                        20     -4       23
  SINCE JUN 1     71                        95    -24      118
  SINCE JUL 1     36                        33      3       49

 COOLING
  YESTERDAY        0                         4     -4       16
  MONTH TO DATE  112                       143    -31      137
  SINCE JUN 1    330                       442   -112      460
  SINCE JAN 1    391                       465    -74      485
..................................................................


WIND (MPH)
  HIGHEST WIND SPEED    14   HIGHEST WIND DIRECTION     S (170)
  HIGHEST GUST SPEED    20   HIGHEST GUST DIRECTION     S (180)
  AVERAGE WIND SPEED     5.1


SKY COVER
  POSSIBLE SUNSHINE  MM
  AVERAGE SKY COVER 0.0


WEATHER CONDITIONS
 THE FOLLOWING WEATHER WAS RECORDED YESTERDAY.
  NO SIGNIFICANT WEATHER WAS OBSERVED.


RELATIVE HUMIDITY (PERCENT)
 HIGHEST   100           100 AM
 LOWEST     57           200 PM
 AVERAGE    79

..........................................................


THE SISSETON SD CLIMATE NORMALS FOR TODAY
                         NORMAL    RECORD    YEAR
 MAXIMUM TEMPERATURE (F)   79       101      1973
 MINIMUM TEMPERATURE (F)   55        36      1965


SUNRISE AND SUNSET
AUGUST 28 2014........SUNRISE   644 AM CDT   SUNSET   813 PM CDT
AUGUST 29 2014........SUNRISE   645 AM CDT   SUNSET   811 PM CDT


-  INDICATES NEGATIVE NUMBERS.
R  INDICATES RECORD WAS SET OR TIED.
MM INDICATES DATA IS MISSING.
T  INDICATES TRACE AMOUNT.




$$
