000
CDUS43 KABR 052322
CLI8D3


CLIMATE REPORT
NATIONAL WEATHER SERVICE ABERDEEN SD
519 PM CST FRI FEB 5 2016


...................................

...THE SISSETON SD CLIMATE SUMMARY FOR FEBRUARY 5 2016...
VALID TODAY AS OF 0500 PM LOCAL TIME.

CLIMATE NORMAL PERIOD 1981 TO 2010
CLIMATE RECORD PERIOD 1900 TO 2016


WEATHER ITEM   OBSERVED TIME   RECORD YEAR NORMAL DEPARTURE LAST
                VALUE   (LST)  VALUE       VALUE  FROM      YEAR
                                                  NORMAL
..................................................................
TEMPERATURE (F)
 TODAY
  MAXIMUM         34    359 PM  60    1963  25      9       31
  MINIMUM         13    257 AM -29    1936   5             -12
  AVERAGE         24                        15      9       10

PRECIPITATION (IN)
  TODAY            0.01          0.35 2011   0.01   0.00     0.00
  MONTH TO DATE    0.08                      0.05   0.03     0.13
  SINCE DEC 1      1.43                      0.87   0.56     1.20
  SINCE JAN 1      0.36                      0.48  -0.12     0.60

SNOWFALL (IN)
  TODAY           MM
  MONTH TO DATE    0.4
  SINCE OCT 1     19.3
  SINCE JUL 1     19.3
  SNOW DEPTH       T

DEGREE DAYS
 HEATING
  TODAY           41                        50     -9       55
  MONTH TO DATE  211                       252    -41      298
  SINCE DEC 1   2948                      3347   -399     3056
  SINCE JUL 1   4344                      5198   -854     5036
..................................................................


WIND (MPH)
  HIGHEST WIND SPEED    15   HIGHEST WIND DIRECTION     S (200)
  HIGHEST GUST SPEED    18   HIGHEST GUST DIRECTION     S (190)
  AVERAGE WIND SPEED     8.0


SKY COVER
  POSSIBLE SUNSHINE  MM
  AVERAGE SKY COVER 0.0


WEATHER CONDITIONS
 THE FOLLOWING WEATHER WAS RECORDED TODAY.
  NO SIGNIFICANT WEATHER WAS OBSERVED.


RELATIVE HUMIDITY (PERCENT)
 HIGHEST    92           300 AM
 LOWEST     68          1000 AM
 AVERAGE    80

..........................................................


THE SISSETON SD CLIMATE NORMALS FOR TOMORROW
                         NORMAL    RECORD    YEAR
 MAXIMUM TEMPERATURE (F)   25        57      1987
 MINIMUM TEMPERATURE (F)    5       -30      1936


SUNRISE AND SUNSET
FEBRUARY  5 2016......SUNRISE   745 AM CST   SUNSET   539 PM CST
FEBRUARY  6 2016......SUNRISE   744 AM CST   SUNSET   541 PM CST


-  INDICATES NEGATIVE NUMBERS.
R  INDICATES RECORD WAS SET OR TIED.
MM INDICATES DATA IS MISSING.
T  INDICATES TRACE AMOUNT.




$$
