000
CDUS43 KABR 301038
CLI8D3


CLIMATE REPORT
NATIONAL WEATHER SERVICE ABERDEEN SD
538 AM CDT MON MAY 30 2016


...................................

...THE SISSETON SD CLIMATE SUMMARY FOR MAY 29 2016...

CLIMATE NORMAL PERIOD 1981 TO 2010
CLIMATE RECORD PERIOD 1900 TO 2016


WEATHER ITEM   OBSERVED TIME   RECORD YEAR NORMAL DEPARTURE LAST
                VALUE   (LST)  VALUE       VALUE  FROM      YEAR
                                                  NORMAL
..................................................................
TEMPERATURE (F)
 YESTERDAY
  MAXIMUM         81    500 PM 100    1934  73      8       62
  MINIMUM         55    340 AM  32    1947  50      5       45
  AVERAGE         68                        61      7       54

PRECIPITATION (IN)
  YESTERDAY        0.00          1.29 2013   0.08  -0.08     0.32
  MONTH TO DATE    0.50                      2.52  -2.02     5.19
  SINCE MAR 1      3.50                      5.92  -2.42     6.77
  SINCE JAN 1      4.67                      6.78  -2.11     7.65

DEGREE DAYS
 HEATING
  YESTERDAY        0                         5     -5       11
  MONTH TO DATE  199                       252    -53      293
  SINCE MAR 1   1609                      1952   -343     1729
  SINCE JUL 1   6910                      8211  -1301     7998

 COOLING
  YESTERDAY        3                         1      2        0
  MONTH TO DATE   33                        20     13       17
  SINCE MAR 1     33                        21     12       17
  SINCE JAN 1     33                        21     12       17
..................................................................


WIND (MPH)
  HIGHEST WIND SPEED    25   HIGHEST WIND DIRECTION     N (350)
  HIGHEST GUST SPEED    32   HIGHEST GUST DIRECTION    NW (320)
  AVERAGE WIND SPEED     9.7


SKY COVER
  POSSIBLE SUNSHINE  MM
  AVERAGE SKY COVER 0.0


WEATHER CONDITIONS
 THE FOLLOWING WEATHER WAS RECORDED YESTERDAY.
  NO SIGNIFICANT WEATHER WAS OBSERVED.


RELATIVE HUMIDITY (PERCENT)
 HIGHEST    93          1200 AM
 LOWEST     25           400 PM
 AVERAGE    59

..........................................................


THE SISSETON SD CLIMATE NORMALS FOR TODAY
                         NORMAL    RECORD    YEAR
 MAXIMUM TEMPERATURE (F)   73       113      1934
 MINIMUM TEMPERATURE (F)   50        33      1947


SUNRISE AND SUNSET
MAY 30 2016...........SUNRISE   543 AM CDT   SUNSET   909 PM CDT
MAY 31 2016...........SUNRISE   542 AM CDT   SUNSET   910 PM CDT


-  INDICATES NEGATIVE NUMBERS.
R  INDICATES RECORD WAS SET OR TIED.
MM INDICATES DATA IS MISSING.
T  INDICATES TRACE AMOUNT.




$$
