000
CDUS43 KABR 062328
CLI8D3


CLIMATE REPORT
NATIONAL WEATHER SERVICE ABERDEEN SD
528 PM CST FRI MAR 6 2015


...................................

...THE SISSETON SD CLIMATE SUMMARY FOR MARCH 6 2015...
VALID TODAY AS OF 0500 PM LOCAL TIME.

CLIMATE NORMAL PERIOD 1981 TO 2010
CLIMATE RECORD PERIOD 1900 TO 2015


WEATHER ITEM   OBSERVED TIME   RECORD YEAR NORMAL DEPARTURE LAST
                VALUE   (LST)  VALUE       VALUE  FROM      YEAR
                                                  NORMAL
..................................................................
TEMPERATURE (F)
 TODAY
  MAXIMUM         37    400 PM  71    1987  34      3       39
  MINIMUM         21        MM -12    1989  17              12
  AVERAGE         29                        26      3       26

PRECIPITATION (IN)
  TODAY            0.00          0.67 1946   0.03  -0.03     0.00
  MONTH TO DATE    0.14                      0.22  -0.08     0.09
  SINCE MAR 1      0.14                      0.22  -0.08     0.09
  SINCE JAN 1      1.02                      1.08  -0.06     0.71

SNOWFALL (IN)
  TODAY            0.0
  MONTH TO DATE    3.1
  SINCE OCT 1     26.2
  SINCE JUL 1     26.2
  SNOW DEPTH       0

DEGREE DAYS
 HEATING
  TODAY           36                        39     -3       39
  MONTH TO DATE  305                       243     62      335
  SINCE MAR 1    305                       243     62      335
  SINCE JUL 1   6574                      6502     72     7152

 COOLING
  TODAY            0                         0      0        0
  MONTH TO DATE    0                         0      0        0
  SINCE MAR 1      0                         0      0        0
  SINCE JAN 1      0                         0      0        0
..................................................................


WIND (MPH)
  HIGHEST WIND SPEED    21   HIGHEST WIND DIRECTION     W (270)
  HIGHEST GUST SPEED    27   HIGHEST GUST DIRECTION     W (270)
  AVERAGE WIND SPEED    12.9


SKY COVER
  POSSIBLE SUNSHINE  MM
  AVERAGE SKY COVER 0.0


WEATHER CONDITIONS
 THE FOLLOWING WEATHER WAS RECORDED TODAY.
  NO SIGNIFICANT WEATHER WAS OBSERVED.


RELATIVE HUMIDITY (PERCENT)
 HIGHEST    68           900 AM
 LOWEST     51          1200 PM
 AVERAGE    60

..........................................................


THE SISSETON SD CLIMATE NORMALS FOR TOMORROW
                         NORMAL    RECORD    YEAR
 MAXIMUM TEMPERATURE (F)   35        70      1987
 MINIMUM TEMPERATURE (F)   17       -13      1960


SUNRISE AND SUNSET
MARCH  6 2015.........SUNRISE   658 AM CST   SUNSET   621 PM CST
MARCH  7 2015.........SUNRISE   656 AM CST   SUNSET   623 PM CST


-  INDICATES NEGATIVE NUMBERS.
R  INDICATES RECORD WAS SET OR TIED.
MM INDICATES DATA IS MISSING.
T  INDICATES TRACE AMOUNT.




$$
