000
CDUS43 KABR 201034
CLI8D3


CLIMATE REPORT
NATIONAL WEATHER SERVICE ABERDEEN SD
534 AM CDT FRI OCT 20 2017


...................................

...THE SISSETON SD CLIMATE SUMMARY FOR OCTOBER 19 2017...

CLIMATE NORMAL PERIOD 1981 TO 2010
CLIMATE RECORD PERIOD 1900 TO 2017


WEATHER ITEM   OBSERVED TIME   RECORD YEAR NORMAL DEPARTURE LAST
                VALUE   (LST)  VALUE       VALUE  FROM      YEAR
                                                  NORMAL
..................................................................
TEMPERATURE (F)
 YESTERDAY
  MAXIMUM         77    253 PM  88    2003  56     21       50
  MINIMUM         40    601 AM  12    1972  35      5       31
  AVERAGE         59                        45     14       41

PRECIPITATION (IN)
  YESTERDAY        0.00          1.34 1984   0.06  -0.06     0.00
  MONTH TO DATE    1.48                      1.51  -0.03     0.86
  SINCE SEP 1      5.69                      4.05   1.64     3.06
  SINCE JAN 1     18.41                     20.79  -2.38    18.50

SNOWFALL (IN)
  YESTERDAY        0.0
  MONTH TO DATE    0.0
  SINCE OCT 1      0.0
  SINCE JUL 1      0.0
  SNOW DEPTH       0

DEGREE DAYS
 HEATING
  YESTERDAY        6                        20    -14       24
  MONTH TO DATE  243                       307    -64      253
  SINCE SEP 1    382                       509   -127      371
  SINCE JUL 1    396                       552   -156      398

 COOLING
  YESTERDAY        0                         0      0        0
  MONTH TO DATE    0                         0      0        0
  SINCE SEP 1     81                        44     37       44
  SINCE JAN 1    549                       523     26      625
..................................................................


WIND (MPH)
  HIGHEST WIND SPEED    36   HIGHEST WIND DIRECTION     S (200)
  HIGHEST GUST SPEED    45   HIGHEST GUST DIRECTION     S (200)
  AVERAGE WIND SPEED    14.4


SKY COVER
  POSSIBLE SUNSHINE  MM
  AVERAGE SKY COVER 0.0


WEATHER CONDITIONS
 THE FOLLOWING WEATHER WAS RECORDED YESTERDAY.
  NO SIGNIFICANT WEATHER WAS OBSERVED.


RELATIVE HUMIDITY (PERCENT)
 HIGHEST    76           500 AM
 LOWEST     29           100 PM
 AVERAGE    53

..........................................................


THE SISSETON SD CLIMATE NORMALS FOR TODAY
                         NORMAL    RECORD    YEAR
 MAXIMUM TEMPERATURE (F)   55        84      1953
 MINIMUM TEMPERATURE (F)   34        14      1952


SUNRISE AND SUNSET
OCTOBER 20 2017.......SUNRISE   752 AM CDT   SUNSET   633 PM CDT
OCTOBER 21 2017.......SUNRISE   753 AM CDT   SUNSET   631 PM CDT


-  INDICATES NEGATIVE NUMBERS.
R  INDICATES RECORD WAS SET OR TIED.
MM INDICATES DATA IS MISSING.
T  INDICATES TRACE AMOUNT.




$$
