000
CDUS43 KABR 302234
CLI8D3


CLIMATE REPORT
NATIONAL WEATHER SERVICE ABERDEEN SD
534 PM CDT SAT JUL 30 2016


...................................

...THE SISSETON SD CLIMATE SUMMARY FOR JULY 30 2016...
VALID TODAY AS OF 0500 PM LOCAL TIME.

CLIMATE NORMAL PERIOD 1981 TO 2010
CLIMATE RECORD PERIOD 1900 TO 2016


WEATHER ITEM   OBSERVED TIME   RECORD YEAR NORMAL DEPARTURE LAST
                VALUE   (LST)  VALUE       VALUE  FROM      YEAR
                                                  NORMAL
..................................................................
TEMPERATURE (F)
 TODAY
  MAXIMUM         81    320 PM 105    1933  83     -2       85
  MINIMUM         64    644 AM  44    1952  60              61
  AVERAGE         73                        71      2       73

PRECIPITATION (IN)
  TODAY            0.00          2.00 1903   0.11  -0.11     0.00
  MONTH TO DATE    5.00                      3.48   1.52     3.17
  SINCE JUN 1      6.12                      7.22  -1.10     4.55
  SINCE JAN 1     11.16                     14.20  -3.04    12.20

DEGREE DAYS
 COOLING
  TODAY            8                         7      1        8
  MONTH TO DATE  199                       199      0      203
  SINCE JUN 1    366                       293     73      327
  SINCE JAN 1    403                       316     87      344
..................................................................


WIND (MPH)
  HIGHEST WIND SPEED    17   HIGHEST WIND DIRECTION     S (170)
  HIGHEST GUST SPEED    21   HIGHEST GUST DIRECTION     S (160)
  AVERAGE WIND SPEED     8.4


SKY COVER
  POSSIBLE SUNSHINE  MM
  AVERAGE SKY COVER 0.0


WEATHER CONDITIONS
 THE FOLLOWING WEATHER WAS RECORDED TODAY.
  NO SIGNIFICANT WEATHER WAS OBSERVED.


RELATIVE HUMIDITY (PERCENT)
 HIGHEST    84          1200 AM
 LOWEST     45          1100 AM
 AVERAGE    65

..........................................................


THE SISSETON SD CLIMATE NORMALS FOR TOMORROW
                         NORMAL    RECORD    YEAR
 MAXIMUM TEMPERATURE (F)   83       105      1987
 MINIMUM TEMPERATURE (F)   60        48      1952


SUNRISE AND SUNSET
JULY 30 2016..........SUNRISE   610 AM CDT   SUNSET   858 PM CDT
JULY 31 2016..........SUNRISE   611 AM CDT   SUNSET   857 PM CDT


-  INDICATES NEGATIVE NUMBERS.
R  INDICATES RECORD WAS SET OR TIED.
MM INDICATES DATA IS MISSING.
T  INDICATES TRACE AMOUNT.




$$
