000
CDUS43 KABR 271457
CLI8D3


CLIMATE REPORT
NATIONAL WEATHER SERVICE ABERDEEN SD
856 AM CST TUE JAN 27 2015


...................................

...THE SISSETON SD CLIMATE SUMMARY FOR JANUARY 26 2015...

CLIMATE NORMAL PERIOD 1981 TO 2010
CLIMATE RECORD PERIOD 1900 TO 2015


WEATHER ITEM   OBSERVED TIME   RECORD YEAR NORMAL DEPARTURE LAST
                VALUE   (LST)  VALUE       VALUE  FROM      YEAR
                                                  NORMAL
..................................................................
TEMPERATURE (F)
 YESTERDAY
  MAXIMUM         44    310 PM  54    1947  24     20       27
  MINIMUM         28   1159 PM -25    1950   3     25       -9
  AVERAGE         36                        13     23        9

PRECIPITATION (IN)
  YESTERDAY        0.00          0.24 1979   0.02  -0.02     0.01
  MONTH TO DATE    0.47                      0.38   0.09     0.41
  SINCE DEC 1      1.07                      0.77   0.30     1.55
  SINCE JAN 1      0.47                      0.38   0.09     0.41

SNOWFALL (IN)
  YESTERDAY        0.0
  MONTH TO DATE    4.4
  SINCE OCT 1     17.5
  SINCE JUL 1     17.5
  SNOW DEPTH       1

DEGREE DAYS
 HEATING
  YESTERDAY       29                        52    -23       56
  MONTH TO DATE 1232                      1352   -120     1379
  SINCE DEC 1   2562                      2840   -278     3126
  SINCE JUL 1   4542                      4691   -149     4958

 COOLING
  YESTERDAY        0                         0      0        0
  MONTH TO DATE    0                         0      0        0
  SINCE DEC 1      0                         0      0        0
  SINCE JAN 1      0                         0      0        0
..................................................................


WIND (MPH)
  HIGHEST WIND SPEED    31   HIGHEST WIND DIRECTION     N (340)
  HIGHEST GUST SPEED    36   HIGHEST GUST DIRECTION    NW (330)
  AVERAGE WIND SPEED    14.6


SKY COVER
  POSSIBLE SUNSHINE  MM
  AVERAGE SKY COVER 0.0


WEATHER CONDITIONS
 THE FOLLOWING WEATHER WAS RECORDED YESTERDAY.
  NO SIGNIFICANT WEATHER WAS OBSERVED.


RELATIVE HUMIDITY (PERCENT)
 HIGHEST   100          1100 PM
 LOWEST     70           300 AM
 AVERAGE    85

..........................................................


THE SISSETON SD CLIMATE NORMALS FOR TODAY
                         NORMAL    RECORD    YEAR
 MAXIMUM TEMPERATURE (F)   24        57      1989
 MINIMUM TEMPERATURE (F)    3       -24      1902


SUNRISE AND SUNSET
JANUARY 27 2015.......SUNRISE   755 AM CST   SUNSET   527 PM CST
JANUARY 28 2015.......SUNRISE   754 AM CST   SUNSET   528 PM CST


-  INDICATES NEGATIVE NUMBERS.
R  INDICATES RECORD WAS SET OR TIED.
MM INDICATES DATA IS MISSING.
T  INDICATES TRACE AMOUNT.




$$
