000
CDUS43 KABR 260914
CLI8D3


CLIMATE REPORT
NATIONAL WEATHER SERVICE ABERDEEN SD
413 AM CDT FRI AUG 26 2016


...................................

...THE SISSETON SD CLIMATE SUMMARY FOR AUGUST 25 2016...

CLIMATE NORMAL PERIOD 1981 TO 2010
CLIMATE RECORD PERIOD 1900 TO 2016


WEATHER ITEM   OBSERVED TIME   RECORD YEAR NORMAL DEPARTURE LAST
                VALUE   (LST)  VALUE       VALUE  FROM      YEAR
                                                  NORMAL
..................................................................
TEMPERATURE (F)
 YESTERDAY
  MAXIMUM         68    307 PM  98    1983  79    -11       74
  MINIMUM         53   1214 AM  42    2015  56     -3       42
                                      1950
  AVERAGE         61                        68     -7       58

PRECIPITATION (IN)
  YESTERDAY        0.00          1.25 1960   0.08  -0.08     0.00
  MONTH TO DATE    4.10                      1.94   2.16     2.19
  SINCE JUN 1     10.22                      9.26   0.96     6.74
  SINCE JAN 1     15.26                     16.24  -0.98    14.39

DEGREE DAYS
 HEATING
  YESTERDAY        4                         1      3        7
  MONTH TO DATE   10                        16     -6       40
  SINCE JUN 1     50                        91    -41       67
  SINCE JUL 1     23                        29     -6       53

 COOLING
  YESTERDAY        0                         4     -4        0
  MONTH TO DATE  145                       135     10      118
  SINCE JUN 1    515                       434     81      450
  SINCE JAN 1    552                       457     95      467
..................................................................


WIND (MPH)
  HIGHEST WIND SPEED    22   HIGHEST WIND DIRECTION    NW (310)
  HIGHEST GUST SPEED    27   HIGHEST GUST DIRECTION    NW (310)
  AVERAGE WIND SPEED    11.5


SKY COVER
  POSSIBLE SUNSHINE  MM
  AVERAGE SKY COVER 0.0


WEATHER CONDITIONS
 THE FOLLOWING WEATHER WAS RECORDED YESTERDAY.
  NO SIGNIFICANT WEATHER WAS OBSERVED.


RELATIVE HUMIDITY (PERCENT)
 HIGHEST    93          1200 AM
 LOWEST     58          1200 PM
 AVERAGE    76

..........................................................


THE SISSETON SD CLIMATE NORMALS FOR TODAY
                         NORMAL    RECORD    YEAR
 MAXIMUM TEMPERATURE (F)   79       100      1976
 MINIMUM TEMPERATURE (F)   55        41      1992


SUNRISE AND SUNSET
AUGUST 26 2016........SUNRISE   642 AM CDT   SUNSET   816 PM CDT
AUGUST 27 2016........SUNRISE   644 AM CDT   SUNSET   814 PM CDT


-  INDICATES NEGATIVE NUMBERS.
R  INDICATES RECORD WAS SET OR TIED.
MM INDICATES DATA IS MISSING.
T  INDICATES TRACE AMOUNT.




$$
