000
CDUS43 KABR 281410
CLI8D3


CLIMATE REPORT
NATIONAL WEATHER SERVICE ABERDEEN SD
909 AM CDT SAT MAR 28 2015


...................................

...THE SISSETON SD CLIMATE SUMMARY FOR MARCH 27 2015...

CLIMATE NORMAL PERIOD 1981 TO 2010
CLIMATE RECORD PERIOD 1900 TO 2015


WEATHER ITEM   OBSERVED TIME   RECORD YEAR NORMAL DEPARTURE LAST
                VALUE   (LST)  VALUE       VALUE  FROM      YEAR
                                                  NORMAL
..................................................................
TEMPERATURE (F)
 YESTERDAY
  MAXIMUM         37    302 PM  78    1946  45     -8       35
  MINIMUM         13    607 AM   0    1955  25    -12       19
  AVERAGE         25                        35    -10       27

PRECIPITATION (IN)
  YESTERDAY        0.05          1.27 1995   0.04   0.01     0.03
  MONTH TO DATE    0.80                      0.89  -0.09     0.44
  SINCE MAR 1      0.80                      0.89  -0.09     0.44
  SINCE JAN 1      1.68                      1.75  -0.07     1.06

SNOWFALL (IN)
  YESTERDAY        0.6
  MONTH TO DATE    5.8
  SINCE OCT 1     28.9
  SINCE JUL 1     28.9
  SNOW DEPTH       0

DEGREE DAYS
 HEATING
  YESTERDAY       40                        30     10       38
  MONTH TO DATE  847                       968   -121     1069
  SINCE MAR 1    847                       968   -121     1069
  SINCE JUL 1   7116                      7227   -111     7886

 COOLING
  YESTERDAY        0                         0      0        0
  MONTH TO DATE    0                         0      0        0
  SINCE MAR 1      0                         0      0        0
  SINCE JAN 1      0                         0      0        0
..................................................................


WIND (MPH)
  HIGHEST WIND SPEED    14   HIGHEST WIND DIRECTION     S (190)
  HIGHEST GUST SPEED    17   HIGHEST GUST DIRECTION     S (170)
  AVERAGE WIND SPEED     6.8


SKY COVER
  POSSIBLE SUNSHINE  MM
  AVERAGE SKY COVER 0.0


WEATHER CONDITIONS
 THE FOLLOWING WEATHER WAS RECORDED YESTERDAY.
  LIGHT SNOW


RELATIVE HUMIDITY (PERCENT)
 HIGHEST   100           700 PM
 LOWEST     32           200 PM
 AVERAGE    66

..........................................................


THE SISSETON SD CLIMATE NORMALS FOR TODAY
                         NORMAL    RECORD    YEAR
 MAXIMUM TEMPERATURE (F)   46        82      1946
 MINIMUM TEMPERATURE (F)   25        -4      1964


SUNRISE AND SUNSET
MARCH 28 2015.........SUNRISE   716 AM CDT   SUNSET   751 PM CDT
MARCH 29 2015.........SUNRISE   714 AM CDT   SUNSET   752 PM CDT


-  INDICATES NEGATIVE NUMBERS.
R  INDICATES RECORD WAS SET OR TIED.
MM INDICATES DATA IS MISSING.
T  INDICATES TRACE AMOUNT.




$$
