000
CDUS43 KABR 211047
CLI8D3


CLIMATE REPORT
NATIONAL WEATHER SERVICE ABERDEEN SD
446 AM CST SAT JAN 21 2017


...................................

...THE SISSETON SD CLIMATE SUMMARY FOR JANUARY 20 2017...

CLIMATE NORMAL PERIOD 1981 TO 2010
CLIMATE RECORD PERIOD 1900 TO 2017


WEATHER ITEM   OBSERVED TIME   RECORD YEAR NORMAL DEPARTURE LAST
                VALUE   (LST)  VALUE       VALUE  FROM      YEAR
                                                  NORMAL
..................................................................
TEMPERATURE (F)
 YESTERDAY
  MAXIMUM         35   1101 PM  58    1944  23     12       28
  MINIMUM         33    806 AM -24    1984   3     30       17
                                      1943
  AVERAGE         34                        13     21       23

PRECIPITATION (IN)
  YESTERDAY        0.00          0.22 1979   0.01  -0.01     0.03
  MONTH TO DATE    0.77                      0.30   0.47     0.14
  SINCE DEC 1      2.19                      0.69   1.50     1.21
  SINCE JAN 1      0.77                      0.30   0.47     0.14

SNOWFALL (IN)
  YESTERDAY        0.0
  MONTH TO DATE   10.5
  SINCE OCT 1     23.3
  SINCE JUL 1     23.3
  SNOW DEPTH       1

DEGREE DAYS
 HEATING
  YESTERDAY       31                        52    -21       42
  MONTH TO DATE 1096                      1040     56     1070
  SINCE DEC 1   2568                      2528     40     2314
  SINCE JUL 1   3849                      4379   -530     3710

 COOLING
  YESTERDAY        0                         0      0        0
  MONTH TO DATE    0                         0      0        0
  SINCE DEC 1      0                         0      0        0
  SINCE JAN 1      0                         0      0        0
..................................................................


WIND (MPH)
  HIGHEST WIND SPEED    18   HIGHEST WIND DIRECTION     S (170)
  HIGHEST GUST SPEED    22   HIGHEST GUST DIRECTION     S (170)
  AVERAGE WIND SPEED    10.5


SKY COVER
  POSSIBLE SUNSHINE  MM
  AVERAGE SKY COVER 0.0


WEATHER CONDITIONS
 THE FOLLOWING WEATHER WAS RECORDED YESTERDAY.
  NO SIGNIFICANT WEATHER WAS OBSERVED.


RELATIVE HUMIDITY (PERCENT)
 HIGHEST   100          1200 AM
 LOWEST    100          1200 AM
 AVERAGE   100

..........................................................


THE SISSETON SD CLIMATE NORMALS FOR TODAY
                         NORMAL    RECORD    YEAR
 MAXIMUM TEMPERATURE (F)   23        50      1942
 MINIMUM TEMPERATURE (F)    3       -31      1970


SUNRISE AND SUNSET
JANUARY 21 2017.......SUNRISE   800 AM CST   SUNSET   519 PM CST
JANUARY 22 2017.......SUNRISE   759 AM CST   SUNSET   520 PM CST


-  INDICATES NEGATIVE NUMBERS.
R  INDICATES RECORD WAS SET OR TIED.
MM INDICATES DATA IS MISSING.
T  INDICATES TRACE AMOUNT.




$$
