000
CDUS43 KABR 211039
CLI8D3


CLIMATE REPORT
NATIONAL WEATHER SERVICE ABERDEEN SD
439 AM CST TUE FEB 21 2017


...................................

...THE SISSETON SD CLIMATE SUMMARY FOR FEBRUARY 20 2017...

CLIMATE NORMAL PERIOD 1981 TO 2010
CLIMATE RECORD PERIOD 1900 TO 2017


WEATHER ITEM   OBSERVED TIME   RECORD YEAR NORMAL DEPARTURE LAST
                VALUE   (LST)  VALUE       VALUE  FROM      YEAR
                                                  NORMAL
..................................................................
TEMPERATURE (F)
 YESTERDAY
  MAXIMUM         58    111 AM  59    1981  29     29       38
  MINIMUM         35   1156 PM -23    2013  11     24       28
                                      2008
  AVERAGE         47                        20     27       33

PRECIPITATION (IN)
  YESTERDAY        0.07          0.73 1955   0.02   0.05     0.00
  MONTH TO DATE    0.14                      0.27  -0.13     0.89
  SINCE DEC 1      2.35                      1.09   1.26     2.24
  SINCE JAN 1      0.93                      0.70   0.23     1.17

SNOWFALL (IN)
  YESTERDAY       MM
  MONTH TO DATE    0.5
  SINCE OCT 1     23.8
  SINCE JUL 1     23.8
  SNOW DEPTH       0

DEGREE DAYS
 HEATING
  YESTERDAY       18                        45    -27       32
  MONTH TO DATE  736                       966   -230      873
  SINCE DEC 1   3699                      4061   -362     3610
  SINCE JUL 1   4980                      5912   -932     5006

 COOLING
  YESTERDAY        0                         0      0        0
  MONTH TO DATE    0                         0      0        0
  SINCE DEC 1      0                         0      0        0
  SINCE JAN 1      0                         0      0        0
..................................................................


WIND (MPH)
  HIGHEST WIND SPEED    28   HIGHEST WIND DIRECTION    SW (220)
  HIGHEST GUST SPEED    34   HIGHEST GUST DIRECTION    SW (220)
  AVERAGE WIND SPEED    14.1


SKY COVER
  POSSIBLE SUNSHINE  MM
  AVERAGE SKY COVER 0.0


WEATHER CONDITIONS
 THE FOLLOWING WEATHER WAS RECORDED YESTERDAY.
  LIGHT RAIN


RELATIVE HUMIDITY (PERCENT)
 HIGHEST   100           800 AM
 LOWEST     77           100 AM
 AVERAGE    89

..........................................................


THE SISSETON SD CLIMATE NORMALS FOR TODAY
                         NORMAL    RECORD    YEAR
 MAXIMUM TEMPERATURE (F)   29        58      1961
 MINIMUM TEMPERATURE (F)   11       -19      2001
                                             1956


SUNRISE AND SUNSET
FEBRUARY 21 2017......SUNRISE   720 AM CST   SUNSET   604 PM CST
FEBRUARY 22 2017......SUNRISE   718 AM CST   SUNSET   605 PM CST


-  INDICATES NEGATIVE NUMBERS.
R  INDICATES RECORD WAS SET OR TIED.
MM INDICATES DATA IS MISSING.
T  INDICATES TRACE AMOUNT.




$$
