000
CDUS46 KMFR 300842
CLIAAT


CLIMATE REPORT
NATIONAL WEATHER SERVICE MEDFORD, OR
141 AM PDT TUE JUN 30 2015


...................................

...THE ALTURAS CA CLIMATE SUMMARY FOR JUNE 29 2015...

CLIMATE NORMAL PERIOD 1981 TO 2010
CLIMATE RECORD PERIOD 1905 TO 2015


WEATHER ITEM   OBSERVED TIME   RECORD YEAR NORMAL DEPARTURE LAST
                VALUE   (LST)  VALUE       VALUE  FROM      YEAR
                                                  NORMAL
..................................................................
TEMPERATURE (F)
 YESTERDAY
  MAXIMUM         96R   315 PM  95    2013  83     13       87
                                      2008
                                      1972
  MINIMUM         57   1151 PM  27    1988  43     14       43
  AVERAGE         77                        63     14       65

PRECIPITATION (IN)
  YESTERDAY        0.00          0.48 1958   0.01  -0.01     0.00
  MONTH TO DATE    0.59                      0.89  -0.30     0.42
  SINCE OCT 1      9.91                     12.94  -3.03     6.04
  SINCE JAN 1      5.40                      8.43  -3.03     5.41

SNOWFALL (IN)
  YESTERDAY       MM                        MM     MM       MM
  MONTH TO DATE   MM                        MM     MM       MM
  SINCE JUL 1     MM                        MM     MM        0.0
  SNOW DEPTH      MM

DEGREE DAYS
 HEATING
  YESTERDAY        0                         3     -3        0
  MONTH TO DATE   30                       177   -147       89
  SINCE JUN 1     30                       177   -147       89
  SINCE JUL 1   5235                      6934  -1699     6479

 COOLING
  YESTERDAY       12                         1     11        0
  MONTH TO DATE   94                         8     86       15
  SINCE JUN 1     94                         8     86       15
  SINCE JAN 1     94                         8     86       15
..................................................................


WIND (MPH)
  HIGHEST WIND SPEED    20   HIGHEST WIND DIRECTION     W (270)
  HIGHEST GUST SPEED    24   HIGHEST GUST DIRECTION     W (250)
  AVERAGE WIND SPEED     5.7


SKY COVER
  POSSIBLE SUNSHINE  MM
  AVERAGE SKY COVER 0.1


WEATHER CONDITIONS
 THE FOLLOWING WEATHER WAS RECORDED YESTERDAY.
  NO SIGNIFICANT WEATHER WAS OBSERVED.


RELATIVE HUMIDITY (PERCENT)
 HIGHEST    60           500 AM
 LOWEST      9           300 PM
 AVERAGE    35

..........................................................


THE ALTURAS CA CLIMATE NORMALS FOR TODAY
                         NORMAL    RECORD    YEAR
 MAXIMUM TEMPERATURE (F)   83       101      2013
 MINIMUM TEMPERATURE (F)   43        26      1931


SUNRISE AND SUNSET
JUNE 30 2015..........SUNRISE   532 AM PDT   SUNSET   840 PM PDT
JULY  1 2015..........SUNRISE   532 AM PDT   SUNSET   840 PM PDT


-  INDICATES NEGATIVE NUMBERS.
R  INDICATES RECORD WAS SET OR TIED.
MM INDICATES DATA IS MISSING.
T  INDICATES TRACE AMOUNT.




$$
