000
CDUS46 KMFR 260835
CLIAAT


CLIMATE REPORT
NATIONAL WEATHER SERVICE MEDFORD, OR
135 AM PDT MON SEP 26 2016


...................................

...THE ALTURAS CA CLIMATE SUMMARY FOR SEPTEMBER 25 2016...

CLIMATE NORMAL PERIOD 1981 TO 2010
CLIMATE RECORD PERIOD 1905 TO 2016


WEATHER ITEM   OBSERVED TIME   RECORD YEAR NORMAL DEPARTURE LAST
                VALUE   (LST)  VALUE       VALUE  FROM      YEAR
                                                  NORMAL
..................................................................
TEMPERATURE (F)
 YESTERDAY
  MAXIMUM         85    309 PM  94    2009  75     10       88
  MINIMUM         31    450 AM  15    1908  32     -1       36
  AVERAGE         58                        53      5       62

PRECIPITATION (IN)
  YESTERDAY        0.00          0.47 1986   0.02  -0.02     0.00
  MONTH TO DATE    0.03                      0.42  -0.39     0.36
  SINCE OCT 1     13.45                     14.07  -0.62    11.71
  SINCE JAN 1      7.47                      9.56  -2.09     7.20

SNOWFALL (IN)
  YESTERDAY       MM                        MM     MM       MM
  MONTH TO DATE   MM                        MM     MM       MM
  SINCE JUL 1     MM                        MM     MM       MM
  SNOW DEPTH      MM

DEGREE DAYS
 HEATING
  YESTERDAY        7                        12     -5        3
  MONTH TO DATE  204                       202      2      158
  SINCE SEP 1    204                       202      2      158
  SINCE JUL 1    261                       313    -52      199

 COOLING
  YESTERDAY        0                         0      0        0
  MONTH TO DATE    0                         3     -3       19
  SINCE SEP 1      0                         3     -3       19
  SINCE JAN 1    254                       154    100      333
..................................................................


WIND (MPH)
  HIGHEST WIND SPEED    16   HIGHEST WIND DIRECTION    NE (60)
  HIGHEST GUST SPEED    20   HIGHEST GUST DIRECTION     E (90)
  AVERAGE WIND SPEED     3.5


SKY COVER
  POSSIBLE SUNSHINE  MM
  AVERAGE SKY COVER 0.0


WEATHER CONDITIONS
 THE FOLLOWING WEATHER WAS RECORDED YESTERDAY.
  NO SIGNIFICANT WEATHER WAS OBSERVED.


RELATIVE HUMIDITY (PERCENT)
 HIGHEST    72           600 AM
 LOWEST     12           300 PM
 AVERAGE    42

..........................................................


THE ALTURAS CA CLIMATE NORMALS FOR TODAY
                         NORMAL    RECORD    YEAR
 MAXIMUM TEMPERATURE (F)   74        92      2003
 MINIMUM TEMPERATURE (F)   32        19      1908


SUNRISE AND SUNSET
SEPTEMBER 26 2016.....SUNRISE   654 AM PDT   SUNSET   651 PM PDT
SEPTEMBER 27 2016.....SUNRISE   655 AM PDT   SUNSET   650 PM PDT


-  INDICATES NEGATIVE NUMBERS.
R  INDICATES RECORD WAS SET OR TIED.
MM INDICATES DATA IS MISSING.
T  INDICATES TRACE AMOUNT.




$$
