000
CDUS46 KMFR 290836
CLIAAT


CLIMATE REPORT
NATIONAL WEATHER SERVICE MEDFORD, OR
136 AM PDT SAT AUG 29 2015


...................................

...THE ALTURAS CA CLIMATE SUMMARY FOR AUGUST 28 2015...

CLIMATE NORMAL PERIOD 1981 TO 2010
CLIMATE RECORD PERIOD 1905 TO 2015


WEATHER ITEM   OBSERVED TIME   RECORD YEAR NORMAL DEPARTURE LAST
                VALUE   (LST)  VALUE       VALUE  FROM      YEAR
                                                  NORMAL
..................................................................
TEMPERATURE (F)
 YESTERDAY
  MAXIMUM         89    237 PM 103    1915  83      6       91
  MINIMUM         46    457 AM  25    1905  40      6       49
  AVERAGE         68                        62      6       70

PRECIPITATION (IN)
  YESTERDAY        0.00          0.28 1949   0.02  -0.02     0.00
  MONTH TO DATE    0.27                      0.32  -0.05     0.46
  SINCE OCT 1     11.35                     13.61  -2.26     6.91
  SINCE JAN 1      6.84                      9.10  -2.26     6.28

SNOWFALL (IN)
  YESTERDAY       MM                        MM     MM       MM
  MONTH TO DATE   MM                        MM     MM       MM
  SINCE JUL 1     MM                        MM     MM       MM
  SNOW DEPTH      MM

DEGREE DAYS
 HEATING
  YESTERDAY        0                         4     -4        0
  MONTH TO DATE    5                        57    -52       11
  SINCE JUN 1     58                       278   -220      106
  SINCE JUL 1     28                        98    -70       17

 COOLING
  YESTERDAY        3                         1      2        5
  MONTH TO DATE   80                        53     27       91
  SINCE JUN 1    314                       148    166      364
  SINCE JAN 1    314                       148    166      364
..................................................................


WIND (MPH)
  HIGHEST WIND SPEED    26   HIGHEST WIND DIRECTION     S (160)
  HIGHEST GUST SPEED    33   HIGHEST GUST DIRECTION     S (170)
  AVERAGE WIND SPEED     9.2


SKY COVER
  POSSIBLE SUNSHINE  MM
  AVERAGE SKY COVER 0.0


WEATHER CONDITIONS
 THE FOLLOWING WEATHER WAS RECORDED YESTERDAY.
  NO SIGNIFICANT WEATHER WAS OBSERVED.


RELATIVE HUMIDITY (PERCENT)
 HIGHEST    71           500 AM
 LOWEST     16           300 PM
 AVERAGE    44

..........................................................


THE ALTURAS CA CLIMATE NORMALS FOR TODAY
                         NORMAL    RECORD    YEAR
 MAXIMUM TEMPERATURE (F)   83       103      1915
 MINIMUM TEMPERATURE (F)   40        25      1910


SUNRISE AND SUNSET
AUGUST 29 2015........SUNRISE   625 AM PDT   SUNSET   740 PM PDT
AUGUST 30 2015........SUNRISE   626 AM PDT   SUNSET   739 PM PDT


-  INDICATES NEGATIVE NUMBERS.
R  INDICATES RECORD WAS SET OR TIED.
MM INDICATES DATA IS MISSING.
T  INDICATES TRACE AMOUNT.




$$
