000
CDUS46 KMFR 230838
CLIAAT


CLIMATE REPORT
NATIONAL WEATHER SERVICE MEDFORD, OR
138 AM PDT SUN JUL 23 2017


...................................

...THE ALTURAS CA CLIMATE SUMMARY FOR JULY 22 2017...

CLIMATE NORMAL PERIOD 1981 TO 2010
CLIMATE RECORD PERIOD 1905 TO 2017


WEATHER ITEM   OBSERVED TIME   RECORD YEAR NORMAL DEPARTURE LAST
                VALUE   (LST)  VALUE       VALUE  FROM      YEAR
                                                  NORMAL
..................................................................
TEMPERATURE (F)
 YESTERDAY
  MAXIMUM         96    508 PM 103    2003  90      6       87
  MINIMUM         50    500 AM  34    1999  45      5       36
  AVERAGE         73                        67      6       62

PRECIPITATION (IN)
  YESTERDAY        0.00          0.13 1979   0.01  -0.01     0.00
  MONTH TO DATE    0.00                      0.19  -0.19     0.05
  SINCE OCT 1     14.28                     13.14   1.14    13.42
  SINCE JAN 1     10.53                      8.63   1.90     7.44

SNOWFALL (IN)
  YESTERDAY       MM                        MM     MM       MM
  MONTH TO DATE   MM                        MM     MM       MM
  SINCE JUL 1     MM                        MM     MM       MM
  SNOW DEPTH      MM

DEGREE DAYS
 HEATING
  YESTERDAY        0                         1     -1        3
  MONTH TO DATE    1                        32    -31       40
  SINCE JUN 1    110                       212   -102      158
  SINCE JUL 1      1                        32    -31       40

 COOLING
  YESTERDAY        8                         3      5        0
  MONTH TO DATE  108                        52     56       35
  SINCE JUN 1    190                        63    127       83
  SINCE JAN 1    190                        63    127       83
..................................................................


WIND (MPH)
  HIGHEST WIND SPEED    14   HIGHEST WIND DIRECTION     N (10)
  HIGHEST GUST SPEED    19   HIGHEST GUST DIRECTION     N (20)
  AVERAGE WIND SPEED     4.5


SKY COVER
  POSSIBLE SUNSHINE  MM
  AVERAGE SKY COVER 0.0


WEATHER CONDITIONS
 THE FOLLOWING WEATHER WAS RECORDED YESTERDAY.
  NO SIGNIFICANT WEATHER WAS OBSERVED.


RELATIVE HUMIDITY (PERCENT)
 HIGHEST    68           500 AM
 LOWEST      8           500 PM
 AVERAGE    38

..........................................................


THE ALTURAS CA CLIMATE NORMALS FOR TODAY
                         NORMAL    RECORD    YEAR
 MAXIMUM TEMPERATURE (F)   90       107      1905
                                             2003
                                             1996
 MINIMUM TEMPERATURE (F)   45        34      1999


SUNRISE AND SUNSET
JULY 23 2017..........SUNRISE   549 AM PDT   SUNSET   828 PM PDT
JULY 24 2017..........SUNRISE   550 AM PDT   SUNSET   827 PM PDT


-  INDICATES NEGATIVE NUMBERS.
R  INDICATES RECORD WAS SET OR TIED.
MM INDICATES DATA IS MISSING.
T  INDICATES TRACE AMOUNT.




$$
