000
CDUS46 KMFR 190836
CLIAAT


CLIMATE REPORT
NATIONAL WEATHER SERVICE MEDFORD, OR
1236 AM PST THU JAN 19 2017


...................................

...THE ALTURAS CA CLIMATE SUMMARY FOR JANUARY 18 2017...

CLIMATE NORMAL PERIOD 1981 TO 2010
CLIMATE RECORD PERIOD 1905 TO 2017


WEATHER ITEM   OBSERVED TIME   RECORD YEAR NORMAL DEPARTURE LAST
                VALUE   (LST)  VALUE       VALUE  FROM      YEAR
                                                  NORMAL
..................................................................
TEMPERATURE (F)
 YESTERDAY
  MAXIMUM         42    934 AM  64    1961  42      0       47
  MINIMUM         33   1158 PM -26    1917  18     15       32
  AVERAGE         38                        30      8       40

PRECIPITATION (IN)
  YESTERDAY        0.08          0.35 2006   0.04   0.04      T
                                      1952
  MONTH TO DATE    3.05                      1.09   1.96     0.85
  SINCE OCT 1      6.80                      5.60   1.20     6.83
  SINCE JAN 1      3.05                      1.09   1.96     0.85

SNOWFALL (IN)
  YESTERDAY       MM                        MM     MM       MM
  MONTH TO DATE   MM                        MM     MM       MM
  SINCE JUL 1     MM                        MM     MM       MM
  SNOW DEPTH      MM

DEGREE DAYS
 HEATING
  YESTERDAY       27                        35     -8       25
  MONTH TO DATE  757                       642    115      647
  SINCE DEC 1   1916                      1742    174     1756
  SINCE JUL 1   3424                      3552   -128     3283

 COOLING
  YESTERDAY        0                         0      0        0
  MONTH TO DATE    0                         0      0        0
  SINCE DEC 1      0                         0      0        0
  SINCE JAN 1      0                         0      0        0
..................................................................


WIND (MPH)
  HIGHEST WIND SPEED    32   HIGHEST WIND DIRECTION     S (180)
  HIGHEST GUST SPEED    41   HIGHEST GUST DIRECTION     S (180)
  AVERAGE WIND SPEED    13.6


SKY COVER
  POSSIBLE SUNSHINE  MM
  AVERAGE SKY COVER 1.0


WEATHER CONDITIONS
 THE FOLLOWING WEATHER WAS RECORDED YESTERDAY.
  LIGHT RAIN
  FOG


RELATIVE HUMIDITY (PERCENT)
 HIGHEST    96          1000 PM
 LOWEST     59           400 AM
 AVERAGE    78

..........................................................


THE ALTURAS CA CLIMATE NORMALS FOR TODAY
                         NORMAL    RECORD    YEAR
 MAXIMUM TEMPERATURE (F)   42        63      1961
 MINIMUM TEMPERATURE (F)   18       -12      1917


SUNRISE AND SUNSET
JANUARY 19 2017.......SUNRISE   724 AM PST   SUNSET   503 PM PST
JANUARY 20 2017.......SUNRISE   723 AM PST   SUNSET   504 PM PST


-  INDICATES NEGATIVE NUMBERS.
R  INDICATES RECORD WAS SET OR TIED.
MM INDICATES DATA IS MISSING.
T  INDICATES TRACE AMOUNT.




$$
