776
CDUS46 KMFR 230839
CLIAAT


CLIMATE REPORT
NATIONAL WEATHER SERVICE MEDFORD, OR
1239 AM PST TUE JAN 23 2018


...................................

...THE ALTURAS CA CLIMATE SUMMARY FOR JANUARY 22 2018...

CLIMATE NORMAL PERIOD 1981 TO 2010
CLIMATE RECORD PERIOD 1905 TO 2018


WEATHER ITEM   OBSERVED TIME   RECORD YEAR NORMAL DEPARTURE LAST
                VALUE   (LST)  VALUE       VALUE  FROM      YEAR
                                                  NORMAL
..................................................................
TEMPERATURE (F)
 YESTERDAY
  MAXIMUM         38    431 PM  62    1961  42     -4       37
  MINIMUM         22   1131 PM -24    1962  18      4       28
  AVERAGE         30                        30      0       33

PRECIPITATION (IN)
  YESTERDAY        0.01          1.81 1967   0.04  -0.03     0.09
  MONTH TO DATE    1.19                      1.27  -0.08     3.19
  SINCE OCT 1      4.19                      5.78  -1.59     6.94
  SINCE JAN 1      1.19                      1.27  -0.08     3.19

SNOWFALL (IN)
  YESTERDAY       MM                        MM     MM       MM
  MONTH TO DATE   MM                        MM     MM       MM
  SINCE JUL 1     MM                        MM     MM       MM
  SNOW DEPTH      MM

DEGREE DAYS
 HEATING
  YESTERDAY       35                        35      0       32
  MONTH TO DATE  599                       782   -183      877
  SINCE DEC 1   1647                      1882   -235     2036
  SINCE JUL 1   3201                      3692   -491     3544

 COOLING
  YESTERDAY        0                         0      0        0
  MONTH TO DATE    0                         0      0        0
  SINCE DEC 1      0                         0      0        0
  SINCE JAN 1      0                         0      0        0
..................................................................


WIND (MPH)
  HIGHEST WIND SPEED    15   HIGHEST WIND DIRECTION     S (180)
  HIGHEST GUST SPEED    20   HIGHEST GUST DIRECTION     S (170)
  AVERAGE WIND SPEED     2.3


SKY COVER
  POSSIBLE SUNSHINE  MM
  AVERAGE SKY COVER 0.8


WEATHER CONDITIONS
 THE FOLLOWING WEATHER WAS RECORDED YESTERDAY.
  LIGHT SNOW
  FOG


RELATIVE HUMIDITY (PERCENT)
 HIGHEST   100          1000 AM
 LOWEST     70           100 AM
 AVERAGE    85

..........................................................


THE ALTURAS CA CLIMATE NORMALS FOR TODAY
                         NORMAL    RECORD    YEAR
 MAXIMUM TEMPERATURE (F)   42        67      2013
 MINIMUM TEMPERATURE (F)   18       -21      1962


SUNRISE AND SUNSET
JANUARY 23 2018.......SUNRISE   722 AM PST   SUNSET   507 PM PST
JANUARY 24 2018.......SUNRISE   721 AM PST   SUNSET   508 PM PST


-  INDICATES NEGATIVE NUMBERS.
R  INDICATES RECORD WAS SET OR TIED.
MM INDICATES DATA IS MISSING.
T  INDICATES TRACE AMOUNT.




$$
