000
CDUS46 KMFR 230842
CLIAAT


CLIMATE REPORT
NATIONAL WEATHER SERVICE MEDFORD, OR
141 AM PDT SAT AUG 23 2014


...................................

...THE ALTURAS CA CLIMATE SUMMARY FOR AUGUST 22 2014...

CLIMATE NORMAL PERIOD 1981 TO 2010
CLIMATE RECORD PERIOD 1905 TO 2014


WEATHER ITEM   OBSERVED TIME   RECORD YEAR NORMAL DEPARTURE LAST
                VALUE   (LST)  VALUE       VALUE  FROM      YEAR
                                                  NORMAL
..................................................................
TEMPERATURE (F)
 YESTERDAY
  MAXIMUM         81    301 PM 100    1967  85     -4       81
  MINIMUM         47    410 AM  30    1973  42      5       48
  AVERAGE         64                        63      1       65

PRECIPITATION (IN)
  YESTERDAY        0.00          0.37 1947   0.00   0.00     0.02
  MONTH TO DATE    0.46                      0.24   0.22     0.70
  SINCE SEP 1      7.42                     14.05  -6.63     9.47
  SINCE JAN 1      6.28                      9.02  -2.74     5.13

SNOWFALL (IN)
  YESTERDAY       MM                        MM     MM       MM
  MONTH TO DATE   MM                        MM     MM       MM
  SINCE JUL 1     MM                        MM     MM       MM
  SNOW DEPTH      MM

DEGREE DAYS
 HEATING
  YESTERDAY        1                         3     -2        0
  MONTH TO DATE    6                        36    -30       39
  SINCE JUN 1    101                       257   -156      199
  SINCE JUL 1     12                        77    -65       43

 COOLING
  YESTERDAY        0                         1     -1        0
  MONTH TO DATE   84                        47     37       39
  SINCE JUN 1    357                       142    215      255
  SINCE JAN 1    357                       142    215      255
..................................................................


WIND (MPH)
  HIGHEST WIND SPEED    23   HIGHEST WIND DIRECTION    NW (320)
  HIGHEST GUST SPEED    32   HIGHEST GUST DIRECTION    NW (320)
  AVERAGE WIND SPEED     7.7


SKY COVER
  POSSIBLE SUNSHINE  MM
  AVERAGE SKY COVER 0.2


WEATHER CONDITIONS
 THE FOLLOWING WEATHER WAS RECORDED YESTERDAY.
  NO SIGNIFICANT WEATHER WAS OBSERVED.


RELATIVE HUMIDITY (PERCENT)
 HIGHEST    46           300 AM
 LOWEST     12           400 PM
 AVERAGE    29

..........................................................


THE ALTURAS CA CLIMATE NORMALS FOR TODAY
                         NORMAL    RECORD    YEAR
 MAXIMUM TEMPERATURE (F)   85       100      1917
 MINIMUM TEMPERATURE (F)   42        26      1960


SUNRISE AND SUNSET
AUGUST 23 2014........SUNRISE   619 AM PDT   SUNSET   750 PM PDT
AUGUST 24 2014........SUNRISE   620 AM PDT   SUNSET   748 PM PDT


-  INDICATES NEGATIVE NUMBERS.
R  INDICATES RECORD WAS SET OR TIED.
MM INDICATES DATA IS MISSING.
T  INDICATES TRACE AMOUNT.




$$
