000
CDUS46 KMFR 010038
CLIAAT


CLIMATE REPORT
NATIONAL WEATHER SERVICE MEDFORD, OR
538 PM PDT TUE MAY 31 2016


...................................

...THE ALTURAS CA CLIMATE SUMMARY FOR MAY 31 2016...
VALID TODAY AS OF 0500 PM LOCAL TIME.

CLIMATE NORMAL PERIOD 1981 TO 2010
CLIMATE RECORD PERIOD 1905 TO 2016


WEATHER ITEM   OBSERVED TIME   RECORD YEAR NORMAL DEPARTURE LAST
                VALUE   (LST)  VALUE       VALUE  FROM      YEAR
                                                  NORMAL
..................................................................
TEMPERATURE (F)
 TODAY
  MAXIMUM         84    331 PM  98    1910  72     12       80
  MINIMUM         38    403 AM  25    2000  38      0       42
  AVERAGE         61                        55      6       61

PRECIPITATION (IN)
  TODAY            0.00          0.86 1990   0.04  -0.04     0.00
  MONTH TO DATE    1.17                      1.36  -0.19     2.60
  SINCE OCT 1     12.81                     12.05   0.76     9.32
  SINCE JAN 1      6.83                      7.54  -0.71     4.81

SNOWFALL (IN)
  TODAY           MM                        MM     MM       MM
  MONTH TO DATE   MM                        MM     MM       MM
  SINCE JUL 1     MM                        MM     MM       MM
  SNOW DEPTH      MM

DEGREE DAYS
 HEATING
  TODAY            4                        10     -6        4
  MONTH TO DATE  344                       412    -68      352
  SINCE MAR 1   1488                      1890   -402     1578
  SINCE JUL 1   5875                      6757   -882     5205

 COOLING
  TODAY            0                         0      0        0
  MONTH TO DATE    0                         0      0        0
  SINCE MAR 1      0                         0      0        0
  SINCE JAN 1      0                         0      0        0
..................................................................


WIND (MPH)
  HIGHEST WIND SPEED     9   HIGHEST WIND DIRECTION     S (160)
  HIGHEST GUST SPEED    13   HIGHEST GUST DIRECTION    SE (120)
  AVERAGE WIND SPEED     1.8


SKY COVER
  POSSIBLE SUNSHINE  MM
  AVERAGE SKY COVER 0.0


WEATHER CONDITIONS
 THE FOLLOWING WEATHER WAS RECORDED TODAY.
  NO SIGNIFICANT WEATHER WAS OBSERVED.


RELATIVE HUMIDITY (PERCENT)
 HIGHEST    89           500 AM
 LOWEST     17           400 PM
 AVERAGE    53

..........................................................


THE ALTURAS CA CLIMATE NORMALS FOR TOMORROW
                         NORMAL    RECORD    YEAR
 MAXIMUM TEMPERATURE (F)   73        93      1910
 MINIMUM TEMPERATURE (F)   39        24      1987


SUNRISE AND SUNSET
MAY 31 2016...........SUNRISE   531 AM PDT   SUNSET   829 PM PDT
JUNE  1 2016..........SUNRISE   531 AM PDT   SUNSET   830 PM PDT


-  INDICATES NEGATIVE NUMBERS.
R  INDICATES RECORD WAS SET OR TIED.
MM INDICATES DATA IS MISSING.
T  INDICATES TRACE AMOUNT.




$$
