000
CDUS41 KPHI 192129
CLIABE


CLIMATE REPORT
NATIONAL WEATHER SERVICE MOUNT HOLLY NJ
529 PM EDT THU OCT 19 2017


...................................

...THE ALLENTOWN PA CLIMATE SUMMARY FOR OCTOBER 19 2017...
VALID TODAY AS OF 0500 PM LOCAL TIME.

CLIMATE NORMAL PERIOD 1981 TO 2010
CLIMATE RECORD PERIOD 1922 TO 2017


WEATHER ITEM   OBSERVED TIME   RECORD YEAR NORMAL DEPARTURE LAST
                VALUE   (LST)  VALUE       VALUE  FROM      YEAR
                                                  NORMAL
..................................................................
TEMPERATURE (F)
 TODAY
  MAXIMUM         72    321 PM  84    2016  63      9       84
  MINIMUM         41    650 AM  24    1974  40      1       58
  AVERAGE         57                        51      6       71

PRECIPITATION (IN)
  TODAY            0.00          3.67 1996   0.12  -0.12     0.00
  MONTH TO DATE    1.33                      2.55  -1.22     0.35
  SINCE SEP 1      5.13                      7.17  -2.04     3.77
  SINCE JAN 1     44.27                     36.94   7.33    30.18

SNOWFALL (IN)
  TODAY            0.0           1.2  1972   0.0    0.0      0.0
  MONTH TO DATE    0.0                       0.0    0.0      0.0
  SINCE SEP 1      0.0                       0.0    0.0      0.0
  SINCE JUL 1      0.0                       0.0    0.0      0.0
  SNOW DEPTH       0

DEGREE DAYS
 HEATING
  TODAY            8                        14     -6        0
  MONTH TO DATE   86                       208   -122      130
  SINCE SEP 1    142                       312   -170      172
  SINCE JUL 1    146                       323   -177      172

 COOLING
  TODAY            0                         0      0        6
  MONTH TO DATE   51                         3     48       11
  SINCE SEP 1    195                        74    121      187
  SINCE JAN 1   1003                       753    250     1219
..................................................................


WIND (MPH)
  HIGHEST WIND SPEED    16   HIGHEST WIND DIRECTION     W (250)
  HIGHEST GUST SPEED    21   HIGHEST GUST DIRECTION     W (250)
  AVERAGE WIND SPEED     4.3


SKY COVER
  POSSIBLE SUNSHINE  MM
  AVERAGE SKY COVER 0.0


WEATHER CONDITIONS
 THE FOLLOWING WEATHER WAS RECORDED TODAY.
  FOG


RELATIVE HUMIDITY (PERCENT)
 HIGHEST    93           800 AM
 LOWEST     35           100 PM
 AVERAGE    64

..........................................................


THE ALLENTOWN PA CLIMATE NORMALS FOR TOMORROW
                         NORMAL    RECORD    YEAR
 MAXIMUM TEMPERATURE (F)   62        78      1936
 MINIMUM TEMPERATURE (F)   40        24      1972


SUNRISE AND SUNSET
OCTOBER 19 2017.......SUNRISE   717 AM EDT   SUNSET   615 PM EDT
OCTOBER 20 2017.......SUNRISE   719 AM EDT   SUNSET   614 PM EDT


-  INDICATES NEGATIVE NUMBERS.
R  INDICATES RECORD WAS SET OR TIED.
MM INDICATES DATA IS MISSING.
T  INDICATES TRACE AMOUNT.




$$
