000
CDUS41 KPHI 292127
CLIABE


CLIMATE REPORT
NATIONAL WEATHER SERVICE MOUNT HOLLY NJ
526 PM EDT SAT APR 29 2017


...................................

...THE ALLENTOWN PA CLIMATE SUMMARY FOR APRIL 29 2017...
VALID TODAY AS OF 0500 PM LOCAL TIME.

CLIMATE NORMAL PERIOD 1981 TO 2010
CLIMATE RECORD PERIOD 1922 TO 2017


WEATHER ITEM   OBSERVED TIME   RECORD YEAR NORMAL DEPARTURE LAST
                VALUE   (LST)  VALUE       VALUE  FROM      YEAR
                                                  NORMAL
..................................................................
TEMPERATURE (F)
 TODAY
  MAXIMUM         82    236 PM  86    1974  66     16       55
  MINIMUM         59    546 AM  29    1947  43     16       45
  AVERAGE         71                        54     17       50

PRECIPITATION (IN)
  TODAY            0.06          1.76 1923   0.12  -0.06     0.08
  MONTH TO DATE    2.62                      3.45  -0.83     1.79
  SINCE MAR 1      7.88                      6.84   1.04     2.75
  SINCE JAN 1     12.97                     12.57   0.40    11.78

SNOWFALL (IN)
  TODAY            0.0           T    1951   0.0    0.0      0.0
  MONTH TO DATE    0.0                       1.0   -1.0       T
  SINCE MAR 1     18.3                       5.9   12.4      0.3
  SINCE JUL 1     28.3                      32.9   -4.6     36.2
  SNOW DEPTH       0

DEGREE DAYS
 HEATING
  TODAY            0                        11    -11       15
  MONTH TO DATE  253                       446   -193      422
  SINCE MAR 1   1088                      1249   -161      992
  SINCE JUL 1   4590                      5558   -968     4449

 COOLING
  TODAY            6                         0      6        0
  MONTH TO DATE   19                         0     19        7
  SINCE MAR 1     19                         0     19        9
  SINCE JAN 1     19                         0     19        9
..................................................................


WIND (MPH)
  HIGHEST WIND SPEED    23   HIGHEST WIND DIRECTION    NW (300)
  HIGHEST GUST SPEED    33   HIGHEST GUST DIRECTION    NW (300)
  AVERAGE WIND SPEED     8.0


SKY COVER
  POSSIBLE SUNSHINE  MM
  AVERAGE SKY COVER 0.1


WEATHER CONDITIONS
 THE FOLLOWING WEATHER WAS RECORDED TODAY.
  THUNDERSTORM
  LIGHT RAIN


RELATIVE HUMIDITY (PERCENT)
 HIGHEST    84           500 AM
 LOWEST     49           300 PM
 AVERAGE    67

..........................................................


THE ALLENTOWN PA CLIMATE NORMALS FOR TOMORROW
                         NORMAL    RECORD    YEAR
 MAXIMUM TEMPERATURE (F)   67        92      1942
 MINIMUM TEMPERATURE (F)   43        29      1931


SUNRISE AND SUNSET
APRIL 29 2017.........SUNRISE   603 AM EDT   SUNSET   756 PM EDT
APRIL 30 2017.........SUNRISE   601 AM EDT   SUNSET   757 PM EDT


-  INDICATES NEGATIVE NUMBERS.
R  INDICATES RECORD WAS SET OR TIED.
MM INDICATES DATA IS MISSING.
T  INDICATES TRACE AMOUNT.




$$
