000
CDUS41 KPHI 272130
CLIABE


CLIMATE REPORT
NATIONAL WEATHER SERVICE MOUNT HOLLY NJ
529 PM EDT WED MAY 27 2015


...................................

...THE ALLENTOWN PA CLIMATE SUMMARY FOR MAY 27 2015...
VALID TODAY AS OF 0500 PM LOCAL TIME.

CLIMATE NORMAL PERIOD 1981 TO 2010
CLIMATE RECORD PERIOD 1922 TO 2015


WEATHER ITEM   OBSERVED TIME   RECORD YEAR NORMAL DEPARTURE LAST
                VALUE   (LST)  VALUE       VALUE  FROM      YEAR
                                                  NORMAL
..................................................................
TEMPERATURE (F)
 TODAY
  MAXIMUM         88    210 PM  91    1991  75     13       84
                                      1965
  MINIMUM         70    359 PM  38    1972  52     18       59
  AVERAGE         79                        63     16       72

PRECIPITATION (IN)
  TODAY            0.13          1.34 1946   0.14  -0.01     0.07
  MONTH TO DATE    0.22                      3.56  -3.34     4.27
  SINCE MAR 1      6.46                     10.51  -4.05    13.31
  SINCE JAN 1     11.01                     16.24  -5.23    22.30

SNOWFALL (IN)
  TODAY            0.0           0.0    MM   0.0    0.0      0.0
  MONTH TO DATE    0.0                       0.0    0.0      0.0
  SINCE MAR 1     17.8                       5.9   11.9      1.4
  SINCE JUL 1     50.1                      32.9   17.2     68.1
  SNOW DEPTH       0

DEGREE DAYS
 HEATING
  TODAY            0                         4     -4        0
  MONTH TO DATE   81                       185   -104      120
  SINCE MAR 1   1447                      1446      1     1544
  SINCE JUL 1   5928                      5755    173     6142

 COOLING
  TODAY           14                         2     12        7
  MONTH TO DATE   94                        28     66       30
  SINCE MAR 1     94                        33     61       37
  SINCE JAN 1     94                        33     61       37
..................................................................


WIND (MPH)
  HIGHEST WIND SPEED    21   HIGHEST WIND DIRECTION    SW (210)
  HIGHEST GUST SPEED    30   HIGHEST GUST DIRECTION     W (280)
  AVERAGE WIND SPEED     9.4


SKY COVER
  POSSIBLE SUNSHINE  MM
  AVERAGE SKY COVER 0.6


WEATHER CONDITIONS
 THE FOLLOWING WEATHER WAS RECORDED TODAY.
  THUNDERSTORM
  HEAVY RAIN
  RAIN
  LIGHT RAIN
  FOG


RELATIVE HUMIDITY (PERCENT)
 HIGHEST    79           400 AM
 LOWEST     51           200 PM
 AVERAGE    65

..........................................................


THE ALLENTOWN PA CLIMATE NORMALS FOR TOMORROW
                         NORMAL    RECORD    YEAR
 MAXIMUM TEMPERATURE (F)   75        93      1941
 MINIMUM TEMPERATURE (F)   52        38      1997


SUNRISE AND SUNSET
MAY 27 2015...........SUNRISE   536 AM EDT   SUNSET   822 PM EDT
MAY 28 2015...........SUNRISE   535 AM EDT   SUNSET   823 PM EDT


-  INDICATES NEGATIVE NUMBERS.
R  INDICATES RECORD WAS SET OR TIED.
MM INDICATES DATA IS MISSING.
T  INDICATES TRACE AMOUNT.




$$
