000
CDUS41 KPHI 180632
CLIABE


CLIMATE REPORT
NATIONAL WEATHER SERVICE MOUNT HOLLY NJ
229 AM EDT FRI APR 18 2014


...................................

...THE ALLENTOWN PA CLIMATE SUMMARY FOR APRIL 17 2014...

CLIMATE NORMAL PERIOD 1981 TO 2010
CLIMATE RECORD PERIOD 1922 TO 2014


WEATHER ITEM   OBSERVED TIME   RECORD YEAR NORMAL DEPARTURE LAST
                VALUE   (LST)  VALUE       VALUE  FROM      YEAR
                                                  NORMAL
..................................................................
TEMPERATURE (F)
 YESTERDAY
  MAXIMUM         53    347 PM  91    2002  62     -9       71
                                      1976
  MINIMUM         27R   226 AM  28    1962  39    -12       51
                                      1928
  AVERAGE         40                        50    -10       61

PRECIPITATION (IN)
  YESTERDAY        0.00          1.38 1929   0.12  -0.12     0.02
  MONTH TO DATE    2.62                      2.05   0.57     1.46
  SINCE MAR 1      5.06                      5.44  -0.38     3.75
  SINCE JAN 1     14.05                     11.17   2.88     9.81

SNOWFALL (IN)
  YESTERDAY        0.0           T    2001   0.0    0.0      0.0
  MONTH TO DATE    0.3                       0.8   -0.5      0.0
  SINCE MAR 1      1.4                       5.7   -4.3      4.5
  SINCE JUL 1     68.1                      32.7   35.4     21.4
  SNOW DEPTH       0

DEGREE DAYS
 HEATING
  YESTERDAY       25                        15     10        4
  MONTH TO DATE  271                       296    -25      250
  SINCE MAR 1   1233                      1099    134     1083
  SINCE JUL 1   5831                      5408    423     5038

 COOLING
  YESTERDAY        0                         0      0        0
  MONTH TO DATE    7                         0      7        8
  SINCE MAR 1      7                         0      7        8
  SINCE JAN 1      7                         0      7        8
..................................................................


WIND (MPH)
  HIGHEST WIND SPEED    15   HIGHEST WIND DIRECTION     E (110)
  HIGHEST GUST SPEED    21   HIGHEST GUST DIRECTION    SE (150)
  AVERAGE WIND SPEED     8.3


SKY COVER
  POSSIBLE SUNSHINE  MM
  AVERAGE SKY COVER 0.0


WEATHER CONDITIONS
 THE FOLLOWING WEATHER WAS RECORDED YESTERDAY.
  NO SIGNIFICANT WEATHER WAS OBSERVED.


RELATIVE HUMIDITY (PERCENT)
 HIGHEST    70          1000 PM
 LOWEST     29           100 PM
 AVERAGE    50

..........................................................


THE ALLENTOWN PA CLIMATE NORMALS FOR TODAY
                         NORMAL    RECORD    YEAR
 MAXIMUM TEMPERATURE (F)   62        93      1976
 MINIMUM TEMPERATURE (F)   39        25      1948


SUNRISE AND SUNSET
APRIL 18 2014.........SUNRISE   619 AM EDT   SUNSET   744 PM EDT
APRIL 19 2014.........SUNRISE   617 AM EDT   SUNSET   745 PM EDT


-  INDICATES NEGATIVE NUMBERS.
R  INDICATES RECORD WAS SET OR TIED.
MM INDICATES DATA IS MISSING.
T  INDICATES TRACE AMOUNT.




$$
