000
CDUS41 KPHI 300633
CLIABE


CLIMATE REPORT
NATIONAL WEATHER SERVICE MOUNT HOLLY NJ
232 AM EDT THU JUL 30 2015


...................................

...THE ALLENTOWN PA CLIMATE SUMMARY FOR JULY 29 2015...

CLIMATE NORMAL PERIOD 1981 TO 2010
CLIMATE RECORD PERIOD 1922 TO 2015


WEATHER ITEM   OBSERVED TIME   RECORD YEAR NORMAL DEPARTURE LAST
                VALUE   (LST)  VALUE       VALUE  FROM      YEAR
                                                  NORMAL
..................................................................
TEMPERATURE (F)
 YESTERDAY
  MAXIMUM         93    234 PM  96    1954  84      9       75
  MINIMUM         67    529 AM  53    1928  63      4       54
  AVERAGE         80                        73      7       65

PRECIPITATION (IN)
  YESTERDAY        0.00          1.64 1979   0.15  -0.15     0.00
  MONTH TO DATE    4.08                      4.63  -0.55     4.32
  SINCE JUN 1     11.67                      8.94   2.73     9.72
  SINCE JAN 1     23.28                     25.76  -2.48    32.02

SNOWFALL (IN)
  YESTERDAY        0.0           0.0  2002   0.0    0.0      0.0
                                      2001
  MONTH TO DATE    0.0                       0.0    0.0      0.0
  SINCE JUN 1      0.0                       0.0    0.0      0.0
  SINCE JUL 1      0.0                       0.0    0.0      0.0
  SNOW DEPTH       0

DEGREE DAYS
 HEATING
  YESTERDAY        0                         0      0        0
  MONTH TO DATE    0                         0      0        0
  SINCE JUN 1     21                        33    -12        4
  SINCE JUL 1      0                         0      0        0

 COOLING
  YESTERDAY       15                         8      7        0
  MONTH TO DATE  285                       252     33      273
  SINCE JUN 1    484                       407     77      455
  SINCE JAN 1    617                       452    165      494
..................................................................


WIND (MPH)
  HIGHEST WIND SPEED    15   HIGHEST WIND DIRECTION    SW (210)
  HIGHEST GUST SPEED    20   HIGHEST GUST DIRECTION    SW (240)
  AVERAGE WIND SPEED     4.7


SKY COVER
  POSSIBLE SUNSHINE  MM
  AVERAGE SKY COVER 0.1


WEATHER CONDITIONS
 THE FOLLOWING WEATHER WAS RECORDED YESTERDAY.
  FOG


RELATIVE HUMIDITY (PERCENT)
 HIGHEST    90           200 AM
 LOWEST     41           600 PM
 AVERAGE    66

..........................................................


THE ALLENTOWN PA CLIMATE NORMALS FOR TODAY
                         NORMAL    RECORD    YEAR
 MAXIMUM TEMPERATURE (F)   84        97      1940
 MINIMUM TEMPERATURE (F)   63        50      1997
                                             1968


SUNRISE AND SUNSET
JULY 30 2015..........SUNRISE   556 AM EDT   SUNSET   819 PM EDT
JULY 31 2015..........SUNRISE   557 AM EDT   SUNSET   818 PM EDT


-  INDICATES NEGATIVE NUMBERS.
R  INDICATES RECORD WAS SET OR TIED.
MM INDICATES DATA IS MISSING.
T  INDICATES TRACE AMOUNT.




$$
