000
CDUS41 KPHI 230634
CLIABE


CLIMATE REPORT
NATIONAL WEATHER SERVICE MOUNT HOLLY NJ
134 AM EST THU FEB 23 2017


...................................

...THE ALLENTOWN PA CLIMATE SUMMARY FOR FEBRUARY 22 2017...

CLIMATE NORMAL PERIOD 1981 TO 2010
CLIMATE RECORD PERIOD 1922 TO 2017


WEATHER ITEM   OBSERVED TIME   RECORD YEAR NORMAL DEPARTURE LAST
                VALUE   (LST)  VALUE       VALUE  FROM      YEAR
                                                  NORMAL
..................................................................
TEMPERATURE (F)
 YESTERDAY
  MAXIMUM         61        MM  68    1974  42     19       53
  MINIMUM         40        MM   2    1968  23     17       28
  AVERAGE         51                        32     19       41

PRECIPITATION (IN)
  YESTERDAY        T             0.90 2003   0.10  -0.10     0.00
  MONTH TO DATE    1.20                      2.11  -0.91     2.67
  SINCE DEC 1      7.02                      8.72  -1.70    10.04
  SINCE JAN 1      4.59                      5.14  -0.55     5.84

SNOWFALL (IN)
  YESTERDAY        0.0           8.6  1948   0.4   -0.4      0.0
  MONTH TO DATE    7.1                       9.1   -2.0      3.6
  SINCE DEC 1     10.0                      24.3  -14.3     35.9
  SINCE JUL 1     10.0                      25.0  -15.0     35.9
  SNOW DEPTH       0

DEGREE DAYS
 HEATING
  YESTERDAY       14                        33    -19       24
  MONTH TO DATE  620                       768   -148      721
  SINCE DEC 1   2500                      2938   -438     2408
  SINCE JUL 1   3405                      4118   -713     3290

 COOLING
  YESTERDAY        0                         0      0        0
  MONTH TO DATE    0                         0      0        0
  SINCE DEC 1      0                         0      0        0
  SINCE JAN 1      0                         0      0        0
..................................................................


WIND (MPH)
  HIGHEST WIND SPEED     6   HIGHEST WIND DIRECTION     W (250)
  HIGHEST GUST SPEED    10   HIGHEST GUST DIRECTION    SW (210)
  AVERAGE WIND SPEED     1.3


SKY COVER
  POSSIBLE SUNSHINE   0 PERCENT
  AVERAGE SKY COVER 0.0


WEATHER CONDITIONS
 THE FOLLOWING WEATHER WAS RECORDED YESTERDAY.
  LIGHT RAIN


RELATIVE HUMIDITY (PERCENT)
 HIGHEST     0          1200 AM
 LOWEST      0          1200 AM
 AVERAGE     0

..........................................................


THE ALLENTOWN PA CLIMATE NORMALS FOR TODAY
                         NORMAL    RECORD    YEAR
 MAXIMUM TEMPERATURE (F)   42        71      1985
 MINIMUM TEMPERATURE (F)   23         2      1972


SUNRISE AND SUNSET
FEBRUARY 23 2017......SUNRISE   644 AM EST   SUNSET   546 PM EST
FEBRUARY 24 2017......SUNRISE   643 AM EST   SUNSET   548 PM EST


-  INDICATES NEGATIVE NUMBERS.
R  INDICATES RECORD WAS SET OR TIED.
MM INDICATES DATA IS MISSING.
T  INDICATES TRACE AMOUNT.




$$
