000
CDUS41 KPHI 240619
CLIABE


CLIMATE REPORT
NATIONAL WEATHER SERVICE MOUNT HOLLY NJ
118 AM EST SAT FEB 24 2018


...................................

...THE ALLENTOWN PA CLIMATE SUMMARY FOR FEBRUARY 23 2018...

CLIMATE NORMAL PERIOD 1981 TO 2010
CLIMATE RECORD PERIOD 1922 TO 2018


WEATHER ITEM   OBSERVED TIME   RECORD YEAR NORMAL DEPARTURE LAST
                VALUE   (LST)  VALUE       VALUE  FROM      YEAR
                                                  NORMAL
..................................................................
TEMPERATURE (F)
 YESTERDAY
  MAXIMUM         41   1159 PM  72    2017  42     -1       72
  MINIMUM         36    504 AM   2    1972  23     13       34
  AVERAGE         39                        32      7       53

PRECIPITATION (IN)
  YESTERDAY        0.12          1.00 1928   0.10   0.02     0.00
  MONTH TO DATE    4.47                      2.21   2.26     1.20
  SINCE DEC 1      9.52                      8.82   0.70     7.02
  SINCE JAN 1      7.64                      5.24   2.40     4.59

SNOWFALL (IN)
  YESTERDAY        0.0           6.5  1987   0.4   -0.4      0.0
  MONTH TO DATE    9.4                       9.5   -0.1      7.1
  SINCE DEC 1     25.3                      24.7    0.6     10.0
  SINCE JUL 1     25.3                      25.4   -0.1     10.0
  SNOW DEPTH       0

DEGREE DAYS
 HEATING
  YESTERDAY       26                        32     -6       12
  MONTH TO DATE  649                       800   -151      632
  SINCE DEC 1   2807                      2970   -163     2512
  SINCE JUL 1   3720                      4150   -430     3417

 COOLING
  YESTERDAY        0                         0      0        0
  MONTH TO DATE    0                         0      0        0
  SINCE DEC 1      0                         0      0        0
  SINCE JAN 1      0                         0      0        0
..................................................................


WIND (MPH)
  HIGHEST WIND SPEED    13   HIGHEST WIND DIRECTION     E (70)
  HIGHEST GUST SPEED    17   HIGHEST GUST DIRECTION     E (110)
  AVERAGE WIND SPEED     5.3


SKY COVER
  POSSIBLE SUNSHINE  MM
  AVERAGE SKY COVER 1.0


WEATHER CONDITIONS
 THE FOLLOWING WEATHER WAS RECORDED YESTERDAY.
  LIGHT RAIN
  FOG
  HAZE


RELATIVE HUMIDITY (PERCENT)
 HIGHEST    93          1100 PM
 LOWEST     82           200 AM
 AVERAGE    88

..........................................................


THE ALLENTOWN PA CLIMATE NORMALS FOR TODAY
                         NORMAL    RECORD    YEAR
 MAXIMUM TEMPERATURE (F)   42        77      2017
 MINIMUM TEMPERATURE (F)   23        -8      2015


SUNRISE AND SUNSET
FEBRUARY 24 2018......SUNRISE   643 AM EST   SUNSET   547 PM EST
FEBRUARY 25 2018......SUNRISE   642 AM EST   SUNSET   548 PM EST


-  INDICATES NEGATIVE NUMBERS.
R  INDICATES RECORD WAS SET OR TIED.
MM INDICATES DATA IS MISSING.
T  INDICATES TRACE AMOUNT.




$$
