000
CDUS41 KPHI 300634
CLIABE


CLIMATE REPORT
NATIONAL WEATHER SERVICE MOUNT HOLLY NJ
234 AM EDT WED JUL 30 2014


...................................

...THE ALLENTOWN PA CLIMATE SUMMARY FOR JULY 29 2014...

CLIMATE NORMAL PERIOD 1981 TO 2010
CLIMATE RECORD PERIOD 1922 TO 2014


WEATHER ITEM   OBSERVED TIME   RECORD YEAR NORMAL DEPARTURE LAST
                VALUE   (LST)  VALUE       VALUE  FROM      YEAR
                                                  NORMAL
..................................................................
TEMPERATURE (F)
 YESTERDAY
  MAXIMUM         75    208 PM  96    1954  84     -9       81
  MINIMUM         54    514 AM  53    1928  63     -9       59
  AVERAGE         65                        73     -8       70

PRECIPITATION (IN)
  YESTERDAY        0.00          1.64 1979   0.15  -0.15      T
  MONTH TO DATE    4.32                      4.63  -0.31     4.17
  SINCE JUN 1      9.72                      8.94   0.78    11.00
  SINCE JAN 1     32.02                     25.76   6.26    24.55

SNOWFALL (IN)
  YESTERDAY        0.0           0.0  2002   0.0    0.0      0.0
                                      2001
  MONTH TO DATE    0.0                       0.0    0.0      0.0
  SINCE JUN 1      0.0                       0.0    0.0      0.0
  SINCE JUL 1      0.0                       0.0    0.0      0.0
  SNOW DEPTH       0

DEGREE DAYS
 HEATING
  YESTERDAY        0                         0      0        0
  MONTH TO DATE    0                         0      0        0
  SINCE JUN 1      4                        33    -29        9
  SINCE JUL 1      0                         0      0        0

 COOLING
  YESTERDAY        0                         8     -8        5
  MONTH TO DATE  273                       252     21      373
  SINCE JUN 1    455                       407     48      564
  SINCE JAN 1    494                       452     42      636
..................................................................


WIND (MPH)
  HIGHEST WIND SPEED    14   HIGHEST WIND DIRECTION    NW (300)
  HIGHEST GUST SPEED    22   HIGHEST GUST DIRECTION     W (290)
  AVERAGE WIND SPEED     4.3


SKY COVER
  POSSIBLE SUNSHINE  MM
  AVERAGE SKY COVER 0.4


WEATHER CONDITIONS
 THE FOLLOWING WEATHER WAS RECORDED YESTERDAY.
  NO SIGNIFICANT WEATHER WAS OBSERVED.


RELATIVE HUMIDITY (PERCENT)
 HIGHEST    93           500 AM
 LOWEST     38           200 PM
 AVERAGE    66

..........................................................


THE ALLENTOWN PA CLIMATE NORMALS FOR TODAY
                         NORMAL    RECORD    YEAR
 MAXIMUM TEMPERATURE (F)   84        97      1940
 MINIMUM TEMPERATURE (F)   63        50      1997
                                             1968


SUNRISE AND SUNSET
JULY 30 2014..........SUNRISE   557 AM EDT   SUNSET   819 PM EDT
JULY 31 2014..........SUNRISE   558 AM EDT   SUNSET   818 PM EDT


-  INDICATES NEGATIVE NUMBERS.
R  INDICATES RECORD WAS SET OR TIED.
MM INDICATES DATA IS MISSING.
T  INDICATES TRACE AMOUNT.




$$
