000
CDUS44 KSJT 200652
CLIABI


CLIMATE REPORT
NATIONAL WEATHER SERVICE SAN ANGELO TX
151 AM CDT WED AUG 20 2014


...................................

...THE ABILENE CLIMATE SUMMARY FOR AUGUST 19 2014...

CLIMATE NORMAL PERIOD 1981 TO 2010
CLIMATE RECORD PERIOD 1886 TO 2014


WEATHER ITEM   OBSERVED TIME   RECORD YEAR NORMAL DEPARTURE LAST
                VALUE   (LST)  VALUE       VALUE  FROM      YEAR
                                                  NORMAL
..................................................................
TEMPERATURE (F)
 YESTERDAY
  MAXIMUM         90    351 PM 105    1986  94     -4       95
                                      1930
  MINIMUM         71   1212 AM  60    1950  72     -1       71
  AVERAGE         81                        83     -2       83

PRECIPITATION (IN)
  YESTERDAY        0.00          1.75 1910   0.08  -0.08     0.00
  MONTH TO DATE    0.07                      1.53  -1.46     0.45
  SINCE JUN 1      6.28                      6.96  -0.68    10.02
  SINCE JAN 1     10.27                     15.90  -5.63    16.24

DEGREE DAYS
 HEATING
  YESTERDAY        0                         0      0        0
  MONTH TO DATE    0                         0      0        0
  SINCE JUN 1      0                         1     -1        0
  SINCE JUL 1      0                         0      0        0

 COOLING
  YESTERDAY       16                        18     -2       18
  MONTH TO DATE  368                       354     14      383
  SINCE JUN 1   1416                      1350     66     1448
  SINCE JAN 1   1930                      1747    183     1929
..................................................................


WIND (MPH)
  HIGHEST WIND SPEED    18   HIGHEST WIND DIRECTION     S (170)
  HIGHEST GUST SPEED    24   HIGHEST GUST DIRECTION     S (180)
  AVERAGE WIND SPEED    11.8


SKY COVER
  POSSIBLE SUNSHINE  MM
  AVERAGE SKY COVER 0.4


WEATHER CONDITIONS
 THE FOLLOWING WEATHER WAS RECORDED YESTERDAY.
  NO SIGNIFICANT WEATHER WAS OBSERVED.


RELATIVE HUMIDITY (PERCENT)
 HIGHEST    84           200 AM
 LOWEST     41           400 PM
 AVERAGE    63

..........................................................


THE ABILENE CLIMATE NORMALS FOR TODAY
                         NORMAL    RECORD    YEAR
 MAXIMUM TEMPERATURE (F)   94       106      1943
 MINIMUM TEMPERATURE (F)   72        57      1940


SUNRISE AND SUNSET
AUGUST 20 2014........SUNRISE   706 AM CDT   SUNSET   818 PM CDT
AUGUST 21 2014........SUNRISE   707 AM CDT   SUNSET   816 PM CDT


-  INDICATES NEGATIVE NUMBERS.
R  INDICATES RECORD WAS SET OR TIED.
MM INDICATES DATA IS MISSING.
T  INDICATES TRACE AMOUNT.




$$
