000
CDUS44 KSJT 170650
CLIABI


CLIMATE REPORT
NATIONAL WEATHER SERVICE SAN ANGELO TX
150 AM CDT THU APR 17 2014


...................................

...THE ABILENE CLIMATE SUMMARY FOR APRIL 16 2014...

CLIMATE NORMAL PERIOD 1981 TO 2010
CLIMATE RECORD PERIOD 1886 TO 2014


WEATHER ITEM   OBSERVED TIME   RECORD YEAR NORMAL DEPARTURE LAST
                VALUE   (LST)  VALUE       VALUE  FROM      YEAR
                                                  NORMAL
..................................................................
TEMPERATURE (F)
 YESTERDAY
  MAXIMUM         76    505 PM  97    1967  78     -2       91
  MINIMUM         47    658 AM  34    1905  52     -5       67
  AVERAGE         62                        65     -3       79

PRECIPITATION (IN)
  YESTERDAY        0.00          1.73 1971   0.05  -0.05     0.00
  MONTH TO DATE    0.21                      0.75  -0.54     1.33
  SINCE MAR 1      0.88                      2.49  -1.61     1.94
  SINCE JAN 1      1.37                      4.87  -3.50     3.83

SNOWFALL (IN)
  YESTERDAY        0.0           0.0  2002   0.1   -0.1      0.0
  MONTH TO DATE    T                         0.3   -0.3       T
  SINCE NOV 1      3.1                       4.7   -1.6      1.1
  SINCE JUL 1      3.1                       4.7   -1.6      1.1

DEGREE DAYS
 HEATING
  YESTERDAY        3                         4     -1        0
  MONTH TO DATE   80                        79      1       99
  SINCE MAR 1    420                       377     43      360
  SINCE JUL 1   2782                      2510    272     2195

 COOLING
  YESTERDAY        0                         3     -3       14
  MONTH TO DATE   77                        40     37       69
  SINCE MAR 1    116                        69     47      109
  SINCE JAN 1    121                        74     47      115
..................................................................


WIND (MPH)
  HIGHEST WIND SPEED    35   HIGHEST WIND DIRECTION     S (190)
  HIGHEST GUST SPEED    43   HIGHEST GUST DIRECTION     S (180)
  AVERAGE WIND SPEED    19.4


SKY COVER
  POSSIBLE SUNSHINE  MM
  AVERAGE SKY COVER 0.0


WEATHER CONDITIONS
 THE FOLLOWING WEATHER WAS RECORDED YESTERDAY.
  HAZE


RELATIVE HUMIDITY (PERCENT)
 HIGHEST    39          1100 PM
 LOWEST     18           300 PM
 AVERAGE    29

..........................................................


THE ABILENE CLIMATE NORMALS FOR TODAY
                         NORMAL    RECORD    YEAR
 MAXIMUM TEMPERATURE (F)   78        98      2006
 MINIMUM TEMPERATURE (F)   52        30      1947
                                             1921


SUNRISE AND SUNSET
APRIL 17 2014.........SUNRISE   707 AM CDT   SUNSET   810 PM CDT
APRIL 18 2014.........SUNRISE   706 AM CDT   SUNSET   811 PM CDT


-  INDICATES NEGATIVE NUMBERS.
R  INDICATES RECORD WAS SET OR TIED.
MM INDICATES DATA IS MISSING.
T  INDICATES TRACE AMOUNT.




$$
