000
CDUS44 KSJT 102326
CLIABI


CLIMATE REPORT
NATIONAL WEATHER SERVICE SAN ANGELO TX
525 PM CST WED FEB 10 2016


...................................

...THE ABILENE CLIMATE SUMMARY FOR FEBRUARY 10 2016...
VALID TODAY AS OF 0500 PM LOCAL TIME.

CLIMATE NORMAL PERIOD 1981 TO 2010
CLIMATE RECORD PERIOD 1886 TO 2016


WEATHER ITEM   OBSERVED TIME   RECORD YEAR NORMAL DEPARTURE LAST
                VALUE   (LST)  VALUE       VALUE  FROM      YEAR
                                                  NORMAL
..................................................................
TEMPERATURE (F)
 TODAY
  MAXIMUM         77    440 PM  87    1996  59     18       83
  MINIMUM         35    321 AM  11    2011  36     -1       50
                                      1933
  AVERAGE         56                        48      8       67

PRECIPITATION (IN)
  TODAY            0.00          0.66 1911   0.05  -0.05     0.00
  MONTH TO DATE    0.00                      0.44  -0.44     0.00
  SINCE DEC 1      2.24                      2.69  -0.45     2.30
  SINCE JAN 1      0.04                      1.46  -1.42     1.77

SNOWFALL (IN)
  TODAY            0.0           2.0  1956   0.1   -0.1      0.0
  MONTH TO DATE    0.0                       0.3   -0.3      0.0
  SINCE NOV 1      5.1                       3.6    1.5      0.1
  SINCE JUL 1      5.1                       3.6    1.5      0.1

DEGREE DAYS
 HEATING
  TODAY            9                        18     -9        0
  MONTH TO DATE  172                       184    -12      147
  SINCE DEC 1   1236                      1420   -184     1276
  SINCE JUL 1   1579                      1853   -274     1693

 COOLING
  TODAY            0                         0      0        2
  MONTH TO DATE    0                         0      0        2
  SINCE DEC 1      0                         2     -2        2
  SINCE JAN 1      0                         1     -1        2
..................................................................


WIND (MPH)
  HIGHEST WIND SPEED    21   HIGHEST WIND DIRECTION    SW (240)
  HIGHEST GUST SPEED    26   HIGHEST GUST DIRECTION    SW (220)
  AVERAGE WIND SPEED     8.8


SKY COVER
  POSSIBLE SUNSHINE  MM
  AVERAGE SKY COVER 0.0


WEATHER CONDITIONS
 THE FOLLOWING WEATHER WAS RECORDED TODAY.
  NO SIGNIFICANT WEATHER WAS OBSERVED.


RELATIVE HUMIDITY (PERCENT)
 HIGHEST    70           300 AM
 LOWEST     14           400 PM
 AVERAGE    42

..........................................................


THE ABILENE CLIMATE NORMALS FOR TOMORROW
                         NORMAL    RECORD    YEAR
 MAXIMUM TEMPERATURE (F)   60        91      1922
 MINIMUM TEMPERATURE (F)   36         1      1899


SUNRISE AND SUNSET
FEBRUARY 10 2016......SUNRISE   726 AM CST   SUNSET   620 PM CST
FEBRUARY 11 2016......SUNRISE   726 AM CST   SUNSET   621 PM CST


-  INDICATES NEGATIVE NUMBERS.
R  INDICATES RECORD WAS SET OR TIED.
MM INDICATES DATA IS MISSING.
T  INDICATES TRACE AMOUNT.




$$
