000
CDUS44 KSJT 230754
CLIABI


CLIMATE REPORT
NATIONAL WEATHER SERVICE SAN ANGELO TX
154 AM CST SUN NOV 23 2014


...................................

...THE ABILENE CLIMATE SUMMARY FOR NOVEMBER 22 2014...

CLIMATE NORMAL PERIOD 1981 TO 2010
CLIMATE RECORD PERIOD 1886 TO 2014


WEATHER ITEM   OBSERVED TIME   RECORD YEAR NORMAL DEPARTURE LAST
                VALUE   (LST)  VALUE       VALUE  FROM      YEAR
                                                  NORMAL
..................................................................
TEMPERATURE (F)
 YESTERDAY
  MAXIMUM         68   1041 AM  86    1955  64      4       35
  MINIMUM         51   1003 PM  23    1972  40     11       27
                                      1926
  AVERAGE         60                        52      8       31

PRECIPITATION (IN)
  YESTERDAY        0.32          0.84 1913   0.04   0.28     0.68
  MONTH TO DATE    2.44                      1.11   1.33     0.71
  SINCE SEP 1      3.99                      6.33  -2.34     5.29
  SINCE JAN 1     14.49                     23.29  -8.80    21.62

SNOWFALL (IN)
  YESTERDAY        0.0           3.5  1957   0.1   -0.1      0.5
  MONTH TO DATE    0.1                       0.5   -0.4      0.5
  SINCE NOV 1      0.1                       0.5   -0.4      0.5
  SINCE JUL 1      0.1                       0.5   -0.4      0.5

DEGREE DAYS
 HEATING
  YESTERDAY        5                        13     -8       34
  MONTH TO DATE  303                       208     95      194
  SINCE SEP 1    330                       312     18      273
  SINCE JUL 1    330                       312     18      273

 COOLING
  YESTERDAY        0                         0      0        0
  MONTH TO DATE    9                        15     -6       13
  SINCE SEP 1    635                       459    176      568
  SINCE JAN 1   2819                      2404    415     2722
..................................................................


WIND (MPH)
  HIGHEST WIND SPEED    32   HIGHEST WIND DIRECTION    SE (120)
  HIGHEST GUST SPEED    38   HIGHEST GUST DIRECTION     E (110)
  AVERAGE WIND SPEED    12.1


SKY COVER
  POSSIBLE SUNSHINE  MM
  AVERAGE SKY COVER 0.7


WEATHER CONDITIONS
 THE FOLLOWING WEATHER WAS RECORDED YESTERDAY.
  THUNDERSTORM
  RAIN
  LIGHT RAIN
  FOG


RELATIVE HUMIDITY (PERCENT)
 HIGHEST   100           500 PM
 LOWEST     81           900 AM
 AVERAGE    91

..........................................................


THE ABILENE CLIMATE NORMALS FOR TODAY
                         NORMAL    RECORD    YEAR
 MAXIMUM TEMPERATURE (F)   63        85      1965
 MINIMUM TEMPERATURE (F)   40        19      1970


SUNRISE AND SUNSET
NOVEMBER 23 2014......SUNRISE   715 AM CST   SUNSET   535 PM CST
NOVEMBER 24 2014......SUNRISE   716 AM CST   SUNSET   534 PM CST


-  INDICATES NEGATIVE NUMBERS.
R  INDICATES RECORD WAS SET OR TIED.
MM INDICATES DATA IS MISSING.
T  INDICATES TRACE AMOUNT.




$$
