000
CDUS44 KSJT 290704
CLIABI


CLIMATE REPORT
NATIONAL WEATHER SERVICE SAN ANGELO TX
204 AM CDT SUN MAY 29 2016


...................................

...THE ABILENE CLIMATE SUMMARY FOR MAY 28 2016...

CLIMATE NORMAL PERIOD 1981 TO 2010
CLIMATE RECORD PERIOD 1886 TO 2016


WEATHER ITEM   OBSERVED TIME   RECORD YEAR NORMAL DEPARTURE LAST
                VALUE   (LST)  VALUE       VALUE  FROM      YEAR
                                                  NORMAL
..................................................................
TEMPERATURE (F)
 YESTERDAY
  MAXIMUM         90    358 PM 109    2011  87      3       87
  MINIMUM         64    601 AM  49    1976  65     -1       63
  AVERAGE         77                        76      1       75

PRECIPITATION (IN)
  YESTERDAY        T             1.72 1987   0.13  -0.13     0.93
  MONTH TO DATE    6.31                      2.80   3.51     4.90
  SINCE MAR 1     14.86                      6.18   8.68     8.68
  SINCE JAN 1     15.58                      8.56   7.02    12.19

DEGREE DAYS
 HEATING
  YESTERDAY        0                         0      0        0
  MONTH TO DATE   37                        13     24       12
  SINCE MAR 1    304                       422   -118      401
  SINCE JUL 1   2058                      2555   -497     2478

 COOLING
  YESTERDAY       12                        11      1       10
  MONTH TO DATE  185                       231    -46      200
  SINCE MAR 1    266                       359    -93      367
  SINCE JAN 1    280                       364    -84      371
..................................................................


WIND (MPH)
  HIGHEST WIND SPEED    22   HIGHEST WIND DIRECTION     W (260)
  HIGHEST GUST SPEED    45   HIGHEST GUST DIRECTION     W (270)
  AVERAGE WIND SPEED     8.6


SKY COVER
  POSSIBLE SUNSHINE  MM
  AVERAGE SKY COVER 0.1


WEATHER CONDITIONS
 THE FOLLOWING WEATHER WAS RECORDED YESTERDAY.
  THUNDERSTORM
  LIGHT RAIN


RELATIVE HUMIDITY (PERCENT)
 HIGHEST    93          1200 AM
 LOWEST     34           200 PM
 AVERAGE    64

..........................................................


THE ABILENE CLIMATE NORMALS FOR TODAY
                         NORMAL    RECORD    YEAR
 MAXIMUM TEMPERATURE (F)   87       103      1985
                                             1927
 MINIMUM TEMPERATURE (F)   65        44      1947


SUNRISE AND SUNSET
MAY 29 2016...........SUNRISE   633 AM CDT   SUNSET   840 PM CDT
MAY 30 2016...........SUNRISE   633 AM CDT   SUNSET   840 PM CDT


-  INDICATES NEGATIVE NUMBERS.
R  INDICATES RECORD WAS SET OR TIED.
MM INDICATES DATA IS MISSING.
T  INDICATES TRACE AMOUNT.




$$
