000
CDUS44 KSJT 252227
CLIABI


CLIMATE REPORT
NATIONAL WEATHER SERVICE SAN ANGELO TX
527 PM CDT MON SEP 25 2017


...................................

...THE ABILENE CLIMATE SUMMARY FOR SEPTEMBER 25 2017...
VALID TODAY AS OF 0500 PM LOCAL TIME.

CLIMATE NORMAL PERIOD 1981 TO 2010
CLIMATE RECORD PERIOD 1886 TO 2017


WEATHER ITEM   OBSERVED TIME   RECORD YEAR NORMAL DEPARTURE LAST
                VALUE   (LST)  VALUE       VALUE  FROM      YEAR
                                                  NORMAL
..................................................................
TEMPERATURE (F)
 TODAY
  MAXIMUM         76   1034 AM 104    2005  84     -8       71
                                      1977
  MINIMUM         68   1245 PM  40    1975  61      7       60
  AVERAGE         72                        72      0       66

PRECIPITATION (IN)
  TODAY            0.89          2.30 1893   0.07   0.82     1.29
  MONTH TO DATE    0.91                      1.88  -0.97     5.58
  SINCE SEP 1      0.91                      1.88  -0.97     5.58
  SINCE JAN 1     15.36                     18.84  -3.48    32.69

DEGREE DAYS
 HEATING
  TODAY            0                         1     -1        0
  MONTH TO DATE    0                         6     -6        0
  SINCE SEP 1      0                         6     -6        0
  SINCE JUL 1      0                         6     -6        0

 COOLING
  TODAY            7                         8     -1        1
  MONTH TO DATE  323                       290     33      342
  SINCE SEP 1    323                       290     33      342
  SINCE JAN 1   2239                      2235      4     2341
..................................................................


WIND (MPH)
  HIGHEST WIND SPEED    22   HIGHEST WIND DIRECTION    SW (240)
  HIGHEST GUST SPEED    28   HIGHEST GUST DIRECTION    SW (240)
  AVERAGE WIND SPEED    11.8


SKY COVER
  POSSIBLE SUNSHINE  MM
  AVERAGE SKY COVER 0.7


WEATHER CONDITIONS
 THE FOLLOWING WEATHER WAS RECORDED TODAY.
  HEAVY RAIN
  RAIN
  LIGHT RAIN
  FOG


RELATIVE HUMIDITY (PERCENT)
 HIGHEST   100           100 PM
 LOWEST     79          1000 AM
 AVERAGE    90

..........................................................


THE ABILENE CLIMATE NORMALS FOR TOMORROW
                         NORMAL    RECORD    YEAR
 MAXIMUM TEMPERATURE (F)   83       105      1977
 MINIMUM TEMPERATURE (F)   61        39      2000


SUNRISE AND SUNSET
SEPTEMBER 25 2017.....SUNRISE   729 AM CDT   SUNSET   731 PM CDT
SEPTEMBER 26 2017.....SUNRISE   730 AM CDT   SUNSET   730 PM CDT


-  INDICATES NEGATIVE NUMBERS.
R  INDICATES RECORD WAS SET OR TIED.
MM INDICATES DATA IS MISSING.
T  INDICATES TRACE AMOUNT.




$$
