000
CDUS45 KABQ 190832
CLIABQ


CLIMATE REPORT
NATIONAL WEATHER SERVICE ALBUQUERQUE NM
131 AM MST SUN NOV 19 2017


...................................

...THE ALBUQUERQUE  NM CLIMATE SUMMARY FOR NOVEMBER 18 2017...

CLIMATE NORMAL PERIOD 1981 TO 2010
CLIMATE RECORD PERIOD 1891 TO 2017


WEATHER ITEM   OBSERVED TIME   RECORD YEAR NORMAL DEPARTURE LAST
                VALUE   (LST)  VALUE       VALUE  FROM      YEAR
                                                  NORMAL
..................................................................
TEMPERATURE (F)
 YESTERDAY
  MAXIMUM         53    101 AM  70    1949  55     -2       52
  MINIMUM         34   1040 PM  14    1903  33      1       31
  AVERAGE         44                        44      0       42

PRECIPITATION (IN)
  YESTERDAY        0.00          0.33 1953   0.01  -0.01
  MONTH TO DATE    0.00                      0.35  -0.35
  SINCE SEP 1      2.24                      2.45  -0.21
  SINCE JAN 1      7.67                      8.73  -1.06

SNOWFALL (IN)
  YESTERDAY        0.0
  MONTH TO DATE    0.0
  SINCE SEP 1      0.0
  SINCE JUL 1      0.0
  SNOW DEPTH       0

DEGREE DAYS
 HEATING
  YESTERDAY       21                        21      0       23
  MONTH TO DATE  176                       316   -140      210
  SINCE SEP 1    388                       582   -194      296
  SINCE JUL 1    388                       582   -194      296

 COOLING
  YESTERDAY        0                         0      0        0
  MONTH TO DATE    0                         0      0        0
  SINCE SEP 1    247                       165     82      213
  SINCE JAN 1   1557                      1322    235     1525
..................................................................


WIND (MPH)
  HIGHEST WIND SPEED    32   HIGHEST WIND DIRECTION    NW (330)
  HIGHEST GUST SPEED    47   HIGHEST GUST DIRECTION     N (350)
  AVERAGE WIND SPEED     9.6


SKY COVER
  POSSIBLE SUNSHINE  MM
  AVERAGE SKY COVER 0.2


WEATHER CONDITIONS
 THE FOLLOWING WEATHER WAS RECORDED YESTERDAY.
  NO SIGNIFICANT WEATHER WAS OBSERVED.


RELATIVE HUMIDITY (PERCENT)
 HIGHEST    53           200 AM
 LOWEST     13           300 PM
 AVERAGE    33

..........................................................


THE ALBUQUERQUE  NM CLIMATE NORMALS FOR TODAY
                         NORMAL    RECORD    YEAR
 MAXIMUM TEMPERATURE (F)   54        72      1915
 MINIMUM TEMPERATURE (F)   33        16      1921
                                             1916
                                             1912


SUNRISE AND SUNSET
NOVEMBER 19 2017......SUNRISE   645 AM MST   SUNSET   458 PM MST
NOVEMBER 20 2017......SUNRISE   646 AM MST   SUNSET   458 PM MST


-  INDICATES NEGATIVE NUMBERS.
R  INDICATES RECORD WAS SET OR TIED.
MM INDICATES DATA IS MISSING.
T  INDICATES TRACE AMOUNT.




$$
