000
CDUS45 KABQ 210829
CLIABQ


CLIMATE REPORT
NATIONAL WEATHER SERVICE ALBUQUERQUE NM
128 AM MST SUN JAN 21 2018


...................................

...THE ALBUQUERQUE  NM CLIMATE SUMMARY FOR JANUARY 20 2018...

CLIMATE NORMAL PERIOD 1981 TO 2010
CLIMATE RECORD PERIOD 1891 TO 2018


WEATHER ITEM   OBSERVED TIME   RECORD YEAR NORMAL DEPARTURE LAST
                VALUE   (LST)  VALUE       VALUE  FROM      YEAR
                                                  NORMAL
..................................................................
TEMPERATURE (F)
 YESTERDAY
  MAXIMUM         60    355 PM  65    1950  47     13       43
  MINIMUM         30    737 AM  -7    1963  26      4       33
  AVERAGE         45                        37      8       38

PRECIPITATION (IN)
  YESTERDAY        T             0.30 1917   0.01  -0.01
  MONTH TO DATE    0.03                      0.24  -0.21
  SINCE DEC 1      0.03                      0.74  -0.71
  SINCE JAN 1      0.03                      0.24  -0.21

SNOWFALL (IN)
  YESTERDAY        0.0
  MONTH TO DATE    0.0
  SINCE DEC 1      T
  SINCE JUL 1      T
  SNOW DEPTH       0

DEGREE DAYS
 HEATING
  YESTERDAY       20                        28     -8       27
  MONTH TO DATE  503                       582    -79      478
  SINCE DEC 1   1257                      1472   -215     1269
  SINCE JUL 1   1826                      2339   -513     1846

 COOLING
  YESTERDAY        0                         0      0        0
  MONTH TO DATE    0                         0      0        0
  SINCE DEC 1      0                         0      0        0
  SINCE JAN 1      0                         0      0        0
..................................................................


WIND (MPH)
  HIGHEST WIND SPEED    33   HIGHEST WIND DIRECTION     W (260)
  HIGHEST GUST SPEED    43   HIGHEST GUST DIRECTION     W (260)
  AVERAGE WIND SPEED     8.0


SKY COVER
  POSSIBLE SUNSHINE  MM
  AVERAGE SKY COVER 0.4


WEATHER CONDITIONS
 THE FOLLOWING WEATHER WAS RECORDED YESTERDAY.
  LIGHT RAIN
  LIGHT SNOW
  HAZE


RELATIVE HUMIDITY (PERCENT)
 HIGHEST    49           600 AM
 LOWEST     17           400 PM
 AVERAGE    33

..........................................................


THE ALBUQUERQUE  NM CLIMATE NORMALS FOR TODAY
                         NORMAL    RECORD    YEAR
 MAXIMUM TEMPERATURE (F)   47        68      1971
 MINIMUM TEMPERATURE (F)   26        -2      1918


SUNRISE AND SUNSET
JANUARY 21 2018.......SUNRISE   712 AM MST   SUNSET   524 PM MST
JANUARY 22 2018.......SUNRISE   711 AM MST   SUNSET   525 PM MST


-  INDICATES NEGATIVE NUMBERS.
R  INDICATES RECORD WAS SET OR TIED.
MM INDICATES DATA IS MISSING.
T  INDICATES TRACE AMOUNT.




$$
