000
CDUS45 KABQ 210830
CLIABQ


CLIMATE REPORT
NATIONAL WEATHER SERVICE ALBUQUERQUE NM
227 AM MDT MON APR 21 2014


...................................

...THE ALBUQUERQUE  NM CLIMATE SUMMARY FOR APRIL 20 2014...

CLIMATE NORMAL PERIOD 1981 TO 2010
CLIMATE RECORD PERIOD 1897 TO 2014


WEATHER ITEM   OBSERVED TIME   RECORD YEAR NORMAL DEPARTURE LAST
                VALUE   (LST)  VALUE       VALUE  FROM      YEAR
                                                  NORMAL
..................................................................
TEMPERATURE (F)
 YESTERDAY
  MAXIMUM         77    243 PM  86    1989  70      7       70
  MINIMUM         46    608 AM  23    1917  44      2       42
  AVERAGE         62                        57      5       56

PRECIPITATION (IN)
  YESTERDAY        T             0.55 1952   0.02  -0.02
  MONTH TO DATE    0.01                      0.43  -0.42
  SINCE MAR 1      0.23                      1.00  -0.77
  SINCE JAN 1      0.41                      1.86  -1.45

SNOWFALL (IN)
  YESTERDAY        0.0
  MONTH TO DATE    0.0
  SINCE MAR 1      T
  SINCE JUL 1      6.6
  SNOW DEPTH       0

DEGREE DAYS
 HEATING
  YESTERDAY        3                         8     -5        9
  MONTH TO DATE  179                       213    -34      183
  SINCE MAR 1    649                       737    -88      590
  SINCE JUL 1   3792                      4040   -248     3788

 COOLING
  YESTERDAY        0                         0      0        0
  MONTH TO DATE    0                         0      0        2
  SINCE MAR 1      0                         0      0        2
  SINCE JAN 1      0                         0      0        2
..................................................................


WIND (MPH)
  HIGHEST WIND SPEED    25   HIGHEST WIND DIRECTION     W (290)
  HIGHEST GUST SPEED    31   HIGHEST GUST DIRECTION     W (280)
  AVERAGE WIND SPEED     8.9


SKY COVER
  POSSIBLE SUNSHINE  MM
  AVERAGE SKY COVER 0.7


WEATHER CONDITIONS
 THE FOLLOWING WEATHER WAS RECORDED YESTERDAY.
  NO SIGNIFICANT WEATHER WAS OBSERVED.


RELATIVE HUMIDITY (PERCENT)
 HIGHEST    93           200 AM
 LOWEST     15           600 PM
 AVERAGE    54

..........................................................


THE ALBUQUERQUE  NM CLIMATE NORMALS FOR TODAY
                         NORMAL    RECORD    YEAR
 MAXIMUM TEMPERATURE (F)   71        89      1989
 MINIMUM TEMPERATURE (F)   45        20      1907


SUNRISE AND SUNSET
APRIL 21 2014.........SUNRISE   627 AM MDT   SUNSET   744 PM MDT
APRIL 22 2014.........SUNRISE   626 AM MDT   SUNSET   745 PM MDT


-  INDICATES NEGATIVE NUMBERS.
R  INDICATES RECORD WAS SET OR TIED.
MM INDICATES DATA IS MISSING.
T  INDICATES TRACE AMOUNT.

$$
