000
CDUS45 KABQ 211132
CLIABQ


CLIMATE REPORT
NATIONAL WEATHER SERVICE ALBUQUERQUE NM
532 AM MDT TUE OCT 21 2014


...................................

...THE ALBUQUERQUE  NM CLIMATE SUMMARY FOR OCTOBER 20 2014...

CLIMATE NORMAL PERIOD 1981 TO 2010
CLIMATE RECORD PERIOD 1897 TO 2014


WEATHER ITEM   OBSERVED TIME   RECORD YEAR NORMAL DEPARTURE LAST
                VALUE   (LST)  VALUE       VALUE  FROM      YEAR
                                                  NORMAL
..................................................................
TEMPERATURE (F)
 YESTERDAY
  MAXIMUM         73    239 PM  84    2007  68      5       70
  MINIMUM         47    536 AM  24    1898  45      2       36
  AVERAGE         60                        56      4       53

PRECIPITATION (IN)
  YESTERDAY        0.46          1.00 1918   0.03   0.43
  MONTH TO DATE    0.62                      0.74  -0.12
  SINCE SEP 1      1.35                      1.82  -0.47
  SINCE JAN 1      7.41                      8.10  -0.69

SNOWFALL (IN)
  YESTERDAY        0.0
  MONTH TO DATE    0.0
  SINCE SEP 1      0.0
  SINCE JUL 1      0.0
  SNOW DEPTH       0

DEGREE DAYS
 HEATING
  YESTERDAY        5                         9     -4       12
  MONTH TO DATE   68                       116    -48      159
  SINCE SEP 1     77                       142    -65      183
  SINCE JUL 1     77                       142    -65      183

 COOLING
  YESTERDAY        0                         0      0        0
  MONTH TO DATE    3                         7     -4        1
  SINCE SEP 1    214                       162     52      190
  SINCE JAN 1   1444                      1319    125     1565
..................................................................


WIND (MPH)
  HIGHEST WIND SPEED    26   HIGHEST WIND DIRECTION     E (90)
  HIGHEST GUST SPEED    29   HIGHEST GUST DIRECTION     E (80)
  AVERAGE WIND SPEED     6.2


SKY COVER
  POSSIBLE SUNSHINE  MM
  AVERAGE SKY COVER 0.6


WEATHER CONDITIONS
 THE FOLLOWING WEATHER WAS RECORDED YESTERDAY.
  THUNDERSTORM
  HEAVY RAIN
  LIGHT RAIN


RELATIVE HUMIDITY (PERCENT)
 HIGHEST    80           500 AM
 LOWEST     37           100 PM
 AVERAGE    59

..........................................................


THE ALBUQUERQUE  NM CLIMATE NORMALS FOR TODAY
                         NORMAL    RECORD    YEAR
 MAXIMUM TEMPERATURE (F)   67        81      2003
                                             1954
                                             1915
 MINIMUM TEMPERATURE (F)   44        20      1910


SUNRISE AND SUNSET
OCTOBER 21 2014.......SUNRISE   718 AM MDT   SUNSET   624 PM MDT
OCTOBER 22 2014.......SUNRISE   718 AM MDT   SUNSET   623 PM MDT


-  INDICATES NEGATIVE NUMBERS.
R  INDICATES RECORD WAS SET OR TIED.
MM INDICATES DATA IS MISSING.
T  INDICATES TRACE AMOUNT.




$$
