000
CDUS43 KABR 232347
CLIABR


CLIMATE REPORT
NATIONAL WEATHER SERVICE ABERDEEN SD
545 PM CST FRI FEB 23 2018


...................................

...THE ABERDEEN SD CLIMATE SUMMARY FOR FEBRUARY 23 2018...
VALID TODAY AS OF 0500 PM LOCAL TIME.

CLIMATE NORMAL PERIOD 1981 TO 2010
CLIMATE RECORD PERIOD 1893 TO 2018


WEATHER ITEM   OBSERVED TIME   RECORD YEAR NORMAL DEPARTURE LAST
                VALUE   (LST)  VALUE       VALUE  FROM      YEAR
                                                  NORMAL
..................................................................
TEMPERATURE (F)
 TODAY
  MAXIMUM         23    417 PM  60    1976  31     -8       30
                                      1905
  MINIMUM          2    736 AM -25    1910  11     -9       22
  AVERAGE         13                        21     -8       26

PRECIPITATION (IN)
  TODAY            0.01          0.78 1977   0.02  -0.01     0.00
  MONTH TO DATE    0.50                      0.42   0.08     0.12
  SINCE DEC 1      0.89                      1.41  -0.52     2.41
  SINCE JAN 1      0.54                      0.89  -0.35     0.63

SNOWFALL (IN)
  TODAY            0.2
  MONTH TO DATE    8.9
  SINCE OCT 1     13.9
  SINCE JUL 1     13.9
  SNOW DEPTH       6

DEGREE DAYS
 HEATING
  TODAY           52                        44      8       39
  MONTH TO DATE 1332                      1113    219      863
  SINCE DEC 1   4324                      4284     40     4071
  SINCE JUL 1   6101                      6247   -146     5421
..................................................................


WIND (MPH)
  HIGHEST WIND SPEED    10   HIGHEST WIND DIRECTION     W (290)
  HIGHEST GUST SPEED    13   HIGHEST GUST DIRECTION     W (290)
  AVERAGE WIND SPEED     5.6


SKY COVER
  POSSIBLE SUNSHINE  MM
  AVERAGE SKY COVER 0.3


WEATHER CONDITIONS
 THE FOLLOWING WEATHER WAS RECORDED TODAY.
  LIGHT SNOW
  FOG


RELATIVE HUMIDITY (PERCENT)
 HIGHEST   100           500 AM
 LOWEST     62           300 PM
 AVERAGE    81

..........................................................


THE ABERDEEN SD CLIMATE NORMALS FOR TOMORROW
                         NORMAL    RECORD    YEAR
 MAXIMUM TEMPERATURE (F)   31        62      1976
 MINIMUM TEMPERATURE (F)   11       -26      1940


SUNRISE AND SUNSET
FEBRUARY 23 2018......SUNRISE   722 AM CST   SUNSET   612 PM CST
FEBRUARY 24 2018......SUNRISE   721 AM CST   SUNSET   614 PM CST


-  INDICATES NEGATIVE NUMBERS.
R  INDICATES RECORD WAS SET OR TIED.
MM INDICATES DATA IS MISSING.
T  INDICATES TRACE AMOUNT.

&&

PEAK WIND WAS 13 MPH FROM THE WEST AT 1220 PM CST

$$
