000
CDUS43 KABR 271037
CLIABR


CLIMATE REPORT
NATIONAL WEATHER SERVICE ABERDEEN SD
437 AM CST MON FEB 27 2017


...................................

...THE ABERDEEN SD CLIMATE SUMMARY FOR FEBRUARY 26 2017...

CLIMATE NORMAL PERIOD 1981 TO 2010
CLIMATE RECORD PERIOD 1893 TO 2017


WEATHER ITEM   OBSERVED TIME   RECORD YEAR NORMAL DEPARTURE LAST
                VALUE   (LST)  VALUE       VALUE  FROM      YEAR
                                                  NORMAL
..................................................................
TEMPERATURE (F)
 YESTERDAY
  MAXIMUM         33    336 PM  65    1896  32      1       53
  MINIMUM         17    817 AM -20    1962  12      5       18
                                      1897
  AVERAGE         25                        22      3       36

PRECIPITATION (IN)
  YESTERDAY        T             1.10 1905   0.03  -0.03     0.00
  MONTH TO DATE    0.12                      0.50  -0.38     0.52
  SINCE DEC 1      2.41                      1.49   0.92     1.30
  SINCE JAN 1      0.63                      0.97  -0.34     0.66

SNOWFALL (IN)
  YESTERDAY       MM            11.0  1905   0.3   MM        0.0
  MONTH TO DATE    0.7                       6.3   -5.6      8.3
  SINCE OCT 1     26.9                      27.3   -0.4     25.7
  SINCE JUL 1     26.9                      27.3   -0.4     25.7
  SNOW DEPTH       0

DEGREE DAYS
 HEATING
  YESTERDAY       40                        43     -3       29
  MONTH TO DATE  984                      1244   -260      973
  SINCE DEC 1   4192                      4415   -223     3744
  SINCE JUL 1   5542                      6378   -836     5156

 COOLING
  YESTERDAY        0                         0      0        0
  MONTH TO DATE    0                         0      0        0
  SINCE DEC 1      0                         0      0        0
  SINCE JAN 1      0                         0      0        0
..................................................................


WIND (MPH)
  HIGHEST WIND SPEED    17   HIGHEST WIND DIRECTION     N (340)
  HIGHEST GUST SPEED    20   HIGHEST GUST DIRECTION    NW (320)
  AVERAGE WIND SPEED     6.8


SKY COVER
  POSSIBLE SUNSHINE  MM
  AVERAGE SKY COVER 0.6


WEATHER CONDITIONS
 THE FOLLOWING WEATHER WAS RECORDED YESTERDAY.
  LIGHT SNOW
  FOG


RELATIVE HUMIDITY (PERCENT)
 HIGHEST    91           300 AM
 LOWEST     58           100 PM
 AVERAGE    75

..........................................................


THE ABERDEEN SD CLIMATE NORMALS FOR TODAY
                         NORMAL    RECORD    YEAR
 MAXIMUM TEMPERATURE (F)   32        68      2016
 MINIMUM TEMPERATURE (F)   12       -23      2001


SUNRISE AND SUNSET
FEBRUARY 27 2017......SUNRISE   715 AM CST   SUNSET   618 PM CST
FEBRUARY 28 2017......SUNRISE   713 AM CST   SUNSET   620 PM CST


-  INDICATES NEGATIVE NUMBERS.
R  INDICATES RECORD WAS SET OR TIED.
MM INDICATES DATA IS MISSING.
T  INDICATES TRACE AMOUNT.




$$
