000
CDUS43 KABR 311031
CLIABR


CLIMATE REPORT
NATIONAL WEATHER SERVICE ABERDEEN SD
531 AM CDT WED AUG 31 2016


...................................

...THE ABERDEEN SD CLIMATE SUMMARY FOR AUGUST 30 2016...

CLIMATE NORMAL PERIOD 1981 TO 2010
CLIMATE RECORD PERIOD 1893 TO 2016


WEATHER ITEM   OBSERVED TIME   RECORD YEAR NORMAL DEPARTURE LAST
                VALUE   (LST)  VALUE       VALUE  FROM      YEAR
                                                  NORMAL
..................................................................
TEMPERATURE (F)
 YESTERDAY
  MAXIMUM         85    351 PM 100    1898  79      6       85
  MINIMUM         53    623 AM  37    2003  53      0       64
  AVERAGE         69                        66      3       75

PRECIPITATION (IN)
  YESTERDAY        0.00          2.08 1939   0.08  -0.08     0.00
  MONTH TO DATE    2.00                      2.35  -0.35     2.94
  SINCE JUN 1      7.10                      9.07  -1.97     9.10
  SINCE JAN 1     14.04                     16.21  -2.17    17.32

DEGREE DAYS
 HEATING
  YESTERDAY        0                         3     -3        0
  MONTH TO DATE   23                        35    -12       37
  SINCE JUN 1     51                       125    -74       56
  SINCE JUL 1     31                        49    -18       42

 COOLING
  YESTERDAY        4                         3      1       10
  MONTH TO DATE  200                       158     42      156
  SINCE JUN 1    622                       458    164      544
  SINCE JAN 1    655                       481    174      558
..................................................................


WIND (MPH)
  HIGHEST WIND SPEED    14   HIGHEST WIND DIRECTION    NE (40)
  HIGHEST GUST SPEED    18   HIGHEST GUST DIRECTION    NE (60)
  AVERAGE WIND SPEED     7.7


SKY COVER
  POSSIBLE SUNSHINE  MM
  AVERAGE SKY COVER 0.1


WEATHER CONDITIONS
 THE FOLLOWING WEATHER WAS RECORDED YESTERDAY.
  HAZE


RELATIVE HUMIDITY (PERCENT)
 HIGHEST    89           600 AM
 LOWEST     34           400 PM
 AVERAGE    62

..........................................................


THE ABERDEEN SD CLIMATE NORMALS FOR TODAY
                         NORMAL    RECORD    YEAR
 MAXIMUM TEMPERATURE (F)   78        98      1921
                                             1898
 MINIMUM TEMPERATURE (F)   52        32      1987


SUNRISE AND SUNSET
AUGUST 31 2016........SUNRISE   655 AM CDT   SUNSET   812 PM CDT
SEPTEMBER  1 2016.....SUNRISE   656 AM CDT   SUNSET   810 PM CDT


-  INDICATES NEGATIVE NUMBERS.
R  INDICATES RECORD WAS SET OR TIED.
MM INDICATES DATA IS MISSING.
T  INDICATES TRACE AMOUNT.




$$
