000
CDUS43 KABR 312335
CLIABR


CLIMATE REPORT
NATIONAL WEATHER SERVICE ABERDEEN SD
532 PM CST SAT JAN 31 2015


...................................

...THE ABERDEEN SD CLIMATE SUMMARY FOR JANUARY 31 2015...
VALID TODAY AS OF 0500 PM LOCAL TIME.

CLIMATE NORMAL PERIOD 1981 TO 2010
CLIMATE RECORD PERIOD 1893 TO 2015


WEATHER ITEM   OBSERVED TIME   RECORD YEAR NORMAL DEPARTURE LAST
                VALUE   (LST)  VALUE       VALUE  FROM      YEAR
                                                  NORMAL
..................................................................
TEMPERATURE (F)
 TODAY
  MAXIMUM         30   1234 AM  51    1924  24      6       14
  MINIMUM         15    457 PM -32    1996   2     13      -18
  AVERAGE         23                        13     10       -2

PRECIPITATION (IN)
  TODAY            T             0.60 1917   0.01  -0.01     0.00
                                      1908
  MONTH TO DATE    0.68                      0.47   0.21     0.28
  SINCE DEC 1      0.93                      0.99  -0.06     1.16
  SINCE JAN 1      0.68                      0.47   0.21     0.28

SNOWFALL (IN)
  TODAY            T
  MONTH TO DATE    4.6
  SINCE OCT 1     13.4
  SINCE JUL 1     13.4
  SNOW DEPTH       0

DEGREE DAYS
 HEATING
  TODAY           42                        52    -10       67
  MONTH TO DATE 1435                      1638   -203     1735
  SINCE DEC 1   2748                      3171   -423     3540
  SINCE JUL 1   4794                      5134   -340     5531
..................................................................


WIND (MPH)
  HIGHEST WIND SPEED    24   HIGHEST WIND DIRECTION    NE (30)
  HIGHEST GUST SPEED    30   HIGHEST GUST DIRECTION    NE (40)
  AVERAGE WIND SPEED    16.6


SKY COVER
  POSSIBLE SUNSHINE  MM
  AVERAGE SKY COVER 0.7


WEATHER CONDITIONS
 THE FOLLOWING WEATHER WAS RECORDED TODAY.
  LIGHT SNOW
  FOG


RELATIVE HUMIDITY (PERCENT)
 HIGHEST    92           100 AM
 LOWEST     49           300 PM
 AVERAGE    71

..........................................................


THE ABERDEEN SD CLIMATE NORMALS FOR TOMORROW
                         NORMAL    RECORD    YEAR
 MAXIMUM TEMPERATURE (F)   24        58      1931
 MINIMUM TEMPERATURE (F)    3       -36      1996


SUNRISE AND SUNSET
JANUARY 31 2015.......SUNRISE   756 AM CST   SUNSET   539 PM CST
FEBRUARY  1 2015......SUNRISE   755 AM CST   SUNSET   540 PM CST


-  INDICATES NEGATIVE NUMBERS.
R  INDICATES RECORD WAS SET OR TIED.
MM INDICATES DATA IS MISSING.
T  INDICATES TRACE AMOUNT.

&&

PEAK WIND WAS 30 MPH FROM THE NORTHEAST AT 1034 AM

$$
