000
CDUS43 KABR 281030
CLIABR


CLIMATE REPORT
NATIONAL WEATHER SERVICE ABERDEEN SD
429 AM CST FRI NOV 28 2014


...................................

...THE ABERDEEN SD CLIMATE SUMMARY FOR NOVEMBER 27 2014...

CLIMATE NORMAL PERIOD 1981 TO 2010
CLIMATE RECORD PERIOD 1893 TO 2014


WEATHER ITEM   OBSERVED TIME   RECORD YEAR NORMAL DEPARTURE LAST
                VALUE   (LST)  VALUE       VALUE  FROM      YEAR
                                                  NORMAL
..................................................................
TEMPERATURE (F)
 YESTERDAY
  MAXIMUM         18   1056 PM  59    1949  33    -15       33
  MINIMUM        -15    531 AM -18    1985  13    -28       -3
  AVERAGE          2                        23    -21       15

PRECIPITATION (IN)
  YESTERDAY        T             0.57 1994   0.02  -0.02     0.00
  MONTH TO DATE    0.64                      0.68  -0.04     0.10
  SINCE SEP 1      1.90                      4.86  -2.96     7.26
  SINCE JAN 1     17.53                     21.15  -3.62    21.02

SNOWFALL (IN)
  YESTERDAY        0.1
  MONTH TO DATE    8.1
  SINCE OCT 1      8.1
  SINCE JUL 1      8.1
  SNOW DEPTH       2

DEGREE DAYS
 HEATING
  YESTERDAY       63                        42     21       50
  MONTH TO DATE 1123                       944    179      999
  SINCE SEP 1   1823                      1784     39     1808
  SINCE JUL 1   1885                      1835     50     1859

 COOLING
  YESTERDAY        0                         0      0        0
  MONTH TO DATE    0                         0      0        0
  SINCE SEP 1     38                        42     -4       91
  SINCE JAN 1    342                       525   -183      580
..................................................................


WIND (MPH)
  HIGHEST WIND SPEED    18   HIGHEST WIND DIRECTION    SE (150)
  HIGHEST GUST SPEED    23   HIGHEST GUST DIRECTION    SE (140)
  AVERAGE WIND SPEED     7.4


SKY COVER
  POSSIBLE SUNSHINE  MM
  AVERAGE SKY COVER 0.4


WEATHER CONDITIONS
 THE FOLLOWING WEATHER WAS RECORDED YESTERDAY.
  LIGHT SNOW
  FOG
  HAZE


RELATIVE HUMIDITY (PERCENT)
 HIGHEST    83          1200 AM
 LOWEST     60           100 PM
 AVERAGE    72

..........................................................


THE ABERDEEN SD CLIMATE NORMALS FOR TODAY
                         NORMAL    RECORD    YEAR
 MAXIMUM TEMPERATURE (F)   32        59      1949
 MINIMUM TEMPERATURE (F)   13       -21      1985


SUNRISE AND SUNSET
NOVEMBER 28 2014......SUNRISE   750 AM CST   SUNSET   453 PM CST
NOVEMBER 29 2014......SUNRISE   751 AM CST   SUNSET   453 PM CST


-  INDICATES NEGATIVE NUMBERS.
R  INDICATES RECORD WAS SET OR TIED.
MM INDICATES DATA IS MISSING.
T  INDICATES TRACE AMOUNT.




$$
