000
CDUS43 KABR 230918
CLIABR


CLIMATE REPORT
NATIONAL WEATHER SERVICE ABERDEEN SD
417 AM CDT SAT MAY 23 2015


...................................

...THE ABERDEEN SD CLIMATE SUMMARY FOR MAY 22 2015...

CLIMATE NORMAL PERIOD 1981 TO 2010
CLIMATE RECORD PERIOD 1893 TO 2015


WEATHER ITEM   OBSERVED TIME   RECORD YEAR NORMAL DEPARTURE LAST
                VALUE   (LST)  VALUE       VALUE  FROM      YEAR
                                                  NORMAL
..................................................................
TEMPERATURE (F)
 YESTERDAY
  MAXIMUM         78    323 PM  92    1928  70      8       77
  MINIMUM         40    440 AM  22    1963  46     -6       41
  AVERAGE         59                        58      1       59

PRECIPITATION (IN)
  YESTERDAY        0.00          1.23 2010   0.10  -0.10     0.00
  MONTH TO DATE    5.12                      2.25   2.87     1.42
  SINCE MAR 1      5.90                      5.26   0.64     4.23
  SINCE JAN 1      6.95                      6.28   0.67     4.67

DEGREE DAYS
 HEATING
  YESTERDAY        6                         7     -1        6
  MONTH TO DATE  245                       230     15      338
  SINCE MAR 1   1658                      1938   -280     2282
  SINCE JUL 1   7926                      8401   -475     9441

 COOLING
  YESTERDAY        0                         1     -1        0
  MONTH TO DATE    2                        12    -10        1
  SINCE MAR 1      2                        14    -12        1
  SINCE JAN 1      2                        14    -12        1
..................................................................


WIND (MPH)
  HIGHEST WIND SPEED    17   HIGHEST WIND DIRECTION     S (200)
  HIGHEST GUST SPEED    22   HIGHEST GUST DIRECTION    SW (210)
  AVERAGE WIND SPEED     7.5


SKY COVER
  POSSIBLE SUNSHINE  MM
  AVERAGE SKY COVER 0.3


WEATHER CONDITIONS
 THE FOLLOWING WEATHER WAS RECORDED YESTERDAY.
  NO SIGNIFICANT WEATHER WAS OBSERVED.


RELATIVE HUMIDITY (PERCENT)
 HIGHEST    83           400 AM
 LOWEST     22           100 PM
 AVERAGE    53

..........................................................


THE ABERDEEN SD CLIMATE NORMALS FOR TODAY
                         NORMAL    RECORD    YEAR
 MAXIMUM TEMPERATURE (F)   71        94      1950
 MINIMUM TEMPERATURE (F)   47        26      1897


SUNRISE AND SUNSET
MAY 23 2015...........SUNRISE   555 AM CDT   SUNSET   906 PM CDT
MAY 24 2015...........SUNRISE   554 AM CDT   SUNSET   907 PM CDT


-  INDICATES NEGATIVE NUMBERS.
R  INDICATES RECORD WAS SET OR TIED.
MM INDICATES DATA IS MISSING.
T  INDICATES TRACE AMOUNT.




$$
