000
CDUS43 KABR 182328
CLIABR


CLIMATE REPORT
NATIONAL WEATHER SERVICE ABERDEEN SD
527 PM CST THU DEC 18 2014


...................................

...THE ABERDEEN SD CLIMATE SUMMARY FOR DECEMBER 18 2014...
VALID TODAY AS OF 0500 PM LOCAL TIME.

CLIMATE NORMAL PERIOD 1981 TO 2010
CLIMATE RECORD PERIOD 1893 TO 2014


WEATHER ITEM   OBSERVED TIME   RECORD YEAR NORMAL DEPARTURE LAST
                VALUE   (LST)  VALUE       VALUE  FROM      YEAR
                                                  NORMAL
..................................................................
TEMPERATURE (F)
 TODAY
  MAXIMUM         25    459 PM  58    1979  25      0       42
  MINIMUM         12   1206 AM -28    1951   5      7       14
  AVERAGE         19                        15      4       28

PRECIPITATION (IN)
  TODAY            0.00          0.20 1937   0.02  -0.02     0.00
                                      1904
  MONTH TO DATE    T                         0.30  -0.30     0.45
  SINCE DEC 1      T                         0.30  -0.30     0.45
  SINCE JAN 1     17.53                     21.50  -3.97    21.47

SNOWFALL (IN)
  TODAY            0.0
  MONTH TO DATE    T
  SINCE OCT 1      8.1
  SINCE JUL 1      8.1
  SNOW DEPTH       0

DEGREE DAYS
 HEATING
  TODAY           46                        50     -4       37
  MONTH TO DATE  734                       857   -123     1017
  SINCE DEC 1    734                       857   -123     1017
  SINCE JUL 1   2780                      2820    -40     3008
..................................................................


WIND (MPH)
  HIGHEST WIND SPEED    13   HIGHEST WIND DIRECTION     S (190)
  HIGHEST GUST SPEED    15   HIGHEST GUST DIRECTION     S (170)
  AVERAGE WIND SPEED     8.0


SKY COVER
  POSSIBLE SUNSHINE  MM
  AVERAGE SKY COVER 1.0


WEATHER CONDITIONS
 THE FOLLOWING WEATHER WAS RECORDED TODAY.
  FOG
  HAZE


RELATIVE HUMIDITY (PERCENT)
 HIGHEST    88           300 PM
 LOWEST     73           800 AM
 AVERAGE    81

..........................................................


THE ABERDEEN SD CLIMATE NORMALS FOR TOMORROW
                         NORMAL    RECORD    YEAR
 MAXIMUM TEMPERATURE (F)   24        57      1893
 MINIMUM TEMPERATURE (F)    5       -29      1916


SUNRISE AND SUNSET
DECEMBER 18 2014......SUNRISE   809 AM CST   SUNSET   452 PM CST
DECEMBER 19 2014......SUNRISE   809 AM CST   SUNSET   452 PM CST


-  INDICATES NEGATIVE NUMBERS.
R  INDICATES RECORD WAS SET OR TIED.
MM INDICATES DATA IS MISSING.
T  INDICATES TRACE AMOUNT.

&&

PEAK WIND WAS 15 MPH FROM THE SOUTH AT 1024 AM CST.




$$
