674
CDUS43 KABR 271052
CLIABR


CLIMATE REPORT
NATIONAL WEATHER SERVICE ABERDEEN SD
551 AM CDT WED JUL 27 2016


...................................

...THE ABERDEEN SD CLIMATE SUMMARY FOR JULY 26 2016...

CLIMATE NORMAL PERIOD 1981 TO 2010
CLIMATE RECORD PERIOD 1893 TO 2016


WEATHER ITEM   OBSERVED TIME   RECORD YEAR NORMAL DEPARTURE LAST
                VALUE   (LST)  VALUE       VALUE  FROM      YEAR
                                                  NORMAL
..................................................................
TEMPERATURE (F)
 YESTERDAY
  MAXIMUM         79    646 PM 112    1931  84     -5       87
  MINIMUM         63    425 AM  42    1962  59      4       57
  AVERAGE         71                        72     -1       72

PRECIPITATION (IN)
  YESTERDAY        0.87          1.80 1916   0.09   0.78     0.00
  MONTH TO DATE    3.69                      2.60   1.09     3.48
  SINCE JUN 1      5.10                      6.30  -1.20     5.58
  SINCE JAN 1     12.04                     13.44  -1.40    13.80

DEGREE DAYS
 HEATING
  YESTERDAY        0                         0      0        0
  MONTH TO DATE    8                         8      0        5
  SINCE JUN 1     28                        84    -56       19
  SINCE JUL 1      8                         8      0        5

 COOLING
  YESTERDAY        6                         7     -1        7
  MONTH TO DATE  190                       173     17      210
  SINCE JUN 1    382                       265    117      349
  SINCE JAN 1    415                       288    127      363
..................................................................


WIND (MPH)
  HIGHEST WIND SPEED    22   HIGHEST WIND DIRECTION    SE (150)
  HIGHEST GUST SPEED    31   HIGHEST GUST DIRECTION    SE (150)
  AVERAGE WIND SPEED     9.0


SKY COVER
  POSSIBLE SUNSHINE  MM
  AVERAGE SKY COVER 0.3


WEATHER CONDITIONS
 THE FOLLOWING WEATHER WAS RECORDED YESTERDAY.
  THUNDERSTORM
  HEAVY RAIN
  LIGHT RAIN
  FOG
  HAZE


RELATIVE HUMIDITY (PERCENT)
 HIGHEST    90           900 PM
 LOWEST     68          1200 AM
 AVERAGE    79

..........................................................


THE ABERDEEN SD CLIMATE NORMALS FOR TODAY
                         NORMAL    RECORD    YEAR
 MAXIMUM TEMPERATURE (F)   84       110      1931
 MINIMUM TEMPERATURE (F)   59        41      2013


SUNRISE AND SUNSET
JULY 27 2016..........SUNRISE   613 AM CDT   SUNSET   907 PM CDT
JULY 28 2016..........SUNRISE   614 AM CDT   SUNSET   906 PM CDT


-  INDICATES NEGATIVE NUMBERS.
R  INDICATES RECORD WAS SET OR TIED.
MM INDICATES DATA IS MISSING.
T  INDICATES TRACE AMOUNT.




$$
