000
CDUS43 KABR 250917
CLIABR


CLIMATE REPORT
NATIONAL WEATHER SERVICE ABERDEEN SD
416 AM CDT TUE APR 25 2017


...................................

...THE ABERDEEN SD CLIMATE SUMMARY FOR APRIL 24 2017...

CLIMATE NORMAL PERIOD 1981 TO 2010
CLIMATE RECORD PERIOD 1893 TO 2017


WEATHER ITEM   OBSERVED TIME   RECORD YEAR NORMAL DEPARTURE LAST
                VALUE   (LST)  VALUE       VALUE  FROM      YEAR
                                                  NORMAL
..................................................................
TEMPERATURE (F)
 YESTERDAY
  MAXIMUM         54    935 AM  92    1962  62     -8       72
  MINIMUM         36   1159 PM  17    1956  35      1       50
  AVERAGE         45                        48     -3       61

PRECIPITATION (IN)
  YESTERDAY        T             1.29 2010   0.09  -0.09     0.05
  MONTH TO DATE    1.20                      1.34  -0.14     2.61
  SINCE MAR 1      1.87                      2.50  -0.63     3.07
  SINCE JAN 1      2.55                      3.52  -0.97     3.76

SNOWFALL (IN)
  YESTERDAY        0.0           2.3  1973   0.0    0.0      0.0
  MONTH TO DATE    T                         2.8   -2.8       T
  SINCE OCT 1     38.1                      37.8    0.3     26.5
  SINCE JUL 1     38.1                      37.8    0.3     26.5
  SNOW DEPTH       0

DEGREE DAYS
 HEATING
  YESTERDAY       20                        17      3        4
  MONTH TO DATE  421                       530   -109      449
  SINCE MAR 1   1467                      1618   -151     1203
  SINCE JUL 1   7082                      8081   -999     6440

 COOLING
  YESTERDAY        0                         0      0        0
  MONTH TO DATE    0                         0      0        1
  SINCE MAR 1      0                         0      0        1
  SINCE JAN 1      0                         0      0        1
..................................................................


WIND (MPH)
  HIGHEST WIND SPEED    22   HIGHEST WIND DIRECTION     N (350)
  HIGHEST GUST SPEED    27   HIGHEST GUST DIRECTION    NW (320)
  AVERAGE WIND SPEED    12.7


SKY COVER
  POSSIBLE SUNSHINE  MM
  AVERAGE SKY COVER 0.5


WEATHER CONDITIONS
 THE FOLLOWING WEATHER WAS RECORDED YESTERDAY.
  NO SIGNIFICANT WEATHER WAS OBSERVED.


RELATIVE HUMIDITY (PERCENT)
 HIGHEST    86           300 AM
 LOWEST     54           300 PM
 AVERAGE    70

..........................................................


THE ABERDEEN SD CLIMATE NORMALS FOR TODAY
                         NORMAL    RECORD    YEAR
 MAXIMUM TEMPERATURE (F)   62        97      1962
 MINIMUM TEMPERATURE (F)   36        19      2013
                                             1958


SUNRISE AND SUNSET
APRIL 25 2017.........SUNRISE   631 AM CDT   SUNSET   833 PM CDT
APRIL 26 2017.........SUNRISE   629 AM CDT   SUNSET   834 PM CDT


-  INDICATES NEGATIVE NUMBERS.
R  INDICATES RECORD WAS SET OR TIED.
MM INDICATES DATA IS MISSING.
T  INDICATES TRACE AMOUNT.




$$
