000
CDUS43 KABR 031032
CLIABR


CLIMATE REPORT
NATIONAL WEATHER SERVICE ABERDEEN SD
531 AM CDT MON AUG 3 2015


...................................

...THE ABERDEEN SD CLIMATE SUMMARY FOR AUGUST 2 2015...

CLIMATE NORMAL PERIOD 1981 TO 2010
CLIMATE RECORD PERIOD 1893 TO 2015


WEATHER ITEM   OBSERVED TIME   RECORD YEAR NORMAL DEPARTURE LAST
                VALUE   (LST)  VALUE       VALUE  FROM      YEAR
                                                  NORMAL
..................................................................
TEMPERATURE (F)
 YESTERDAY
  MAXIMUM         83    131 PM 105    1938  84     -1       86
                                      1930
  MINIMUM         58   1159 PM  40    1971  59     -1       59
  AVERAGE         71                        71      0       73

PRECIPITATION (IN)
  YESTERDAY        0.00          3.72 1915   0.08  -0.08     0.00
  MONTH TO DATE    0.00                      0.16  -0.16     0.00
  SINCE JUN 1      6.16                      6.88  -0.72     4.01
  SINCE JAN 1     14.38                     14.02   0.36     9.44

DEGREE DAYS
 HEATING
  YESTERDAY        0                         0      0        0
  MONTH TO DATE    0                         0      0        0
  SINCE JUN 1     19                        90    -71      120
  SINCE JUL 1      5                        14     -9       37

 COOLING
  YESTERDAY        6                         7     -1        8
  MONTH TO DATE   15                        14      1       11
  SINCE JUN 1    403                       314     89      171
  SINCE JAN 1    417                       337     80      213
..................................................................


WIND (MPH)
  HIGHEST WIND SPEED    23   HIGHEST WIND DIRECTION     N (10)
  HIGHEST GUST SPEED    28   HIGHEST GUST DIRECTION     N (20)
  AVERAGE WIND SPEED    10.7


SKY COVER
  POSSIBLE SUNSHINE  MM
  AVERAGE SKY COVER 0.0


WEATHER CONDITIONS
 THE FOLLOWING WEATHER WAS RECORDED YESTERDAY.
  HAZE


RELATIVE HUMIDITY (PERCENT)
 HIGHEST    90          1200 AM
 LOWEST     40           100 PM
 AVERAGE    65

..........................................................


THE ABERDEEN SD CLIMATE NORMALS FOR TODAY
                         NORMAL    RECORD    YEAR
 MAXIMUM TEMPERATURE (F)   84       107      1947
 MINIMUM TEMPERATURE (F)   59        39      1971


SUNRISE AND SUNSET
AUGUST  3 2015........SUNRISE   620 AM CDT   SUNSET   859 PM CDT
AUGUST  4 2015........SUNRISE   621 AM CDT   SUNSET   858 PM CDT


-  INDICATES NEGATIVE NUMBERS.
R  INDICATES RECORD WAS SET OR TIED.
MM INDICATES DATA IS MISSING.
T  INDICATES TRACE AMOUNT.




$$
