000
CDUS43 KABR 192235
CLIABR


CLIMATE REPORT
NATIONAL WEATHER SERVICE ABERDEEN SD
533 PM CDT THU OCT 19 2017


...................................

...THE ABERDEEN SD CLIMATE SUMMARY FOR OCTOBER 19 2017...
VALID TODAY AS OF 0500 PM LOCAL TIME.

CLIMATE NORMAL PERIOD 1981 TO 2010
CLIMATE RECORD PERIOD 1893 TO 2017


WEATHER ITEM   OBSERVED TIME   RECORD YEAR NORMAL DEPARTURE LAST
                VALUE   (LST)  VALUE       VALUE  FROM      YEAR
                                                  NORMAL
..................................................................
TEMPERATURE (F)
 TODAY
  MAXIMUM         75    359 PM  86    1958  56     19       50
                                      1947
  MINIMUM         34    357 AM  10    1917  32      2       31
  AVERAGE         55                        44     11       41

PRECIPITATION (IN)
  TODAY            0.00          1.50 1908   0.07  -0.07     0.00
  MONTH TO DATE    0.68                      1.37  -0.69     0.67
  SINCE SEP 1      2.57                      3.56  -0.99     1.90
  SINCE JAN 1     14.63                     19.85  -5.22    15.96

SNOWFALL (IN)
  TODAY            0.0
  MONTH TO DATE    0.0
  SINCE OCT 1      0.0
  SINCE JUL 1      0.0
  SNOW DEPTH       0

DEGREE DAYS
 HEATING
  TODAY           10                        21    -11       24
  MONTH TO DATE  285                       326    -41      266
  SINCE SEP 1    439                       549   -110      393
  SINCE JUL 1    458                       600   -142      424

 COOLING
  TODAY            0                         0      0        0
  MONTH TO DATE    2                         0      2        7
  SINCE SEP 1     65                        40     25       61
  SINCE JAN 1    550                       523     27      722
..................................................................


WIND (MPH)
  HIGHEST WIND SPEED    22   HIGHEST WIND DIRECTION     S (200)
  HIGHEST GUST SPEED    29   HIGHEST GUST DIRECTION    SW (210)
  AVERAGE WIND SPEED    12.8


SKY COVER
  POSSIBLE SUNSHINE  MM
  AVERAGE SKY COVER 0.0


WEATHER CONDITIONS
 THE FOLLOWING WEATHER WAS RECORDED TODAY.
  NO SIGNIFICANT WEATHER WAS OBSERVED.


RELATIVE HUMIDITY (PERCENT)
 HIGHEST    89           400 AM
 LOWEST     29           100 PM
 AVERAGE    59

..........................................................


THE ABERDEEN SD CLIMATE NORMALS FOR TOMORROW
                         NORMAL    RECORD    YEAR
 MAXIMUM TEMPERATURE (F)   56        87      1947
 MINIMUM TEMPERATURE (F)   31        12      1930


SUNRISE AND SUNSET
OCTOBER 19 2017.......SUNRISE   756 AM CDT   SUNSET   641 PM CDT
OCTOBER 20 2017.......SUNRISE   757 AM CDT   SUNSET   639 PM CDT


-  INDICATES NEGATIVE NUMBERS.
R  INDICATES RECORD WAS SET OR TIED.
MM INDICATES DATA IS MISSING.
T  INDICATES TRACE AMOUNT.

&&

PEAK WIND WAS 29 MPH FROM THE SOUTHWEST AT 1218 PM CDT

$$
