000
CDUS42 KTAE 270640
CLIABY


CLIMATE REPORT
NATIONAL WEATHER SERVICE TALLAHASSEE FL
240 AM EDT THU AUG 27 2015


...................................

...THE ALBANY CLIMATE SUMMARY FOR AUGUST 26 2015...

CLIMATE NORMAL PERIOD 1981 TO 2010
CLIMATE RECORD PERIOD 1930 TO 2015


WEATHER ITEM   OBSERVED TIME   RECORD YEAR NORMAL DEPARTURE LAST
                VALUE   (LST)  VALUE       VALUE  FROM      YEAR
                                                  NORMAL
..................................................................
TEMPERATURE (F)
 YESTERDAY
  MAXIMUM         89    505 PM 104    1938  91     -2       91
  MINIMUM         63    649 AM  59    1969  72     -9       69
  AVERAGE         76                        82     -6       80

PRECIPITATION (IN)
  YESTERDAY        0.00                      0.15  -0.15     0.00
  MONTH TO DATE    4.29                      4.22   0.07     0.78
  SINCE JUN 1     14.19                     14.62  -0.43     6.07
  SINCE JAN 1     30.05                     34.98  -4.93    25.13

SNOWFALL (IN)
  YESTERDAY        0.0

DEGREE DAYS
 HEATING
  YESTERDAY        0                         0      0        0
  MONTH TO DATE    0                         0      0        0
  SINCE JUN 1      0                         0      0        0
  SINCE JUL 1      0                         0      0        0

 COOLING
  YESTERDAY       11                        17     -6       15
  MONTH TO DATE  482                       442     40      466
  SINCE JUN 1   1573                      1448    125     1457
  SINCE JAN 1   2177                      1888    289     1851
..................................................................


WIND (MPH)
  HIGHEST WIND SPEED    10   HIGHEST WIND DIRECTION    NW (310)
  HIGHEST GUST SPEED    14   HIGHEST GUST DIRECTION     W (250)
  AVERAGE WIND SPEED     2.8




RELATIVE HUMIDITY (PERCENT)
 HIGHEST    87
 LOWEST     31
 AVERAGE    59

..........................................................


THE ALBANY CLIMATE NORMALS FOR TODAY
                         NORMAL    RECORD    YEAR
 MAXIMUM TEMPERATURE (F)   91       103      1938
 MINIMUM TEMPERATURE (F)   72        60      1969


SUNRISE AND SUNSET
AUGUST 27 2015........SUNRISE   709 AM EDT   SUNSET   807 PM EDT
AUGUST 28 2015........SUNRISE   710 AM EDT   SUNSET   806 PM EDT


-  INDICATES NEGATIVE NUMBERS.
R  INDICATES RECORD WAS SET OR TIED.
MM INDICATES DATA IS MISSING.
T  INDICATES TRACE AMOUNT.




$$
