000
CDUS44 KFWD 250637
CLIACT


CLIMATE REPORT
NATIONAL WEATHER SERVICE FORT WORTH TX
137 AM CDT TUE JUL 25 2017


...................................

...THE WACO CLIMATE SUMMARY FOR JULY 24 2017...

CLIMATE NORMAL PERIOD 1981 TO 2010
CLIMATE RECORD PERIOD 1901 TO 2017


WEATHER ITEM   OBSERVED TIME   RECORD YEAR NORMAL DEPARTURE LAST
                VALUE   (LST)  VALUE       VALUE  FROM      YEAR
                                                  NORMAL
..................................................................
TEMPERATURE (F)
 YESTERDAY
  MAXIMUM         92    355 PM 105    2011  97     -5      101
                                      1977
                                      1969
  MINIMUM         73    601 AM  65    1989  75     -2       80
                                      1942
                                      1915
  AVERAGE         83                        86     -3       91

PRECIPITATION (IN)
  YESTERDAY        T             2.74 1971   0.05  -0.05     0.00
  MONTH TO DATE    2.09                      1.39   0.70      T
  SINCE JUN 1      6.83                      4.82   2.01     4.59
  SINCE JAN 1     26.14                     19.71   6.43    27.23

DEGREE DAYS
 HEATING
  YESTERDAY        0                         0      0        0
  MONTH TO DATE    0                         0      0        0
  SINCE JUN 1      0                         0      0        0
  SINCE JUL 1      0                         0      0        0

 COOLING
  YESTERDAY       18                        21     -3       26
  MONTH TO DATE  499                       479     20      547
  SINCE JUN 1   1016                       967     49     1076
  SINCE JAN 1   1585                      1419    166     1467
..................................................................


WIND (MPH)
  HIGHEST WIND SPEED    24   HIGHEST WIND DIRECTION    SE (140)
  HIGHEST GUST SPEED    31   HIGHEST GUST DIRECTION    SE (140)
  AVERAGE WIND SPEED     6.9


SKY COVER
  POSSIBLE SUNSHINE  MM
  AVERAGE SKY COVER 0.1


WEATHER CONDITIONS
 THE FOLLOWING WEATHER WAS RECORDED YESTERDAY.
  FOG
  HAZE


RELATIVE HUMIDITY (PERCENT)
 HIGHEST    87           500 AM
 LOWEST     52           300 PM
 AVERAGE    70

..........................................................


THE WACO CLIMATE NORMALS FOR TODAY
                         NORMAL    RECORD    YEAR
 MAXIMUM TEMPERATURE (F)   97       108      1954
 MINIMUM TEMPERATURE (F)   75        65      1911


SUNRISE AND SUNSET
JULY 25 2017..........SUNRISE   641 AM CDT   SUNSET   830 PM CDT
JULY 26 2017..........SUNRISE   641 AM CDT   SUNSET   829 PM CDT


-  INDICATES NEGATIVE NUMBERS.
R  INDICATES RECORD WAS SET OR TIED.
MM INDICATES DATA IS MISSING.
T  INDICATES TRACE AMOUNT.




$$
