000
CDUS44 KFWD 290643
CLIACT


CLIMATE REPORT
NATIONAL WEATHER SERVICE FORT WORTH TX
142 AM CDT MON MAY 29 2017

...THE WACO CLIMATE SUMMARY FOR MAY 28 2017...

CLIMATE NORMAL PERIOD 1981 TO 2010
CLIMATE RECORD PERIOD 1901 TO 2017


WEATHER ITEM   OBSERVED TIME   RECORD YEAR NORMAL DEPARTURE LAST
                VALUE   (LST)  VALUE       VALUE  FROM      YEAR
                                                  NORMAL
..................................................................
TEMPERATURE (F)
 YESTERDAY
  MAXIMUM         87    133 PM 100    2011  88     -1       90
  MINIMUM         70   1159 PM  53    2003  67      3       65
  AVERAGE         79                        78      1       78

PRECIPITATION (IN)
  YESTERDAY        0.33          3.58 1907   0.15   0.18     0.00
  MONTH TO DATE    2.80                      3.87  -1.07     7.48
  SINCE MAR 1     13.15                      9.71   3.44    19.36
  SINCE JAN 1     19.31                     14.46   4.85    21.81

DEGREE DAYS
 HEATING
  YESTERDAY        0                         0      0        0
  MONTH TO DATE    3                         4     -1       11
  SINCE MAR 1    159                       328   -169      214
  SINCE JUL 1   1335                      2140   -805     1691

 COOLING
  YESTERDAY       14                        13      1       13
  MONTH TO DATE  242                       259    -17      204
  SINCE MAR 1    473                       404     69      340
  SINCE JAN 1    531                       413    118      348
..................................................................


WIND (MPH)
  HIGHEST WIND SPEED    21   HIGHEST WIND DIRECTION     S (180)
  HIGHEST GUST SPEED    26   HIGHEST GUST DIRECTION     S (200)
  AVERAGE WIND SPEED    10.4


SKY COVER
  POSSIBLE SUNSHINE  MM
  AVERAGE SKY COVER 0.6


WEATHER CONDITIONS
 THE FOLLOWING WEATHER WAS RECORDED YESTERDAY.
  THUNDERSTORM
  HEAVY RAIN
  RAIN
  LIGHT RAIN
  FOG


RELATIVE HUMIDITY (PERCENT)
 HIGHEST    93           500 AM
 LOWEST     63           100 PM
 AVERAGE    78

..........................................................


THE WACO CLIMATE NORMALS FOR TODAY
                         NORMAL    RECORD    YEAR
 MAXIMUM TEMPERATURE (F)   88        99      2010
                                             1996
                                             1912
 MINIMUM TEMPERATURE (F)   67        50      1947


SUNRISE AND SUNSET
MAY 29 2017...........SUNRISE   625 AM CDT   SUNSET   828 PM CDT
MAY 30 2017...........SUNRISE   625 AM CDT   SUNSET   828 PM CDT


-  INDICATES NEGATIVE NUMBERS.
R  INDICATES RECORD WAS SET OR TIED.
MM INDICATES DATA IS MISSING.
T  INDICATES TRACE AMOUNT.




$$
