000
CDUS44 KFWD 160640
CLIACT

CLIMATE REPORT
NATIONAL WEATHER SERVICE FORT WORTH TX
141 AM CDT WED APR 16 2014

...................................

...THE WACO CLIMATE SUMMARY FOR APRIL 15 2014...

CLIMATE NORMAL PERIOD 1981 TO 2010
CLIMATE RECORD PERIOD 1901 TO 2014


WEATHER ITEM   OBSERVED TIME   RECORD YEAR NORMAL DEPARTURE LAST
                VALUE   (LST)  VALUE       VALUE  FROM      YEAR
                                                  NORMAL
..................................................................
TEMPERATURE (F)
 YESTERDAY
  MAXIMUM         62    308 PM  91    1925  78    -16       84
                                      1924
                                      1904
  MINIMUM         31R   622 AM  31    1983  54    -23       68
  AVERAGE         47                        66    -19       76

PRECIPITATION (IN)
  YESTERDAY        0.00          2.73 1977   0.09  -0.09     0.00
  MONTH TO DATE    1.66                      1.15   0.51     0.99
  SINCE MAR 1      2.53                      4.30  -1.77     2.82
  SINCE JAN 1      3.29                      9.05  -5.76     9.97

SNOWFALL (IN)
  YESTERDAY        0.0           0.0    MM   0.1   -0.1      0.0
  MONTH TO DATE    0.0                       0.2   -0.2      0.0
  SINCE MAR 1      0.1                       0.3   -0.2      0.0
  SINCE JUL 1      0.1                       1.2   -1.1       T
  SNOW DEPTH       0

DEGREE DAYS
 HEATING
  YESTERDAY       18                         3     15        0
  MONTH TO DATE   74                        56     18       74
  SINCE MAR 1    424                       302    122      356
  SINCE JUL 1   2567                      2114    453     1922

 COOLING
  YESTERDAY        0                         3     -3       11
  MONTH TO DATE   59                        40     19       38
  SINCE MAR 1     74                        74      0       64
  SINCE JAN 1     74                        83     -9       81
..................................................................


WIND (MPH)
  HIGHEST WIND SPEED    12   HIGHEST WIND DIRECTION    SE (150)
  HIGHEST GUST SPEED    17   HIGHEST GUST DIRECTION    NW (330)
  AVERAGE WIND SPEED     5.6


SKY COVER
  POSSIBLE SUNSHINE  MM
  AVERAGE SKY COVER 0.0


WEATHER CONDITIONS
 THE FOLLOWING WEATHER WAS RECORDED YESTERDAY.
  NO SIGNIFICANT WEATHER WAS OBSERVED.


RELATIVE HUMIDITY (PERCENT)
 HIGHEST    92           600 AM
 LOWEST     23           100 PM
 AVERAGE    58

..........................................................


THE WACO CLIMATE NORMALS FOR TODAY
                         NORMAL    RECORD    YEAR
 MAXIMUM TEMPERATURE (F)   78        95      2006
 MINIMUM TEMPERATURE (F)   55        33      1983


SUNRISE AND SUNSET
APRIL 16 2014.........SUNRISE   659 AM CDT   SUNSET   758 PM CDT
APRIL 17 2014.........SUNRISE   658 AM CDT   SUNSET   759 PM CDT


-  INDICATES NEGATIVE NUMBERS.
R  INDICATES RECORD WAS SET OR TIED.
MM INDICATES DATA IS MISSING.
T  INDICATES TRACE AMOUNT.


$$

58
