000
CDUS44 KFWD 202124
CLIACT

CLIMATE REPORT
NATIONAL WEATHER SERVICE FORT WORTH TX
422 PM CDT SAT SEP 20 2014


...................................

...THE WACO CLIMATE SUMMARY FOR SEPTEMBER 20 2014...
VALID AS OF 0400 PM LOCAL TIME.

CLIMATE NORMAL PERIOD 1981 TO 2010
CLIMATE RECORD PERIOD 1901 TO 2014


WEATHER ITEM   OBSERVED TIME   RECORD YEAR NORMAL DEPARTURE LAST
                VALUE   (LST)  VALUE       VALUE  FROM      YEAR
                                                  NORMAL
..................................................................
TEMPERATURE (F)
 TODAY
  MAXIMUM         91    308 PM 100    1954  88      3       77
                                      1953
                                      1911
  MINIMUM         72    220 AM  49    1971  65      7       71
  AVERAGE         82

PRECIPITATION (IN)
  TODAY            0.01          2.00 1918   0.10  -0.09     1.74
  MONTH TO DATE    1.28                      2.02  -0.74     3.64
  SINCE SEP 1      1.28                      2.02  -0.74     3.64
  SINCE JAN 1     21.86                     24.18  -2.32    25.07

..................................................................


WIND (MPH)
  HIGHEST WIND SPEED    14   HIGHEST WIND DIRECTION    SE (120)
  HIGHEST GUST SPEED    16   HIGHEST GUST DIRECTION    SE (120)
  AVERAGE WIND SPEED     5.8




..........................................................


THE WACO CLIMATE NORMALS FOR TOMORROW
                         NORMAL    RECORD    YEAR
 MAXIMUM TEMPERATURE (F)   88       101      1933
 MINIMUM TEMPERATURE (F)   64        45      1938


SUNRISE AND SUNSET
SEPTEMBER 20 2014.....SUNRISE   716 AM CDT   SUNSET   728 PM CDT
SEPTEMBER 21 2014.....SUNRISE   716 AM CDT   SUNSET   727 PM CDT


-  INDICATES NEGATIVE NUMBERS.
R  INDICATES RECORD WAS SET OR TIED.
MM INDICATES DATA IS MISSING.
T  INDICATES TRACE AMOUNT.




$$
