000
CDUS44 KFWD 030705
CLIACT

CLIMATE REPORT
NATIONAL WEATHER SERVICE FORT WORTH TX
203 AM CDT WED SEP 3 2014


...................................

...THE WACO CLIMATE SUMMARY FOR SEPTEMBER 2 2014...

CLIMATE NORMAL PERIOD 1981 TO 2010
CLIMATE RECORD PERIOD 1901 TO 2014


WEATHER ITEM   OBSERVED TIME   RECORD YEAR NORMAL DEPARTURE LAST
                VALUE   (LST)  VALUE       VALUE  FROM      YEAR
                                                  NORMAL
..................................................................
TEMPERATURE (F)
 YESTERDAY
  MAXIMUM         98    428 PM 107    2000  94      4       96
  MINIMUM         77    617 AM  58    1915  71      6       77
  AVERAGE         88                        82      6       87

PRECIPITATION (IN)
  YESTERDAY        0.00          2.91 1932   0.10  -0.10     0.00
  MONTH TO DATE    0.00                      0.20  -0.20     0.00
  SINCE SEP 1      0.00                      0.20  -0.20     0.00
  SINCE JAN 1     20.58                     22.36  -1.78    21.43

DEGREE DAYS
 HEATING
  YESTERDAY        0                         0      0        0
  MONTH TO DATE    0                         0      0        0
  SINCE SEP 1      0                         0      0        0
  SINCE JUL 1      0                         0      0        0

 COOLING
  YESTERDAY       23                        17      6       22
  MONTH TO DATE   45                        35     10       47
  SINCE SEP 1     45                        35     10       47
  SINCE JAN 1   2120                      2230   -110     2258
..................................................................


WIND (MPH)
  HIGHEST WIND SPEED    23   HIGHEST WIND DIRECTION    SE (140)
  HIGHEST GUST SPEED    29   HIGHEST GUST DIRECTION    SE (140)
  AVERAGE WIND SPEED    13.5


SKY COVER
  POSSIBLE SUNSHINE  MM
  AVERAGE SKY COVER 0.3


WEATHER CONDITIONS
 THE FOLLOWING WEATHER WAS RECORDED YESTERDAY.
  NO SIGNIFICANT WEATHER WAS OBSERVED.


RELATIVE HUMIDITY (PERCENT)
 HIGHEST    85           400 AM
 LOWEST     38           200 PM
 AVERAGE    62

..........................................................


THE WACO CLIMATE NORMALS FOR TODAY
                         NORMAL    RECORD    YEAR
 MAXIMUM TEMPERATURE (F)   94       108      2000
 MINIMUM TEMPERATURE (F)   71        59      1987
                                             1915


SUNRISE AND SUNSET
SEPTEMBER  3 2014.....SUNRISE   706 AM CDT   SUNSET   750 PM CDT
SEPTEMBER  4 2014.....SUNRISE   706 AM CDT   SUNSET   749 PM CDT


-  INDICATES NEGATIVE NUMBERS.
R  INDICATES RECORD WAS SET OR TIED.
MM INDICATES DATA IS MISSING.
T  INDICATES TRACE AMOUNT.




$$
