000
CDUS44 KFWD 020658
CLIACT

CLIMATE REPORT
NATIONAL WEATHER SERVICE FORT WORTH TX
1257 AM CST MON MAR 2 2015

...................................

...THE WACO CLIMATE SUMMARY FOR MARCH 1 2015...

CLIMATE NORMAL PERIOD 1981 TO 2010
CLIMATE RECORD PERIOD 1901 TO 2015


WEATHER ITEM   OBSERVED TIME   RECORD YEAR NORMAL DEPARTURE LAST
                VALUE   (LST)  VALUE       VALUE  FROM      YEAR
                                                  NORMAL
..................................................................
TEMPERATURE (F)
 YESTERDAY
  MAXIMUM         40    446 PM  88    1940  65    -25       75
  MINIMUM         33    520 AM  21    1980  43    -10       47
                                      1922
  AVERAGE         37                        54    -17       61

PRECIPITATION (IN)
  YESTERDAY        0.15          1.28 1948   0.11   0.04     0.00
  MONTH TO DATE    0.15                      0.11   0.04     0.00
  SINCE MAR 1      0.15                      0.11   0.04     0.00
  SINCE JAN 1      4.88                      4.86   0.02     0.76

SNOWFALL (IN)
  YESTERDAY        0.0           T    1922   0.0    0.0      0.0
  MONTH TO DATE    0.0                       0.0    0.0      0.0
  SINCE MAR 1      0.0                       0.0    0.0      0.0
  SINCE JUL 1      0.7                       0.9   -0.2       T
  SNOW DEPTH       0

DEGREE DAYS
 HEATING
  YESTERDAY       28                        11     17        4
  MONTH TO DATE   28                        11     17        4
  SINCE MAR 1     28                        11     17        4
  SINCE JUL 1   1982                      1823    159     2147

 COOLING
  YESTERDAY        0                         0      0        0
  MONTH TO DATE    0                         0      0        0
  SINCE MAR 1      0                         0      0        0
  SINCE JAN 1      0                         9     -9        0
..................................................................


WIND (MPH)
  HIGHEST WIND SPEED    18   HIGHEST WIND DIRECTION     N (10)
  HIGHEST GUST SPEED    21   HIGHEST GUST DIRECTION     N (360)
  AVERAGE WIND SPEED    10.7


SKY COVER
  POSSIBLE SUNSHINE  MM
  AVERAGE SKY COVER 1.0


WEATHER CONDITIONS
 THE FOLLOWING WEATHER WAS RECORDED YESTERDAY.
  HEAVY RAIN
  RAIN
  LIGHT RAIN
  FOG


RELATIVE HUMIDITY (PERCENT)
 HIGHEST   100           800 AM
 LOWEST     85           600 PM
 AVERAGE    93

..........................................................


THE WACO CLIMATE NORMALS FOR TODAY
                         NORMAL    RECORD    YEAR
 MAXIMUM TEMPERATURE (F)   65        90      1904
 MINIMUM TEMPERATURE (F)   44        17      1980


SUNRISE AND SUNSET
MARCH  2 2015.........SUNRISE   655 AM CST   SUNSET   627 PM CST
MARCH  3 2015.........SUNRISE   654 AM CST   SUNSET   628 PM CST


-  INDICATES NEGATIVE NUMBERS.
R  INDICATES RECORD WAS SET OR TIED.
MM INDICATES DATA IS MISSING.
T  INDICATES TRACE AMOUNT.


$$

58
