000
CDUS44 KFWD 250646
CLIACT

CLIMATE REPORT
NATIONAL WEATHER SERVICE FORT WORTH TX
1245 AM CST SAT FEB 25 2017

...................................

...THE WACO CLIMATE SUMMARY FOR FEBRUARY 24 2017...

CLIMATE NORMAL PERIOD 1981 TO 2010
CLIMATE RECORD PERIOD 1901 TO 2017


WEATHER ITEM   OBSERVED TIME   RECORD YEAR NORMAL DEPARTURE LAST
                VALUE   (LST)  VALUE       VALUE  FROM      YEAR
                                                  NORMAL
..................................................................
TEMPERATURE (F)
 YESTERDAY
  MAXIMUM         65    435 PM  85    1977  64      1       61
                                      1972
  MINIMUM         45   1146 PM  20    1965  42      3       38
                                      1914
  AVERAGE         55                        53      2       50

PRECIPITATION (IN)
  YESTERDAY        0.00          1.96 2004   0.10  -0.10     0.00
  MONTH TO DATE    3.05                      2.20   0.85     2.16
  SINCE DEC 1      7.43                      7.07   0.36     6.07
  SINCE JAN 1      6.16                      4.32   1.84     2.45

SNOWFALL (IN)
  YESTERDAY        0.0           2.0  1965   0.1   -0.1      0.0
  MONTH TO DATE    0.0                       0.4   -0.4      0.0
  SINCE DEC 1      T                         0.7   -0.7      0.0
  SINCE JUL 1      T                         0.8   -0.8      0.0
  SNOW DEPTH       0

DEGREE DAYS
 HEATING
  YESTERDAY       10                        12     -2       15
  MONTH TO DATE  140                       356   -216      263
  SINCE DEC 1    999                      1436   -437     1193
  SINCE JUL 1   1142                      1764   -622     1428

 COOLING
  YESTERDAY        0                         0      0        0
  MONTH TO DATE   34                         0     34        8
  SINCE DEC 1     66                         8     58       13
  SINCE JAN 1     43                         3     40        8
..................................................................


WIND (MPH)
  HIGHEST WIND SPEED    24   HIGHEST WIND DIRECTION     N (340)
  HIGHEST GUST SPEED    32   HIGHEST GUST DIRECTION     N (340)
  AVERAGE WIND SPEED    11.9


SKY COVER
  POSSIBLE SUNSHINE  MM
  AVERAGE SKY COVER 0.0


WEATHER CONDITIONS
 THE FOLLOWING WEATHER WAS RECORDED YESTERDAY.
  NO SIGNIFICANT WEATHER WAS OBSERVED.


RELATIVE HUMIDITY (PERCENT)
 HIGHEST   100           500 AM
 LOWEST     40           500 PM
 AVERAGE    70

..........................................................


THE WACO CLIMATE NORMALS FOR TODAY
                         NORMAL    RECORD    YEAR
 MAXIMUM TEMPERATURE (F)   64        95      1918
 MINIMUM TEMPERATURE (F)   42        19      1960


SUNRISE AND SUNSET
FEBRUARY 25 2017......SUNRISE   700 AM CST   SUNSET   624 PM CST
FEBRUARY 26 2017......SUNRISE   659 AM CST   SUNSET   625 PM CST


-  INDICATES NEGATIVE NUMBERS.
R  INDICATES RECORD WAS SET OR TIED.
MM INDICATES DATA IS MISSING.
T  INDICATES TRACE AMOUNT.

$$
