000
CDUS44 KFWD 270029
CLIACT

FTWCLIACT 000
TTAA00 KFWD 270028


CLIMATE REPORT
NATIONAL WEATHER SERVICE FORT WORTH TX
728 PM CDT FRI AUG 26 2016


...................................

...THE WACO CLIMATE SUMMARY FOR AUGUST 26 2016...
VALID TODAY AS OF 0700 PM LOCAL TIME.

CLIMATE NORMAL PERIOD 1981 TO 2010
CLIMATE RECORD PERIOD 1901 TO 2016


WEATHER ITEM   OBSERVED TIME   RECORD YEAR NORMAL DEPARTURE LAST
                VALUE   (LST)  VALUE       VALUE  FROM      YEAR
                                                  NORMAL
..................................................................
TEMPERATURE (F)
 TODAY
  MAXIMUM         94    248 PM 105    2011  96     -2       97
                                      1999
                                      1990
  MINIMUM         72    515 PM  61    1926  73     -1       70
  AVERAGE         83

PRECIPITATION (IN)
  TODAY            1.32          2.76 1974   0.07   1.25     0.00
  MONTH TO DATE    4.58                      1.62   2.96     0.77
  SINCE JUN 1      9.31                      6.84   2.47     6.74
  SINCE JAN 1     31.95                     21.73  10.22    28.08

..................................................................


WIND (MPH)
  HIGHEST WIND SPEED    35   HIGHEST WIND DIRECTION     E (90)
  HIGHEST GUST SPEED    46   HIGHEST GUST DIRECTION     E (100)
  AVERAGE WIND SPEED     6.3




..........................................................


THE WACO CLIMATE NORMALS FOR TOMORROW
                         NORMAL    RECORD    YEAR
 MAXIMUM TEMPERATURE (F)   95       110      2011
 MINIMUM TEMPERATURE (F)   73        61      1992


SUNRISE AND SUNSET
AUGUST 26 2016........SUNRISE   701 AM CDT   SUNSET   759 PM CDT
AUGUST 27 2016........SUNRISE   702 AM CDT   SUNSET   758 PM CDT


-  INDICATES NEGATIVE NUMBERS.
R  INDICATES RECORD WAS SET OR TIED.
MM INDICATES DATA IS MISSING.
T  INDICATES TRACE AMOUNT.




$$
