000
CDUS44 KFWD 270715
CLIACT


CLIMATE REPORT
NATIONAL WEATHER SERVICE FORT WORTH TX
215 AM CDT WED MAY 27 2015


...................................

...THE WACO CLIMATE SUMMARY FOR MAY 26 2015...

CLIMATE NORMAL PERIOD 1981 TO 2010
CLIMATE RECORD PERIOD 1901 TO 2015


WEATHER ITEM   OBSERVED TIME   RECORD YEAR NORMAL DEPARTURE LAST
                VALUE   (LST)  VALUE       VALUE  FROM      YEAR
                                                  NORMAL
..................................................................
TEMPERATURE (F)
 YESTERDAY
  MAXIMUM         88    452 PM  98    1904  87      1       76
  MINIMUM         64   1159 PM  54    1947  67     -3       65
  AVERAGE         76                        77     -1       71

PRECIPITATION (IN)
  YESTERDAY        0.39          3.29 2007   0.14   0.25     0.08
  MONTH TO DATE    8.36                      3.57   4.79     6.26
  SINCE MAR 1     15.70                      9.41   6.29     8.89
  SINCE JAN 1     20.43                     14.16   6.27     9.65

DEGREE DAYS
 HEATING
  YESTERDAY        0                         0      0        0
  MONTH TO DATE    2                         4     -2       18
  SINCE MAR 1    352                       328     24      468
  SINCE JUL 1   2306                      2140    166     2611

 COOLING
  YESTERDAY       11                        12     -1        6
  MONTH TO DATE  218                       234    -16      205
  SINCE MAR 1    379                       379      0      334
  SINCE JAN 1    379                       388     -9      334
..................................................................


WIND (MPH)
  HIGHEST WIND SPEED    35   HIGHEST WIND DIRECTION     N (10)
  HIGHEST GUST SPEED    41   HIGHEST GUST DIRECTION     N (360)
  AVERAGE WIND SPEED    12.2


SKY COVER
  POSSIBLE SUNSHINE  MM
  AVERAGE SKY COVER 0.7


WEATHER CONDITIONS
 THE FOLLOWING WEATHER WAS RECORDED YESTERDAY.
  THUNDERSTORM
  HEAVY RAIN
  RAIN
  LIGHT RAIN
  FOG
  FOG W/VISIBILITY <= 1/4 MILE


RELATIVE HUMIDITY (PERCENT)
 HIGHEST   100           300 AM
 LOWEST     59           400 PM
 AVERAGE    80

..........................................................


THE WACO CLIMATE NORMALS FOR TODAY
                         NORMAL    RECORD    YEAR
 MAXIMUM TEMPERATURE (F)   88       100      1928
 MINIMUM TEMPERATURE (F)   67        55      1961


SUNRISE AND SUNSET
MAY 27 2015...........SUNRISE   626 AM CDT   SUNSET   826 PM CDT
MAY 28 2015...........SUNRISE   626 AM CDT   SUNSET   827 PM CDT


-  INDICATES NEGATIVE NUMBERS.
R  INDICATES RECORD WAS SET OR TIED.
MM INDICATES DATA IS MISSING.
T  INDICATES TRACE AMOUNT.




$$
