000
CDUS44 KFWD 220720
CLIACT


CLIMATE REPORT
NATIONAL WEATHER SERVICE FORT WORTH TX
120 AM CST MON JAN 22 2018


...................................

...THE WACO CLIMATE SUMMARY FOR JANUARY 21 2018...

CLIMATE NORMAL PERIOD 1981 TO 2010
CLIMATE RECORD PERIOD 1901 TO 2018


WEATHER ITEM   OBSERVED TIME   RECORD YEAR NORMAL DEPARTURE LAST
                VALUE   (LST)  VALUE       VALUE  FROM      YEAR
                                                  NORMAL
..................................................................
TEMPERATURE (F)
 YESTERDAY
  MAXIMUM         72    115 PM  82    1999  59     13       72
  MINIMUM         50   1159 PM  14    1984  36     14       43
  AVERAGE         61                        47     14       58

PRECIPITATION (IN)
  YESTERDAY        0.05          1.94 1965   0.07  -0.02     0.02
  MONTH TO DATE    0.25                      1.37  -1.12     3.11
  SINCE DEC 1      2.03                      4.12  -2.09     4.38
  SINCE JAN 1      0.25                      1.37  -1.12     3.11

SNOWFALL (IN)
  YESTERDAY        0.0           2.6  1966   0.0    0.0      0.0
  MONTH TO DATE    T                         0.2   -0.2      0.0
  SINCE DEC 1      T                         0.2   -0.2       T
  SINCE JUL 1      T                         0.3   -0.3       T
  SNOW DEPTH       0

DEGREE DAYS
 HEATING
  YESTERDAY        4                        18    -14        7
  MONTH TO DATE  486                       383    103      295
  SINCE DEC 1   1010                       907    103      735
  SINCE JUL 1   1251                      1235     16      878

 COOLING
  YESTERDAY        0                         0      0        0
  MONTH TO DATE    0                         0      0        9
  SINCE DEC 1      9                         5      4       32
  SINCE JAN 1      0                         0      0        9
..................................................................


WIND (MPH)
  HIGHEST WIND SPEED    28   HIGHEST WIND DIRECTION    NW (300)
  HIGHEST GUST SPEED    35   HIGHEST GUST DIRECTION    NW (300)
  AVERAGE WIND SPEED    13.1


SKY COVER
  POSSIBLE SUNSHINE  MM
  AVERAGE SKY COVER 0.8


WEATHER CONDITIONS
 THE FOLLOWING WEATHER WAS RECORDED YESTERDAY.
  LIGHT RAIN
  FOG


RELATIVE HUMIDITY (PERCENT)
 HIGHEST    97           300 AM
 LOWEST     68           100 PM
 AVERAGE    83

..........................................................


THE WACO CLIMATE NORMALS FOR TODAY
                         NORMAL    RECORD    YEAR
 MAXIMUM TEMPERATURE (F)   59        88      1943
 MINIMUM TEMPERATURE (F)   36        11      1930


SUNRISE AND SUNSET
JANUARY 22 2018.......SUNRISE   727 AM CST   SUNSET   554 PM CST
JANUARY 23 2018.......SUNRISE   726 AM CST   SUNSET   555 PM CST


-  INDICATES NEGATIVE NUMBERS.
R  INDICATES RECORD WAS SET OR TIED.
MM INDICATES DATA IS MISSING.
T  INDICATES TRACE AMOUNT.




$$
