000
CDUS44 KFWD 310650
CLIACT

CLIMATE REPORT
NATIONAL WEATHER SERVICE FORT WORTH TX
147 AM CDT FRI OCT 31 2014

...................................

...THE WACO CLIMATE SUMMARY FOR OCTOBER 30 2014...

CLIMATE NORMAL PERIOD 1981 TO 2010
CLIMATE RECORD PERIOD 1901 TO 2014


WEATHER ITEM   OBSERVED TIME   RECORD YEAR NORMAL DEPARTURE LAST
                VALUE   (LST)  VALUE       VALUE  FROM      YEAR
                                                  NORMAL
..................................................................
TEMPERATURE (F)
 YESTERDAY
  MAXIMUM         75    416 PM  90    1951  75      0       81
  MINIMUM         50    529 AM  29    1993  53     -3       68
                                      1980
                                      1917
  AVERAGE         63                        64     -1       75

PRECIPITATION (IN)
  YESTERDAY        T             3.06 1974   0.12  -0.12     0.71
  MONTH TO DATE    5.01                      3.79   1.22     7.30
  SINCE SEP 1      6.29                      6.85  -0.56    12.73
  SINCE JAN 1     26.87                     29.01  -2.14    34.16

SNOWFALL (IN)
  YESTERDAY        0.0           0.0    MM   0.0    0.0      0.0
  MONTH TO DATE    0.0                       0.0    0.0      0.0
  SINCE SEP 1      0.0                       0.0    0.0      0.0
  SINCE JUL 1      0.0                       0.0    0.0      0.0
  SNOW DEPTH       0

DEGREE DAYS
 HEATING
  YESTERDAY        2                         4     -2        0
  MONTH TO DATE    5                        59    -54       48
  SINCE SEP 1      5                        65    -60       48
  SINCE JUL 1      5                        65    -60       48

 COOLING
  YESTERDAY        0                         3     -3       10
  MONTH TO DATE  229                       158     71      145
  SINCE SEP 1    668                       557    111      641
  SINCE JAN 1   2743                      2752     -9     2852
..................................................................


WIND (MPH)
  HIGHEST WIND SPEED    14   HIGHEST WIND DIRECTION     S (170)
  HIGHEST GUST SPEED    18   HIGHEST GUST DIRECTION     S (170)
  AVERAGE WIND SPEED     4.0


SKY COVER
  POSSIBLE SUNSHINE  MM
  AVERAGE SKY COVER 0.5


WEATHER CONDITIONS
 THE FOLLOWING WEATHER WAS RECORDED YESTERDAY.
  FOG


RELATIVE HUMIDITY (PERCENT)
 HIGHEST    90           900 PM
 LOWEST     44          1100 AM
 AVERAGE    67

..........................................................


THE WACO CLIMATE NORMALS FOR TODAY
                         NORMAL    RECORD    YEAR
 MAXIMUM TEMPERATURE (F)   75        90      1977
 MINIMUM TEMPERATURE (F)   52        25      1993


SUNRISE AND SUNSET
OCTOBER 31 2014.......SUNRISE   744 AM CDT   SUNSET   640 PM CDT
NOVEMBER  1 2014......SUNRISE   745 AM CDT   SUNSET   640 PM CDT


-  INDICATES NEGATIVE NUMBERS.
R  INDICATES RECORD WAS SET OR TIED.
MM INDICATES DATA IS MISSING.
T  INDICATES TRACE AMOUNT.

$$
