000
CDUS44 KFWD 200643
CLIACT

CLIMATE REPORT
NATIONAL WEATHER SERVICE FORT WORTH TX
1240 AM CST FRI JAN 20 2017

...................................

...THE WACO CLIMATE SUMMARY FOR JANUARY 19 2017...

CLIMATE NORMAL PERIOD 1981 TO 2010
CLIMATE RECORD PERIOD 1901 TO 2017


WEATHER ITEM   OBSERVED TIME   RECORD YEAR NORMAL DEPARTURE LAST
                VALUE   (LST)  VALUE       VALUE  FROM      YEAR
                                                  NORMAL
..................................................................
TEMPERATURE (F)
 YESTERDAY
  MAXIMUM         65    415 PM  84    1952  58      7       67
  MINIMUM         50    849 AM   7    1940  36     14       40
  AVERAGE         58                        47     11       54

PRECIPITATION (IN)
  YESTERDAY        0.00          1.05 1958   0.06  -0.06     0.00
  MONTH TO DATE    3.09                      1.22   1.87     0.22
  SINCE DEC 1      4.36                      3.97   0.39     3.84
  SINCE JAN 1      3.09                      1.22   1.87     0.22

SNOWFALL (IN)
  YESTERDAY        0.0           1.5  1936   0.0    0.0      0.0
  MONTH TO DATE    0.0                       0.2   -0.2      0.0
  SINCE DEC 1      T                         0.2   -0.2      0.0
  SINCE JUL 1      T                         0.3   -0.3      0.0
  SNOW DEPTH       0

DEGREE DAYS
 HEATING
  YESTERDAY        7                        18    -11       11
  MONTH TO DATE  285                       347    -62      361
  SINCE DEC 1    725                       871   -146      745
  SINCE JUL 1    868                      1199   -331      980

 COOLING
  YESTERDAY        0                         0      0        0
  MONTH TO DATE    9                         0      9        0
  SINCE DEC 1     32                         5     27        5
  SINCE JAN 1      9                         0      9        0
..................................................................


WIND (MPH)
  HIGHEST WIND SPEED    18   HIGHEST WIND DIRECTION     S (170)
  HIGHEST GUST SPEED    22   HIGHEST GUST DIRECTION     S (180)
  AVERAGE WIND SPEED     9.6


SKY COVER
  POSSIBLE SUNSHINE  MM
  AVERAGE SKY COVER 0.5


WEATHER CONDITIONS
 THE FOLLOWING WEATHER WAS RECORDED YESTERDAY.
  FOG


RELATIVE HUMIDITY (PERCENT)
 HIGHEST   100           700 AM
 LOWEST     67           300 PM
 AVERAGE    84

..........................................................


THE WACO CLIMATE NORMALS FOR TODAY
                         NORMAL    RECORD    YEAR
 MAXIMUM TEMPERATURE (F)   58        81      1986
                                             1972
 MINIMUM TEMPERATURE (F)   36        10      1940


SUNRISE AND SUNSET
JANUARY 20 2017.......SUNRISE   727 AM CST   SUNSET   553 PM CST
JANUARY 21 2017.......SUNRISE   727 AM CST   SUNSET   554 PM CST


-  INDICATES NEGATIVE NUMBERS.
R  INDICATES RECORD WAS SET OR TIED.
MM INDICATES DATA IS MISSING.
T  INDICATES TRACE AMOUNT.

$$
