000
CDUS41 KPHI 190546
CLIACY


CLIMATE REPORT
NATIONAL WEATHER SERVICE MOUNT HOLLY NJ
144 AM EDT TUE SEP 19 2017


...................................

...THE ATLANTIC CITY NJ CLIMATE SUMMARY FOR SEPTEMBER 18 2017...

CLIMATE NORMAL PERIOD 1981 TO 2010
CLIMATE RECORD PERIOD 1874 TO 2017


WEATHER ITEM   OBSERVED TIME   RECORD YEAR NORMAL DEPARTURE LAST
                VALUE   (LST)  VALUE       VALUE  FROM      YEAR
                                                  NORMAL
..................................................................
TEMPERATURE (F)
 YESTERDAY
  MAXIMUM         75    144 PM  89    1965  76     -1       88
  MINIMUM         69    548 AM  36    1990  57     12       71
  AVERAGE         72                        66      6       80

PRECIPITATION (IN)
  YESTERDAY        0.07          4.01 1936   0.11  -0.04     0.00
  MONTH TO DATE    3.80                      1.78   2.02     0.28
  SINCE SEP 1      3.80                      1.78   2.02     0.28
  SINCE JAN 1     42.37                     30.00  12.37    32.58

SNOWFALL (IN)
  YESTERDAY        0.0           0.0    MM   0.0    0.0      0.0
  MONTH TO DATE    0.0                       0.0    0.0      0.0
  SINCE SEP 1      0.0                       0.0    0.0      0.0
  SINCE JUL 1      0.0                       0.0    0.0      0.0
  SNOW DEPTH       0

DEGREE DAYS
 HEATING
  YESTERDAY        0                         2     -2        0
  MONTH TO DATE   10                        19     -9        2
  SINCE SEP 1     10                        19     -9        2
  SINCE JUL 1     10                        22    -12        2

 COOLING
  YESTERDAY        7                         4      3       15
  MONTH TO DATE   83                        98    -15      163
  SINCE SEP 1     83                        98    -15      163
  SINCE JAN 1   1100                      1007     93     1266
..................................................................


WIND (MPH)
  HIGHEST WIND SPEED    17   HIGHEST WIND DIRECTION    NE (40)
  HIGHEST GUST SPEED    24   HIGHEST GUST DIRECTION    NE (50)
  AVERAGE WIND SPEED    10.5


SKY COVER
  POSSIBLE SUNSHINE  MM
  AVERAGE SKY COVER 1.0


WEATHER CONDITIONS
 THE FOLLOWING WEATHER WAS RECORDED YESTERDAY.
  LIGHT RAIN
  FOG


RELATIVE HUMIDITY (PERCENT)
 HIGHEST   100           600 AM
 LOWEST     87          1200 PM
 AVERAGE    94

..........................................................


THE ATLANTIC CITY NJ CLIMATE NORMALS FOR TODAY
                         NORMAL    RECORD    YEAR
 MAXIMUM TEMPERATURE (F)   76        91      1983
                                             1965
 MINIMUM TEMPERATURE (F)   56        40      1990
                                             1959


SUNRISE AND SUNSET
SEPTEMBER 19 2017.....SUNRISE   643 AM EDT   SUNSET   700 PM EDT
SEPTEMBER 20 2017.....SUNRISE   644 AM EDT   SUNSET   658 PM EDT


-  INDICATES NEGATIVE NUMBERS.
R  INDICATES RECORD WAS SET OR TIED.
MM INDICATES DATA IS MISSING.
T  INDICATES TRACE AMOUNT.




$$
