000
CDUS41 KPHI 300626
CLIACY


CLIMATE REPORT
NATIONAL WEATHER SERVICE MOUNT HOLLY NJ
225 AM EDT TUE JUN 30 2015


...................................

...THE ATLANTIC CITY NJ CLIMATE SUMMARY FOR JUNE 29 2015...

CLIMATE NORMAL PERIOD 1981 TO 2010
CLIMATE RECORD PERIOD 1874 TO 2015


WEATHER ITEM   OBSERVED TIME   RECORD YEAR NORMAL DEPARTURE LAST
                VALUE   (LST)  VALUE       VALUE  FROM      YEAR
                                                  NORMAL
..................................................................
TEMPERATURE (F)
 YESTERDAY
  MAXIMUM         80    525 PM  98    1991  84     -4       83
                                      1959
  MINIMUM         61    527 AM  49    1995  65     -4       52
                                      1970
                                      1967
  AVERAGE         71                        75     -4       68

PRECIPITATION (IN)
  YESTERDAY        0.00          2.81 1920   0.10  -0.10     0.00
  MONTH TO DATE    8.36                      3.00   5.36     1.54
  SINCE JUN 1      8.36                      3.00   5.36     1.54
  SINCE JAN 1     26.32                     20.28   6.04    21.72

SNOWFALL (IN)
  YESTERDAY        0.0           0.0  1903   0.0    0.0      0.0
  MONTH TO DATE    0.0                       0.0    0.0      0.0
  SINCE JUN 1      0.0                       0.0    0.0      0.0
  SINCE JUL 1     22.4                      16.5    5.9     43.8
  SNOW DEPTH       0

DEGREE DAYS
 HEATING
  YESTERDAY        0                         0      0        0
  MONTH TO DATE   26                        24      2       10
  SINCE JUN 1     26                        24      2       10
  SINCE JUL 1   5180                      4902    278     5307

 COOLING
  YESTERDAY        6                        10     -4        3
  MONTH TO DATE  239                       194     45      188
  SINCE JUN 1    239                       194     45      188
  SINCE JAN 1    373                       258    115      224
..................................................................


WIND (MPH)
  HIGHEST WIND SPEED    16   HIGHEST WIND DIRECTION     W (260)
  HIGHEST GUST SPEED    24   HIGHEST GUST DIRECTION     W (280)
  AVERAGE WIND SPEED     8.6


SKY COVER
  POSSIBLE SUNSHINE  MM
  AVERAGE SKY COVER 0.2


WEATHER CONDITIONS
 THE FOLLOWING WEATHER WAS RECORDED YESTERDAY.
  NO SIGNIFICANT WEATHER WAS OBSERVED.


RELATIVE HUMIDITY (PERCENT)
 HIGHEST    90           500 AM
 LOWEST     45           100 PM
 AVERAGE    68

..........................................................


THE ATLANTIC CITY NJ CLIMATE NORMALS FOR TODAY
                         NORMAL    RECORD    YEAR
 MAXIMUM TEMPERATURE (F)   84        98      1991
 MINIMUM TEMPERATURE (F)   65        50      1988


SUNRISE AND SUNSET
JUNE 30 2015..........SUNRISE   534 AM EDT   SUNSET   829 PM EDT
JULY  1 2015..........SUNRISE   535 AM EDT   SUNSET   829 PM EDT


-  INDICATES NEGATIVE NUMBERS.
R  INDICATES RECORD WAS SET OR TIED.
MM INDICATES DATA IS MISSING.
T  INDICATES TRACE AMOUNT.




$$
