000
CDUS41 KPHI 160601
CLIACY


CLIMATE REPORT
NATIONAL WEATHER SERVICE MOUNT HOLLY NJ
100 AM EST SAT DEC 16 2017


...................................

...THE ATLANTIC CITY NJ CLIMATE SUMMARY FOR DECEMBER 15 2017...

CLIMATE NORMAL PERIOD 1981 TO 2010
CLIMATE RECORD PERIOD 1874 TO 2017


WEATHER ITEM   OBSERVED TIME   RECORD YEAR NORMAL DEPARTURE LAST
                VALUE   (LST)  VALUE       VALUE  FROM      YEAR
                                                  NORMAL
..................................................................
TEMPERATURE (F)
 YESTERDAY
  MAXIMUM         28    258 PM  66    1971  46    -18       38
                                      1929
  MINIMUM         20    657 AM   8    1989  28     -8       17
                                      1962
  AVERAGE         24                        37    -13       28

PRECIPITATION (IN)
  YESTERDAY        0.11          1.95 1884   0.12  -0.01     0.07
  MONTH TO DATE    1.03                      1.85  -0.82     1.68
  SINCE DEC 1      1.03                      1.85  -0.82     1.68
  SINCE JAN 1     49.96                     39.91  10.05    43.41

SNOWFALL (IN)
  YESTERDAY        0.9           4.3  1968   0.1    0.8       T
  MONTH TO DATE    5.2                       1.5    3.7       T
  SINCE DEC 1      5.2                       1.5    3.7       T
  SINCE JUL 1      5.2                       1.7    3.5       T
  SNOW DEPTH       0

DEGREE DAYS
 HEATING
  YESTERDAY       41                        28     13       37
  MONTH TO DATE  395                       385     10      378
  SINCE DEC 1    395                       385     10      378
  SINCE JUL 1   1098                      1292   -194     1125

 COOLING
  YESTERDAY        0                         0      0        0
  MONTH TO DATE    0                         0      0        0
  SINCE DEC 1      0                         0      0        0
  SINCE JAN 1   1264                      1055    209     1340
..................................................................


WIND (MPH)
  HIGHEST WIND SPEED    15   HIGHEST WIND DIRECTION     N (350)
  HIGHEST GUST SPEED    19   HIGHEST GUST DIRECTION    NW (330)
  AVERAGE WIND SPEED     4.9


SKY COVER
  POSSIBLE SUNSHINE  MM
  AVERAGE SKY COVER 0.6


WEATHER CONDITIONS
 THE FOLLOWING WEATHER WAS RECORDED YESTERDAY.
  LIGHT SNOW
  FOG


RELATIVE HUMIDITY (PERCENT)
 HIGHEST   100           700 PM
 LOWEST     50          1000 AM
 AVERAGE    75

..........................................................


THE ATLANTIC CITY NJ CLIMATE NORMALS FOR TODAY
                         NORMAL    RECORD    YEAR
 MAXIMUM TEMPERATURE (F)   46        66      1971
 MINIMUM TEMPERATURE (F)   28         8      1968


SUNRISE AND SUNSET
DECEMBER 16 2017......SUNRISE   712 AM EST   SUNSET   436 PM EST
DECEMBER 17 2017......SUNRISE   713 AM EST   SUNSET   436 PM EST


-  INDICATES NEGATIVE NUMBERS.
R  INDICATES RECORD WAS SET OR TIED.
MM INDICATES DATA IS MISSING.
T  INDICATES TRACE AMOUNT.




$$
