000
CDUS41 KPHI 220547
CLIACY


CLIMATE REPORT
NATIONAL WEATHER SERVICE MOUNT HOLLY NJ
146 AM EDT SAT JUL 22 2017


...................................

...THE ATLANTIC CITY NJ CLIMATE SUMMARY FOR JULY 21 2017...

CLIMATE NORMAL PERIOD 1981 TO 2010
CLIMATE RECORD PERIOD 1874 TO 2017


WEATHER ITEM   OBSERVED TIME   RECORD YEAR NORMAL DEPARTURE LAST
                VALUE   (LST)  VALUE       VALUE  FROM      YEAR
                                                  NORMAL
..................................................................
TEMPERATURE (F)
 YESTERDAY
  MAXIMUM         93   1224 PM 102    1930  86      7       85
  MINIMUM         76   1140 PM  51    1966  67      9       63
                                      1965
  AVERAGE         85                        76      9       74

PRECIPITATION (IN)
  YESTERDAY        0.00          4.60 1969   0.12  -0.12     0.00
  MONTH TO DATE    2.45                      2.47  -0.02     6.52
  SINCE JUN 1      5.11                      5.58  -0.47     8.83
  SINCE JAN 1     26.77                     22.86   3.91    28.89

SNOWFALL (IN)
  YESTERDAY        0.0           0.0    MM   0.0    0.0     MM
  MONTH TO DATE    0.0                       0.0    0.0      0.0
  SINCE JUN 1      0.0                       0.0    0.0      0.0
  SINCE JUL 1      0.0                       0.0    0.0      0.0
  SNOW DEPTH       0

DEGREE DAYS
 HEATING
  YESTERDAY        0                         0      0        0
  MONTH TO DATE    0                         0      0        0
  SINCE JUN 1     24                        27     -3        4
  SINCE JUL 1      0                         0      0        0

 COOLING
  YESTERDAY       20                        12      8        9
  MONTH TO DATE  310                       235     75      255
  SINCE JUN 1    561                       438    123      447
  SINCE JAN 1    646                       502    144      526
..................................................................


WIND (MPH)
  HIGHEST WIND SPEED    14   HIGHEST WIND DIRECTION     S (170)
  HIGHEST GUST SPEED    17   HIGHEST GUST DIRECTION     S (160)
  AVERAGE WIND SPEED     6.4


SKY COVER
  POSSIBLE SUNSHINE  MM
  AVERAGE SKY COVER 0.1


WEATHER CONDITIONS
 THE FOLLOWING WEATHER WAS RECORDED YESTERDAY.
  FOG
  HAZE


RELATIVE HUMIDITY (PERCENT)
 HIGHEST    91           500 AM
 LOWEST     49          1200 PM
 AVERAGE    70

..........................................................


THE ATLANTIC CITY NJ CLIMATE NORMALS FOR TODAY
                         NORMAL    RECORD    YEAR
 MAXIMUM TEMPERATURE (F)   86       105      2011
 MINIMUM TEMPERATURE (F)   67        53      2001
                                             1965


SUNRISE AND SUNSET
JULY 22 2017..........SUNRISE   549 AM EDT   SUNSET   820 PM EDT
JULY 23 2017..........SUNRISE   550 AM EDT   SUNSET   819 PM EDT


-  INDICATES NEGATIVE NUMBERS.
R  INDICATES RECORD WAS SET OR TIED.
MM INDICATES DATA IS MISSING.
T  INDICATES TRACE AMOUNT.




$$
