000
CDUS41 KPHI 292132
CLIACY


CLIMATE REPORT
NATIONAL WEATHER SERVICE MOUNT HOLLY NJ
531 PM EDT MON MAY 29 2017


...................................

...THE ATLANTIC CITY NJ CLIMATE SUMMARY FOR MAY 29 2017...
VALID TODAY AS OF 0500 PM LOCAL TIME.

CLIMATE NORMAL PERIOD 1981 TO 2010
CLIMATE RECORD PERIOD 1874 TO 2017


WEATHER ITEM   OBSERVED TIME   RECORD YEAR NORMAL DEPARTURE LAST
                VALUE   (LST)  VALUE       VALUE  FROM      YEAR
                                                  NORMAL
..................................................................
TEMPERATURE (F)
 TODAY
  MAXIMUM         62    255 PM  99    1969  75    -13       81
  MINIMUM         58   1255 AM  37    1997  55      3       60
  AVERAGE         60                        65     -5       71

PRECIPITATION (IN)
  TODAY            0.20          4.15 1959   0.11   0.09      T
  MONTH TO DATE    7.48                      3.11   4.37     4.87
  SINCE MAR 1     16.07                     10.95   5.12    10.90
  SINCE JAN 1     21.62                     17.04   4.58    18.25

SNOWFALL (IN)
  TODAY            0.0           0.0    MM   0.0    0.0      0.0
  MONTH TO DATE    0.0                       0.0    0.0      0.0
  SINCE MAR 1      0.2                       1.4   -1.2      6.9
  SINCE JUL 1      7.7                      16.5   -8.8     27.5
  SNOW DEPTH       0

DEGREE DAYS
 HEATING
  TODAY            5                         3      2        0
  MONTH TO DATE  149                       170    -21      194
  SINCE MAR 1   1117                      1283   -166     1169
  SINCE JUL 1   4113                      4874   -761     4050

 COOLING
  TODAY            0                         3     -3        6
  MONTH TO DATE   49                        49      0       49
  SINCE MAR 1     81                        58     23       63
  SINCE JAN 1     81                        58     23       63
..................................................................


WIND (MPH)
  HIGHEST WIND SPEED    15   HIGHEST WIND DIRECTION     E (70)
  HIGHEST GUST SPEED    21   HIGHEST GUST DIRECTION    NE (40)
  AVERAGE WIND SPEED     9.7


SKY COVER
  POSSIBLE SUNSHINE  MM
  AVERAGE SKY COVER 1.0


WEATHER CONDITIONS
 THE FOLLOWING WEATHER WAS RECORDED TODAY.
  RAIN
  LIGHT RAIN
  FOG
  HAZE


RELATIVE HUMIDITY (PERCENT)
 HIGHEST    84          1200 PM
 LOWEST     78           300 PM
 AVERAGE    81

..........................................................


THE ATLANTIC CITY NJ CLIMATE NORMALS FOR TOMORROW
                         NORMAL    RECORD    YEAR
 MAXIMUM TEMPERATURE (F)   76        96      1991
 MINIMUM TEMPERATURE (F)   56        39      1993


SUNRISE AND SUNSET
MAY 29 2017...........SUNRISE   534 AM EDT   SUNSET   817 PM EDT
MAY 30 2017...........SUNRISE   534 AM EDT   SUNSET   818 PM EDT


-  INDICATES NEGATIVE NUMBERS.
R  INDICATES RECORD WAS SET OR TIED.
MM INDICATES DATA IS MISSING.
T  INDICATES TRACE AMOUNT.




$$
