000
CDAK48 PADQ 201018
CLIADQ

CLIMATE REPORT
NATIONAL WEATHER SERVICE KODIAK, AK
218 AM AKDT MON OCT 20 2014

...................................
...THE KODIAK AP CLIMATE SUMMARY FOR OCTOBER 19 2014...

CLIMATE NORMAL PERIOD  1981 TO  2010
CLIMATE RECORD PERIOD  1949 TO  2014

WEATHER ITEM   OBSERVED TIME    RECORD YEAR NORMAL DEPARTURE LAST
               VALUE    (LST)   VALUE       VALUE  FROM      YEAR
                                                   NORMAL
...................................................................
TEMPERATURE
YESTERDAY
 MAXIMUM            45  0111 PM    55  1991     46      -1     52
 MINIMUM            37  1046 PM    22  1974     34       3     43
 AVERAGE            41                          40       1     48

PRECIPITATION
(INCHES)
 YESTERDAY           T           1.14  1977   0.27   -0.27   0.07
 MONTH TO DATE    4.76                        5.20   -0.44   5.02
 SINCE SEP 1     12.28                       12.55   -0.27  12.56
 SINCE JAN 1     61.51                       59.34    2.17  52.47

SNOWFALL
(INCHES)
 YESTERDAY         0.0            1.9  1996    0.1    -0.1    0.0
 MONTH TO DATE     0.2                         0.4    -0.2    0.0
 SINCE SEP 1       0.2                         0.4    -0.2    0.0
 SINCE JUL 1       0.2                         0.4    -0.2    0.0
 SNOW DEPTH (IN)     0                                          0

DEGREE DAYS
 HEATING
  YESTERDAY         24                          25      -1     17
  MONTH TO DATE    444                         436       8    355
  SINCE SEP 1      814                         904     -90    795
  SINCE JUL 1     1315                        1534    -219   1274

 COOLING
  YESTERDAY          0                           0       0      0
  MONTH TO DATE      0                           0       0      0
  SINCE SEP 1        0                           0       0      0
  SINCE JAN 1        4                           0       4      6
...................................................................

WIND (MPH)
 HIGHEST WIND SPEED    17     HIGHEST WIND DIRECTION    290
 HIGHEST GUST SPEED    21     HIGHEST GUST DIRECTION    290
 AVERAGE WIND SPEED   7.3

SKY COVER
  POSSIBLE SUNSHINE    MM          AVERAGE SKY COVER     MM

WEATHER CONDITIONS
 THE FOLLOWING WEATHER WAS RECORDED YESTERDAY.
  RAIN


RELATIVE HUMIDITY
 HIGHEST RH     MM PERCENT       MM
 LOWEST  RH     MM PERCENT       MM
 AVERAGE RH     MM PERCENT       MM
...................................................................

THE KODIAK CLIMATE NORMALS FOR TODAY
                           NORMAL    RECORD   YEAR
 MAXIMUM TEMPERATURE (F)     45        52     1969
 MINIMUM TEMPERATURE (F)     33        16     1974

SUNRISE AND SUNSET
 OCT 20 2014..........SUNRISE  8:57 AM      SUNSET  6:53 PM
 OCT 21 2014..........SUNRISE  8:59 AM      SUNSET  6:50 PM

-  INDICATES NEGATIVE NUMBERS.
R  INDICATES RECORD HAS BEEN SET OR TIED.
MM INDICATES DATA IS MISSING.
T  INDICATES TRACE OF PRECIPITATION.

&&
-------------------------------------------------------------------

AMOUNT OF DAYLIGHT TODAY  (HOUR:MIN)........9 HOURS 56 MINUTES
GAIN/LOSS SINCE YESTERDAY (HOUR:MIN:SEC)....-0:04:50

$$
*** OCT 14
