000
CDAK48 PADQ 270917
CLIADQ

CLIMATE REPORT
NATIONAL WEATHER SERVICE KODIAK, AK
117 AM AKDT WED MAY 27 2015

...................................
...THE KODIAK AP CLIMATE SUMMARY FOR MAY 26 2015...

CLIMATE NORMAL PERIOD  1981 TO  2010
CLIMATE RECORD PERIOD  1949 TO  2015

WEATHER ITEM   OBSERVED TIME    RECORD YEAR NORMAL DEPARTURE LAST
               VALUE    (LST)   VALUE       VALUE  FROM      YEAR
                                                   NORMAL
...................................................................
TEMPERATURE
YESTERDAY
 MAXIMUM            56  0709 PM    74  2006     52       4     60
 MINIMUM            43  1157 PM    34  1984     41       2     40
 AVERAGE            50                          46       4     50

PRECIPITATION
(INCHES)
 YESTERDAY           T           1.24  1982   0.19   -0.19      T
 MONTH TO DATE    6.03                        4.61    1.42   0.31
 SINCE MAR 1     20.20                       15.95    4.25  11.40
 SINCE JAN 1     39.12                       30.38    8.74  32.65

SNOWFALL
(INCHES)
 YESTERDAY         0.0              T  2013    0.0     0.0    0.0
 MONTH TO DATE     0.0                         0.2    -0.2    0.0
 SINCE MAR 1       4.7                        19.5   -14.8   12.4
 SINCE JUL 1      20.1                        68.9   -48.8     MM
 SNOW DEPTH (IN)     0                                          0

DEGREE DAYS
 HEATING
  YESTERDAY         15                          19      -4     15
  MONTH TO DATE    492                         550     -58    382
  SINCE MAR 1     2141                        2369    -228   2119
  SINCE JUL 1     7059                        8242   -1183   7405

 COOLING
  YESTERDAY          0                           0       0      0
  MONTH TO DATE      0                           0       0      4
  SINCE MAR 1        0                           0       0      4
  SINCE JAN 1        0                           0       0      4
...................................................................

WIND (MPH)
 HIGHEST WIND SPEED    14     HIGHEST WIND DIRECTION     60
 HIGHEST GUST SPEED    20     HIGHEST GUST DIRECTION     30
 AVERAGE WIND SPEED   5.7

SKY COVER
  POSSIBLE SUNSHINE    MM          AVERAGE SKY COVER     MM

WEATHER CONDITIONS
 THE FOLLOWING WEATHER WAS RECORDED YESTERDAY.
  RAIN


RELATIVE HUMIDITY
 HIGHEST RH     MM PERCENT       MM
 LOWEST  RH     MM PERCENT       MM
 AVERAGE RH     MM PERCENT       MM
...................................................................

THE KODIAK CLIMATE NORMALS FOR TODAY
                           NORMAL    RECORD   YEAR
 MAXIMUM TEMPERATURE (F)     52        75     2006
 MINIMUM TEMPERATURE (F)     41        35     1977

SUNRISE AND SUNSET
 MAY 27 2015..........SUNRISE  5:26 AM      SUNSET 10:50 PM
 MAY 28 2015..........SUNRISE  5:25 AM      SUNSET 10:52 PM

-  INDICATES NEGATIVE NUMBERS.
R  INDICATES RECORD HAS BEEN SET OR TIED.
MM INDICATES DATA IS MISSING.
T  INDICATES TRACE OF PRECIPITATION.

&&
-------------------------------------------------------------------

AMOUNT OF DAYLIGHT TODAY  (HOUR:MIN)........17 HOURS 24 MINUTES
GAIN/LOSS SINCE YESTERDAY (HOUR:MIN:SEC)....+0:03:14

$$
*** MAY 15
