000
CDAK48 PADQ 031221
CLIADQ

CLIMATE REPORT
NATIONAL WEATHER SERVICE KODIAK, AK
421 AM AKDT FRI JUL 3 2015

...................................
...THE KODIAK AP CLIMATE SUMMARY FOR JULY 2 2015...

CLIMATE NORMAL PERIOD  1981 TO  2010
CLIMATE RECORD PERIOD  1949 TO  2015

WEATHER ITEM   OBSERVED TIME    RECORD YEAR NORMAL DEPARTURE LAST
               VALUE    (LST)   VALUE       VALUE  FROM      YEAR
                                                   NORMAL
...................................................................
TEMPERATURE
YESTERDAY
 MAXIMUM            74  0134 PM    82  1989     58      16     74
 MINIMUM            48  0503 AM    38  1973     48       0     47
 AVERAGE            61                          53       8     61

PRECIPITATION
(INCHES)
 YESTERDAY        0.00           1.70  1998   0.16   -0.16   0.00
 MONTH TO DATE       T                        0.32   -0.32   0.04
 SINCE JUN 1      3.08                        6.23   -3.15   6.26
 SINCE JAN 1     42.20                       37.62    4.58  39.79

SNOWFALL
(INCHES)
 YESTERDAY         0.0            0.0  2015    0.0     0.0    0.0
 MONTH TO DATE     0.0                         0.0     0.0    0.0
 SINCE JUN 1       0.0                         0.0     0.0    0.0
 SINCE JUL 1       0.0                         0.0     0.0    0.0
 SNOW DEPTH (IN)     0                                          0

DEGREE DAYS
 HEATING
  YESTERDAY          4                          12      -8      4
  MONTH TO DATE     14                          25     -11     15
  SINCE JUN 1      325                         486    -161    437
  SINCE JUL 1       14                          25     -11     15

 COOLING
  YESTERDAY          0                           0       0      0
  MONTH TO DATE      0                           0       0      0
  SINCE JUN 1        1                           0       1      0
  SINCE JAN 1        1                           0       1      4
...................................................................

WIND (MPH)
 HIGHEST WIND SPEED    22     HIGHEST WIND DIRECTION    290
 HIGHEST GUST SPEED    27     HIGHEST GUST DIRECTION    290
 AVERAGE WIND SPEED   8.2

SKY COVER
  POSSIBLE SUNSHINE    MM          AVERAGE SKY COVER     MM

WEATHER CONDITIONS
 THE FOLLOWING WEATHER WAS RECORDED YESTERDAY.
  NO SIGNIFICANT WEATHER WAS OBSERVED.

RELATIVE HUMIDITY
 HIGHEST RH     MM PERCENT       MM
 LOWEST  RH     MM PERCENT       MM
 AVERAGE RH     MM PERCENT       MM
...................................................................

THE KODIAK CLIMATE NORMALS FOR TODAY
                           NORMAL    RECORD   YEAR
 MAXIMUM TEMPERATURE (F)     58        75     1999
 MINIMUM TEMPERATURE (F)     48        38     1973

SUNRISE AND SUNSET
 JUL 3 2015..........SUNRISE  5:17 AM      SUNSET 11:12 PM
 JUL 4 2015..........SUNRISE  5:18 AM      SUNSET 11:11 PM

-  INDICATES NEGATIVE NUMBERS.
R  INDICATES RECORD HAS BEEN SET OR TIED.
MM INDICATES DATA IS MISSING.
T  INDICATES TRACE OF PRECIPITATION.

&&
-------------------------------------------------------------------

AMOUNT OF DAYLIGHT TODAY  (HOUR:MIN)........17 HOURS 55 MINUTES
GAIN/LOSS SINCE YESTERDAY (HOUR:MIN:SEC)....-0:01:41

$$
*** JUL 15
