000
CDAK48 PADQ 241038
CLIADQ

CLIMATE REPORT
NATIONAL WEATHER SERVICE KODIAK, AK
239 AM AKDT FRI OCT 24 2014

...................................
...THE KODIAK AP CLIMATE SUMMARY FOR OCTOBER 23 2014...

CLIMATE NORMAL PERIOD  1981 TO  2010
CLIMATE RECORD PERIOD  1949 TO  2014

WEATHER ITEM   OBSERVED TIME    RECORD YEAR NORMAL DEPARTURE LAST
               VALUE    (LST)   VALUE       VALUE  FROM      YEAR
                                                   NORMAL
...................................................................
TEMPERATURE
YESTERDAY
 MAXIMUM            46  0144 PM    59  1981     44       2     48
 MINIMUM            35  0506 AM    17  1967     33       2     37
 AVERAGE            41                          39       2     43

PRECIPITATION
(INCHES)
 YESTERDAY        0.00           1.30  2010   0.26   -0.26   0.01
 MONTH TO DATE    4.76                        6.25   -1.49   5.27
 SINCE SEP 1     12.28                       13.60   -1.32  12.81
 SINCE JAN 1     61.51                       60.39    1.12  52.72

SNOWFALL
(INCHES)
 YESTERDAY         0.0            2.1  1982    0.1    -0.1    0.0
 MONTH TO DATE     0.2                         0.6    -0.4    0.0
 SINCE SEP 1       0.2                         0.6    -0.4    0.0
 SINCE JUL 1       0.2                         0.6    -0.4    0.0
 SNOW DEPTH (IN)     0                                          0

DEGREE DAYS
 HEATING
  YESTERDAY         24                          26      -2     22
  MONTH TO DATE    551                         540      11    455
  SINCE SEP 1      921                        1008     -87    895
  SINCE JUL 1     1422                        1638    -216   1374

 COOLING
  YESTERDAY          0                           0       0      0
  MONTH TO DATE      0                           0       0      0
  SINCE SEP 1        0                           0       0      0
  SINCE JAN 1        4                           0       4      6
...................................................................

WIND (MPH)
 HIGHEST WIND SPEED    21     HIGHEST WIND DIRECTION    280
 HIGHEST GUST SPEED    25     HIGHEST GUST DIRECTION    280
 AVERAGE WIND SPEED   9.1

SKY COVER
  POSSIBLE SUNSHINE    MM          AVERAGE SKY COVER     MM

WEATHER CONDITIONS
 THE FOLLOWING WEATHER WAS RECORDED YESTERDAY.
  NO SIGNIFICANT WEATHER WAS OBSERVED.

RELATIVE HUMIDITY
 HIGHEST RH     MM PERCENT       MM
 LOWEST  RH     MM PERCENT       MM
 AVERAGE RH     MM PERCENT       MM
...................................................................

THE KODIAK CLIMATE NORMALS FOR TODAY
                           NORMAL    RECORD   YEAR
 MAXIMUM TEMPERATURE (F)     44        53     1986
 MINIMUM TEMPERATURE (F)     33        18     1985

SUNRISE AND SUNSET
 OCT 24 2014..........SUNRISE  9:06 AM      SUNSET  6:42 PM
 OCT 25 2014..........SUNRISE  9:08 AM      SUNSET  6:40 PM

-  INDICATES NEGATIVE NUMBERS.
R  INDICATES RECORD HAS BEEN SET OR TIED.
MM INDICATES DATA IS MISSING.
T  INDICATES TRACE OF PRECIPITATION.

&&
-------------------------------------------------------------------

AMOUNT OF DAYLIGHT TODAY  (HOUR:MIN)........9 HOURS 36 MINUTES
GAIN/LOSS SINCE YESTERDAY (HOUR:MIN:SEC)....-0:04:47

$$
*** OCT 14
