000
CDAK48 PADQ 250041
CLIADQ


CLIMATE REPORT
NATIONAL WEATHER SERVICE ANCHORAGE, AK
441 PM AKDT WED MAY 24 2017


...................................

...THE KODIAK CLIMATE SUMMARY FOR MAY 24 2017...
VALID TODAY AS OF 0400 PM LOCAL TIME.

CLIMATE NORMAL PERIOD 1981 TO 2010
CLIMATE RECORD PERIOD 1913 TO 2017


WEATHER ITEM   OBSERVED TIME   RECORD YEAR NORMAL DEPARTURE LAST
                VALUE   (LST)  VALUE       VALUE  FROM      YEAR
                                                  NORMAL
..................................................................
TEMPERATURE (F)
 TODAY
  MAXIMUM         59        MM  71    1991  51      8       62
  MINIMUM         48        MM  30    1977  40      8       47
                                      1922
  AVERAGE         54                        46      8       55

PRECIPITATION (IN)
  TODAY            0.00          2.82 1975   0.19  -0.19     0.00
  MONTH TO DATE    6.36                      4.23   2.13     2.63
  SINCE MAR 1     14.41                     15.57  -1.16    18.87
  SINCE JAN 1     19.95                     30.00 -10.05    41.47

SNOWFALL (IN)
  TODAY            0.0          MM      MM   0.0    0.0      0.0
  MONTH TO DATE    0.0                       0.2   -0.2      0.0
  SINCE MAR 1      2.6                      19.5  -16.9      3.6
  SINCE JUL 1     28.4                      68.9  -40.5     20.6
  SNOW DEPTH       0

DEGREE DAYS
 HEATING
  TODAY           11                        19     -8       10
  MONTH TO DATE  456                       512    -56      372
  SINCE MAR 1   2316                      2332    -16     1504
  SINCE JUL 1   7657                      8204   -547     6012

 COOLING
  TODAY            0                         0      0        0
  MONTH TO DATE    0                         0      0        0
  SINCE MAR 1      0                         0      0        0
  SINCE JAN 1      0                         0      0        0
..................................................................


WIND (MPH)
  RESULTANT WIND SPEED  11   RESULTANT WIND DIRECTION   S (200)
  HIGHEST WIND SPEED    20   HIGHEST WIND DIRECTION     S (200)
  HIGHEST GUST SPEED    25   HIGHEST GUST DIRECTION     S (200)
  AVERAGE WIND SPEED    11.8



WEATHER CONDITIONS
 THE FOLLOWING WEATHER WAS RECORDED TODAY.
  NO SIGNIFICANT WEATHER WAS OBSERVED.


RELATIVE HUMIDITY (PERCENT)
 HIGHEST    80
 LOWEST     51
 AVERAGE    66

..........................................................


THE KODIAK CLIMATE NORMALS FOR TOMORROW
                         NORMAL    RECORD    YEAR
 MAXIMUM TEMPERATURE (F)   52        71      2006
 MINIMUM TEMPERATURE (F)   40        32      2000


SUNRISE AND SUNSET
MAY 24 2017...........SUNRISE   530 AM AKDT  SUNSET  1045 PM AKDT
MAY 25 2017...........SUNRISE   528 AM AKDT  SUNSET  1047 PM AKDT


-  INDICATES NEGATIVE NUMBERS.
R  INDICATES RECORD WAS SET OR TIED.
MM INDICATES DATA IS MISSING.
T  INDICATES TRACE AMOUNT.




$$
