000
CDAK48 PADQ 240931
CLIADQ


CLIMATE REPORT
NATIONAL WEATHER SERVICE ANCHORAGE, AK
131 AM AKDT MON JUL 24 2017


...................................

...THE KODIAK CLIMATE SUMMARY FOR JULY 23 2017...

CLIMATE NORMAL PERIOD 1981 TO 2010
CLIMATE RECORD PERIOD 1913 TO 2017


WEATHER ITEM   OBSERVED TIME   RECORD YEAR NORMAL DEPARTURE LAST
                VALUE   (LST)  VALUE       VALUE  FROM      YEAR
                                                  NORMAL
..................................................................
TEMPERATURE (F)
 YESTERDAY
  MAXIMUM         74        MM  81    1967  61     13       71
  MINIMUM         51        MM  42    1937  50      1       57
  AVERAGE         63                        55      8       64

PRECIPITATION (IN)
  YESTERDAY        0.00          2.14 1937   0.16  -0.16     0.00
  MONTH TO DATE    3.53                      3.74  -0.21     1.11
  SINCE JUN 1     11.51                      9.65   1.86     4.58
  SINCE JAN 1     32.27                     41.04  -8.77    46.67

SNOWFALL (IN)
  YESTERDAY        0.0          MM      MM   0.0    0.0      0.0
  MONTH TO DATE    0.0                       0.0    0.0      0.0
  SINCE JUN 1      0.0                       0.0    0.0      0.0
  SINCE JUL 1      0.0                       0.0    0.0      0.0
  SNOW DEPTH       0

DEGREE DAYS
 HEATING
  YESTERDAY        2                        10     -8        1
  MONTH TO DATE  205                       252    -47       99
  SINCE JUN 1    621                       713    -92      394
  SINCE JUL 1    205                       252    -47       99

 COOLING
  YESTERDAY        0                         0      0        0
  MONTH TO DATE    0                         0      0       20
  SINCE JUN 1      0                         0      0       20
  SINCE JAN 1      0                         0      0       20
..................................................................


WIND (MPH)
  RESULTANT WIND SPEED   2   RESULTANT WIND DIRECTION   N (20)
  HIGHEST WIND SPEED    12   HIGHEST WIND DIRECTION     S (190)
  HIGHEST GUST SPEED    MM   HIGHEST GUST DIRECTION    MM
  AVERAGE WIND SPEED     6.4



WEATHER CONDITIONS
 THE FOLLOWING WEATHER WAS RECORDED YESTERDAY.
  NO SIGNIFICANT WEATHER WAS OBSERVED.


RELATIVE HUMIDITY (PERCENT)
 HIGHEST    96
 LOWEST     57
 AVERAGE    77

..........................................................


THE KODIAK CLIMATE NORMALS FOR TODAY
                         NORMAL    RECORD    YEAR
 MAXIMUM TEMPERATURE (F)   61        74      1923
                                             1915
 MINIMUM TEMPERATURE (F)   50        42      1971


SUNRISE AND SUNSET
JULY 24 2017..........SUNRISE   550 AM AKDT  SUNSET  1042 PM AKDT
JULY 25 2017..........SUNRISE   552 AM AKDT  SUNSET  1040 PM AKDT


-  INDICATES NEGATIVE NUMBERS.
R  INDICATES RECORD WAS SET OR TIED.
MM INDICATES DATA IS MISSING.
T  INDICATES TRACE AMOUNT.




$$
