000
CDAK48 PADQ 280939
CLIADQ

CLIMATE REPORT
NATIONAL WEATHER SERVICE KODIAK, AK
1239 AM AKST FRI NOV 28 2014

...................................
...THE KODIAK AP CLIMATE SUMMARY FOR NOVEMBER 27 2014...

CLIMATE NORMAL PERIOD  1981 TO  2010
CLIMATE RECORD PERIOD  1949 TO  2014

WEATHER ITEM   OBSERVED TIME    RECORD YEAR NORMAL DEPARTURE LAST
               VALUE    (LST)   VALUE       VALUE  FROM      YEAR
                                                   NORMAL
...................................................................
TEMPERATURE
YESTERDAY
 MAXIMUM            39  0230 PM    54  1970     37       2     40
 MINIMUM            29  0657 PM     7  2011     27       2     30
 AVERAGE            34                          32       2     35

PRECIPITATION
(INCHES)
 YESTERDAY        0.00           1.63  1974   0.25   -0.25   0.00
 MONTH TO DATE   12.80                        6.10    6.70   3.60
 SINCE SEP 1     26.22                       21.71    4.51  21.10
 SINCE JAN 1     75.45                       68.50    6.95  61.01

SNOWFALL
(INCHES)
 YESTERDAY         0.0            3.9  1977    0.3    -0.3    0.0
 MONTH TO DATE     0.0                         5.3    -5.3    7.3
 SINCE SEP 1       0.7                         6.4    -5.7    7.3
 SINCE JUL 1       0.7                         6.4    -5.7    7.3
 SNOW DEPTH (IN)     0                                          0

DEGREE DAYS
 HEATING
  YESTERDAY         31                          33      -2     30
  MONTH TO DATE    658                         835    -177    742
  SINCE SEP 1     1806                        2063    -257   1811
  SINCE JUL 1     2307                        2693    -386   2290

 COOLING
  YESTERDAY          0                           0       0      0
  MONTH TO DATE      0                           0       0      0
  SINCE SEP 1        0                           0       0      0
  SINCE JAN 1        4                           0       4      6
...................................................................

WIND (MPH)
 HIGHEST WIND SPEED    14     HIGHEST WIND DIRECTION    270
 HIGHEST GUST SPEED    16     HIGHEST GUST DIRECTION    270
 AVERAGE WIND SPEED   2.2

SKY COVER
  POSSIBLE SUNSHINE    MM          AVERAGE SKY COVER     MM

WEATHER CONDITIONS
 THE FOLLOWING WEATHER WAS RECORDED YESTERDAY.
  NO SIGNIFICANT WEATHER WAS OBSERVED.

RELATIVE HUMIDITY
 HIGHEST RH     MM PERCENT       MM
 LOWEST  RH     MM PERCENT       MM
 AVERAGE RH     MM PERCENT       MM
...................................................................

THE KODIAK CLIMATE NORMALS FOR TODAY
                           NORMAL    RECORD   YEAR
 MAXIMUM TEMPERATURE (F)     37        48     1983
 MINIMUM TEMPERATURE (F)     27         3     1971

SUNRISE AND SUNSET
 NOV 28 2014..........SUNRISE  9:24 AM      SUNSET  4:33 PM
 NOV 29 2014..........SUNRISE  9:25 AM      SUNSET  4:32 PM

-  INDICATES NEGATIVE NUMBERS.
R  INDICATES RECORD HAS BEEN SET OR TIED.
MM INDICATES DATA IS MISSING.
T  INDICATES TRACE OF PRECIPITATION.

&&
-------------------------------------------------------------------

AMOUNT OF DAYLIGHT TODAY  (HOUR:MIN)........7 HOURS 9 MINUTES
GAIN/LOSS SINCE YESTERDAY (HOUR:MIN:SEC)....-0:03:08

$$
*** NOV 14
