000
CDUS44 KLCH 192209
CLIAEX


CLIMATE REPORT
NATIONAL WEATHER SERVICE LAKE CHARLES, LA
409 PM CST MON FEB 19 2018


...................................

...THE ALEXANDRIA CLIMATE SUMMARY FOR FEBRUARY 19 2018...
VALID TODAY AS OF 0400 PM LOCAL TIME.

CLIMATE NORMAL PERIOD 1981 TO 2010
CLIMATE RECORD PERIOD 1892 TO 2018


WEATHER ITEM   OBSERVED TIME   RECORD YEAR NORMAL DEPARTURE LAST
                VALUE   (LST)  VALUE       VALUE  FROM      YEAR
                                                  NORMAL
..................................................................
TEMPERATURE (F)
 TODAY
  MAXIMUM         81    304 PM  82    2000  64     17       75
                                      1961
  MINIMUM         63   1205 AM  19    1910  42     21       53
  AVERAGE         72                        53     19       64

PRECIPITATION (IN)
  TODAY            0.00          2.46 1938   0.18  -0.18     0.00
  MONTH TO DATE    4.27                      3.01   1.26     0.31
  SINCE DEC 1     11.69                     14.35  -2.66    15.13
  SINCE JAN 1      9.36                      8.23   1.13     6.08

SNOWFALL (IN)
  TODAY            0.0           T    1942  MM     MM        0.0
  MONTH TO DATE    0.0                      MM     MM        0.0
  SINCE DEC 1      2.9                      MM     MM        0.5
  SINCE JUL 1      2.9                      MM     MM        0.5
  SNOW DEPTH       0

DEGREE DAYS
 HEATING
  TODAY            0                        13    -13        1
  MONTH TO DATE  190                       272    -82      115
  SINCE DEC 1   1340                      1238    102      780
  SINCE JUL 1   1610                      1563     47      955
..................................................................


WIND (MPH)
  HIGHEST WIND SPEED    26   HIGHEST WIND DIRECTION     S (170)
  HIGHEST GUST SPEED    33   HIGHEST GUST DIRECTION     S (160)
  AVERAGE WIND SPEED    12.8


SKY COVER
  POSSIBLE SUNSHINE  MM
  AVERAGE SKY COVER 0.8


WEATHER CONDITIONS
 THE FOLLOWING WEATHER WAS RECORDED TODAY.
  FOG


RELATIVE HUMIDITY (PERCENT)
 HIGHEST   100          1200 AM
 LOWEST     51           300 PM
 AVERAGE    76

..........................................................


THE ALEXANDRIA CLIMATE NORMALS FOR TOMORROW
                         NORMAL    RECORD    YEAR
 MAXIMUM TEMPERATURE (F)   64        82      1986
 MINIMUM TEMPERATURE (F)   42        24      1910
                                             1895


SUNRISE AND SUNSET
FEBRUARY 19 2018......SUNRISE   648 AM CST   SUNSET   601 PM CST
FEBRUARY 20 2018......SUNRISE   647 AM CST   SUNSET   602 PM CST


-  INDICATES NEGATIVE NUMBERS.
R  INDICATES RECORD WAS SET OR TIED.
MM INDICATES DATA IS MISSING.
T  INDICATES TRACE AMOUNT.




$$
