000
CDUS44 KLCH 242218
CLIAEX


CLIMATE REPORT
NATIONAL WEATHER SERVICE LAKE CHARLES, LA
518 PM CDT THU APR 24 2014


...................................

...THE ALEXANDRIA CLIMATE SUMMARY FOR APRIL 24 2014...
VALID TODAY AS OF 0500 PM LOCAL TIME.

CLIMATE NORMAL PERIOD 1981 TO 2010
CLIMATE RECORD PERIOD 1892 TO 2014


WEATHER ITEM   OBSERVED TIME   RECORD YEAR NORMAL DEPARTURE LAST
                VALUE   (LST)  VALUE       VALUE  FROM      YEAR
                                                  NORMAL
..................................................................
TEMPERATURE (F)
 TODAY
  MAXIMUM         84    102 PM  92    1925  80      4       71
                                      1923
  MINIMUM         61    249 AM  42    1910  57      4       49
  AVERAGE         73                        69      4       60

PRECIPITATION (IN)
  TODAY            0.00          2.65 1937   0.12  -0.12     0.44
  MONTH TO DATE    2.99                      3.85  -0.86     3.18
  SINCE MAR 1      6.90                      8.90  -2.00     4.57
  SINCE JAN 1     13.28                     18.58  -5.30    21.02

SNOWFALL (IN)
  TODAY            0.0           0.0    MM  MM     MM       MM
  MONTH TO DATE    0.0                      MM     MM        0.0
  SINCE MAR 1      0.2                      MM     MM        0.0
  SINCE JUL 1      5.0                      MM     MM        0.0
  SNOW DEPTH       0

DEGREE DAYS
 HEATING
  TODAY            0                         1     -1        5
  MONTH TO DATE   81                        62     19       99
  SINCE MAR 1    398                       277    121      405
  SINCE JUL 1   2414                      1942    472     1838

 COOLING
  TODAY            8                         4      4        0
  MONTH TO DATE   68                        74     -6       66
  SINCE MAR 1     81                       110    -29       82
  SINCE JAN 1     92                       127    -35      100
..................................................................


WIND (MPH)
  HIGHEST WIND SPEED    23   HIGHEST WIND DIRECTION     S (200)
  HIGHEST GUST SPEED    28   HIGHEST GUST DIRECTION     S (200)
  AVERAGE WIND SPEED     8.8


SKY COVER
  POSSIBLE SUNSHINE  MM
  AVERAGE SKY COVER 0.6


WEATHER CONDITIONS
 THE FOLLOWING WEATHER WAS RECORDED TODAY.
  FOG
  HAZE


RELATIVE HUMIDITY (PERCENT)
 HIGHEST    93           100 AM
 LOWEST     45          1100 AM
 AVERAGE    69

..........................................................


THE ALEXANDRIA CLIMATE NORMALS FOR TOMORROW
                         NORMAL    RECORD    YEAR
 MAXIMUM TEMPERATURE (F)   81        93      1925
 MINIMUM TEMPERATURE (F)   57        32      1910


SUNRISE AND SUNSET
APRIL 24 2014.........SUNRISE   632 AM CDT   SUNSET   745 PM CDT
APRIL 25 2014.........SUNRISE   631 AM CDT   SUNSET   746 PM CDT


-  INDICATES NEGATIVE NUMBERS.
R  INDICATES RECORD WAS SET OR TIED.
MM INDICATES DATA IS MISSING.
T  INDICATES TRACE AMOUNT.




$$
