000
CDUS44 KLCH 222203
CLIAEX


CLIMATE REPORT
NATIONAL WEATHER SERVICE LAKE CHARLES, LA
503 PM CDT SAT JUL 22 2017


...................................

...THE ALEXANDRIA CLIMATE SUMMARY FOR JULY 22 2017...
VALID TODAY AS OF 0500 PM LOCAL TIME.

CLIMATE NORMAL PERIOD 1981 TO 2010
CLIMATE RECORD PERIOD 1892 TO 2017


WEATHER ITEM   OBSERVED TIME   RECORD YEAR NORMAL DEPARTURE LAST
                VALUE   (LST)  VALUE       VALUE  FROM      YEAR
                                                  NORMAL
..................................................................
TEMPERATURE (F)
 TODAY
  MAXIMUM         93    112 PM 104    1907  92      1       99
  MINIMUM         74    556 AM  64    1915  73      1       75
  AVERAGE         84                        82      2       87

PRECIPITATION (IN)
  TODAY            0.00          3.28 2009   0.09  -0.09      T
  MONTH TO DATE    2.44                      2.88  -0.44     0.99
  SINCE JUN 1      8.33                      7.98   0.35     3.95
  SINCE JAN 1     33.04                     31.98   1.06    26.30

DEGREE DAYS
 COOLING
  TODAY           19                        18      1       22
  MONTH TO DATE  382                       378      4      425
  SINCE JUN 1    796                       831    -35      907
  SINCE JAN 1   1371                      1285     86     1374
..................................................................


WIND (MPH)
  HIGHEST WIND SPEED    16   HIGHEST WIND DIRECTION     S (180)
  HIGHEST GUST SPEED    21   HIGHEST GUST DIRECTION    NW (300)
  AVERAGE WIND SPEED     4.2


SKY COVER
  POSSIBLE SUNSHINE  MM
  AVERAGE SKY COVER 0.1


WEATHER CONDITIONS
 THE FOLLOWING WEATHER WAS RECORDED TODAY.
  FOG


RELATIVE HUMIDITY (PERCENT)
 HIGHEST   100           500 AM
 LOWEST     52           100 PM
 AVERAGE    76

..........................................................


THE ALEXANDRIA CLIMATE NORMALS FOR TOMORROW
                         NORMAL    RECORD    YEAR
 MAXIMUM TEMPERATURE (F)   92       105      1924
 MINIMUM TEMPERATURE (F)   73        60      1894


SUNRISE AND SUNSET
JULY 22 2017..........SUNRISE   621 AM CDT   SUNSET   812 PM CDT
JULY 23 2017..........SUNRISE   621 AM CDT   SUNSET   812 PM CDT


-  INDICATES NEGATIVE NUMBERS.
R  INDICATES RECORD WAS SET OR TIED.
MM INDICATES DATA IS MISSING.
T  INDICATES TRACE AMOUNT.




$$
