000
CDUS44 KLCH 212319
CLIAEX


CLIMATE REPORT
NATIONAL WEATHER SERVICE LAKE CHARLES, LA
619 PM CDT THU SEP 21 2017


...................................

...THE ALEXANDRIA CLIMATE SUMMARY FOR SEPTEMBER 21 2017...
VALID TODAY AS OF 0500 PM LOCAL TIME.

CLIMATE NORMAL PERIOD 1981 TO 2010
CLIMATE RECORD PERIOD 1892 TO 2017


WEATHER ITEM   OBSERVED TIME   RECORD YEAR NORMAL DEPARTURE LAST
                VALUE   (LST)  VALUE       VALUE  FROM      YEAR
                                                  NORMAL
..................................................................
TEMPERATURE (F)
 TODAY
  MAXIMUM         93    344 PM 100    2005  87      6       95
  MINIMUM         71    357 AM  47    1899  64      7       67
  AVERAGE         82                        75      7       81

PRECIPITATION (IN)
  TODAY            0.00          5.00 1979   0.09  -0.09     0.00
  MONTH TO DATE    0.07                      1.74  -1.67     3.46
  SINCE SEP 1      0.07                      1.74  -1.67     3.46
  SINCE JAN 1     43.30                     37.97   5.33    44.20

DEGREE DAYS
 HEATING
  TODAY            0                         0      0        0
  MONTH TO DATE    0                         0      0        0
  SINCE SEP 1      0                         0      0        0
  SINCE JUL 1      0                         0      0        0

 COOLING
  TODAY           17                        10      7       16
  MONTH TO DATE  246                       282    -36      365
  SINCE SEP 1    246                       282    -36      365
  SINCE JAN 1   2275                      2269      6     2468
..................................................................


WIND (MPH)
  HIGHEST WIND SPEED    10   HIGHEST WIND DIRECTION     S (170)
  HIGHEST GUST SPEED    13   HIGHEST GUST DIRECTION     S (190)
  AVERAGE WIND SPEED     3.9


SKY COVER
  POSSIBLE SUNSHINE  MM
  AVERAGE SKY COVER 0.1


WEATHER CONDITIONS
 THE FOLLOWING WEATHER WAS RECORDED TODAY.
  FOG


RELATIVE HUMIDITY (PERCENT)
 HIGHEST   100           200 AM
 LOWEST     39           200 PM
 AVERAGE    70

..........................................................


THE ALEXANDRIA CLIMATE NORMALS FOR TOMORROW
                         NORMAL    RECORD    YEAR
 MAXIMUM TEMPERATURE (F)   86        99      1925
                                             1907
 MINIMUM TEMPERATURE (F)   64        44      1983
                                             1897


SUNRISE AND SUNSET
SEPTEMBER 21 2017.....SUNRISE   658 AM CDT   SUNSET   708 PM CDT
SEPTEMBER 22 2017.....SUNRISE   659 AM CDT   SUNSET   706 PM CDT


-  INDICATES NEGATIVE NUMBERS.
R  INDICATES RECORD WAS SET OR TIED.
MM INDICATES DATA IS MISSING.
T  INDICATES TRACE AMOUNT.




$$
