000
CDUS44 KLCH 240900
CLIAEX


CLIMATE REPORT
NATIONAL WEATHER SERVICE LAKE CHARLES, LA
400 AM CDT THU JUL 24 2014


...................................

...THE ALEXANDRIA CLIMATE SUMMARY FOR JULY 23 2014...

CLIMATE NORMAL PERIOD 1981 TO 2010
CLIMATE RECORD PERIOD 1892 TO 2014


WEATHER ITEM   OBSERVED TIME   RECORD YEAR NORMAL DEPARTURE LAST
                VALUE   (LST)  VALUE       VALUE  FROM      YEAR
                                                  NORMAL
..................................................................
TEMPERATURE (F)
 YESTERDAY
  MAXIMUM         91   1121 AM 105    1924  92     -1       95
  MINIMUM         71    548 AM  60    1894  73     -2       77
  AVERAGE         81                        83     -2       86

PRECIPITATION (IN)
  YESTERDAY        0.05          7.93 1969   0.09  -0.04     0.00
  MONTH TO DATE    5.15                      2.97   2.18     1.85
  SINCE JUN 1      8.03                      8.07  -0.04     6.04
  SINCE JAN 1     26.25                     32.07  -5.82    31.30

DEGREE DAYS
 COOLING
  YESTERDAY       16                        18     -2       21
  MONTH TO DATE  357                       396    -39      381
  SINCE JUN 1    830                       849    -19      862
  SINCE JAN 1   1241                      1303    -62     1255
..................................................................


WIND (MPH)
  HIGHEST WIND SPEED    16   HIGHEST WIND DIRECTION    NE (30)
  HIGHEST GUST SPEED    21   HIGHEST GUST DIRECTION    NE (40)
  AVERAGE WIND SPEED     3.3


SKY COVER
  POSSIBLE SUNSHINE  MM
  AVERAGE SKY COVER 0.3


WEATHER CONDITIONS
 THE FOLLOWING WEATHER WAS RECORDED YESTERDAY.
  THUNDERSTORM
  RAIN
  LIGHT RAIN
  FOG
  HAZE


RELATIVE HUMIDITY (PERCENT)
 HIGHEST   100           100 AM
 LOWEST     56          1100 AM
 AVERAGE    78

..........................................................


THE ALEXANDRIA CLIMATE NORMALS FOR TODAY
                         NORMAL    RECORD    YEAR
 MAXIMUM TEMPERATURE (F)   92       102      1907
 MINIMUM TEMPERATURE (F)   73        60      1894


SUNRISE AND SUNSET
JULY 24 2014..........SUNRISE   622 AM CDT   SUNSET   811 PM CDT
JULY 25 2014..........SUNRISE   622 AM CDT   SUNSET   811 PM CDT


-  INDICATES NEGATIVE NUMBERS.
R  INDICATES RECORD WAS SET OR TIED.
MM INDICATES DATA IS MISSING.
T  INDICATES TRACE AMOUNT.




$$
