000
CDUS44 KLCH 230811
CLIAEX


CLIMATE REPORT
NATIONAL WEATHER SERVICE LAKE CHARLES, LA
311 AM CDT SAT AUG 23 2014


...................................

...THE ALEXANDRIA CLIMATE SUMMARY FOR AUGUST 22 2014...

CLIMATE NORMAL PERIOD 1981 TO 2010
CLIMATE RECORD PERIOD 1892 TO 2014


WEATHER ITEM   OBSERVED TIME   RECORD YEAR NORMAL DEPARTURE LAST
                VALUE   (LST)  VALUE       VALUE  FROM      YEAR
                                                  NORMAL
..................................................................
TEMPERATURE (F)
 YESTERDAY
  MAXIMUM         94    326 PM 103    1980  94      0       94
                                      1906
                                      1902
  MINIMUM         73    237 AM  55    1893  71      2       71
  AVERAGE         84                        82      2       83

PRECIPITATION (IN)
  YESTERDAY        0.00          2.25 1918   0.13  -0.13     0.00
  MONTH TO DATE    2.12                      2.44  -0.32     4.67
  SINCE JUN 1     10.15                     11.17  -1.02    12.32
  SINCE JAN 1     28.37                     35.17  -6.80    37.58

DEGREE DAYS
 COOLING
  YESTERDAY       19                        17      2       18
  MONTH TO DATE  373                       394    -21      405
  SINCE JUN 1   1341                      1386    -45     1413
  SINCE JAN 1   1752                      1840    -88     1806
..................................................................


WIND (MPH)
  HIGHEST WIND SPEED     9   HIGHEST WIND DIRECTION    NW (300)
  HIGHEST GUST SPEED    12   HIGHEST GUST DIRECTION    NW (320)
  AVERAGE WIND SPEED     2.3


SKY COVER
  POSSIBLE SUNSHINE  MM
  AVERAGE SKY COVER 0.0


WEATHER CONDITIONS
 THE FOLLOWING WEATHER WAS RECORDED YESTERDAY.
  FOG


RELATIVE HUMIDITY (PERCENT)
 HIGHEST   100           500 AM
 LOWEST     49           400 PM
 AVERAGE    75

..........................................................


THE ALEXANDRIA CLIMATE NORMALS FOR TODAY
                         NORMAL    RECORD    YEAR
 MAXIMUM TEMPERATURE (F)   93       105      1906
 MINIMUM TEMPERATURE (F)   71        57      1893


SUNRISE AND SUNSET
AUGUST 23 2014........SUNRISE   641 AM CDT   SUNSET   744 PM CDT
AUGUST 24 2014........SUNRISE   641 AM CDT   SUNSET   743 PM CDT


-  INDICATES NEGATIVE NUMBERS.
R  INDICATES RECORD WAS SET OR TIED.
MM INDICATES DATA IS MISSING.
T  INDICATES TRACE AMOUNT.




$$
