000
CDUS42 KCAE 312130
CLIAGS


CLIMATE REPORT
NATIONAL WEATHER SERVICE COLUMBIA SC
529 PM EDT MON AUG 31 2015


...................................

...THE AUGUSTA BUSH FIELD GA CLIMATE SUMMARY FOR AUGUST 31 2015...
VALID TODAY AS OF 0500 PM LOCAL TIME.

CLIMATE NORMAL PERIOD 1981 TO 2010
CLIMATE RECORD PERIOD 1873 TO 2015


WEATHER ITEM   OBSERVED TIME   RECORD YEAR NORMAL DEPARTURE LAST
                VALUE   (LST)  VALUE       VALUE  FROM      YEAR
                                                  NORMAL
..................................................................
TEMPERATURE (F)
 TODAY
  MAXIMUM         85    337 PM 100    1998  90     -5       96
  MINIMUM         68    419 AM  55    1999  67      1       73
                                      1965
  AVERAGE         77                        79     -2       85

PRECIPITATION (IN)
  TODAY            0.00          2.62 1978   0.12  -0.12     0.12
  MONTH TO DATE    3.74                      4.32  -0.58     1.76
  SINCE JUN 1     10.76                     13.37  -2.61     9.56
  SINCE JAN 1     26.39                     30.87  -4.48    28.42

SNOWFALL (IN)
  TODAY            0.0          MM      MM   0.0             0.0
  MONTH TO DATE    0.0                       0.0             0.0
  SINCE JUN 1      0.0                       0.0             0.0
  SINCE JUL 1      0.0                       0.0             0.0

DEGREE DAYS
 HEATING
  TODAY            0                         0      0        0
  MONTH TO DATE    0                         0      0        0
  SINCE JUN 1      0                         0      0        0
  SINCE JUL 1      0                         0      0        0

 COOLING
  TODAY           12                        14     -2       20
  MONTH TO DATE  491                       482      9      463
  SINCE JUN 1   1552                      1405    147     1367
  SINCE JAN 1   1913                      1688    225     1651
..................................................................


WIND (MPH)
  HIGHEST WIND SPEED    10   HIGHEST WIND DIRECTION     N (350)
  HIGHEST GUST SPEED    13   HIGHEST GUST DIRECTION     N (350)
  AVERAGE WIND SPEED     4.9


SKY COVER
  AVERAGE SKY COVER 0.9


WEATHER CONDITIONS
 THE FOLLOWING WEATHER WAS RECORDED TODAY.
  FOG


RELATIVE HUMIDITY (PERCENT)
 HIGHEST   100           400 AM
 LOWEST     59           400 PM
 AVERAGE    80

..........................................................


THE AUGUSTA BUSH FIELD GA CLIMATE NORMALS FOR TOMORROW
                         NORMAL    RECORD    YEAR
 MAXIMUM TEMPERATURE (F)   90       100      1957
 MINIMUM TEMPERATURE (F)   67        51      1999


SUNRISE AND SUNSET
AUGUST 31 2015........SUNRISE   701 AM EDT   SUNSET   755 PM EDT
SEPTEMBER  1 2015.....SUNRISE   702 AM EDT   SUNSET   753 PM EDT


-  INDICATES NEGATIVE NUMBERS.
R  INDICATES RECORD WAS SET OR TIED.
MM INDICATES DATA IS MISSING.
T  INDICATES TRACE AMOUNT.




$$
