000
CDUS42 KCAE 260641
CLIAGS


CLIMATE REPORT
NATIONAL WEATHER SERVICE COLUMBIA SC
241 AM EDT WED APR 26 2017


...................................

...THE AUGUSTA REGIONAL BUSH FIELD GA CLIMATE SUMMARY FOR APRIL 25 2017...

CLIMATE NORMAL PERIOD 1981 TO 2010
CLIMATE RECORD PERIOD 1873 TO 2017


WEATHER ITEM   OBSERVED TIME   RECORD YEAR NORMAL DEPARTURE LAST
                VALUE   (LST)  VALUE       VALUE  FROM      YEAR
                                                  NORMAL
..................................................................
TEMPERATURE (F)
 YESTERDAY
  MAXIMUM         81    248 PM  93    1885  80      1       83
  MINIMUM         59    507 AM  34    1974  50      9       53
  AVERAGE         70                        65      5       68

PRECIPITATION (IN)
  YESTERDAY        0.00          1.58 1979   0.08  -0.08     0.00
  MONTH TO DATE    2.58                      2.43   0.15     4.41
  SINCE MAR 1      4.35                      6.61  -2.26     7.59
  SINCE JAN 1     16.59                     14.44   2.15    13.01

SNOWFALL (IN)
  YESTERDAY        0.0          MM      MM   0.0             0.0
  MONTH TO DATE    0.0                       0.0             0.0
  SINCE MAR 1      0.0                       0.0             0.0
  SINCE JUL 1      T                         0.9             0.5

DEGREE DAYS
 HEATING
  YESTERDAY        0                         3     -3        0
  MONTH TO DATE   31                       113    -82       93
  SINCE MAR 1    269                       409   -140      266
  SINCE JUL 1   1404                      2441  -1037     1843

 COOLING
  YESTERDAY        5                         3      2        3
  MONTH TO DATE  114                        39     75       19
  SINCE MAR 1    167                        54    113       70
  SINCE JAN 1    197                        57    140       73
..................................................................


WIND (MPH)
  HIGHEST WIND SPEED    16   HIGHEST WIND DIRECTION    NW (320)
  HIGHEST GUST SPEED    21   HIGHEST GUST DIRECTION    NW (320)
  AVERAGE WIND SPEED     6.8


SKY COVER
  AVERAGE SKY COVER 0.6


WEATHER CONDITIONS
 THE FOLLOWING WEATHER WAS RECORDED YESTERDAY.
  FOG
  FOG W/VISIBILITY <= 1/4 MILE


RELATIVE HUMIDITY (PERCENT)
 HIGHEST   100          1100 PM
 LOWEST     48           300 PM
 AVERAGE    74

..........................................................


THE AUGUSTA REGIONAL BUSH FIELD GA CLIMATE NORMALS FOR TODAY
                         NORMAL    RECORD    YEAR
 MAXIMUM TEMPERATURE (F)   80        91      2011
                                             1986
                                             1925
 MINIMUM TEMPERATURE (F)   51        36      1910


SUNRISE AND SUNSET
APRIL 26 2017.........SUNRISE   645 AM EDT   SUNSET   807 PM EDT
APRIL 27 2017.........SUNRISE   644 AM EDT   SUNSET   808 PM EDT


-  INDICATES NEGATIVE NUMBERS.
R  INDICATES RECORD WAS SET OR TIED.
MM INDICATES DATA IS MISSING.
T  INDICATES TRACE AMOUNT.




$$
