000
CDUS42 KCAE 220709
CLIAGS


CLIMATE REPORT
NATIONAL WEATHER SERVICE COLUMBIA SC
308 AM EDT WED OCT 22 2014


...................................

...THE AUGUSTA REGIONAL BUSH FIELD GA CLIMATE SUMMARY FOR OCTOBER 21 2014...

CLIMATE NORMAL PERIOD 1981 TO 2010
CLIMATE RECORD PERIOD 1873 TO 2014


WEATHER ITEM   OBSERVED TIME   RECORD YEAR NORMAL DEPARTURE LAST
                VALUE   (LST)  VALUE       VALUE  FROM      YEAR
                                                  NORMAL
..................................................................
TEMPERATURE (F)
 YESTERDAY
  MAXIMUM         81    257 PM  91    1984  76      5       72
                                      1943
  MINIMUM         44    700 AM  32    1974  49     -5       48
  AVERAGE         63                        63      0       60

PRECIPITATION (IN)
  YESTERDAY        0.00          1.06 1909   0.10  -0.10     0.00
  MONTH TO DATE    0.51                      2.40  -1.89     0.33
  SINCE SEP 1      2.77                      5.62  -2.85     1.45
  SINCE JAN 1     31.19                     36.49  -5.30    46.77

SNOWFALL (IN)
  YESTERDAY        0.0          MM      MM   0.0             0.0
  MONTH TO DATE    0.0                       0.0             0.0
  SINCE SEP 1      0.0                       0.0             0.0
  SINCE JUL 1      0.0                       0.0             0.0

DEGREE DAYS
 HEATING
  YESTERDAY        2                         4     -2        5
  MONTH TO DATE   41                        52    -11        8
  SINCE SEP 1     43                        59    -16        8
  SINCE JUL 1     43                        59    -16        8

 COOLING
  YESTERDAY        0                         2     -2        0
  MONTH TO DATE   98                        73     25       87
  SINCE SEP 1    431                       369     62      380
  SINCE JAN 1   2082                      2057     25     1855
..................................................................


WIND (MPH)
  HIGHEST WIND SPEED    18   HIGHEST WIND DIRECTION     W (280)
  HIGHEST GUST SPEED    26   HIGHEST GUST DIRECTION     W (270)
  AVERAGE WIND SPEED     5.2


SKY COVER
  AVERAGE SKY COVER 0.0


WEATHER CONDITIONS
 THE FOLLOWING WEATHER WAS RECORDED YESTERDAY.
  FOG
  FOG W/VISIBILITY <= 1/4 MILE


RELATIVE HUMIDITY (PERCENT)
 HIGHEST   100           300 AM
 LOWEST     25           200 PM
 AVERAGE    63

..........................................................


THE AUGUSTA REGIONAL BUSH FIELD GA CLIMATE NORMALS FOR TODAY
                         NORMAL    RECORD    YEAR
 MAXIMUM TEMPERATURE (F)   76        90      1984
 MINIMUM TEMPERATURE (F)   49        27      1974


SUNRISE AND SUNSET
OCTOBER 22 2014.......SUNRISE   738 AM EDT   SUNSET   646 PM EDT
OCTOBER 23 2014.......SUNRISE   739 AM EDT   SUNSET   645 PM EDT


-  INDICATES NEGATIVE NUMBERS.
R  INDICATES RECORD WAS SET OR TIED.
MM INDICATES DATA IS MISSING.
T  INDICATES TRACE AMOUNT.




$$
