000
CDUS42 KCAE 302131
CLIAGS


CLIMATE REPORT
NATIONAL WEATHER SERVICE COLUMBIA SC
531 PM EDT SAT APR 30 2016


...................................

...THE AUGUSTA BUSH FIELD GA CLIMATE SUMMARY FOR APRIL 30 2016...
VALID TODAY AS OF 0500 PM LOCAL TIME.

CLIMATE NORMAL PERIOD 1981 TO 2010
CLIMATE RECORD PERIOD 1873 TO 2016


WEATHER ITEM   OBSERVED TIME   RECORD YEAR NORMAL DEPARTURE LAST
                VALUE   (LST)  VALUE       VALUE  FROM      YEAR
                                                  NORMAL
..................................................................
TEMPERATURE (F)
 TODAY
  MAXIMUM         90    257 PM  93    1987  81      9       78
  MINIMUM         60    452 AM  37    2008  52      8       44
  AVERAGE         75                        66      9       61

PRECIPITATION (IN)
  TODAY            0.00          1.96 1953   0.08  -0.08     0.00
  MONTH TO DATE    4.42                      2.84   1.58     4.86
  SINCE MAR 1      7.60                      7.02   0.58     7.90
  SINCE JAN 1     13.02                     14.85  -1.83    14.70

SNOWFALL (IN)
  TODAY            0.0          MM      MM   0.0             0.0
  MONTH TO DATE    0.0                       0.0             0.0
  SINCE MAR 1      0.0                       0.0             0.0
  SINCE JUL 1      0.5                       0.9              T

DEGREE DAYS
 HEATING
  TODAY            0                         2     -2        4
  MONTH TO DATE   93                       123    -30       54
  SINCE MAR 1    266                       420   -154      267
  SINCE JUL 1   1843                      2452   -609     2553

 COOLING
  TODAY           10                         3      7        0
  MONTH TO DATE   64                        55      9      102
  SINCE MAR 1    115                        70     45      114
  SINCE JAN 1    118                        73     45      114
..................................................................


WIND (MPH)
  HIGHEST WIND SPEED    18   HIGHEST WIND DIRECTION     S (160)
  HIGHEST GUST SPEED    24   HIGHEST GUST DIRECTION     S (160)
  AVERAGE WIND SPEED     6.5


SKY COVER
  AVERAGE SKY COVER 0.4


WEATHER CONDITIONS
 THE FOLLOWING WEATHER WAS RECORDED TODAY.
  FOG
  FOG W/VISIBILITY <= 1/4 MILE


RELATIVE HUMIDITY (PERCENT)
 HIGHEST   100           400 AM
 LOWEST     38           300 PM
 AVERAGE    69

..........................................................


THE AUGUSTA BUSH FIELD GA CLIMATE NORMALS FOR TOMORROW
                         NORMAL    RECORD    YEAR
 MAXIMUM TEMPERATURE (F)   81        94      1986
 MINIMUM TEMPERATURE (F)   52        38      1996


SUNRISE AND SUNSET
APRIL 30 2016.........SUNRISE   640 AM EDT   SUNSET   810 PM EDT
MAY  1 2016...........SUNRISE   639 AM EDT   SUNSET   811 PM EDT


-  INDICATES NEGATIVE NUMBERS.
R  INDICATES RECORD WAS SET OR TIED.
MM INDICATES DATA IS MISSING.
T  INDICATES TRACE AMOUNT.




$$
