000
CDUS42 KCAE 260528
CLIAGS


CLIMATE REPORT
NATIONAL WEATHER SERVICE COLUMBIA SC
127 AM EDT MON JUN 26 2017


...................................

...THE AUGUSTA REGIONAL BUSH FIELD GA CLIMATE SUMMARY FOR JUNE 25 2017...

CLIMATE NORMAL PERIOD 1981 TO 2010
CLIMATE RECORD PERIOD 1873 TO 2017


WEATHER ITEM   OBSERVED TIME   RECORD YEAR NORMAL DEPARTURE LAST
                VALUE   (LST)  VALUE       VALUE  FROM      YEAR
                                                  NORMAL
..................................................................
TEMPERATURE (F)
 YESTERDAY
  MAXIMUM         94    442 PM 104    1914  92      2      100
  MINIMUM         74    545 AM  57    1990  68      6       70
                                      1974
  AVERAGE         84                        80      4       85

PRECIPITATION (IN)
  YESTERDAY        0.00          1.95 1941   0.15  -0.15     0.00
  MONTH TO DATE    3.10                      3.99  -0.89     2.33
  SINCE JUN 1      3.10                      3.99  -0.89     2.33
  SINCE JAN 1     23.05                     21.49   1.56    21.06

SNOWFALL (IN)
  YESTERDAY        0.0          MM      MM   0.0             0.0
  MONTH TO DATE    0.0                       0.0             0.0
  SINCE JUN 1      0.0                       0.0             0.0
  SINCE JUL 1      T                         0.9             0.5

DEGREE DAYS
 HEATING
  YESTERDAY        0                         0      0        0
  MONTH TO DATE    0                         0      0        0
  SINCE JUN 1      0                         0      0        0
  SINCE JUL 1   1407                      2471  -1064     1856

 COOLING
  YESTERDAY       19                        15      4       20
  MONTH TO DATE  385                       331     54      387
  SINCE JUN 1    385                       331     54      387
  SINCE JAN 1    926                       614    312      702
..................................................................


WIND (MPH)
  HIGHEST WIND SPEED    16   HIGHEST WIND DIRECTION     N (340)
  HIGHEST GUST SPEED    20   HIGHEST GUST DIRECTION     N (350)
  AVERAGE WIND SPEED     3.4


SKY COVER
  AVERAGE SKY COVER 0.3


WEATHER CONDITIONS
 THE FOLLOWING WEATHER WAS RECORDED YESTERDAY.
  NO SIGNIFICANT WEATHER WAS OBSERVED.


RELATIVE HUMIDITY (PERCENT)
 HIGHEST    94           200 AM
 LOWEST     38           500 PM
 AVERAGE    66

..........................................................


THE AUGUSTA REGIONAL BUSH FIELD GA CLIMATE NORMALS FOR TODAY
                         NORMAL    RECORD    YEAR
 MAXIMUM TEMPERATURE (F)   92       105      1952
 MINIMUM TEMPERATURE (F)   68        59      2012
                                             1974


SUNRISE AND SUNSET
JUNE 26 2017..........SUNRISE   620 AM EDT   SUNSET   841 PM EDT
JUNE 27 2017..........SUNRISE   621 AM EDT   SUNSET   841 PM EDT


-  INDICATES NEGATIVE NUMBERS.
R  INDICATES RECORD WAS SET OR TIED.
MM INDICATES DATA IS MISSING.
T  INDICATES TRACE AMOUNT.




$$
