032
CDUS42 KCAE 300620
CLIAGS


CLIMATE REPORT
NATIONAL WEATHER SERVICE COLUMBIA SC
220 AM EDT FRI SEP 30 2016


...................................

...THE AUGUSTA REGIONAL BUSH FIELD GA CLIMATE SUMMARY FOR SEPTEMBER 29 2016...

CLIMATE NORMAL PERIOD 1981 TO 2010
CLIMATE RECORD PERIOD 1873 TO 2016


WEATHER ITEM   OBSERVED TIME   RECORD YEAR NORMAL DEPARTURE LAST
                VALUE   (LST)  VALUE       VALUE  FROM      YEAR
                                                  NORMAL
..................................................................
TEMPERATURE (F)
 YESTERDAY
  MAXIMUM         90    308 PM  96    1941  83      7       84
  MINIMUM         60   1159 PM  43    2003  58      2       73
  AVERAGE         75                        70      5       79

PRECIPITATION (IN)
  YESTERDAY        0.00          3.73 1920   0.12  -0.12     0.03
  MONTH TO DATE    4.58                      3.10   1.48     4.04
  SINCE SEP 1      4.58                      3.10   1.48     4.04
  SINCE JAN 1     31.15                     33.97  -2.82    30.43

SNOWFALL (IN)
  YESTERDAY        0.0          MM      MM   0.0             0.0
  MONTH TO DATE    0.0                       0.0             0.0
  SINCE SEP 1      0.0                       0.0             0.0
  SINCE JUL 1      0.0                       0.0             0.0

DEGREE DAYS
 HEATING
  YESTERDAY        0                         1     -1        0
  MONTH TO DATE    0                         4     -4        0
  SINCE SEP 1      0                         4     -4        0
  SINCE JUL 1      0                         4     -4        0

 COOLING
  YESTERDAY       10                         6      4       14
  MONTH TO DATE  381                       291     90      303
  SINCE SEP 1    381                       291     90      303
  SINCE JAN 1   2352                      1979    373     2216
..................................................................


WIND (MPH)
  HIGHEST WIND SPEED    15   HIGHEST WIND DIRECTION    SW (230)
  HIGHEST GUST SPEED    22   HIGHEST GUST DIRECTION    SW (220)
  AVERAGE WIND SPEED     5.3


SKY COVER
  AVERAGE SKY COVER 0.2


WEATHER CONDITIONS
 THE FOLLOWING WEATHER WAS RECORDED YESTERDAY.
  NO SIGNIFICANT WEATHER WAS OBSERVED.


RELATIVE HUMIDITY (PERCENT)
 HIGHEST    97           500 AM
 LOWEST     26           200 PM
 AVERAGE    62

..........................................................


THE AUGUSTA REGIONAL BUSH FIELD GA CLIMATE NORMALS FOR TODAY
                         NORMAL    RECORD    YEAR
 MAXIMUM TEMPERATURE (F)   83        96      1904
 MINIMUM TEMPERATURE (F)   57        36      1967


SUNRISE AND SUNSET
SEPTEMBER 30 2016.....SUNRISE   722 AM EDT   SUNSET   713 PM EDT
OCTOBER  1 2016.......SUNRISE   722 AM EDT   SUNSET   712 PM EDT


-  INDICATES NEGATIVE NUMBERS.
R  INDICATES RECORD WAS SET OR TIED.
MM INDICATES DATA IS MISSING.
T  INDICATES TRACE AMOUNT.




$$
