000
CDUS42 KCAE 282120
CLIAGS


CLIMATE REPORT
NATIONAL WEATHER SERVICE COLUMBIA SC
520 PM EDT SAT MAR 28 2015


...................................

...THE AUGUSTA BUSH FIELD GA CLIMATE SUMMARY FOR MARCH 28 2015...
VALID TODAY AS OF 0500 PM LOCAL TIME.

CLIMATE NORMAL PERIOD 1981 TO 2010
CLIMATE RECORD PERIOD 1873 TO 2015


WEATHER ITEM   OBSERVED TIME   RECORD YEAR NORMAL DEPARTURE LAST
                VALUE   (LST)  VALUE       VALUE  FROM      YEAR
                                                  NORMAL
..................................................................
TEMPERATURE (F)
 TODAY
  MAXIMUM         57    402 PM  91    1907  73    -16       62
  MINIMUM         39    644 AM  27    2001  44     -5       43
                                      1955
  AVERAGE         48                        59    -11       53

PRECIPITATION (IN)
  TODAY            0.00          2.33 1920   0.13  -0.13     0.30
  MONTH TO DATE    2.95                      3.81  -0.86     2.50
  SINCE MAR 1      2.95                      3.81  -0.86     2.50
  SINCE JAN 1      9.75                     11.64  -1.89     8.71

SNOWFALL (IN)
  TODAY            0.0          MM      MM   0.0             0.0
  MONTH TO DATE    0.0                       0.0             0.0
  SINCE MAR 1      0.0                       0.0             0.0
  SINCE JUL 1      T                         0.9             3.3

DEGREE DAYS
 HEATING
  TODAY           17                         7     10       12
  MONTH TO DATE  178                       276    -98      382
  SINCE MAR 1    178                       276    -98      382
  SINCE JUL 1   2464                      2308    156     2544

 COOLING
  TODAY            0                         1     -1        0
  MONTH TO DATE   12                        14     -2        0
  SINCE MAR 1     12                        14     -2        0
  SINCE JAN 1     12                        17     -5        2
..................................................................


WIND (MPH)
  HIGHEST WIND SPEED    18   HIGHEST WIND DIRECTION    NW (300)
  HIGHEST GUST SPEED    26   HIGHEST GUST DIRECTION    NW (330)
  AVERAGE WIND SPEED     9.9


SKY COVER
  AVERAGE SKY COVER 0.1


WEATHER CONDITIONS
 THE FOLLOWING WEATHER WAS RECORDED TODAY.
  NO SIGNIFICANT WEATHER WAS OBSERVED.


RELATIVE HUMIDITY (PERCENT)
 HIGHEST    93          1200 AM
 LOWEST     20           400 PM
 AVERAGE    57

..........................................................


THE AUGUSTA BUSH FIELD GA CLIMATE NORMALS FOR TOMORROW
                         NORMAL    RECORD    YEAR
 MAXIMUM TEMPERATURE (F)   73        89      1907
 MINIMUM TEMPERATURE (F)   45        24      1955


SUNRISE AND SUNSET
MARCH 28 2015.........SUNRISE   721 AM EDT   SUNSET   745 PM EDT
MARCH 29 2015.........SUNRISE   720 AM EDT   SUNSET   746 PM EDT


-  INDICATES NEGATIVE NUMBERS.
R  INDICATES RECORD WAS SET OR TIED.
MM INDICATES DATA IS MISSING.
T  INDICATES TRACE AMOUNT.




$$
