000
CDUS42 KCAE 280659
CLIAGS


CLIMATE REPORT
NATIONAL WEATHER SERVICE COLUMBIA SC
159 AM EST FRI NOV 28 2014


...................................

...THE AUGUSTA REGIONAL BUSH FIELD GA CLIMATE SUMMARY FOR NOVEMBER 27 2014...

CLIMATE NORMAL PERIOD 1981 TO 2010
CLIMATE RECORD PERIOD 1873 TO 2014


WEATHER ITEM   OBSERVED TIME   RECORD YEAR NORMAL DEPARTURE LAST
                VALUE   (LST)  VALUE       VALUE  FROM      YEAR
                                                  NORMAL
..................................................................
TEMPERATURE (F)
 YESTERDAY
  MAXIMUM         55   1233 PM  83    2001  66    -11       49
  MINIMUM         37   1200 AM  21    1974  38     -1       31
  AVERAGE         46                        52     -6       40

PRECIPITATION (IN)
  YESTERDAY        0.00          2.12 1921   0.10  -0.10     0.09
  MONTH TO DATE    3.19                      2.51   0.68     1.82
  SINCE SEP 1      6.06                      9.00  -2.94     3.30
  SINCE JAN 1     34.48                     39.87  -5.39    48.62

SNOWFALL (IN)
  YESTERDAY        0.0          MM      MM   0.0             0.0
  MONTH TO DATE    0.0                       0.0             0.0
  SINCE SEP 1      0.0                       0.0             0.0
  SINCE JUL 1      0.0                       0.0             0.0

DEGREE DAYS
 HEATING
  YESTERDAY       19                        13      6       25
  MONTH TO DATE  409                       267    142      305
  SINCE SEP 1    500                       381    119      381
  SINCE JUL 1    500                       381    119      381

 COOLING
  YESTERDAY        0                         0      0        0
  MONTH TO DATE    7                        15     -8       10
  SINCE SEP 1    448                       397     51      390
  SINCE JAN 1   2099                      2085     14     1865
..................................................................


WIND (MPH)
  HIGHEST WIND SPEED    26   HIGHEST WIND DIRECTION    NW (310)
  HIGHEST GUST SPEED    34   HIGHEST GUST DIRECTION    NW (300)
  AVERAGE WIND SPEED    12.5


SKY COVER
  AVERAGE SKY COVER 0.1


WEATHER CONDITIONS
 THE FOLLOWING WEATHER WAS RECORDED YESTERDAY.
  NO SIGNIFICANT WEATHER WAS OBSERVED.


RELATIVE HUMIDITY (PERCENT)
 HIGHEST    85           200 AM
 LOWEST     35           300 PM
 AVERAGE    60

..........................................................


THE AUGUSTA REGIONAL BUSH FIELD GA CLIMATE NORMALS FOR TODAY
                         NORMAL    RECORD    YEAR
 MAXIMUM TEMPERATURE (F)   65        82      1990
 MINIMUM TEMPERATURE (F)   38        21      2013


SUNRISE AND SUNSET
NOVEMBER 28 2014......SUNRISE   711 AM EST   SUNSET   521 PM EST
NOVEMBER 29 2014......SUNRISE   712 AM EST   SUNSET   520 PM EST


-  INDICATES NEGATIVE NUMBERS.
R  INDICATES RECORD WAS SET OR TIED.
MM INDICATES DATA IS MISSING.
T  INDICATES TRACE AMOUNT.




$$
