000
CDUS42 KCAE 270541
CLIAGS


CLIMATE REPORT
NATIONAL WEATHER SERVICE COLUMBIA SC
141 AM EDT SAT AUG 27 2016


...................................

...THE AUGUSTA REGIONAL BUSH FIELD GA CLIMATE SUMMARY FOR AUGUST 26 2016...

CLIMATE NORMAL PERIOD 1981 TO 2010
CLIMATE RECORD PERIOD 1873 TO 2016


WEATHER ITEM   OBSERVED TIME   RECORD YEAR NORMAL DEPARTURE LAST
                VALUE   (LST)  VALUE       VALUE  FROM      YEAR
                                                  NORMAL
..................................................................
TEMPERATURE (F)
 YESTERDAY
  MAXIMUM         96    440 PM 100    1959  91      5       91
  MINIMUM         68    413 AM  56    1952  68      0       63
  AVERAGE         82                        80      2       77

PRECIPITATION (IN)
  YESTERDAY        0.00          2.57 1995   0.13  -0.13     0.00
  MONTH TO DATE    2.55                      3.71  -1.16     3.04
  SINCE JUN 1      6.73                     12.76  -6.03    10.06
  SINCE JAN 1     25.46                     30.26  -4.80    25.69

SNOWFALL (IN)
  YESTERDAY        0.0          MM      MM   0.0             0.0
  MONTH TO DATE    0.0                       0.0             0.0
  SINCE JUN 1      0.0                       0.0             0.0
  SINCE JUL 1      0.0                       0.0             0.0

DEGREE DAYS
 HEATING
  YESTERDAY        0                         0      0        0
  MONTH TO DATE    0                         0      0        0
  SINCE JUN 1      0                         0      0        0
  SINCE JUL 1      0                         0      0        0

 COOLING
  YESTERDAY       17                        15      2       12
  MONTH TO DATE  484                       412     72      429
  SINCE JUN 1   1570                      1335    235     1490
  SINCE JAN 1   1885                      1618    267     1851
..................................................................


WIND (MPH)
  HIGHEST WIND SPEED    13   HIGHEST WIND DIRECTION     S (160)
  HIGHEST GUST SPEED    17   HIGHEST GUST DIRECTION    SE (150)
  AVERAGE WIND SPEED     3.3


SKY COVER
  AVERAGE SKY COVER 0.2


WEATHER CONDITIONS
 THE FOLLOWING WEATHER WAS RECORDED YESTERDAY.
  FOG


RELATIVE HUMIDITY (PERCENT)
 HIGHEST   100           400 AM
 LOWEST     42           400 PM
 AVERAGE    71

..........................................................


THE AUGUSTA REGIONAL BUSH FIELD GA CLIMATE NORMALS FOR TODAY
                         NORMAL    RECORD    YEAR
 MAXIMUM TEMPERATURE (F)   91       102      1954
 MINIMUM TEMPERATURE (F)   68        56      2013


SUNRISE AND SUNSET
AUGUST 27 2016........SUNRISE   659 AM EDT   SUNSET   759 PM EDT
AUGUST 28 2016........SUNRISE   700 AM EDT   SUNSET   758 PM EDT


-  INDICATES NEGATIVE NUMBERS.
R  INDICATES RECORD WAS SET OR TIED.
MM INDICATES DATA IS MISSING.
T  INDICATES TRACE AMOUNT.




$$
