000
CDUS42 KFFC 210921
CLIAHN


CLIMATE REPORT
NATIONAL WEATHER SERVICE PEACHTREE CITY GA
417 AM EST WED FEB 21 2018


...................................

...THE ATHENS CLIMATE SUMMARY FOR FEBRUARY 20 2018...

CLIMATE NORMAL PERIOD 1981 TO 2010
CLIMATE RECORD PERIOD 1898 TO 2018


WEATHER ITEM   OBSERVED TIME   RECORD YEAR NORMAL DEPARTURE LAST
                VALUE   (LST)  VALUE       VALUE  FROM      YEAR
                                                  NORMAL
..................................................................
TEMPERATURE (F)
 YESTERDAY
  MAXIMUM         75    222 PM  78    1986  59     16       74
  MINIMUM         57    621 AM  14    2015  37     20       42
  AVERAGE         66                        48     18       58

PRECIPITATION (IN)
  YESTERDAY        0.00          1.50 1933   0.16  -0.16     0.00
  MONTH TO DATE    4.87                      3.20   1.67     1.15
  SINCE DEC 1     12.25                     10.98   1.27    10.08
  SINCE JAN 1      9.50                      7.25   2.25     7.66

SNOWFALL (IN)
  YESTERDAY        0.0           T    2015   0.0    0.0      0.0
  MONTH TO DATE    0.0                       0.4   -0.4      0.0
  SINCE DEC 1      1.1                       1.9   -0.8      0.0
  SINCE JUL 1      1.1                       1.9   -0.8      0.0
  SNOW DEPTH       0

DEGREE DAYS
 HEATING
  YESTERDAY        0                        17    -17        7
  MONTH TO DATE  211                       373   -162      229
  SINCE DEC 1   1519                      1650   -131     1190
  SINCE JUL 1   1977                      2130   -153     1476
..................................................................


WIND (MPH)
  RESULTANT WIND SPEED   5   RESULTANT WIND DIRECTION   E (80)
  HIGHEST WIND SPEED    10   HIGHEST WIND DIRECTION    NE (60)
  HIGHEST GUST SPEED    13   HIGHEST GUST DIRECTION    NE (60)
  AVERAGE WIND SPEED     5.3


SKY COVER
  POSSIBLE SUNSHINE  MM
  AVERAGE SKY COVER 1.0


WEATHER CONDITIONS
 THE FOLLOWING WEATHER WAS RECORDED YESTERDAY.
  FOG
  FOG W/VISIBILITY <= 1/4 MILE


RELATIVE HUMIDITY (PERCENT)
 HIGHEST   100          1200 AM
 LOWEST     73           200 PM
 AVERAGE    87

..........................................................


THE ATHENS CLIMATE NORMALS FOR TODAY
                         NORMAL    RECORD    YEAR
 MAXIMUM TEMPERATURE (F)   60        76      1981
                                             1925
 MINIMUM TEMPERATURE (F)   38        13      1885


SUNRISE AND SUNSET
FEBRUARY 21 2018......SUNRISE   711 AM EST   SUNSET   623 PM EST
FEBRUARY 22 2018......SUNRISE   710 AM EST   SUNSET   624 PM EST


-  INDICATES NEGATIVE NUMBERS.
R  INDICATES RECORD WAS SET OR TIED.
MM INDICATES DATA IS MISSING.
T  INDICATES TRACE AMOUNT.




$$
