000
CDUS42 KFFC 250835
CLIAHN


CLIMATE REPORT
NATIONAL WEATHER SERVICE PEACHTREE CITY GA
435 AM EDT SAT MAR 25 2017


...................................

...THE ATHENS CLIMATE SUMMARY FOR MARCH 24 2017...

CLIMATE NORMAL PERIOD 1981 TO 2010
CLIMATE RECORD PERIOD 1898 TO 2017


WEATHER ITEM   OBSERVED TIME   RECORD YEAR NORMAL DEPARTURE LAST
                VALUE   (LST)  VALUE       VALUE  FROM      YEAR
                                                  NORMAL
..................................................................
TEMPERATURE (F)
 YESTERDAY
  MAXIMUM         76    230 PM  89    1929  69      7       78
  MINIMUM         50    649 AM  20    1885  44      6       46
  AVERAGE         63                        56      7       62

PRECIPITATION (IN)
  YESTERDAY        0.00          2.02 1965   0.14  -0.14     0.11
  MONTH TO DATE    3.52                      3.48   0.04     1.37
  SINCE MAR 1      3.52                      3.48   0.04     1.37
  SINCE JAN 1     11.22                     12.01  -0.79     9.54

SNOWFALL (IN)
  YESTERDAY        0.0           0.0  2002   0.0    0.0      0.0
                                      2001
                                      2000
  MONTH TO DATE    0.0                       0.6   -0.6      0.0
  SINCE MAR 1      0.0                       0.6   -0.6      0.0
  SINCE JUL 1      0.0                       2.7   -2.7      0.1
  SNOW DEPTH       0

DEGREE DAYS
 HEATING
  YESTERDAY        2                         9     -7        3
  MONTH TO DATE  280                       282     -2      162
  SINCE MAR 1    280                       282     -2      162
  SINCE JUL 1   1804                      2537   -733     2005

 COOLING
  YESTERDAY        0                         0      0        0
  MONTH TO DATE    9                         0      9       34
  SINCE MAR 1      9                         0      9       34
  SINCE JAN 1     18                         1     17       34
..................................................................


WIND (MPH)
  RESULTANT WIND SPEED   3   RESULTANT WIND DIRECTION   E (110)
  HIGHEST WIND SPEED     8   HIGHEST WIND DIRECTION     E (100)
  HIGHEST GUST SPEED    14   HIGHEST GUST DIRECTION     S (180)
  AVERAGE WIND SPEED     3.7


SKY COVER
  POSSIBLE SUNSHINE  MM
  AVERAGE SKY COVER 0.7


WEATHER CONDITIONS
 THE FOLLOWING WEATHER WAS RECORDED YESTERDAY.
  NO SIGNIFICANT WEATHER WAS OBSERVED.


RELATIVE HUMIDITY (PERCENT)
 HIGHEST    71           300 AM
 LOWEST     41           200 PM
 AVERAGE    56

..........................................................


THE ATHENS CLIMATE NORMALS FOR TODAY
                         NORMAL    RECORD    YEAR
 MAXIMUM TEMPERATURE (F)   69        89      2007
                                             1929
 MINIMUM TEMPERATURE (F)   44        26      1956


SUNRISE AND SUNSET
MARCH 25 2017.........SUNRISE   730 AM EDT   SUNSET   749 PM EDT
MARCH 26 2017.........SUNRISE   728 AM EDT   SUNSET   750 PM EDT


-  INDICATES NEGATIVE NUMBERS.
R  INDICATES RECORD WAS SET OR TIED.
MM INDICATES DATA IS MISSING.
T  INDICATES TRACE AMOUNT.




$$
