000
CDUS42 KFFC 230022
CLIAHN


CLIMATE REPORT
NATIONAL WEATHER SERVICE PEACHTREE CITY GA
822 PM EDT SAT JUL 22 2017


...................................

...THE ATHENS CLIMATE SUMMARY FOR JULY 22 2017...
VALID AS OF 0800 PM LOCAL TIME.

CLIMATE NORMAL PERIOD 1981 TO 2010
CLIMATE RECORD PERIOD 1898 TO 2017


WEATHER ITEM   OBSERVED TIME   RECORD YEAR NORMAL DEPARTURE LAST
                VALUE   (LST)  VALUE       VALUE  FROM      YEAR
                                                  NORMAL
..................................................................
TEMPERATURE (F)
 TODAY
  MAXIMUM         96    350 PM 103    1932  92      4       94
  MINIMUM         71    542 AM  58    1947  70      1       68
  AVERAGE         84                        81      3       81

PRECIPITATION (IN)
  TODAY            0.00          2.32 1970   0.14  -0.14     0.00
  MONTH TO DATE    2.30                      3.20  -0.90     0.33
  SINCE JUN 1     10.63                      7.38   3.25     4.42
  SINCE JAN 1     35.74                     26.49   9.25    19.60

SNOWFALL (IN)
  TODAY            0.0           0.0  2002   0.0    0.0      0.0
                                      2001
  MONTH TO DATE    0.0                       0.0    0.0      0.0
  SINCE JUN 1      0.0                       0.0    0.0      0.0
  SINCE JUL 1      0.0                       0.0    0.0      0.0
  SNOW DEPTH       0

DEGREE DAYS
 HEATING
  TODAY            0                         0      0        0
  MONTH TO DATE    0                         0      0        0
  SINCE JUN 1      0                         1     -1        0
  SINCE JUL 1      0                         0      0        0

 COOLING
  TODAY           19                        16      3       16
  MONTH TO DATE  360                       345     15      409
  SINCE JUN 1    703                       723    -20      889
  SINCE JAN 1   1068                       963    105     1190
..................................................................


WIND (MPH)
  HIGHEST WIND SPEED     7   HIGHEST WIND DIRECTION     S (180)
  HIGHEST GUST SPEED    12   HIGHEST GUST DIRECTION     S (180)
  AVERAGE WIND SPEED     2.9


SKY COVER
  AVERAGE SKY COVER 0.1


WEATHER CONDITIONS
 THE FOLLOWING WEATHER WAS RECORDED TODAY.
  FOG


RELATIVE HUMIDITY (PERCENT)
 HIGHEST   100           300 AM
 LOWEST     49           400 PM

..........................................................


THE ATHENS CLIMATE NORMALS FOR TOMORROW
                         NORMAL    RECORD    YEAR
 MAXIMUM TEMPERATURE (F)   92       104      1924
 MINIMUM TEMPERATURE (F)   70        60      1966


SUNRISE AND SUNSET
JULY 22 2017..........SUNRISE   638 AM EDT   SUNSET   841 PM EDT
JULY 23 2017..........SUNRISE   639 AM EDT   SUNSET   840 PM EDT


-  INDICATES NEGATIVE NUMBERS.
R  INDICATES RECORD WAS SET OR TIED.
MM INDICATES DATA IS MISSING.
T  INDICATES TRACE AMOUNT.




$$
