000
CDUS42 KFFC 250021
CLIAHN


CLIMATE REPORT
NATIONAL WEATHER SERVICE PEACHTREE CITY GA
721 PM EST FRI NOV 24 2017


...................................

...THE ATHENS CLIMATE SUMMARY FOR NOVEMBER 24 2017...
VALID AS OF 0700 PM LOCAL TIME.

CLIMATE NORMAL PERIOD 1981 TO 2010
CLIMATE RECORD PERIOD 1898 TO 2017


WEATHER ITEM   OBSERVED TIME   RECORD YEAR NORMAL DEPARTURE LAST
                VALUE   (LST)  VALUE       VALUE  FROM      YEAR
                                                  NORMAL
..................................................................
TEMPERATURE (F)
 TODAY
  MAXIMUM         63    337 PM  77    2014  62      1       76
                                      1958
                                      1931
  MINIMUM         31    738 AM  15    1970  40     -9       48
  AVERAGE         47                        51     -4       62

PRECIPITATION (IN)
  TODAY            0.00          2.47 1967   0.13  -0.13     0.00
  MONTH TO DATE    1.20                      3.01  -1.81     0.33
  SINCE SEP 1     11.10                     10.50   0.60     1.58
  SINCE JAN 1     53.09                     41.79  11.30    32.55

SNOWFALL (IN)
  TODAY           MM             0.0  2001   0.0   MM        0.0
  MONTH TO DATE    0.0                       0.0    0.0      0.0
  SINCE SEP 1      0.0                       0.0    0.0      0.0
  SINCE JUL 1      0.0                       0.0    0.0      0.0
  SNOW DEPTH       0

DEGREE DAYS
 HEATING
  TODAY           18                        14      4        3
  MONTH TO DATE  252                       254     -2      210
  SINCE SEP 1    386                       389     -3      241
  SINCE JUL 1    386                       389     -3      241

 COOLING
  TODAY            0                         0      0        0
  MONTH TO DATE   23                         5     18       16
  SINCE SEP 1    380                       327     53      530
  SINCE JAN 1   2019                      1882    137     2444
..................................................................


WIND (MPH)
  HIGHEST WIND SPEED     5   HIGHEST WIND DIRECTION    NW (320)
  HIGHEST GUST SPEED     8   HIGHEST GUST DIRECTION     W (280)
  AVERAGE WIND SPEED     0.8


SKY COVER
  AVERAGE SKY COVER 0.0


WEATHER CONDITIONS
 THE FOLLOWING WEATHER WAS RECORDED TODAY.
  FOG


RELATIVE HUMIDITY (PERCENT)
 HIGHEST   100           200 AM
 LOWEST     39           400 PM

..........................................................


THE ATHENS CLIMATE NORMALS FOR TOMORROW
                         NORMAL    RECORD    YEAR
 MAXIMUM TEMPERATURE (F)   62        78      1921
 MINIMUM TEMPERATURE (F)   40         7      1950


SUNRISE AND SUNSET
NOVEMBER 24 2017......SUNRISE   714 AM EST   SUNSET   526 PM EST
NOVEMBER 25 2017......SUNRISE   715 AM EST   SUNSET   525 PM EST


-  INDICATES NEGATIVE NUMBERS.
R  INDICATES RECORD WAS SET OR TIED.
MM INDICATES DATA IS MISSING.
T  INDICATES TRACE AMOUNT.




$$
