000
CDUS42 KFFC 302039
CLIAHN


CLIMATE REPORT
NATIONAL WEATHER SERVICE PEACHTREE CITY GA
438 PM EDT MON MAR 30 2015


...................................

...THE ATHENS CLIMATE SUMMARY FOR MARCH 30 2015...
VALID TODAY AS OF 0400 PM LOCAL TIME.

CLIMATE NORMAL PERIOD 1981 TO 2010
CLIMATE RECORD PERIOD 1898 TO 2015


WEATHER ITEM   OBSERVED TIME   RECORD YEAR NORMAL DEPARTURE LAST
                VALUE   (LST)  VALUE       VALUE  FROM      YEAR
                                                  NORMAL
..................................................................
TEMPERATURE (F)
 TODAY
  MAXIMUM         72    313 PM  84    1985  70      2       70
                                      1938
                                      1922
  MINIMUM         44    701 AM  24    1964  45     -1       41
  AVERAGE         58                        58      0       56

PRECIPITATION (IN)
  TODAY            0.14          2.24 2002   0.13   0.01     0.00
  MONTH TO DATE    2.79                      4.30  -1.51     3.37
  SINCE MAR 1      2.79                      4.30  -1.51     3.37
  SINCE JAN 1      9.76                     12.83  -3.07    12.01

SNOWFALL (IN)
  TODAY            0.0           0.0  2002   0.0    0.0      0.0
                                      2001
                                      2000
  MONTH TO DATE    0.0                       0.8   -0.8      0.0
  SINCE MAR 1      0.0                       0.8   -0.8      0.0
  SINCE JUL 1      T                         2.9   -2.9      2.8
  SNOW DEPTH       0

DEGREE DAYS
 HEATING
  TODAY            7                         8     -1        9
  MONTH TO DATE  247                       332    -85      403
  SINCE MAR 1    247                       332    -85      403
  SINCE JUL 1   2753                      2587    166     2865

 COOLING
  TODAY            0                         1     -1        0
  MONTH TO DATE    7                         2      5        0
  SINCE MAR 1      7                         2      5        0
  SINCE JAN 1      7                         3      4        1
..................................................................


WIND (MPH)
  HIGHEST WIND SPEED    21   HIGHEST WIND DIRECTION     N (340)
  HIGHEST GUST SPEED    33   HIGHEST GUST DIRECTION    NW (330)
  AVERAGE WIND SPEED     7.5


SKY COVER
  AVERAGE SKY COVER 0.7


WEATHER CONDITIONS
 THE FOLLOWING WEATHER WAS RECORDED TODAY.
  THUNDERSTORM
  RAIN
  LIGHT RAIN
  FOG


RELATIVE HUMIDITY (PERCENT)
 HIGHEST    93           800 AM
 LOWEST     33          1200 AM
 AVERAGE    63

..........................................................


THE ATHENS CLIMATE NORMALS FOR TOMORROW
                         NORMAL    RECORD    YEAR
 MAXIMUM TEMPERATURE (F)   70        86      1963
 MINIMUM TEMPERATURE (F)   46        27      1964


SUNRISE AND SUNSET
MARCH 30 2015.........SUNRISE   724 AM EDT   SUNSET   752 PM EDT
MARCH 31 2015.........SUNRISE   722 AM EDT   SUNSET   753 PM EDT


-  INDICATES NEGATIVE NUMBERS.
R  INDICATES RECORD WAS SET OR TIED.
MM INDICATES DATA IS MISSING.
T  INDICATES TRACE AMOUNT.




$$
