000
CDUS42 KFFC 210817
CLIAHN


CLIMATE REPORT
NATIONAL WEATHER SERVICE PEACHTREE CITY GA
417 AM EDT SUN SEP 21 2014


...................................

...THE ATHENS CLIMATE SUMMARY FOR SEPTEMBER 20 2014...

CLIMATE NORMAL PERIOD 1981 TO 2010
CLIMATE RECORD PERIOD 1898 TO 2014


WEATHER ITEM   OBSERVED TIME   RECORD YEAR NORMAL DEPARTURE LAST
                VALUE   (LST)  VALUE       VALUE  FROM      YEAR
                                                  NORMAL
..................................................................
TEMPERATURE (F)
 YESTERDAY
  MAXIMUM         84    259 PM 104    1925  83      1       87
  MINIMUM         63   1159 PM  47    1929  61      2       61
  AVERAGE         74                        72      2       74

PRECIPITATION (IN)
  YESTERDAY        0.00          1.98 1953   0.14  -0.14     0.00
  MONTH TO DATE    4.63                      2.46   2.17     0.34
  SINCE SEP 1      4.63                      2.46   2.17     0.34
  SINCE JAN 1     34.12                     33.75   0.37    46.50

DEGREE DAYS
 HEATING
  YESTERDAY        0                         0      0        0
  MONTH TO DATE    0                         0      0        0
  SINCE SEP 1      0                         0      0        0
  SINCE JUL 1      0                         0      0        3

 COOLING
  YESTERDAY        9                         7      2        9
  MONTH TO DATE  271                       202     69      230
  SINCE SEP 1    271                       202     69      230
  SINCE JAN 1   1856                      1757     99     1557
..................................................................


WIND (MPH)
  RESULTANT WIND SPEED   7   RESULTANT WIND DIRECTION  NE (60)
  HIGHEST WIND SPEED    15   HIGHEST WIND DIRECTION    NE (60)
  HIGHEST GUST SPEED    21   HIGHEST GUST DIRECTION    NE (60)
  AVERAGE WIND SPEED     6.6


SKY COVER
  POSSIBLE SUNSHINE  MM
  AVERAGE SKY COVER 0.2


WEATHER CONDITIONS
 THE FOLLOWING WEATHER WAS RECORDED YESTERDAY.
  NO SIGNIFICANT WEATHER WAS OBSERVED.


RELATIVE HUMIDITY (PERCENT)
 HIGHEST    93           300 AM
 LOWEST     40           300 PM
 AVERAGE    67

..........................................................


THE ATHENS CLIMATE NORMALS FOR TODAY
                         NORMAL    RECORD    YEAR
 MAXIMUM TEMPERATURE (F)   82       102      1925
 MINIMUM TEMPERATURE (F)   61        40      1918


SUNRISE AND SUNSET
SEPTEMBER 21 2014.....SUNRISE   721 AM EDT   SUNSET   731 PM EDT
SEPTEMBER 22 2014.....SUNRISE   721 AM EDT   SUNSET   730 PM EDT


-  INDICATES NEGATIVE NUMBERS.
R  INDICATES RECORD WAS SET OR TIED.
MM INDICATES DATA IS MISSING.
T  INDICATES TRACE AMOUNT.




$$
