000
CDUS42 KFFC 250821
CLIAHN


CLIMATE REPORT
NATIONAL WEATHER SERVICE PEACHTREE CITY GA
421 AM EDT MON JUL 25 2016


...................................

...THE ATHENS CLIMATE SUMMARY FOR JULY 24 2016...

CLIMATE NORMAL PERIOD 1981 TO 2010
CLIMATE RECORD PERIOD 1898 TO 2016


WEATHER ITEM   OBSERVED TIME   RECORD YEAR NORMAL DEPARTURE LAST
                VALUE   (LST)  VALUE       VALUE  FROM      YEAR
                                                  NORMAL
..................................................................
TEMPERATURE (F)
 YESTERDAY
  MAXIMUM        100    345 PM 102    1952  91      9       93
  MINIMUM         72    528 AM  60    1947  70      2       74
  AVERAGE         86                        81      5       84

PRECIPITATION (IN)
  YESTERDAY        0.00          2.60 1890   0.14  -0.14     0.00
  MONTH TO DATE    0.35                      3.48  -3.13     5.08
  SINCE JUN 1      4.44                      7.66  -3.22     7.84
  SINCE JAN 1     19.62                     26.77  -7.15    28.24

DEGREE DAYS
 COOLING
  YESTERDAY       21                        16      5       19
  MONTH TO DATE  450                       377     73      399
  SINCE JUN 1    930                       755    175      869
  SINCE JAN 1   1231                       995    236     1194
..................................................................


WIND (MPH)
  RESULTANT WIND SPEED   1   RESULTANT WIND DIRECTION   E (90)
  HIGHEST WIND SPEED     8   HIGHEST WIND DIRECTION    NW (300)
  HIGHEST GUST SPEED    12   HIGHEST GUST DIRECTION     S (190)
  AVERAGE WIND SPEED     1.7


SKY COVER
  POSSIBLE SUNSHINE  MM
  AVERAGE SKY COVER 0.1


WEATHER CONDITIONS
 THE FOLLOWING WEATHER WAS RECORDED YESTERDAY.
  FOG


RELATIVE HUMIDITY (PERCENT)
 HIGHEST   100           100 AM
 LOWEST     35           300 PM
 AVERAGE    68

..........................................................


THE ATHENS CLIMATE NORMALS FOR TODAY
                         NORMAL    RECORD    YEAR
 MAXIMUM TEMPERATURE (F)   91       101      1981
 MINIMUM TEMPERATURE (F)   70        61      1947
                                             1911


SUNRISE AND SUNSET
JULY 25 2016..........SUNRISE   640 AM EDT   SUNSET   839 PM EDT
JULY 26 2016..........SUNRISE   641 AM EDT   SUNSET   838 PM EDT


-  INDICATES NEGATIVE NUMBERS.
R  INDICATES RECORD WAS SET OR TIED.
MM INDICATES DATA IS MISSING.
T  INDICATES TRACE AMOUNT.




$$
