000
CDUS42 KFFC 050918
CLIAHN


CLIMATE REPORT
NATIONAL WEATHER SERVICE PEACHTREE CITY GA
418 AM EST THU MAR 5 2015


...................................

...THE ATHENS CLIMATE SUMMARY FOR MARCH 4 2015...

CLIMATE NORMAL PERIOD 1981 TO 2010
CLIMATE RECORD PERIOD 1898 TO 2015


WEATHER ITEM   OBSERVED TIME   RECORD YEAR NORMAL DEPARTURE LAST
                VALUE   (LST)  VALUE       VALUE  FROM      YEAR
                                                  NORMAL
..................................................................
TEMPERATURE (F)
 YESTERDAY
  MAXIMUM         78    410 PM  83    1976  63     15       41
  MINIMUM         46    522 AM  11    1943  40      6       33
  AVERAGE         62                        51     11       37

PRECIPITATION (IN)
  YESTERDAY        T             2.03 1952   0.15  -0.15     0.02
  MONTH TO DATE    0.45                      0.61  -0.16     0.13
  SINCE MAR 1      0.45                      0.61  -0.16     0.13
  SINCE JAN 1      7.42                      9.14  -1.72     8.77

SNOWFALL (IN)
  YESTERDAY       MM             0.0  2002   0.0   MM        0.0
                                      2000
  MONTH TO DATE   MM                         0.1   MM        0.0
  SINCE MAR 1     MM                         0.1   MM        0.0
  SINCE JUL 1      T                         2.2   -2.2      2.8
  SNOW DEPTH       0

DEGREE DAYS
 HEATING
  YESTERDAY        3                        14    -11       28
  MONTH TO DATE   50                        57     -7       62
  SINCE MAR 1     50                        57     -7       62
  SINCE JUL 1   2556                      2312    244     2524

 COOLING
  YESTERDAY        0                         0      0        0
  MONTH TO DATE    0                         0      0        0
  SINCE MAR 1      0                         0      0        0
  SINCE JAN 1      0                         1     -1        1
..................................................................


WIND (MPH)
  RESULTANT WIND SPEED   4   RESULTANT WIND DIRECTION  SW (210)
  HIGHEST WIND SPEED    18   HIGHEST WIND DIRECTION    SW (210)
  HIGHEST GUST SPEED    30   HIGHEST GUST DIRECTION     S (190)
  AVERAGE WIND SPEED     5.4


SKY COVER
  POSSIBLE SUNSHINE  MM
  AVERAGE SKY COVER 0.8


WEATHER CONDITIONS
 THE FOLLOWING WEATHER WAS RECORDED YESTERDAY.
  LIGHT RAIN
  FOG
  FOG W/VISIBILITY <= 1/4 MILE


RELATIVE HUMIDITY (PERCENT)
 HIGHEST   100           300 AM
 LOWEST     50           400 PM
 AVERAGE    75

..........................................................


THE ATHENS CLIMATE NORMALS FOR TODAY
                         NORMAL    RECORD    YEAR
 MAXIMUM TEMPERATURE (F)   63        81      1955
 MINIMUM TEMPERATURE (F)   40        13      1960


SUNRISE AND SUNSET
MARCH  5 2015.........SUNRISE   657 AM EST   SUNSET   633 PM EST
MARCH  6 2015.........SUNRISE   656 AM EST   SUNSET   634 PM EST


-  INDICATES NEGATIVE NUMBERS.
R  INDICATES RECORD WAS SET OR TIED.
MM INDICATES DATA IS MISSING.
T  INDICATES TRACE AMOUNT.




$$
