000
CDUS42 KFFC 310030
CLIAHN


CLIMATE REPORT
NATIONAL WEATHER SERVICE PEACHTREE CITY GA
830 PM EDT TUE AUG 30 2016


...................................

...THE ATHENS CLIMATE SUMMARY FOR AUGUST 30 2016...
VALID AS OF 0800 PM LOCAL TIME.

CLIMATE NORMAL PERIOD 1981 TO 2010
CLIMATE RECORD PERIOD 1898 TO 2016


WEATHER ITEM   OBSERVED TIME   RECORD YEAR NORMAL DEPARTURE LAST
                VALUE   (LST)  VALUE       VALUE  FROM      YEAR
                                                  NORMAL
..................................................................
TEMPERATURE (F)
 TODAY
  MAXIMUM         90    411 PM 100    1932  88      2       73
  MINIMUM         68    423 AM  56    1986  68      0       66
                                      1968
  AVERAGE         79                        78      1       70

PRECIPITATION (IN)
  TODAY            0.00          3.42 1885   0.10  -0.10     0.57
  MONTH TO DATE   10.10                      3.43   6.67     6.78
  SINCE JUN 1     15.79                     12.08   3.71    14.62
  SINCE JAN 1     30.97                     31.19  -0.22    35.02

SNOWFALL (IN)
  TODAY            0.0           0.0  2002   0.0    0.0      0.0
                                      2001
  MONTH TO DATE    0.0                       0.0    0.0      0.0
  SINCE JUN 1      0.0                       0.0    0.0      0.0
  SINCE JUL 1      0.0                       0.0    0.0      0.0
  SNOW DEPTH       0

DEGREE DAYS
 HEATING
  TODAY            0                         0      0        0
  MONTH TO DATE    0                         0      0        0
  SINCE JUN 1      0                         1     -1        0
  SINCE JUL 1      0                         0      0        0

 COOLING
  TODAY           14                        13      1        5
  MONTH TO DATE  521                       438     83      454
  SINCE JUN 1   1597                      1300    297     1460
  SINCE JAN 1   1898                      1540    358     1785
..................................................................


WIND (MPH)
  HIGHEST WIND SPEED    13   HIGHEST WIND DIRECTION     E (80)
  HIGHEST GUST SPEED    17   HIGHEST GUST DIRECTION     E (70)
  AVERAGE WIND SPEED     4.5


SKY COVER
  AVERAGE SKY COVER 0.1


WEATHER CONDITIONS
 THE FOLLOWING WEATHER WAS RECORDED TODAY.
  NO SIGNIFICANT WEATHER WAS OBSERVED.


RELATIVE HUMIDITY (PERCENT)
 HIGHEST    97           300 AM
 LOWEST     50           500 PM

..........................................................


THE ATHENS CLIMATE NORMALS FOR TOMORROW
                         NORMAL    RECORD    YEAR
 MAXIMUM TEMPERATURE (F)   88        99      1912
 MINIMUM TEMPERATURE (F)   68        58      1999
                                             1946


SUNRISE AND SUNSET
AUGUST 30 2016........SUNRISE   706 AM EDT   SUNSET   801 PM EDT
AUGUST 31 2016........SUNRISE   707 AM EDT   SUNSET   800 PM EDT


-  INDICATES NEGATIVE NUMBERS.
R  INDICATES RECORD WAS SET OR TIED.
MM INDICATES DATA IS MISSING.
T  INDICATES TRACE AMOUNT.




$$
