000
CDUS45 KCYS 060738
CLIAIA


CLIMATE REPORT
NATIONAL WEATHER SERVICE CHEYENNE WY
137 AM MDT FRI MAY 6 2016


...................................

...THE ALLIANCE NE AIRPORT CLIMATE SUMMARY FOR MAY 5 2016...

CLIMATE NORMAL PERIOD 1981 TO 2010
CLIMATE RECORD PERIOD 1896 TO 2016


WEATHER ITEM   OBSERVED TIME   RECORD YEAR NORMAL DEPARTURE LAST
                VALUE   (LST)  VALUE       VALUE  FROM      YEAR
                                                  NORMAL
..................................................................
TEMPERATURE (F)
 YESTERDAY
  MAXIMUM         83    327 PM  93    2004  67     16       60
  MINIMUM         39    455 AM  20    1944  35      4       50
  AVERAGE         61                        51     10       55

PRECIPITATION (IN)
  YESTERDAY        0.00          2.00 1971   0.09  -0.09     0.07
  MONTH TO DATE    0.02                      0.48  -0.46     0.12
  SINCE JAN 1      5.68                      3.34   2.34     3.55

DEGREE DAYS
 HEATING
  YESTERDAY        4                        14    -10       10
  MONTH TO DATE   83                        75      8       45
  SINCE MAR 1   1464                      1560    -96     1313
  SINCE JUL 1   6539                      6964   -425     6540

 COOLING
  YESTERDAY        0                         0      0        0
  MONTH TO DATE    0                         0      0        0
  SINCE MAR 1      0                         0      0        0
  SINCE JAN 1      0                         0      0        0
..................................................................


WIND (MPH)
  HIGHEST WIND SPEED    20   HIGHEST WIND DIRECTION    SW (210)
  HIGHEST GUST SPEED    25   HIGHEST GUST DIRECTION    SW (220)
  AVERAGE WIND SPEED     9.5


SKY COVER
  AVERAGE SKY COVER 0.1


WEATHER CONDITIONS
 THE FOLLOWING WEATHER WAS RECORDED YESTERDAY.
  NO SIGNIFICANT WEATHER WAS OBSERVED.


RELATIVE HUMIDITY (PERCENT)
 HIGHEST    92           500 AM
 LOWEST     22           100 PM
 AVERAGE    57

..........................................................


THE ALLIANCE NE AIRPORT CLIMATE NORMALS FOR TODAY
                         NORMAL    RECORD    YEAR
 MAXIMUM TEMPERATURE (F)   67        93      1916
 MINIMUM TEMPERATURE (F)   36        22      1944


SUNRISE AND SUNSET
MAY  6 2016...........SUNRISE   540 AM MDT   SUNSET   756 PM MDT
MAY  7 2016...........SUNRISE   539 AM MDT   SUNSET   757 PM MDT


-  INDICATES NEGATIVE NUMBERS.
R  INDICATES RECORD WAS SET OR TIED.
MM INDICATES DATA IS MISSING.
T  INDICATES TRACE AMOUNT.




$$
