000
CDUS45 KCYS 020327
CLIAIA


CLIMATE REPORT
NATIONAL WEATHER SERVICE CHEYENNE WY
927 PM MDT MON JUN 1 2015


...................................

...THE ALLIANCE NE AIRPORT CLIMATE SUMMARY FOR JUNE 1 2015...
VALID TODAY AS OF 0900 PM LOCAL TIME.

CLIMATE NORMAL PERIOD 1981 TO 2010
CLIMATE RECORD PERIOD 1896 TO 2015


WEATHER ITEM   OBSERVED TIME   RECORD YEAR NORMAL DEPARTURE LAST
                VALUE   (LST)  VALUE       VALUE  FROM      YEAR
                                                  NORMAL
..................................................................
TEMPERATURE (F)
 TODAY
  MAXIMUM         82    214 PM  98    1940  75      7       74
  MINIMUM         55    558 AM  28    1903  45     10       46
  AVERAGE         69                        60      9       60

PRECIPITATION (IN)
  TODAY            0.37          1.14 2014   0.10   0.27     1.14
  MONTH TO DATE    0.37                      0.10   0.27     1.14
  SINCE JAN 1     12.34                      5.61   6.73     8.64

DEGREE DAYS
 HEATING
  TODAY            0                         6     -6        5
  MONTH TO DATE    0                         6     -6        5
  SINCE JUN 1      0                         6     -6        5
  SINCE JUL 1   6899                      7221   -322     7424

 COOLING
  TODAY            4                         1      3        0
  MONTH TO DATE    4                         1      3        0
  SINCE JUN 1      4                         1      3        0
  SINCE JAN 1      4                        11     -7       14
..................................................................


WIND (MPH)
  HIGHEST WIND SPEED    24   HIGHEST WIND DIRECTION     W (290)
  HIGHEST GUST SPEED    31   HIGHEST GUST DIRECTION    NW (300)
  AVERAGE WIND SPEED    13.4


SKY COVER
  AVERAGE SKY COVER 0.3


WEATHER CONDITIONS
 THE FOLLOWING WEATHER WAS RECORDED TODAY.
  THUNDERSTORM
  HEAVY RAIN
  LIGHT RAIN
  FOG
  FOG W/VISIBILITY <= 1/4 MILE


RELATIVE HUMIDITY (PERCENT)
 HIGHEST   100           300 AM
 LOWEST     49           500 PM
 AVERAGE    75

..........................................................


THE ALLIANCE NE AIRPORT CLIMATE NORMALS FOR TOMORROW
                         NORMAL    RECORD    YEAR
 MAXIMUM TEMPERATURE (F)   76        93      2006
 MINIMUM TEMPERATURE (F)   46        27      1969


SUNRISE AND SUNSET
JUNE  1 2015..........SUNRISE   518 AM MDT   SUNSET   820 PM MDT
JUNE  2 2015..........SUNRISE   518 AM MDT   SUNSET   821 PM MDT


-  INDICATES NEGATIVE NUMBERS.
R  INDICATES RECORD WAS SET OR TIED.
MM INDICATES DATA IS MISSING.
T  INDICATES TRACE AMOUNT.




$$
