000
CDUS45 KCYS 252139
CLIAIA


CLIMATE REPORT
NATIONAL WEATHER SERVICE CHEYENNE WY
339 PM MDT SAT OCT 25 2014


...................................

...THE ALLIANCE NE AIRPORT CLIMATE SUMMARY FOR OCTOBER 25 2014...
VALID AS OF 0300 PM LOCAL TIME.

CLIMATE NORMAL PERIOD 1981 TO 2010
CLIMATE RECORD PERIOD 1896 TO 2014


WEATHER ITEM   OBSERVED TIME   RECORD YEAR NORMAL DEPARTURE LAST
                VALUE   (LST)  VALUE       VALUE  FROM      YEAR
                                                  NORMAL
..................................................................
TEMPERATURE (F)
 TODAY
  MAXIMUM         75    159 PM  79    1959  58     17       70
                                      1901
  MINIMUM         28    609 AM  12    2003  26      2       27
                                      1997
  AVERAGE         52                        42     10       49

PRECIPITATION (IN)
  TODAY            0.00          0.93 1921   0.02  -0.02     0.00
  MONTH TO DATE    0.15                      1.00  -0.85     1.23
  SINCE JAN 1     17.42                     14.80   2.62    13.17

DEGREE DAYS
 HEATING
  TODAY           13                        23    -10       16
  MONTH TO DATE  344                       453   -109      508
  SINCE SEP 1    495                       661   -166      629
  SINCE JUL 1    532                       698   -166      637

 COOLING
  TODAY            0                         0      0        0
  MONTH TO DATE    0                         0      0        0
  SINCE SEP 1     37                        40     -3      136
  SINCE JAN 1    499                       563    -64      795
..................................................................


WIND (MPH)
  HIGHEST WIND SPEED    12   HIGHEST WIND DIRECTION     N (360)
  HIGHEST GUST SPEED    14   HIGHEST GUST DIRECTION     N (360)
  AVERAGE WIND SPEED     4.7


SKY COVER
  AVERAGE SKY COVER 0.0


WEATHER CONDITIONS
 THE FOLLOWING WEATHER WAS RECORDED TODAY.
  NO SIGNIFICANT WEATHER WAS OBSERVED.


RELATIVE HUMIDITY (PERCENT)
 HIGHEST    92           200 AM
 LOWEST     23           200 PM
 AVERAGE    58

..........................................................


THE ALLIANCE NE AIRPORT CLIMATE NORMALS FOR TOMORROW
                         NORMAL    RECORD    YEAR
 MAXIMUM TEMPERATURE (F)   58        81      1977
 MINIMUM TEMPERATURE (F)   26        -6      1997


SUNRISE AND SUNSET
OCTOBER 25 2014.......SUNRISE   715 AM MDT   SUNSET   554 PM MDT
OCTOBER 26 2014.......SUNRISE   717 AM MDT   SUNSET   553 PM MDT


-  INDICATES NEGATIVE NUMBERS.
R  INDICATES RECORD WAS SET OR TIED.
MM INDICATES DATA IS MISSING.
T  INDICATES TRACE AMOUNT.




$$
