562
CDAK48 PAFC 250059
CLIAKN


CLIMATE REPORT
NATIONAL WEATHER SERVICE ANCHORAGE, AK
359 PM AKST TUE JAN 24 2017


...................................

...THE KING SALMON CLIMATE SUMMARY FOR JANUARY 24 2017...
VALID TODAY AS OF 0300 PM LOCAL TIME.

CLIMATE NORMAL PERIOD 1981 TO 2010
CLIMATE RECORD PERIOD 1917 TO 2017


WEATHER ITEM   OBSERVED TIME   RECORD YEAR NORMAL DEPARTURE LAST
                VALUE   (LST)  VALUE       VALUE  FROM      YEAR
                                                  NORMAL
..................................................................
TEMPERATURE (F)
 TODAY
  MAXIMUM         37    100 PM  50    1963  23     14       43
  MINIMUM         29   1000 AM -36    2006   9     20       37
  AVERAGE         33                        16     17       40

PRECIPITATION (IN)
  TODAY            0.00          0.24 1943   0.03  -0.03     0.02
  MONTH TO DATE    0.12                      0.78  -0.66     0.20
  SINCE DEC 1      1.21                      2.01  -0.80     1.70
  SINCE JAN 1      0.12                      0.78  -0.66     0.20

SNOWFALL (IN)
  TODAY            0.0          MM      MM   0.4   -0.4     MM
  MONTH TO DATE    2.8                       7.9   -5.1      0.0
  SINCE DEC 1      8.3                      17.4   -9.1      0.0
  SINCE JUL 1     12.9                      27.2  -14.3     13.1
  SNOW DEPTH       1

DEGREE DAYS
 HEATING
  TODAY           32                        49    -17       25
  MONTH TO DATE 1347                      1172    175      805
  SINCE DEC 1   2769                      2610    159     2055
  SINCE JUL 1   5495                      5987   -492     4652

 COOLING
  TODAY            0                         0      0        0
  MONTH TO DATE    0                         0      0        0
  SINCE DEC 1      0                         0      0        0
  SINCE JAN 1      0                         0      0        0
..................................................................


WIND (MPH)
  RESULTANT WIND SPEED   7   RESULTANT WIND DIRECTION   E (90)
  HIGHEST WIND SPEED    10   HIGHEST WIND DIRECTION     E (100)
  HIGHEST GUST SPEED    MM   HIGHEST GUST DIRECTION    MM
  AVERAGE WIND SPEED     6.9



WEATHER CONDITIONS
 THE FOLLOWING WEATHER WAS RECORDED TODAY.
  NO SIGNIFICANT WEATHER WAS OBSERVED.


RELATIVE HUMIDITY (PERCENT)
 HIGHEST    92
 LOWEST     75
 AVERAGE    84

..........................................................


THE KING SALMON CLIMATE NORMALS FOR TOMORROW
                         NORMAL    RECORD    YEAR
 MAXIMUM TEMPERATURE (F)   24        48      2014
 MINIMUM TEMPERATURE (F)    9       -39      1919


SUNRISE AND SUNSET
JANUARY 24 2017.......SUNRISE   949 AM AKST  SUNSET   530 PM AKST
JANUARY 25 2017.......SUNRISE   947 AM AKST  SUNSET   532 PM AKST


-  INDICATES NEGATIVE NUMBERS.
R  INDICATES RECORD WAS SET OR TIED.
MM INDICATES DATA IS MISSING.
T  INDICATES TRACE AMOUNT.




$$
