044
CDAK48 PAFC 151245
CLIAKN


CLIMATE REPORT
NATIONAL WEATHER SERVICE ANCHORAGE, AK
345 AM AKST FRI DEC 15 2017


...................................

...THE KING SALMON CLIMATE SUMMARY FOR DECEMBER 14 2017...

CLIMATE NORMAL PERIOD 1981 TO 2010
CLIMATE RECORD PERIOD 1917 TO 2017


WEATHER ITEM   OBSERVED TIME   RECORD YEAR NORMAL DEPARTURE LAST
                VALUE   (LST)  VALUE       VALUE  FROM      YEAR
                                                  NORMAL
..................................................................
TEMPERATURE (F)
 YESTERDAY
  MAXIMUM         33    307 PM  43    2005  27      6       38
                                      1985
  MINIMUM         24    647 PM -35    1980  11     13       24
  AVERAGE         29                        19     10       31

PRECIPITATION (IN)
  YESTERDAY        0.00          0.20 2015   0.04  -0.04      T
  MONTH TO DATE    1.09                      0.62   0.47     0.35
  SINCE SEP 1      9.58                      7.28   2.30     7.24
  SINCE JAN 1     20.27                     18.88   1.39    25.21

SNOWFALL (IN)
  YESTERDAY        0.0           2.9  1993   0.3   -0.3      0.0
  MONTH TO DATE    1.3                       4.9   -3.6      3.5
  SINCE SEP 1      6.5                      14.7   -8.2      8.1
  SINCE JUL 1      6.5                      14.7   -8.2      8.1
  SNOW DEPTH       0

DEGREE DAYS
 HEATING
  YESTERDAY       36                        46    -10       34
  MONTH TO DATE  441                       637   -196      809
  SINCE DEC 1    441                       637   -196      809
  SINCE JUL 1   3377                      4014   -637     3535

 COOLING
  YESTERDAY        0                         0      0        0
  MONTH TO DATE    0                         0      0        0
  SINCE DEC 1      0                         0      0        0
  SINCE JAN 1      1                         1      0        0
..................................................................


WIND (MPH)
  RESULTANT WIND SPEED   4   RESULTANT WIND DIRECTION   E (80)
  HIGHEST WIND SPEED    14   HIGHEST WIND DIRECTION     E (90)
  HIGHEST GUST SPEED    19   HIGHEST GUST DIRECTION     E (80)
  AVERAGE WIND SPEED     4.1



WEATHER CONDITIONS
 THE FOLLOWING WEATHER WAS RECORDED YESTERDAY.
  FOG


RELATIVE HUMIDITY (PERCENT)
 HIGHEST   100
 LOWEST     92
 AVERAGE    96

..........................................................


THE KING SALMON CLIMATE NORMALS FOR TODAY
                         NORMAL    RECORD    YEAR
 MAXIMUM TEMPERATURE (F)   27        46      1989
 MINIMUM TEMPERATURE (F)   11       -35      2001


SUNRISE AND SUNSET
DECEMBER 15 2017......SUNRISE  1012 AM AKST  SUNSET   431 PM AKST
DECEMBER 16 2017......SUNRISE  1013 AM AKST  SUNSET   432 PM AKST


-  INDICATES NEGATIVE NUMBERS.
R  INDICATES RECORD WAS SET OR TIED.
MM INDICATES DATA IS MISSING.
T  INDICATES TRACE AMOUNT.




$$
