000
CDAK48 PAKN 010006
CLIAKN

CLIMATE REPORT
NATIONAL WEATHER SERVICE KING SALMON, AK
406 PM AKDT SAT APR 30 2016

...................................
...THE KING SALMON AP CLIMATE SUMMARY FOR APRIL 30 2016...
VALID TODAY AS OF 2:00 PM LOCAL TIME

CLIMATE NORMAL PERIOD  1981 TO  2010
CLIMATE RECORD PERIOD  1917 TO  2016

WEATHER ITEM   OBSERVED TIME    RECORD YEAR NORMAL DEPARTURE LAST
               VALUE    (LST)   VALUE       VALUE  FROM      YEAR
                                                   NORMAL
...................................................................
TEMPERATURE
TODAY
 MAXIMUM            56  0132 PM    69  2005     48       8     51
 MINIMUM            37  1227 AM    17  1952     30       7     33
 AVERAGE            47                          39       8     42

PRECIPITATION
(INCHES)
 TODAY               T           0.32  1930   0.04   -0.04   0.00
 MONTH TO DATE    0.85                        0.97   -0.12   2.18
 SINCE MAR 1      2.80                        1.67    1.13   3.13
 SINCE JAN 1      4.24                        3.45    0.79   3.92

SNOWFALL
(INCHES)
 TODAY             0.0            2.0  1982    0.1    -0.1    0.0
 MONTH TO DATE     0.0                         3.9    -3.9   12.1
 SINCE MAR 1       4.2                        10.3    -6.1   12.4
 SINCE JUL 1      38.8                        45.8    -7.0   26.1
 SNOW DEPTH (IN)     0                                          0

DEGREE DAYS
 HEATING
  TODAY             18                          26      -8     23
  MONTH TO DATE    647                         940    -293    862
  SINCE MAR 1     1632                        2205    -573   1925
  SINCE JUL 1     7566                        9823   -2257   8123

 COOLING
  TODAY              0                           0       0      0
  MONTH TO DATE      0                           0       0      0
  SINCE MAR 1        0                           0       0      0
  SINCE JAN 1        0                           0       0      0
...................................................................

WIND (MPH)
 HIGHEST WIND SPEED    28     HIGHEST WIND DIRECTION     30
 HIGHEST GUST SPEED    37     HIGHEST GUST DIRECTION     30
 AVERAGE WIND SPEED    MM

SKY COVER
  POSSIBLE SUNSHINE  MM            AVERAGE SKY COVER MM

WEATHER CONDITIONS
 THE FOLLOWING WEATHER WAS RECORDED TODAY.
NO SIGNIFICANT WEATHER WAS OBSERVED.

RELATIVE HUMIDITY
 HIGHEST RH     MM PERCENT       MM
 LOWEST  RH     MM PERCENT       MM
 AVERAGE RH     MM PERCENT       MM
...................................................................

THE KING SALMON CLIMATE NORMALS FOR TOMORROW
                        NORMAL    RECORD   YEAR
 MAXIMUM TEMPERATURE      49        75     1953
 MINIMUM TEMPERATURE      31        14     1945

SUNRISE AND SUNSET
 APR 30 2016..........SUNRISE  6:32 AM      SUNSET 10:18 PM
 MAY 1 2016..........SUNRISE  6:30 AM      SUNSET 10:20 PM

-  INDICATES NEGATIVE NUMBERS.
R  INDICATES RECORD HAS BEEN SET OR TIED.
MM INDICATES DATA IS MISSING.
T  INDICATES TRACE OF PRECIPITATION.

&&
-------------------------------------------------------------------

AMOUNT OF DAYLIGHT TODAY  (HOUR:MIN)........15 HOURS 46 MINUTES
GAIN/LOSS SINCE YESTERDAY (HOUR:MIN:SEC)....+0:04:52

$$
FS APR 16
