000
CDAK48 PAKN 011200
CLIAKN

CLIMATE REPORT
NATIONAL WEATHER SERVICE KING SALMON, AK
400 AM AKDT MON SEP 1 2014

...................................
...THE KING SALMON AP CLIMATE SUMMARY FOR AUGUST 31 2014...

CLIMATE NORMAL PERIOD  1981 TO  2010
CLIMATE RECORD PERIOD  1917 TO  2013

WEATHER ITEM   OBSERVED TIME    RECORD YEAR NORMAL DEPARTURE LAST
               VALUE    (LST)   VALUE       VALUE  FROM      YEAR
                                                   NORMAL
...................................................................
TEMPERATURE
YESTERDAY
 MAXIMUM            62  0359 PM    74  1942     61       1     57
 MINIMUM            30  0626 AM    25  1984     45     -15     48
 AVERAGE            46                          53      -7     53

PRECIPITATION
(INCHES)
 YESTERDAY        0.00           1.04  1918   0.10   -0.10   0.09
 MONTH TO DATE    3.51                        2.95    0.56   5.38
 SINCE JUN 1      9.14                        6.90    2.24   7.73
 SINCE JAN 1     14.27                       11.60    2.67  14.09

SNOWFALL
(INCHES)
 YESTERDAY         0.0            0.0  2014    0.0     0.0    0.0
 MONTH TO DATE     0.0                         0.0     0.0    0.0
 SINCE JUN 1       0.0                         0.0     0.0    0.0
 SINCE JUL 1       0.0                         0.0     0.0    0.0
 SNOW DEPTH (IN)     0                                          0

DEGREE DAYS
 HEATING
  YESTERDAY         19                          12       7     12
  MONTH TO DATE    236                         322     -86    281
  SINCE JUN 1      905                        1019    -114    785
  SINCE JUL 1      474                         612    -138    503

 COOLING
  YESTERDAY          0                           0       0      0
  MONTH TO DATE      0                           0       0      0
  SINCE JUN 1        0                           0       0      4
  SINCE JAN 1        0                           0       0      4
...................................................................

WIND (MPH)
 HIGHEST WIND SPEED    18     HIGHEST WIND DIRECTION    330
 HIGHEST GUST SPEED    22     HIGHEST GUST DIRECTION    330
 AVERAGE WIND SPEED   8.5

SKY COVER
  POSSIBLE SUNSHINE    MM          AVERAGE SKY COVER     MM

WEATHER CONDITIONS
 THE FOLLOWING WEATHER WAS RECORDED YESTERDAY.
  FOG


RELATIVE HUMIDITY
 HIGHEST RH     MM PERCENT       MM
 LOWEST  RH     MM PERCENT       MM
 AVERAGE RH     MM PERCENT       MM
...................................................................

THE KING SALMON CLIMATE NORMALS FOR TODAY
                           NORMAL    RECORD   YEAR
 MAXIMUM TEMPERATURE (F)     60        72     1942
 MINIMUM TEMPERATURE (F)     45        28     1980

SUNRISE AND SUNSET
 SEP 1 2014..........SUNRISE  7:26 AM      SUNSET  9:27 PM
 SEP 2 2014..........SUNRISE  7:28 AM      SUNSET  9:24 PM

-  INDICATES NEGATIVE NUMBERS.
R  INDICATES RECORD HAS BEEN SET OR TIED.
MM INDICATES DATA IS MISSING.
T  INDICATES TRACE OF PRECIPITATION.

&&
-------------------------------------------------------------------

AMOUNT OF DAYLIGHT TODAY  (HOUR:MIN)........14 HOURS 1 MINUTES
LOSS SINCE YESTERDAY (HOUR:MIN:SEC).........-0:05:03

$$

DT SEP 14
