315
CDAK48 PAFC 051252 RRA
CLIAKN

CLIMATE REPORT
NATIONAL WEATHER SERVICE ANCHORAGE, AK
335 AM AKST MON DEC 5 2016


...................................

...THE KING SALMON CLIMATE SUMMARY FOR DECEMBER 4 2016...

CLIMATE NORMAL PERIOD 1981 TO 2010
CLIMATE RECORD PERIOD 1917 TO 2016


WEATHER ITEM   OBSERVED TIME   RECORD YEAR NORMAL DEPARTURE LAST
                VALUE   (LST)  VALUE       VALUE  FROM      YEAR
                                                  NORMAL
..................................................................
TEMPERATURE (F)
 YESTERDAY
  MAXIMUM          5    137 AM  46    2011  28    -23       16
  MINIMUM        -18    624 AM -33    1987  12    -30        3
  AVERAGE         -6                        20    -26       10

PRECIPITATION (IN)
  YESTERDAY        0.00          0.50 1917   0.04  -0.04    MM
  MONTH TO DATE    0.10                      0.18  -0.08     0.06
  SINCE DEC 1      0.10                      0.18  -0.08     0.06
  SINCE JAN 1     24.96                     18.44   6.52    22.40

SNOWFALL (IN)
  YESTERDAY        0.0           4.4  1994   0.3   -0.3     MM
  MONTH TO DATE    1.0                       1.4   -0.4     MM
  SINCE DEC 1      1.0                       1.4   -0.4     MM
  SINCE JUL 1      5.6                      11.2   -5.6     13.1
  SNOW DEPTH       3

DEGREE DAYS
 HEATING
  YESTERDAY       71                        45     26       55
  MONTH TO DATE  278                       180     98      197
  SINCE DEC 1    278                       180     98      197
  SINCE JUL 1   3004                      3557   -553     2794

 COOLING
  YESTERDAY        0                         0      0        0
  MONTH TO DATE    0                         0      0        0
  SINCE DEC 1      0                         0      0        0
  SINCE JAN 1      0                         1     -1        2
..................................................................


WIND (MPH)
  RESULTANT WIND SPEED   5   RESULTANT WIND DIRECTION   N (350)
  HIGHEST WIND SPEED    18   HIGHEST WIND DIRECTION    NW (330)
  HIGHEST GUST SPEED    23   HIGHEST GUST DIRECTION    NW (330)
  AVERAGE WIND SPEED     5.0



WEATHER CONDITIONS
 THE FOLLOWING WEATHER WAS RECORDED YESTERDAY.
  NO SIGNIFICANT WEATHER WAS OBSERVED.


RELATIVE HUMIDITY (PERCENT)
 HIGHEST    86
 LOWEST     59
 AVERAGE    73

..........................................................


THE KING SALMON CLIMATE NORMALS FOR TODAY
                         NORMAL    RECORD    YEAR
 MAXIMUM TEMPERATURE (F)   28        49      2002
 MINIMUM TEMPERATURE (F)   12       -24      1975


SUNRISE AND SUNSET
DECEMBER  5 2016......SUNRISE  1000 AM AKST  SUNSET   435 PM AKST
DECEMBER  6 2016......SUNRISE  1001 AM AKST  SUNSET   434 PM AKST

CIVIL TWILIGHT
DECEMBER 5 2016         START    908 AM GMT     END    528 PM GMT
DECEMBER 6 2016         START    910 AM GMT     END    527 PM GMT



-  INDICATES NEGATIVE NUMBERS.
R  INDICATES RECORD WAS SET OR TIED.
MM INDICATES DATA IS MISSING.
T  INDICATES TRACE AMOUNT.




$$
&&
------------------------------------------------------
AMOUNT OF DAYLIGHT TODAY  (HOUR:MIN)........ 6:35
GAIN/LOSS SINCE YESTERDAY (HOUR:MIN:SEC)....-0:02:27

$$
