000
CDAK48 PAKN 210922
CLIAKN

CLIMATE REPORT
NATIONAL WEATHER SERVICE KING SALMON, AK
123 AM AKDT TUE OCT 21 2014

...................................
...THE KING SALMON AP CLIMATE SUMMARY FOR OCTOBER 20 2014...

CLIMATE NORMAL PERIOD  1981 TO  2010
CLIMATE RECORD PERIOD  1917 TO  2014

WEATHER ITEM   OBSERVED TIME    RECORD YEAR NORMAL DEPARTURE LAST
               VALUE    (LST)   VALUE       VALUE  FROM      YEAR
                                                   NORMAL
...................................................................
TEMPERATURE
YESTERDAY
 MAXIMUM            35  0446 PM    57  1957     39      -4     48
 MINIMUM            24  0906 AM     3  2001     24       0     37
 AVERAGE            30                          31      -1     43

PRECIPITATION
(INCHES)
 YESTERDAY        0.01           0.60  1936   0.06   -0.05   0.11
 MONTH TO DATE    0.02                        1.49   -1.47   3.73
 SINCE SEP 1      3.39                        4.68   -1.29   5.81
 SINCE JAN 1     17.66                       16.28    1.38  19.90

SNOWFALL
(INCHES)
 YESTERDAY         0.2            1.4  1977    0.1     0.1    0.0
 MONTH TO DATE     0.2                         1.2    -1.0    0.0
 SINCE SEP 1       0.2                         1.3    -1.1    0.0
 SINCE JUL 1       0.2                         1.3    -1.1    0.0
 SNOW DEPTH (IN)     T                                          0

DEGREE DAYS
 HEATING
  YESTERDAY         35                          34       1     22
  MONTH TO DATE    616                         580      36    403
  SINCE SEP 1     1030                        1103     -73    937
  SINCE JUL 1     1504                        1715    -211   1440

 COOLING
  YESTERDAY          0                           0       0      0
  MONTH TO DATE      0                           0       0      0
  SINCE SEP 1        0                           0       0      0
  SINCE JAN 1        0                           0       0      4
...................................................................

WIND (MPH)
 HIGHEST WIND SPEED     9     HIGHEST WIND DIRECTION    110
 HIGHEST GUST SPEED    13     HIGHEST GUST DIRECTION    120
 AVERAGE WIND SPEED   3.1

SKY COVER
  POSSIBLE SUNSHINE    MM          AVERAGE SKY COVER     MM

WEATHER CONDITIONS
 THE FOLLOWING WEATHER WAS RECORDED YESTERDAY.
  SNOW


RELATIVE HUMIDITY
 HIGHEST RH     MM PERCENT       MM
 LOWEST  RH     MM PERCENT       MM
 AVERAGE RH     MM PERCENT       MM
...................................................................

THE KING SALMON CLIMATE NORMALS FOR TODAY
                           NORMAL    RECORD   YEAR
 MAXIMUM TEMPERATURE (F)     39        53     2002
 MINIMUM TEMPERATURE (F)     23         3     2001

SUNRISE AND SUNSET
 OCT 21 2014..........SUNRISE  9:18 AM      SUNSET  7:04 PM
 OCT 22 2014..........SUNRISE  9:21 AM      SUNSET  7:01 PM

-  INDICATES NEGATIVE NUMBERS.
R  INDICATES RECORD HAS BEEN SET OR TIED.
MM INDICATES DATA IS MISSING.
T  INDICATES TRACE OF PRECIPITATION.

&&
-------------------------------------------------------------------

AMOUNT OF DAYLIGHT TODAY  (HOUR:MIN)........9 HOURS 46 MINUTES
GAIN/LOSS SINCE YESTERDAY (HOUR:MIN:SEC)....-0:05:01

$$
FS OCT 14
