000
CDAK48 PAKN 261020
CLIAKN

CLIMATE REPORT
NATIONAL WEATHER SERVICE KING SALMON, AK
120 AM AKST FRI DEC 26 2014

...................................
...THE KING SALMON AP CLIMATE SUMMARY FOR DECEMBER 25 2014...

CLIMATE NORMAL PERIOD  1981 TO  2010
CLIMATE RECORD PERIOD  1917 TO  2014

WEATHER ITEM   OBSERVED TIME    RECORD YEAR NORMAL DEPARTURE LAST
               VALUE    (LST)   VALUE       VALUE  FROM      YEAR
                                                   NORMAL
...................................................................
TEMPERATURE
YESTERDAY
 MAXIMUM            37  1252 AM    43  1990     25      12     21
 MINIMUM            25  0938 PM   -31  1957     10      15      6
 AVERAGE            31                          18      13     14

PRECIPITATION
(INCHES)
 YESTERDAY        0.33           0.65  1990   0.04    0.29      T
 MONTH TO DATE    1.09                        1.04    0.05   1.03
 SINCE DEC 1      1.09                        1.04    0.05   1.03
 SINCE JAN 1     21.54                       19.30    2.24  24.44

SNOWFALL
(INCHES)
 YESTERDAY         1.7            5.0  1930    0.2     1.5    0.1
 MONTH TO DATE     4.9                         8.0    -3.1    2.8
 SINCE DEC 1       4.9                         8.0    -3.1    2.8
 SINCE JUL 1       8.4                        17.8    -9.4   14.4
 SNOW DEPTH (IN)     4                                          T

DEGREE DAYS
 HEATING
  YESTERDAY         34                          47     -13     51
  MONTH TO DATE    867                        1151    -284   1121
  SINCE DEC 1      867                        1151    -284   1118
  SINCE JUL 1     3618                        4526    -908   4022

 COOLING
  YESTERDAY          0                           0       0      0
  MONTH TO DATE      0                           0       0      0
  SINCE DEC 1        0                           0       0      0
  SINCE JAN 1        0                           0       0      4
...................................................................

WIND (MPH)
 HIGHEST WIND SPEED    24     HIGHEST WIND DIRECTION    210
 HIGHEST GUST SPEED    34     HIGHEST GUST DIRECTION    220
 AVERAGE WIND SPEED  14.0

SKY COVER
  POSSIBLE SUNSHINE    MM          AVERAGE SKY COVER     MM

WEATHER CONDITIONS
 THE FOLLOWING WEATHER WAS RECORDED YESTERDAY.
  FOG
RAIN
SNOW


RELATIVE HUMIDITY
 HIGHEST RH     MM PERCENT       MM
 LOWEST  RH     MM PERCENT       MM
 AVERAGE RH     MM PERCENT       MM
...................................................................

THE KING SALMON CLIMATE NORMALS FOR TODAY
                           NORMAL    RECORD   YEAR
 MAXIMUM TEMPERATURE (F)     25        47     1985
 MINIMUM TEMPERATURE (F)     10       -31     1954

SUNRISE AND SUNSET
 DEC 26 2014..........SUNRISE 10:19 AM      SUNSET  4:37 PM
 DEC 27 2014..........SUNRISE 10:19 AM      SUNSET  4:38 PM

-  INDICATES NEGATIVE NUMBERS.
R  INDICATES RECORD HAS BEEN SET OR TIED.
MM INDICATES DATA IS MISSING.
T  INDICATES TRACE OF PRECIPITATION.

&&
-------------------------------------------------------------------

AMOUNT OF DAYLIGHT TODAY  (HOUR:MIN)........6 HOURS 18 MINUTES
GAIN/LOSS SINCE YESTERDAY (HOUR:MIN:SEC)....+0:00:44

$$
FS DEC 14
