000
CDUS45 KBOU 250725
CLIAKO


CLIMATE REPORT
NATIONAL WEATHER SERVICE BOULDER, CO
1225 AM MST SUN JAN 25 2015


...................................

...THE AKRON CO CLIMATE SUMMARY FOR JANUARY 24 2015...

CLIMATE NORMAL PERIOD 1981 TO 2010
CLIMATE RECORD PERIOD 9999 TO 9999


WEATHER ITEM   OBSERVED TIME   RECORD YEAR NORMAL DEPARTURE LAST
                VALUE   (LST)  VALUE       VALUE  FROM      YEAR
                                                  NORMAL
..................................................................
TEMPERATURE (F)
 YESTERDAY
  MAXIMUM         45    525 PM  71    1970  40      5
  MINIMUM         24    407 AM -10    1949  17      7
  AVERAGE         35                        29      6

PRECIPITATION (IN)
  YESTERDAY        0.00          0.16 1950   0.01  -0.01     0.00
  MONTH TO DATE    0.16                      0.21  -0.05     0.11
  SINCE DEC 1      0.40                      0.61  -0.21     0.13
  SINCE JAN 1      0.16                      0.21  -0.05     0.11

DEGREE DAYS
 HEATING
  YESTERDAY       30
  MONTH TO DATE  962

 COOLING
  YESTERDAY        0
  MONTH TO DATE    0
..................................................................


WIND (MPH)
  HIGHEST WIND SPEED    40   HIGHEST WIND DIRECTION     N (350)
  HIGHEST GUST SPEED    47   HIGHEST GUST DIRECTION    NW (330)




RELATIVE HUMIDITY (PERCENT)
 HIGHEST    88
 LOWEST     45
 AVERAGE    67

..........................................................


THE AKRON CO CLIMATE NORMALS FOR TODAY
                         NORMAL    RECORD    YEAR
 MAXIMUM TEMPERATURE (F)   40        72      1946
 MINIMUM TEMPERATURE (F)   17        -9      1949


SUNRISE AND SUNSET
JANUARY 25 2015.......SUNRISE   708 AM MST   SUNSET   503 PM MST
JANUARY 26 2015.......SUNRISE   707 AM MST   SUNSET   504 PM MST


-  INDICATES NEGATIVE NUMBERS.
R  INDICATES RECORD WAS SET OR TIED.
MM INDICATES DATA IS MISSING.
T  INDICATES TRACE AMOUNT.




$$
