000
CDUS45 KBOU 200725
CLIAKO


CLIMATE REPORT
NATIONAL WEATHER SERVICE DENVER/BOULDER CO
125 AM MDT FRI OCT 20 2017


...................................

...THE AKRON CO CLIMATE SUMMARY FOR OCTOBER 19 2017...

CLIMATE NORMAL PERIOD 1981 TO 2010
CLIMATE RECORD PERIOD 9999 TO 9999


WEATHER ITEM   OBSERVED TIME   RECORD YEAR NORMAL DEPARTURE LAST
                VALUE   (LST)  VALUE       VALUE  FROM      YEAR
                                                  NORMAL
..................................................................
TEMPERATURE (F)
 YESTERDAY
  MAXIMUM         81   1223 PM  86    2003  63     18
  MINIMUM         41    456 AM  17    1976  36      5
  AVERAGE         61                        49     12

PRECIPITATION (IN)
  YESTERDAY        T             0.22 1990   0.03  -0.03      T
  MONTH TO DATE    0.47                      0.77  -0.30     0.46
  SINCE SEP 1      1.76                      1.93  -0.17     1.83
  SINCE JAN 1     13.55                     15.42  -1.87    16.56

DEGREE DAYS
 HEATING
  YESTERDAY        4
  MONTH TO DATE  238

 COOLING
  YESTERDAY        0
  MONTH TO DATE    0
..................................................................


WIND (MPH)
  HIGHEST WIND SPEED    23   HIGHEST WIND DIRECTION     S (170)
  HIGHEST GUST SPEED    30   HIGHEST GUST DIRECTION     S (170)




RELATIVE HUMIDITY (PERCENT)
 HIGHEST    71
 LOWEST     12
 AVERAGE    42

..........................................................


THE AKRON CO CLIMATE NORMALS FOR TODAY
                         NORMAL    RECORD    YEAR
 MAXIMUM TEMPERATURE (F)   62        87      1947
 MINIMUM TEMPERATURE (F)   35        22      1982


SUNRISE AND SUNSET
OCTOBER 20 2017.......SUNRISE   709 AM MDT   SUNSET   605 PM MDT
OCTOBER 21 2017.......SUNRISE   710 AM MDT   SUNSET   604 PM MDT


-  INDICATES NEGATIVE NUMBERS.
R  INDICATES RECORD WAS SET OR TIED.
MM INDICATES DATA IS MISSING.
T  INDICATES TRACE AMOUNT.




$$
