000
CDUS45 KBOU 030725
CLIAKO


CLIMATE REPORT
NATIONAL WEATHER SERVICE DENVER/BOULDER CO
1225 AM MST SAT DEC 3 2016


...................................

...THE AKRON CO CLIMATE SUMMARY FOR DECEMBER 2 2016...

CLIMATE NORMAL PERIOD 1981 TO 2010
CLIMATE RECORD PERIOD 9999 TO 9999


WEATHER ITEM   OBSERVED TIME   RECORD YEAR NORMAL DEPARTURE LAST
                VALUE   (LST)  VALUE       VALUE  FROM      YEAR
                                                  NORMAL
..................................................................
TEMPERATURE (F)
 YESTERDAY
  MAXIMUM         38    145 PM  67    1998  42     -4
  MINIMUM         18    628 AM  -7    1985  19     -1
  AVERAGE         28                        30     -2

PRECIPITATION (IN)
  YESTERDAY        0.00          0.11 1978   0.02  -0.02     0.00
  MONTH TO DATE    0.00                      0.04  -0.04     0.00
  SINCE DEC 1      0.00                      0.04  -0.04     0.00
  SINCE JAN 1     16.65                     16.38   0.27    13.29

DEGREE DAYS
 HEATING
  YESTERDAY       37
  MONTH TO DATE   74

 COOLING
  YESTERDAY        0
  MONTH TO DATE    0
..................................................................


WIND (MPH)
  HIGHEST WIND SPEED    14   HIGHEST WIND DIRECTION     S (170)
  HIGHEST GUST SPEED    17   HIGHEST GUST DIRECTION     S (170)




RELATIVE HUMIDITY (PERCENT)
 HIGHEST    75
 LOWEST     44
 AVERAGE    60

..........................................................


THE AKRON CO CLIMATE NORMALS FOR TODAY
                         NORMAL    RECORD    YEAR
 MAXIMUM TEMPERATURE (F)   42        80      1941
 MINIMUM TEMPERATURE (F)   19        -1      1955


SUNRISE AND SUNSET
DECEMBER  3 2016......SUNRISE   658 AM MST   SUNSET   427 PM MST
DECEMBER  4 2016......SUNRISE   659 AM MST   SUNSET   427 PM MST


-  INDICATES NEGATIVE NUMBERS.
R  INDICATES RECORD WAS SET OR TIED.
MM INDICATES DATA IS MISSING.
T  INDICATES TRACE AMOUNT.




$$
