000
CDUS45 KBOU 220751
CLIAKO


CLIMATE REPORT
NATIONAL WEATHER SERVICE BOULDER, CO
1251 AM MST MON DEC 22 2014


...................................

...THE AKRON CO CLIMATE SUMMARY FOR DECEMBER 21 2014...

CLIMATE NORMAL PERIOD 1981 TO 2010
CLIMATE RECORD PERIOD 9999 TO 9999


WEATHER ITEM   OBSERVED TIME   RECORD YEAR NORMAL DEPARTURE LAST
                VALUE   (LST)  VALUE       VALUE  FROM      YEAR
                                                  NORMAL
..................................................................
TEMPERATURE (F)
 YESTERDAY
  MAXIMUM         46    517 PM  63    1982  39      7
  MINIMUM         21    304 AM -23    1983  16      5
  AVERAGE         34                        28      6

PRECIPITATION (IN)
  YESTERDAY        0.03          0.44 1952   0.01   0.02      T
  MONTH TO DATE    0.23                      0.30  -0.07     0.02
  SINCE DEC 1      0.23                      0.30  -0.07     0.02
  SINCE JAN 1     18.34                     16.64   1.70    16.98

DEGREE DAYS
 HEATING
  YESTERDAY       31
  MONTH TO DATE  637

 COOLING
  YESTERDAY        0
  MONTH TO DATE    0
..................................................................


WIND (MPH)
  HIGHEST WIND SPEED    37   HIGHEST WIND DIRECTION     N (340)
  HIGHEST GUST SPEED    46   HIGHEST GUST DIRECTION     N (340)




RELATIVE HUMIDITY (PERCENT)
 HIGHEST    88
 LOWEST     53
 AVERAGE    71

..........................................................


THE AKRON CO CLIMATE NORMALS FOR TODAY
                         NORMAL    RECORD    YEAR
 MAXIMUM TEMPERATURE (F)   39        66      1964
 MINIMUM TEMPERATURE (F)   16       -25      1989


SUNRISE AND SUNSET
DECEMBER 22 2014......SUNRISE   712 AM MST   SUNSET   431 PM MST
DECEMBER 23 2014......SUNRISE   713 AM MST   SUNSET   431 PM MST


-  INDICATES NEGATIVE NUMBERS.
R  INDICATES RECORD WAS SET OR TIED.
MM INDICATES DATA IS MISSING.
T  INDICATES TRACE AMOUNT.




$$
