000
CDUS45 KBOU 011500
CLIAKO


CLIMATE REPORT
NATIONAL WEATHER SERVICE BOULDER, CO
900 AM MDT TUE SEP 1 2015


...................................

...THE AKRON CO CLIMATE SUMMARY FOR AUGUST 31 2015...

CLIMATE NORMAL PERIOD 1981 TO 2010
CLIMATE RECORD PERIOD 9999 TO 9999


WEATHER ITEM   OBSERVED TIME   RECORD YEAR NORMAL DEPARTURE LAST
                VALUE   (LST)  VALUE       VALUE  FROM      YEAR
                                                  NORMAL
..................................................................
TEMPERATURE (F)
 YESTERDAY
  MAXIMUM         89    351 PM  98    2011  83      6
  MINIMUM         59   1159 PM  39    1944  55      4
  AVERAGE         74                        69      5

PRECIPITATION (IN)
  YESTERDAY        0.03          0.85 1986   0.06  -0.03      T
  MONTH TO DATE    0.68                      2.30  -1.62     4.81
  SINCE JUN 1      3.55                      7.31  -3.76    10.90
  SINCE JAN 1     11.56                     13.49  -1.93    15.60

DEGREE DAYS
 HEATING
  YESTERDAY        0
  MONTH TO DATE   14

 COOLING
  YESTERDAY        9
  MONTH TO DATE  290
..................................................................


WIND (MPH)
  HIGHEST WIND SPEED    29   HIGHEST WIND DIRECTION    SW (240)
  HIGHEST GUST SPEED    33   HIGHEST GUST DIRECTION    SW (240)




RELATIVE HUMIDITY (PERCENT)
 HIGHEST    84
 LOWEST     22
 AVERAGE    53

..........................................................


THE AKRON CO CLIMATE NORMALS FOR TODAY
                         NORMAL    RECORD    YEAR
 MAXIMUM TEMPERATURE (F)   83        98      1995
 MINIMUM TEMPERATURE (F)   55        40      1952


SUNRISE AND SUNSET
SEPTEMBER  1 2015.....SUNRISE   620 AM MDT   SUNSET   725 PM MDT
SEPTEMBER  2 2015.....SUNRISE   621 AM MDT   SUNSET   723 PM MDT


-  INDICATES NEGATIVE NUMBERS.
R  INDICATES RECORD WAS SET OR TIED.
MM INDICATES DATA IS MISSING.
T  INDICATES TRACE AMOUNT.




$$
