000
CDUS45 KBOU 010725
CLIAKO


CLIMATE REPORT
NATIONAL WEATHER SERVICE BOULDER, CO
1225 AM MST SUN MAR 1 2015


...................................

...THE AKRON CO CLIMATE SUMMARY FOR FEBRUARY 28 2015...

CLIMATE NORMAL PERIOD 1981 TO 2010
CLIMATE RECORD PERIOD 9999 TO 9999


WEATHER ITEM   OBSERVED TIME   RECORD YEAR NORMAL DEPARTURE LAST
                VALUE   (LST)  VALUE       VALUE  FROM      YEAR
                                                  NORMAL
..................................................................
TEMPERATURE (F)
 YESTERDAY
  MAXIMUM         24    305 PM  77    2006  47    -23
  MINIMUM          3    656 AM -18    1960  23    -20
  AVERAGE         14                        35    -21

PRECIPITATION (IN)
  YESTERDAY        0.00          0.48 1958   0.02  -0.02     0.00
  MONTH TO DATE    0.09                      0.44  -0.35     0.19
  SINCE DEC 1      0.52                      1.14  -0.62     0.45
  SINCE JAN 1      0.28                      0.74  -0.46     0.43

DEGREE DAYS
 HEATING
  YESTERDAY       51
  MONTH TO DATE  897

 COOLING
  YESTERDAY        0
  MONTH TO DATE    0
..................................................................


WIND (MPH)
  HIGHEST WIND SPEED    15   HIGHEST WIND DIRECTION     S (170)
  HIGHEST GUST SPEED    19   HIGHEST GUST DIRECTION     S (160)




RELATIVE HUMIDITY (PERCENT)
 HIGHEST    92
 LOWEST     71
 AVERAGE    82

..........................................................


THE AKRON CO CLIMATE NORMALS FOR TODAY
                         NORMAL    RECORD    YEAR
 MAXIMUM TEMPERATURE (F)   48        80      1941
 MINIMUM TEMPERATURE (F)   23        -9      1947


SUNRISE AND SUNSET
MARCH  1 2015.........SUNRISE   627 AM MST   SUNSET   544 PM MST
MARCH  2 2015.........SUNRISE   625 AM MST   SUNSET   545 PM MST


-  INDICATES NEGATIVE NUMBERS.
R  INDICATES RECORD WAS SET OR TIED.
MM INDICATES DATA IS MISSING.
T  INDICATES TRACE AMOUNT.




$$
