000
CDUS45 KBOU 280725
CLIAKO


CLIMATE REPORT
NATIONAL WEATHER SERVICE DENVER/BOULDER CO
125 AM MDT THU APR 28 2016


...................................

...THE AKRON CO CLIMATE SUMMARY FOR APRIL 27 2016...

CLIMATE NORMAL PERIOD 1981 TO 2010
CLIMATE RECORD PERIOD 9999 TO 9999


WEATHER ITEM   OBSERVED TIME   RECORD YEAR NORMAL DEPARTURE LAST
                VALUE   (LST)  VALUE       VALUE  FROM      YEAR
                                                  NORMAL
..................................................................
TEMPERATURE (F)
 YESTERDAY
  MAXIMUM         55   1231 PM  84    1953  65    -10
  MINIMUM         28    424 AM  21    1994  37     -9
  AVERAGE         42                        51     -9

PRECIPITATION (IN)
  YESTERDAY        0.00          0.97 1938   0.07  -0.07     0.08
  MONTH TO DATE    1.46                      1.43   0.03     1.27
  SINCE MAR 1      1.76                      2.30  -0.54     1.49
  SINCE JAN 1      1.87                      3.04  -1.17     1.77

DEGREE DAYS
 HEATING
  YESTERDAY       23
  MONTH TO DATE  437

 COOLING
  YESTERDAY        0
  MONTH TO DATE    0
..................................................................


WIND (MPH)
  HIGHEST WIND SPEED    38   HIGHEST WIND DIRECTION     N (340)
  HIGHEST GUST SPEED    48   HIGHEST GUST DIRECTION     N (340)




RELATIVE HUMIDITY (PERCENT)
 HIGHEST    92
 LOWEST     35
 AVERAGE    64

..........................................................


THE AKRON CO CLIMATE NORMALS FOR TODAY
                         NORMAL    RECORD    YEAR
 MAXIMUM TEMPERATURE (F)   65        83      2010
 MINIMUM TEMPERATURE (F)   37        17      1984


SUNRISE AND SUNSET
APRIL 28 2016.........SUNRISE   556 AM MDT   SUNSET   745 PM MDT
APRIL 29 2016.........SUNRISE   554 AM MDT   SUNSET   746 PM MDT


-  INDICATES NEGATIVE NUMBERS.
R  INDICATES RECORD WAS SET OR TIED.
MM INDICATES DATA IS MISSING.
T  INDICATES TRACE AMOUNT.




$$
