000
CDUS45 KBOU 290725
CLIAKO


CLIMATE REPORT
NATIONAL WEATHER SERVICE DENVER/BOULDER CO
125 AM MDT SAT APR 29 2017


...................................

...THE AKRON CO CLIMATE SUMMARY FOR APRIL 28 2017...

CLIMATE NORMAL PERIOD 1981 TO 2010
CLIMATE RECORD PERIOD 9999 TO 9999


WEATHER ITEM   OBSERVED TIME   RECORD YEAR NORMAL DEPARTURE LAST
                VALUE   (LST)  VALUE       VALUE  FROM      YEAR
                                                  NORMAL
..................................................................
TEMPERATURE (F)
 YESTERDAY
  MAXIMUM         50        MM  83    2010  65    -15
  MINIMUM         31        MM  17    1984  37     -6
  AVERAGE         41                        51    -10

PRECIPITATION (IN)
  YESTERDAY        0.01          0.34 1940   0.07  -0.06     0.06
  MONTH TO DATE    2.15                      1.50   0.65     1.52
  SINCE MAR 1      3.71                      2.37   1.34     1.82
  SINCE JAN 1      3.82                      3.11   0.71     1.93

DEGREE DAYS
 HEATING
  YESTERDAY       24
  MONTH TO DATE  429

 COOLING
  YESTERDAY        0
  MONTH TO DATE    0
..................................................................


WIND (MPH)
  HIGHEST WIND SPEED    23   HIGHEST WIND DIRECTION    NE (50)
  HIGHEST GUST SPEED    33   HIGHEST GUST DIRECTION    NE (60)




RELATIVE HUMIDITY (PERCENT)
 HIGHEST   100
 LOWEST     56
 AVERAGE    78

..........................................................


THE AKRON CO CLIMATE NORMALS FOR TODAY
                         NORMAL    RECORD    YEAR
 MAXIMUM TEMPERATURE (F)   65        84      1987
 MINIMUM TEMPERATURE (F)   38        21      1950


SUNRISE AND SUNSET
APRIL 29 2017.........SUNRISE   555 AM MDT   SUNSET   746 PM MDT
APRIL 30 2017.........SUNRISE   553 AM MDT   SUNSET   747 PM MDT


-  INDICATES NEGATIVE NUMBERS.
R  INDICATES RECORD WAS SET OR TIED.
MM INDICATES DATA IS MISSING.
T  INDICATES TRACE AMOUNT.




$$
