000
CDUS41 KALY 252043
CLIALB


CLIMATE REPORT
NATIONAL WEATHER SERVICE ALBANY NY
443 PM EDT SAT OCT 25 2014


...................................

...THE ALBANY NY CLIMATE SUMMARY FOR OCTOBER 25 2014...
VALID TODAY AS OF 0400 PM LOCAL TIME.

CLIMATE NORMAL PERIOD 1981 TO 2010
CLIMATE RECORD PERIOD 1874 TO 2014


WEATHER ITEM   OBSERVED TIME   RECORD YEAR NORMAL DEPARTURE LAST
                VALUE   (LST)  VALUE       VALUE  FROM      YEAR
                                                  NORMAL
..................................................................
TEMPERATURE (F)
 TODAY
  MAXIMUM         62    327 PM  77    1963  56      6       49
  MINIMUM         38    659 AM  19    1981  37      1       34
  AVERAGE         50                        46      4       42

PRECIPITATION (IN)
  TODAY            0.00          2.06 2008   0.11  -0.11      T
  MONTH TO DATE    3.81                      2.99   0.82     2.00
  SINCE SEP 1      4.70                      6.29  -1.59     6.81
  SINCE JAN 1     31.48                     32.44  -0.96    38.32

SNOWFALL (IN)
  TODAY            0.0           T    2005   0.0    0.0      0.0
  MONTH TO DATE    0.0                       0.0    0.0      0.0
  SINCE SEP 1      0.0                       0.0    0.0      0.0
  SINCE JUL 1      0.0                       0.0    0.0      0.0
  SNOW DEPTH       0

DEGREE DAYS
 HEATING
  TODAY           15                        19     -4       23
  MONTH TO DATE  253                       362   -109      240
  SINCE SEP 1    375                       506   -131      406
  SINCE JUL 1    383                       529   -146      412

 COOLING
  TODAY            0                         0      0        0
  MONTH TO DATE   18                         0     18        0
  SINCE SEP 1     92                        51     41       65
  SINCE JAN 1    659                       594     65      763
..................................................................


WIND (MPH)
  HIGHEST WIND SPEED    10   HIGHEST WIND DIRECTION     S (180)
  HIGHEST GUST SPEED    16   HIGHEST GUST DIRECTION    SW (240)
  AVERAGE WIND SPEED     2.7


SKY COVER
  AVERAGE SKY COVER 0.4



RELATIVE HUMIDITY (PERCENT)
 HIGHEST    93           100 AM
 LOWEST     52           300 PM
 AVERAGE    73

..........................................................


THE ALBANY NY CLIMATE NORMALS FOR TOMORROW
                         NORMAL    RECORD    YEAR
 MAXIMUM TEMPERATURE (F)   56        78      1963
 MINIMUM TEMPERATURE (F)   37        20      1952


SUNRISE AND SUNSET
OCTOBER 25 2014.......SUNRISE   720 AM EDT   SUNSET   557 PM EDT
OCTOBER 26 2014.......SUNRISE   722 AM EDT   SUNSET   556 PM EDT


-  INDICATES NEGATIVE NUMBERS.
R  INDICATES RECORD WAS SET OR TIED.
MM INDICATES DATA IS MISSING.
T  INDICATES TRACE AMOUNT.




$$
