907
CDUS41 KALY 242207
CLIALB


CLIMATE REPORT
NATIONAL WEATHER SERVICE ALBANY NY
507 PM EST TUE JAN 24 2017


...................................

...THE ALBANY NY CLIMATE SUMMARY FOR JANUARY 24 2017...
VALID TODAY AS OF 0400 PM LOCAL TIME.

CLIMATE NORMAL PERIOD 1981 TO 2010
CLIMATE RECORD PERIOD 1874 TO 2017


WEATHER ITEM   OBSERVED TIME   RECORD YEAR NORMAL DEPARTURE LAST
                VALUE   (LST)  VALUE       VALUE  FROM      YEAR
                                                  NORMAL
..................................................................
TEMPERATURE (F)
 TODAY
  MAXIMUM         35    439 PM  54    1999  31      4       29
  MINIMUM         32   1211 AM -17    1948  14     18        9
  AVERAGE         34                        22     12       19

PRECIPITATION (IN)
  TODAY            0.92          0.94 1923   0.08   0.84     0.00
  MONTH TO DATE    2.89                      2.01   0.88     1.24
  SINCE DEC 1      4.64                      4.94  -0.30     4.91
  SINCE JAN 1      2.89                      2.01   0.88     1.24

SNOWFALL (IN)
  TODAY            1.0           7.6  1948   0.6    0.4      0.0
  MONTH TO DATE    2.4                      14.1  -11.7      3.3
  SINCE DEC 1     14.5                      27.8  -13.3      5.5
  SINCE JUL 1     16.8                      30.9  -14.1      5.5
  SNOW DEPTH       1

DEGREE DAYS
 HEATING
  TODAY           31                        43    -12       46
  MONTH TO DATE  829                      1023   -194      930
  SINCE DEC 1   1896                      2154   -258     1640
  SINCE JUL 1   3052                      3558   -506     2723

 COOLING
  TODAY            0                         0      0        0
  MONTH TO DATE    0                         0      0        0
  SINCE DEC 1      0                         0      0        0
  SINCE JAN 1      0                         0      0        0
..................................................................


WIND (MPH)
  HIGHEST WIND SPEED    17   HIGHEST WIND DIRECTION     N (10)
  HIGHEST GUST SPEED    25   HIGHEST GUST DIRECTION     N (20)
  AVERAGE WIND SPEED     9.9


SKY COVER
  AVERAGE SKY COVER 1.0



RELATIVE HUMIDITY (PERCENT)
 HIGHEST    96           400 PM
 LOWEST     85          1200 AM
 AVERAGE    91

..........................................................


THE ALBANY NY CLIMATE NORMALS FOR TOMORROW
                         NORMAL    RECORD    YEAR
 MAXIMUM TEMPERATURE (F)   31        61      1938
 MINIMUM TEMPERATURE (F)   14       -12      1963


SUNRISE AND SUNSET
JANUARY 24 2017.......SUNRISE   717 AM EST   SUNSET   458 PM EST
JANUARY 25 2017.......SUNRISE   716 AM EST   SUNSET   500 PM EST


-  INDICATES NEGATIVE NUMBERS.
R  INDICATES RECORD WAS SET OR TIED.
MM INDICATES DATA IS MISSING.
T  INDICATES TRACE AMOUNT.




$$
