000
CDUS41 KALY 290631
CLIALB


CLIMATE REPORT
NATIONAL WEATHER SERVICE ALBANY NY
229 AM EDT SAT APR 29 2017


...................................

...THE ALBANY NY CLIMATE SUMMARY FOR APRIL 28 2017...

CLIMATE NORMAL PERIOD 1981 TO 2010
CLIMATE RECORD PERIOD 1874 TO 2017


WEATHER ITEM   OBSERVED TIME   RECORD YEAR NORMAL DEPARTURE LAST
                VALUE   (LST)  VALUE       VALUE  FROM      YEAR
                                                  NORMAL
..................................................................
TEMPERATURE (F)
 YESTERDAY
  MAXIMUM         81    257 PM  92    1990  64     17       58
  MINIMUM         60   1056 PM  25    1947  42     18       35
  AVERAGE         71                        53     18       47

PRECIPITATION (IN)
  YESTERDAY        T             1.03 1988   0.11  -0.11     0.00
  MONTH TO DATE    2.87                      2.95  -0.08     1.84
  SINCE MAR 1      6.94                      6.16   0.78     3.02
  SINCE JAN 1     12.92                     10.95   1.97     8.33

SNOWFALL (IN)
  YESTERDAY        0.0           T    1946   0.1   -0.1      0.0
  MONTH TO DATE    0.2                       2.3   -2.1      6.4
  SINCE MAR 1     19.6                      13.3    6.3      6.6
  SINCE JUL 1     60.8                      60.2    0.6     16.9
  SNOW DEPTH       0

DEGREE DAYS
 HEATING
  YESTERDAY        0                        13    -13       18
  MONTH TO DATE  354                       496   -142      542
  SINCE MAR 1   1379                      1425    -46     1224
  SINCE JUL 1   5542                      6369   -827     5153

 COOLING
  YESTERDAY        6                         0      6        0
  MONTH TO DATE   22                         0     22        2
  SINCE MAR 1     22                         0     22        2
  SINCE JAN 1     22                         0     22        2
..................................................................


WIND (MPH)
  HIGHEST WIND SPEED    17   HIGHEST WIND DIRECTION    NW (330)
  HIGHEST GUST SPEED    22   HIGHEST GUST DIRECTION     W (280)
  AVERAGE WIND SPEED     6.1


SKY COVER
  AVERAGE SKY COVER 0.8



RELATIVE HUMIDITY (PERCENT)
 HIGHEST    90
 LOWEST     35
 AVERAGE    63

..........................................................


THE ALBANY NY CLIMATE NORMALS FOR TODAY
                         NORMAL    RECORD    YEAR
 MAXIMUM TEMPERATURE (F)   64        88      1888
 MINIMUM TEMPERATURE (F)   42        27      1947


SUNRISE AND SUNSET
APRIL 29 2017.........SUNRISE   552 AM EDT   SUNSET   754 PM EDT
APRIL 30 2017.........SUNRISE   551 AM EDT   SUNSET   755 PM EDT


-  INDICATES NEGATIVE NUMBERS.
R  INDICATES RECORD WAS SET OR TIED.
MM INDICATES DATA IS MISSING.
T  INDICATES TRACE AMOUNT.




$$
