000
CDUS43 KDMX 292241
CLIALO

CLIMATE REPORT
NATIONAL WEATHER SERVICE DES MOINES IA
539 PM CDT WED MAR 29 2017


...................................

...THE WATERLOO IA CLIMATE SUMMARY FOR MARCH 29 2017...
VALID TODAY AS OF 0500 PM LOCAL TIME.

CLIMATE NORMAL PERIOD 1981 TO 2010
CLIMATE RECORD PERIOD 1895 TO 2017


WEATHER ITEM   OBSERVED TIME   RECORD YEAR NORMAL DEPARTURE LAST
                VALUE   (LST)  VALUE       VALUE  FROM      YEAR
                                                  NORMAL
..................................................................
TEMPERATURE (F)
 TODAY
  MAXIMUM         44    255 PM  87    1986  52     -8       64
  MINIMUM         37    101 AM   4    1969  31      6       37
  AVERAGE         41                        42     -1       51

PRECIPITATION (IN)
  TODAY            0.08          1.85 1933   0.09  -0.01      T
  MONTH TO DATE    1.68                      1.89  -0.21     2.34
  SINCE MAR 1      1.68                      1.89  -0.21     2.34
  SINCE JAN 1      5.61                      3.71   1.90     4.11

SNOWFALL (IN)
  TODAY            0.0           1.4  1987   0.2   -0.2      0.0
  MONTH TO DATE   10.6                       4.4    6.2      2.9
  SINCE MAR 1     10.6                       4.4    6.2      2.9
  SINCE JUL 1     26.2                      33.3   -7.1     46.0
  SNOW DEPTH       0

DEGREE DAYS
 HEATING
  TODAY           24                        24      0       14
  MONTH TO DATE  864                       860      4      711
  SINCE MAR 1    864                       860      4      711
  SINCE JUL 1   5326                      6279   -953     5411

 COOLING
  TODAY            0                         0      0        0
  MONTH TO DATE    0                         0      0        0
  SINCE MAR 1      0                         0      0        0
  SINCE JAN 1      0                         0      0        0
..................................................................


WIND (MPH)
  HIGHEST WIND SPEED    32   HIGHEST WIND DIRECTION    NE (50)
  HIGHEST GUST SPEED    39   HIGHEST GUST DIRECTION    NE (60)
  AVERAGE WIND SPEED    11.2


SKY COVER
  POSSIBLE SUNSHINE  MM
  AVERAGE SKY COVER 0.7


WEATHER CONDITIONS
 THE FOLLOWING WEATHER WAS RECORDED TODAY.
  LIGHT RAIN
  FOG
  HAZE


RELATIVE HUMIDITY (PERCENT)
 HIGHEST    92          1200 AM
 LOWEST     82           900 AM
 AVERAGE    87

..........................................................


THE WATERLOO IA CLIMATE NORMALS FOR TOMORROW
                         NORMAL    RECORD    YEAR
 MAXIMUM TEMPERATURE (F)   53        84      1967
 MINIMUM TEMPERATURE (F)   31         1      1964


SUNRISE AND SUNSET
MARCH 29 2017.........SUNRISE   657 AM CDT   SUNSET   733 PM CDT
MARCH 30 2017.........SUNRISE   655 AM CDT   SUNSET   734 PM CDT


-  INDICATES NEGATIVE NUMBERS.
R  INDICATES RECORD WAS SET OR TIED.
MM INDICATES DATA IS MISSING.
T  INDICATES TRACE AMOUNT.

$$
