000
CDUS43 KDMX 020631 RRA
CLIALO

CLIMATE REPORT
NATIONAL WEATHER SERVICE DES MOINES IA
129 AM CDT THU OCT 2 2014


...................................

...THE WATERLOO IA CLIMATE SUMMARY FOR OCTOBER 1 2014...

CLIMATE NORMAL PERIOD 1981 TO 2010
CLIMATE RECORD PERIOD 1895 TO 2014


WEATHER ITEM   OBSERVED TIME   RECORD YEAR NORMAL DEPARTURE LAST
                VALUE   (LST)  VALUE       VALUE  FROM      YEAR
                                                  NORMAL
..................................................................
TEMPERATURE (F)
 YESTERDAY
  MAXIMUM         71    153 PM  91    1897  69      2       82
  MINIMUM         51    750 AM  23    2003  44      7       47
  AVERAGE         61                        56      5       65

PRECIPITATION (IN)
  YESTERDAY        0.02          1.39 2009   0.09  -0.07     0.00
  MONTH TO DATE    0.02                      0.09  -0.07     0.00
  SINCE SEP 1      1.68                      2.72  -1.04     1.48
  SINCE JAN 1     28.97                     29.00  -0.03    35.70

SNOWFALL (IN)
  YESTERDAY        0.0          MM      MM   0.0    0.0      0.0
  MONTH TO DATE    0.0                       0.0    0.0      0.0
  SINCE SEP 1      0.0                       0.0    0.0      0.0
  SINCE JUL 1      0.0                       0.0    0.0      0.0
  SNOW DEPTH       0

DEGREE DAYS
 HEATING
  YESTERDAY        4                        10     -6        0
  MONTH TO DATE    4                        10     -6        0
  SINCE SEP 1    155                       148      7      102
  SINCE JUL 1    172                       168      4      122

 COOLING
  YESTERDAY        0                         1     -1        0
  MONTH TO DATE    0                         1     -1        0
  SINCE SEP 1     51                        79    -28      133
  SINCE JAN 1    658                       791   -133      829
..................................................................


WIND (MPH)
  HIGHEST WIND SPEED    18   HIGHEST WIND DIRECTION    SE (130)
  HIGHEST GUST SPEED    26   HIGHEST GUST DIRECTION    SE (130)
  AVERAGE WIND SPEED     8.9


SKY COVER
  POSSIBLE SUNSHINE  MM
  AVERAGE SKY COVER 0.9


WEATHER CONDITIONS
 THE FOLLOWING WEATHER WAS RECORDED YESTERDAY.
  LIGHT RAIN
  FOG


RELATIVE HUMIDITY (PERCENT)
 HIGHEST    87          1000 PM
 LOWEST     70           200 PM
 AVERAGE    79

..........................................................


THE WATERLOO IA CLIMATE NORMALS FOR TODAY
                         NORMAL    RECORD    YEAR
 MAXIMUM TEMPERATURE (F)   68        93      1953
 MINIMUM TEMPERATURE (F)   43        19      2003


SUNRISE AND SUNSET
OCTOBER  2 2014.......SUNRISE   708 AM CDT   SUNSET   649 PM CDT
OCTOBER  3 2014.......SUNRISE   709 AM CDT   SUNSET   647 PM CDT


-  INDICATES NEGATIVE NUMBERS.
R  INDICATES RECORD WAS SET OR TIED.
MM INDICATES DATA IS MISSING.
T  INDICATES TRACE AMOUNT.




$$
