000
CDUS45 KPUB 140022
CLIALS


CLIMATE REPORT
NATIONAL WEATHER SERVICE PUEBLO
522 PM MST SAT FEB 13 2016


...................................

...THE ALAMOSA CO CLIMATE SUMMARY FOR FEBRUARY 13 2016...
VALID TODAY AS OF 0500 PM LOCAL TIME.

CLIMATE NORMAL PERIOD 1981 TO 2010
CLIMATE RECORD PERIOD 1932 TO 2016


WEATHER ITEM   OBSERVED TIME   RECORD YEAR NORMAL DEPARTURE LAST
                VALUE   (LST)  VALUE       VALUE  FROM      YEAR
                                                  NORMAL
..................................................................
TEMPERATURE (F)
 TODAY
  MAXIMUM         60R   312 PM  57    2015  39     21       57
                                      1954
  MINIMUM         17    653 AM -35    1948   5     12       13
  AVERAGE         39                        22     17       35

PRECIPITATION (IN)
  TODAY            0.00          0.19 1997   0.00   0.00     0.00
  MONTH TO DATE    0.15                      0.11   0.04     0.07
  SINCE DEC 1      0.98                      0.72   0.26     0.61
  SINCE JAN 1      0.73                      0.37   0.36     0.40

SNOWFALL (IN)
  TODAY            0.0           3.2  1951   0.1   -0.1      0.0
  MONTH TO DATE    2.0                       1.8    0.2      1.2
  SINCE DEC 1     12.4                      10.3    2.1      6.8
  SINCE JUL 1     16.7                      16.1    0.6      8.4
  SNOW DEPTH       0

DEGREE DAYS
 HEATING
  TODAY           26                        43    -17       30
  MONTH TO DATE  570                       584    -14      417
  SINCE DEC 1   3506                      3556    -50     3034
  SINCE JUL 1   5284                      5731   -447     4877

 COOLING
  TODAY            0                         0      0        0
  MONTH TO DATE    0                         0      0        0
  SINCE DEC 1      0                         0      0        0
  SINCE JAN 1      0                         0      0        0
..................................................................


WIND (MPH)
  HIGHEST WIND SPEED    13   HIGHEST WIND DIRECTION     N (350)
  HIGHEST GUST SPEED    16   HIGHEST GUST DIRECTION     N (360)
  AVERAGE WIND SPEED     3.0


SKY COVER
  POSSIBLE SUNSHINE  MM
  AVERAGE SKY COVER 0.0


WEATHER CONDITIONS
 THE FOLLOWING WEATHER WAS RECORDED TODAY.
  NO SIGNIFICANT WEATHER WAS OBSERVED.


RELATIVE HUMIDITY (PERCENT)
 HIGHEST    92           100 AM
 LOWEST     16           200 PM
 AVERAGE    54

..........................................................


THE ALAMOSA CO CLIMATE NORMALS FOR TOMORROW
                         NORMAL    RECORD    YEAR
 MAXIMUM TEMPERATURE (F)   40        61      1957
 MINIMUM TEMPERATURE (F)    5       -26      1963


SUNRISE AND SUNSET
FEBRUARY 13 2016......SUNRISE   655 AM MST   SUNSET   540 PM MST
FEBRUARY 14 2016......SUNRISE   654 AM MST   SUNSET   541 PM MST


-  INDICATES NEGATIVE NUMBERS.
R  INDICATES RECORD WAS SET OR TIED.
MM INDICATES DATA IS MISSING.
T  INDICATES TRACE AMOUNT.




$$
