000
CDUS45 KPUB 300049
CLIALS


CLIMATE REPORT
NATIONAL WEATHER SERVICE PUEBLO
549 PM MST THU JAN 29 2015


...................................

...THE ALAMOSA CO CLIMATE SUMMARY FOR JANUARY 29 2015...
VALID TODAY AS OF 0500 PM LOCAL TIME.

CLIMATE NORMAL PERIOD 1981 TO 2010
CLIMATE RECORD PERIOD 1932 TO 2015


WEATHER ITEM   OBSERVED TIME   RECORD YEAR NORMAL DEPARTURE LAST
                VALUE   (LST)  VALUE       VALUE  FROM      YEAR
                                                  NORMAL
..................................................................
TEMPERATURE (F)
 TODAY
  MAXIMUM         45    258 PM  59    1986  36      9       34
  MINIMUM         20    148 AM -31    1948   0     20      -11
  AVERAGE         33                        18     15       12

PRECIPITATION (IN)
  TODAY            0.00          0.17 1947   0.01  -0.01     0.00
  MONTH TO DATE    0.10                      0.24  -0.14      T
  SINCE DEC 1      0.31                      0.59  -0.28     0.17
  SINCE JAN 1      0.10                      0.24  -0.14      T

SNOWFALL (IN)
  TODAY            0.0           2.0  1947   0.1   -0.1      0.0
  MONTH TO DATE    1.0                       3.7   -2.7       T
  SINCE DEC 1      3.3                       8.2   -4.9      4.0
  SINCE JUL 1      4.9                      14.0   -9.1     25.6
  SNOW DEPTH       0

DEGREE DAYS
 HEATING
  TODAY           32                        47    -15       53
  MONTH TO DATE 1240                      1412   -172     1586
  SINCE DEC 1   2549                      2874   -325     3369
  SINCE JUL 1   4392                      5049   -657     5469

 COOLING
  TODAY            0                         0      0        0
  MONTH TO DATE    0                         0      0        0
  SINCE DEC 1      0                         0      0        0
  SINCE JAN 1      0                         0      0        0
..................................................................


WIND (MPH)
  HIGHEST WIND SPEED    14   HIGHEST WIND DIRECTION    SE (140)
  HIGHEST GUST SPEED    18   HIGHEST GUST DIRECTION    SE (130)
  AVERAGE WIND SPEED     4.9


SKY COVER
  POSSIBLE SUNSHINE  MM
  AVERAGE SKY COVER 0.2


WEATHER CONDITIONS
 THE FOLLOWING WEATHER WAS RECORDED TODAY.
  NO SIGNIFICANT WEATHER WAS OBSERVED.


RELATIVE HUMIDITY (PERCENT)
 HIGHEST    84           700 AM
 LOWEST     40           100 PM
 AVERAGE    62

..........................................................


THE ALAMOSA CO CLIMATE NORMALS FOR TOMORROW
                         NORMAL    RECORD    YEAR
 MAXIMUM TEMPERATURE (F)   36        59      1986
 MINIMUM TEMPERATURE (F)    0       -32      1979


SUNRISE AND SUNSET
JANUARY 29 2015.......SUNRISE   709 AM MST   SUNSET   524 PM MST
JANUARY 30 2015.......SUNRISE   709 AM MST   SUNSET   525 PM MST


-  INDICATES NEGATIVE NUMBERS.
R  INDICATES RECORD WAS SET OR TIED.
MM INDICATES DATA IS MISSING.
T  INDICATES TRACE AMOUNT.




$$
