000
CDUS45 KPUB 240020
CLIALS


CLIMATE REPORT
NATIONAL WEATHER SERVICE PUEBLO
620 PM MDT WED AUG 23 2017


...................................

...THE ALAMOSA CO CLIMATE SUMMARY FOR AUGUST 23 2017...
VALID TODAY AS OF 0500 PM LOCAL TIME.

CLIMATE NORMAL PERIOD 1981 TO 2010
CLIMATE RECORD PERIOD 1932 TO 2017


WEATHER ITEM   OBSERVED TIME   RECORD YEAR NORMAL DEPARTURE LAST
                VALUE   (LST)  VALUE       VALUE  FROM      YEAR
                                                  NORMAL
..................................................................
TEMPERATURE (F)
 TODAY
  MAXIMUM         82    242 PM  89    1938  79      3       72
  MINIMUM         42    601 AM  35    1941  45     -3       39
                                      1934
  AVERAGE         62                        62      0       56

PRECIPITATION (IN)
  TODAY            0.00          0.33 1906   0.04  -0.04     0.05
  MONTH TO DATE    0.57                      0.94  -0.37     1.94
  SINCE JUN 1      4.28                      2.40   1.88     2.76
  SINCE JAN 1      8.53                      4.62   3.91     7.13

SNOWFALL (IN)
  TODAY            0.0           0.0  2002   0.0    0.0      0.0
  MONTH TO DATE    0.0                       0.0    0.0      0.0
  SINCE JUN 1      T                         0.0    0.0      0.0
  SINCE JUL 1      T                         0.0    0.0      0.0
  SNOW DEPTH       0

DEGREE DAYS
 HEATING
  TODAY            3                         3      0        9
  MONTH TO DATE   70                        50     20       60
  SINCE JUN 1    170                       263    -93      129
  SINCE JUL 1     79                        95    -16       73

 COOLING
  TODAY            0                         0      0        0
  MONTH TO DATE    0                        12    -12        9
  SINCE JUN 1     76                        50     26      115
  SINCE JAN 1     76                        50     26      115
..................................................................


WIND (MPH)
  HIGHEST WIND SPEED    13   HIGHEST WIND DIRECTION     W (280)
  HIGHEST GUST SPEED    20   HIGHEST GUST DIRECTION     N (10)
  AVERAGE WIND SPEED     4.5


SKY COVER
  POSSIBLE SUNSHINE  MM
  AVERAGE SKY COVER 0.1


WEATHER CONDITIONS
 THE FOLLOWING WEATHER WAS RECORDED TODAY.
  FOG
  FOG W/VISIBILITY <= 1/4 MILE


RELATIVE HUMIDITY (PERCENT)
 HIGHEST   100           400 AM
 LOWEST     18           300 PM
 AVERAGE    59

..........................................................


THE ALAMOSA CO CLIMATE NORMALS FOR TOMORROW
                         NORMAL    RECORD    YEAR
 MAXIMUM TEMPERATURE (F)   79        89      2011
 MINIMUM TEMPERATURE (F)   45        33      2002


SUNRISE AND SUNSET
AUGUST 23 2017........SUNRISE   627 AM MDT   SUNSET   745 PM MDT
AUGUST 24 2017........SUNRISE   627 AM MDT   SUNSET   743 PM MDT


-  INDICATES NEGATIVE NUMBERS.
R  INDICATES RECORD WAS SET OR TIED.
MM INDICATES DATA IS MISSING.
T  INDICATES TRACE AMOUNT.




$$
