000
CDUS45 KPUB 240025
CLIALS


CLIMATE REPORT
NATIONAL WEATHER SERVICE PUEBLO
625 PM MDT MON OCT 23 2017


...................................

...THE ALAMOSA CO CLIMATE SUMMARY FOR OCTOBER 23 2017...
VALID TODAY AS OF 0500 PM LOCAL TIME.

CLIMATE NORMAL PERIOD 1981 TO 2010
CLIMATE RECORD PERIOD 1932 TO 2017


WEATHER ITEM   OBSERVED TIME   RECORD YEAR NORMAL DEPARTURE LAST
                VALUE   (LST)  VALUE       VALUE  FROM      YEAR
                                                  NORMAL
..................................................................
TEMPERATURE (F)
 TODAY
  MAXIMUM         68    317 PM  74    2003  59      9       72
  MINIMUM         23    554 AM   4    2008  22      1       21
  AVERAGE         46                        40      6       47

PRECIPITATION (IN)
  TODAY            0.00          0.60 2000   0.02  -0.02     0.00
  MONTH TO DATE    0.05                      0.51  -0.46     0.02
  SINCE SEP 1      1.80                      1.42   0.38     0.30
  SINCE JAN 1     10.49                      6.37   4.12     7.65

SNOWFALL (IN)
  TODAY            0.0           1.7  1972   0.1   -0.1      0.0
  MONTH TO DATE    T                         1.2   -1.2      0.0
  SINCE SEP 1      T                         1.2   -1.2      0.0
  SINCE JUL 1      T                         1.2   -1.2      0.0
  SNOW DEPTH       0

DEGREE DAYS
 HEATING
  TODAY           19                        25     -6       18
  MONTH TO DATE  439                       467    -28      395
  SINCE SEP 1    684                       769    -85      646
  SINCE JUL 1    783                       898   -115      790

 COOLING
  TODAY            0                         0      0        0
  MONTH TO DATE    0                         0      0        0
  SINCE SEP 1      0                         0      0        0
  SINCE JAN 1     76                        51     25      115
..................................................................


WIND (MPH)
  HIGHEST WIND SPEED    20   HIGHEST WIND DIRECTION    NW (330)
  HIGHEST GUST SPEED    25   HIGHEST GUST DIRECTION    NW (330)
  AVERAGE WIND SPEED     5.1


SKY COVER
  POSSIBLE SUNSHINE  MM
  AVERAGE SKY COVER 0.0


WEATHER CONDITIONS
 THE FOLLOWING WEATHER WAS RECORDED TODAY.
  NO SIGNIFICANT WEATHER WAS OBSERVED.


RELATIVE HUMIDITY (PERCENT)
 HIGHEST    81           300 AM
 LOWEST     18           400 PM
 AVERAGE    50

..........................................................


THE ALAMOSA CO CLIMATE NORMALS FOR TOMORROW
                         NORMAL    RECORD    YEAR
 MAXIMUM TEMPERATURE (F)   59        71      2016
                                             2014
 MINIMUM TEMPERATURE (F)   22        -8      1945


SUNRISE AND SUNSET
OCTOBER 23 2017.......SUNRISE   720 AM MDT   SUNSET   615 PM MDT
OCTOBER 24 2017.......SUNRISE   721 AM MDT   SUNSET   614 PM MDT


-  INDICATES NEGATIVE NUMBERS.
R  INDICATES RECORD WAS SET OR TIED.
MM INDICATES DATA IS MISSING.
T  INDICATES TRACE AMOUNT.




$$
