647
CDUS45 KPUB 290030
CLIALS


CLIMATE REPORT
NATIONAL WEATHER SERVICE PUEBLO
630 PM MDT TUE MAR 28 2017


...................................

...THE ALAMOSA CO CLIMATE SUMMARY FOR MARCH 28 2017...
VALID TODAY AS OF 0500 PM LOCAL TIME.

CLIMATE NORMAL PERIOD 1981 TO 2010
CLIMATE RECORD PERIOD 1932 TO 2017


WEATHER ITEM   OBSERVED TIME   RECORD YEAR NORMAL DEPARTURE LAST
                VALUE   (LST)  VALUE       VALUE  FROM      YEAR
                                                  NORMAL
..................................................................
TEMPERATURE (F)
 TODAY
  MAXIMUM         54    142 PM  71    2015  54      0       58
  MINIMUM         27    628 AM  -5    1984  20      7       10
                                      1970
  AVERAGE         41                        37      4       34

PRECIPITATION (IN)
  TODAY            T             0.26 1995   0.02  -0.02     0.00
  MONTH TO DATE    0.43                      0.47  -0.04     0.48
  SINCE MAR 1      0.43                      0.47  -0.04     0.48
  SINCE JAN 1      2.08                      0.99   1.09     1.46

SNOWFALL (IN)
  TODAY            0.0           2.4  1972   0.1   -0.1      0.0
                                      1961
  MONTH TO DATE    0.3                       4.4   -4.1      7.0
  SINCE MAR 1      0.3                       4.4   -4.1      7.0
  SINCE JUL 1     35.8                      22.5   13.3     25.8
  SNOW DEPTH       0

DEGREE DAYS
 HEATING
  TODAY           24                        28     -4       31
  MONTH TO DATE  672                       893   -221      819
  SINCE MAR 1    672                       893   -221      819
  SINCE JUL 1   6461                      7222   -761     6585

 COOLING
  TODAY            0                         0      0        0
  MONTH TO DATE    0                         0      0        0
  SINCE MAR 1      0                         0      0        0
  SINCE JAN 1      0                         0      0        0
..................................................................


WIND (MPH)
  HIGHEST WIND SPEED    23   HIGHEST WIND DIRECTION     E (100)
  HIGHEST GUST SPEED    30   HIGHEST GUST DIRECTION     E (110)
  AVERAGE WIND SPEED     6.8


SKY COVER
  POSSIBLE SUNSHINE  MM
  AVERAGE SKY COVER 0.4


WEATHER CONDITIONS
 THE FOLLOWING WEATHER WAS RECORDED TODAY.
  FOG
  FOG W/VISIBILITY <= 1/4 MILE


RELATIVE HUMIDITY (PERCENT)
 HIGHEST   100           300 AM
 LOWEST     26           200 PM
 AVERAGE    63

..........................................................


THE ALAMOSA CO CLIMATE NORMALS FOR TOMORROW
                         NORMAL    RECORD    YEAR
 MAXIMUM TEMPERATURE (F)   54        69      2015
                                             1986
                                             1943
 MINIMUM TEMPERATURE (F)   20        -4      1951


SUNRISE AND SUNSET
MARCH 28 2017.........SUNRISE   654 AM MDT   SUNSET   723 PM MDT
MARCH 29 2017.........SUNRISE   653 AM MDT   SUNSET   724 PM MDT


-  INDICATES NEGATIVE NUMBERS.
R  INDICATES RECORD WAS SET OR TIED.
MM INDICATES DATA IS MISSING.
T  INDICATES TRACE AMOUNT.




$$
