000
CDUS45 KPUB 130027
CLIALS


CLIMATE REPORT
NATIONAL WEATHER SERVICE PUEBLO
627 PM MDT SAT JUL 12 2014


...................................

...THE ALAMOSA CO CLIMATE SUMMARY FOR JULY 12 2014...
VALID TODAY AS OF 0500 PM LOCAL TIME.

CLIMATE NORMAL PERIOD 1981 TO 2010
CLIMATE RECORD PERIOD 1932 TO 2014


WEATHER ITEM   OBSERVED TIME   RECORD YEAR NORMAL DEPARTURE LAST
                VALUE   (LST)  VALUE       VALUE  FROM      YEAR
                                                  NORMAL
..................................................................
TEMPERATURE (F)
 TODAY
  MAXIMUM         86    157 PM  92    2003  83      3       85
                                      1971
  MINIMUM         47    517 AM  33    1936  47      0       53
  AVERAGE         67                        65      2       69

PRECIPITATION (IN)
  TODAY            0.00          0.54 1940   0.03  -0.03     0.00
  MONTH TO DATE    T                         0.33  -0.33     0.16
  SINCE JUN 1      0.02                      0.82  -0.80     0.70
  SINCE JAN 1      1.83                      3.04  -1.21     1.76

SNOWFALL (IN)
  TODAY            0.0           0.0  2002   0.0    0.0      0.0
                                      2001
  MONTH TO DATE    0.0                       0.0    0.0      0.0
  SINCE JUN 1      0.0                       0.0    0.0      0.0
  SINCE JUL 1      0.0                       0.0    0.0      0.0
  SNOW DEPTH       0

DEGREE DAYS
 HEATING
  TODAY            0                         1     -1        0
  MONTH TO DATE    7                        21    -14        8
  SINCE JUN 1    133                       189    -56      110
  SINCE JUL 1      7                        21    -14        8

 COOLING
  TODAY            2                         1      1        4
  MONTH TO DATE   15                        12      3       20
  SINCE JUN 1     16                        18     -2       36
  SINCE JAN 1     16                        18     -2       36
..................................................................


WIND (MPH)
  HIGHEST WIND SPEED    33   HIGHEST WIND DIRECTION     E (110)
  HIGHEST GUST SPEED    43   HIGHEST GUST DIRECTION     E (110)
  AVERAGE WIND SPEED     6.3


SKY COVER
  POSSIBLE SUNSHINE  MM
  AVERAGE SKY COVER 0.0


WEATHER CONDITIONS
 THE FOLLOWING WEATHER WAS RECORDED TODAY.
  NO SIGNIFICANT WEATHER WAS OBSERVED.


RELATIVE HUMIDITY (PERCENT)
 HIGHEST    93           400 AM
 LOWEST     20           200 PM
 AVERAGE    57

..........................................................


THE ALAMOSA CO CLIMATE NORMALS FOR TOMORROW
                         NORMAL    RECORD    YEAR
 MAXIMUM TEMPERATURE (F)   83        93      2003
                                             1971
 MINIMUM TEMPERATURE (F)   47        35      1987


SUNRISE AND SUNSET
JULY 12 2014..........SUNRISE   552 AM MDT   SUNSET   825 PM MDT
JULY 13 2014..........SUNRISE   553 AM MDT   SUNSET   825 PM MDT


-  INDICATES NEGATIVE NUMBERS.
R  INDICATES RECORD WAS SET OR TIED.
MM INDICATES DATA IS MISSING.
T  INDICATES TRACE AMOUNT.




$$
