000
CDUS45 KPUB 211123
CLIALS


CLIMATE REPORT
NATIONAL WEATHER SERVICE PUEBLO
423 AM MST FRI NOV 21 2014


...................................

...THE ALAMOSA CO CLIMATE SUMMARY FOR NOVEMBER 20 2014...

CLIMATE NORMAL PERIOD 1981 TO 2010
CLIMATE RECORD PERIOD 1932 TO 2014


WEATHER ITEM   OBSERVED TIME   RECORD YEAR NORMAL DEPARTURE LAST
                VALUE   (LST)  VALUE       VALUE  FROM      YEAR
                                                  NORMAL
..................................................................
TEMPERATURE (F)
 YESTERDAY
  MAXIMUM         44    155 PM  65    1989  44      0       49
  MINIMUM          7    610 AM -14    1964  10     -3       15
  AVERAGE         26                        27     -1       32

PRECIPITATION (IN)
  YESTERDAY        0.00          0.22 1940   0.01  -0.01     0.00
  MONTH TO DATE    0.32                      0.30   0.02     0.01
  SINCE SEP 1      1.43                      1.89  -0.46     3.52
  SINCE JAN 1      5.31                      6.84  -1.53     8.39

SNOWFALL (IN)
  YESTERDAY        0.0           5.0  1940   0.1   -0.1      0.0
  MONTH TO DATE    1.1                       2.4   -1.3      0.0
  SINCE SEP 1      1.1                       4.5   -3.4      3.5
  SINCE JUL 1      1.1                       4.5   -3.4      3.5
  SNOW DEPTH       0

DEGREE DAYS
 HEATING
  YESTERDAY       39                        38      1       33
  MONTH TO DATE  619                       660    -41      608
  SINCE SEP 1   1354                      1641   -287     1532
  SINCE JUL 1   1475                      1770   -295     1607

 COOLING
  YESTERDAY        0                         0      0        0
  MONTH TO DATE    0                         0      0        0
  SINCE SEP 1      0                         0      0       14
  SINCE JAN 1     60                        51      9      113
..................................................................


WIND (MPH)
  HIGHEST WIND SPEED     9   HIGHEST WIND DIRECTION    NW (330)
  HIGHEST GUST SPEED    12   HIGHEST GUST DIRECTION    NW (330)
  AVERAGE WIND SPEED     2.0


SKY COVER
  POSSIBLE SUNSHINE  MM
  AVERAGE SKY COVER 0.3


WEATHER CONDITIONS
 THE FOLLOWING WEATHER WAS RECORDED YESTERDAY.
  NO SIGNIFICANT WEATHER WAS OBSERVED.


RELATIVE HUMIDITY (PERCENT)
 HIGHEST    91           400 AM
 LOWEST     20           200 PM
 AVERAGE    56

..........................................................


THE ALAMOSA CO CLIMATE NORMALS FOR TODAY
                         NORMAL    RECORD    YEAR
 MAXIMUM TEMPERATURE (F)   44        61      1989
 MINIMUM TEMPERATURE (F)   10       -12      1964


SUNRISE AND SUNSET
NOVEMBER 21 2014......SUNRISE   649 AM MST   SUNSET   449 PM MST
NOVEMBER 22 2014......SUNRISE   650 AM MST   SUNSET   449 PM MST


-  INDICATES NEGATIVE NUMBERS.
R  INDICATES RECORD WAS SET OR TIED.
MM INDICATES DATA IS MISSING.
T  INDICATES TRACE AMOUNT.




$$
