000
CDUS44 KAMA 190627
CLIAMA


CLIMATE REPORT
NATIONAL WEATHER SERVICE AMARILLO TX
127 AM CDT FRI SEP 19 2014


...................................

...THE AMARILLO CLIMATE SUMMARY FOR SEPTEMBER 18 2014...

CLIMATE NORMAL PERIOD 1981 TO 2010
CLIMATE RECORD PERIOD 1892 TO 2014


WEATHER ITEM   OBSERVED TIME   RECORD YEAR NORMAL DEPARTURE LAST
                VALUE   (LST)  VALUE       VALUE  FROM      YEAR
                                                  NORMAL
..................................................................
TEMPERATURE (F)
 YESTERDAY
  MAXIMUM         74    440 PM  99    1997  82     -8       87
  MINIMUM         61    639 AM  40    1971  56      5       65
  AVERAGE         68                        69     -1       76

PRECIPITATION (IN)
  YESTERDAY        T             1.30 1923   0.06  -0.06     0.00
  MONTH TO DATE    2.50                      1.19   1.31     0.71
  SINCE SEP 1      2.50                      1.19   1.31     0.71
  SINCE JAN 1     16.19                     16.46  -0.27    13.08

SNOWFALL (IN)
  YESTERDAY        0.0           0.0    MM   0.0    0.0      0.0
  MONTH TO DATE    T                         0.0    0.0      0.0
  SINCE SEP 1      T                         0.0    0.0      0.0
  SINCE JUL 1      T                         0.0    0.0      0.0
  SNOW DEPTH       0

DEGREE DAYS
 HEATING
  YESTERDAY        0                         2     -2        0
  MONTH TO DATE   24                        10     14        0
  SINCE SEP 1     24                        10     14        0
  SINCE JUL 1     24                        11     13        0

 COOLING
  YESTERDAY        3                         5     -2       11
  MONTH TO DATE  114                       134    -20      227
  SINCE SEP 1    114                       134    -20      227
  SINCE JAN 1   1444                      1326    118     1723
..................................................................


WIND (MPH)
  RESULTANT WIND SPEED   8   RESULTANT WIND DIRECTION   S (160)
  HIGHEST WIND SPEED    18   HIGHEST WIND DIRECTION     S (160)
  HIGHEST GUST SPEED    23   HIGHEST GUST DIRECTION     S (160)
  AVERAGE WIND SPEED     9.4


SKY COVER
  AVERAGE SKY COVER 0.4


WEATHER CONDITIONS
 THE FOLLOWING WEATHER WAS RECORDED YESTERDAY.
  LIGHT RAIN
  FOG


RELATIVE HUMIDITY (PERCENT)
 HIGHEST   100           400 AM
 LOWEST     64           500 PM
 AVERAGE    82

..........................................................


THE AMARILLO CLIMATE NORMALS FOR TODAY
                         NORMAL    RECORD    YEAR
 MAXIMUM TEMPERATURE (F)   82        98      1983
                                             1930
 MINIMUM TEMPERATURE (F)   55        41      1991
                                             1971
                                             1896


SUNRISE AND SUNSET
SEPTEMBER 19 2014.....SUNRISE   733 AM CDT   SUNSET   748 PM CDT
SEPTEMBER 20 2014.....SUNRISE   733 AM CDT   SUNSET   746 PM CDT


-  INDICATES NEGATIVE NUMBERS.
R  INDICATES RECORD WAS SET OR TIED.
MM INDICATES DATA IS MISSING.
T  INDICATES TRACE AMOUNT.




$$
