000
CDUS44 KAMA 172239
CLIAMA


CLIMATE REPORT
NATIONAL WEATHER SERVICE AMARILLO TX
438 PM CST WED JAN 17 2018


...................................

...THE AMARILLO CLIMATE SUMMARY FOR JANUARY 17 2018...
VALID TODAY AS OF 0400 PM LOCAL TIME.

CLIMATE NORMAL PERIOD 1981 TO 2010
CLIMATE RECORD PERIOD 1892 TO 2018


WEATHER ITEM   OBSERVED TIME   RECORD YEAR NORMAL DEPARTURE LAST
                VALUE   (LST)  VALUE       VALUE  FROM      YEAR
                                                  NORMAL
..................................................................
TEMPERATURE (F)
 TODAY
  MAXIMUM         45    259 PM  73    1982  51     -6       54
                                      1950
                                      1923
  MINIMUM          8    640 AM  -8    1930  23    -15       32
  AVERAGE         27                        37    -10       43

PRECIPITATION (IN)
  TODAY            0.00          0.51 2004   0.03  -0.03     0.02
  MONTH TO DATE    T                         0.34  -0.34     2.74
  SINCE DEC 1      T                         1.05  -1.05     3.01
  SINCE JAN 1      T                         0.34  -0.34     2.74

SNOWFALL (IN)
  TODAY            0.0           6.0  1939   0.1   -0.1      0.0
  MONTH TO DATE    T                         2.0   -2.0      6.4
  SINCE DEC 1      T                         5.7   -5.7      6.9
  SINCE JUL 1      T                         8.4   -8.4      6.9
  SNOW DEPTH       0

DEGREE DAYS
 HEATING
  TODAY           38                        28     10       22
  MONTH TO DATE  509                       482     27      483
  SINCE DEC 1   1318                      1355    -37     1309
  SINCE JUL 1   1950                      2199   -249     1774

 COOLING
  TODAY            0                         0      0        0
  MONTH TO DATE    0                         0      0        0
  SINCE DEC 1      0                         0      0        0
  SINCE JAN 1      0                         0      0        0
..................................................................


WIND (MPH)
  RESULTANT WIND SPEED  15   RESULTANT WIND DIRECTION   S (200)
  HIGHEST WIND SPEED    26   HIGHEST WIND DIRECTION     S (200)
  HIGHEST GUST SPEED    33   HIGHEST GUST DIRECTION    SW (220)
  AVERAGE WIND SPEED    15.2


SKY COVER
  AVERAGE SKY COVER 0.0


WEATHER CONDITIONS
 THE FOLLOWING WEATHER WAS RECORDED TODAY.
  NO SIGNIFICANT WEATHER WAS OBSERVED.


RELATIVE HUMIDITY (PERCENT)
 HIGHEST    69           700 AM
 LOWEST     25           300 PM
 AVERAGE    47

..........................................................


THE AMARILLO CLIMATE NORMALS FOR TOMORROW
                         NORMAL    RECORD    YEAR
 MAXIMUM TEMPERATURE (F)   51        74      1914
 MINIMUM TEMPERATURE (F)   23       -11      1984


SUNRISE AND SUNSET
JANUARY 17 2018.......SUNRISE   754 AM CST   SUNSET   600 PM CST
JANUARY 18 2018.......SUNRISE   754 AM CST   SUNSET   601 PM CST


-  INDICATES NEGATIVE NUMBERS.
R  INDICATES RECORD WAS SET OR TIED.
MM INDICATES DATA IS MISSING.
T  INDICATES TRACE AMOUNT.




$$
