000
CDUS44 KAMA 050625
CLIAMA


CLIMATE REPORT
NATIONAL WEATHER SERVICE AMARILLO TX
125 AM CDT THU MAY 5 2016


...................................

...THE AMARILLO CLIMATE SUMMARY FOR MAY 4 2016...

CLIMATE NORMAL PERIOD 1981 TO 2010
CLIMATE RECORD PERIOD 1892 TO 2016


WEATHER ITEM   OBSERVED TIME   RECORD YEAR NORMAL DEPARTURE LAST
                VALUE   (LST)  VALUE       VALUE  FROM      YEAR
                                                  NORMAL
..................................................................
TEMPERATURE (F)
 YESTERDAY
  MAXIMUM         79    415 PM  97    2014  76      3       79
  MINIMUM         41    100 AM  26    1907  48     -7       55
  AVERAGE         60                        62     -2       67

PRECIPITATION (IN)
  YESTERDAY        0.00          2.62 1974   0.05  -0.05     0.08
  MONTH TO DATE    0.01                      0.20  -0.19     0.08
  SINCE MAR 1      3.61                      2.99   0.62     3.26
  SINCE JAN 1      4.30                      4.27   0.03     5.34

SNOWFALL (IN)
  YESTERDAY        0.0           2.2  1935   0.0    0.0      0.0
  MONTH TO DATE    0.0                       0.1   -0.1      0.0
  SINCE MAR 1      1.3                       3.7   -2.4      0.1
  SINCE JUL 1     13.4                      17.7   -4.3     23.9
  SNOW DEPTH       0

DEGREE DAYS
 HEATING
  YESTERDAY        5                         5      0        0
  MONTH TO DATE   52                        20     32        1
  SINCE MAR 1    646                       831   -185      629
  SINCE JUL 1   3387                      4108   -721     3754

 COOLING
  YESTERDAY        0                         2     -2        2
  MONTH TO DATE    0                         6     -6       13
  SINCE MAR 1     10                        27    -17       35
  SINCE JAN 1     11                        27    -16       35
..................................................................


WIND (MPH)
  RESULTANT WIND SPEED   3   RESULTANT WIND DIRECTION  NW (310)
  HIGHEST WIND SPEED    16   HIGHEST WIND DIRECTION     W (290)
  HIGHEST GUST SPEED    19   HIGHEST GUST DIRECTION     W (290)
  AVERAGE WIND SPEED     7.6


SKY COVER
  AVERAGE SKY COVER 0.0


WEATHER CONDITIONS
 THE FOLLOWING WEATHER WAS RECORDED YESTERDAY.
  NO SIGNIFICANT WEATHER WAS OBSERVED.


RELATIVE HUMIDITY (PERCENT)
 HIGHEST    79           100 AM
 LOWEST     21           400 PM
 AVERAGE    50

..........................................................


THE AMARILLO CLIMATE NORMALS FOR TODAY
                         NORMAL    RECORD    YEAR
 MAXIMUM TEMPERATURE (F)   77        98      2014
                                             1940
 MINIMUM TEMPERATURE (F)   48        32      1917


SUNRISE AND SUNSET
MAY  5 2016...........SUNRISE   651 AM CDT   SUNSET   836 PM CDT
MAY  6 2016...........SUNRISE   650 AM CDT   SUNSET   837 PM CDT


-  INDICATES NEGATIVE NUMBERS.
R  INDICATES RECORD WAS SET OR TIED.
MM INDICATES DATA IS MISSING.
T  INDICATES TRACE AMOUNT.




$$
