196
CDUS44 KAMA 282135
CLIAMA


CLIMATE REPORT
NATIONAL WEATHER SERVICE AMARILLO TX
435 PM CDT FRI APR 28 2017


...................................

...THE AMARILLO CLIMATE SUMMARY FOR APRIL 28 2017...
VALID TODAY AS OF 0400 PM LOCAL TIME.

CLIMATE NORMAL PERIOD 1981 TO 2010
CLIMATE RECORD PERIOD 1892 TO 2017


WEATHER ITEM   OBSERVED TIME   RECORD YEAR NORMAL DEPARTURE LAST
                VALUE   (LST)  VALUE       VALUE  FROM      YEAR
                                                  NORMAL
..................................................................
TEMPERATURE (F)
 TODAY
  MAXIMUM         75    107 PM  92    1927  75      0       76
                                      1910
  MINIMUM         42    526 AM  31    1994  46     -4       41
  AVERAGE         59                        60     -1       59

PRECIPITATION (IN)
  TODAY            0.00          1.99 1985   0.05  -0.05     0.00
  MONTH TO DATE    0.45                      1.30  -0.85     2.16
  SINCE MAR 1      2.43                      2.69  -0.26     2.43
  SINCE JAN 1      6.11                      3.97   2.14     3.12

SNOWFALL (IN)
  TODAY            0.0           T    1999   0.0    0.0      0.0
  MONTH TO DATE    0.0                       0.7   -0.7      0.0
  SINCE MAR 1      0.0                       3.6   -3.6      1.3
  SINCE JUL 1      8.0                      17.6   -9.6     13.4
  SNOW DEPTH       0

DEGREE DAYS
 HEATING
  TODAY            6                         6      0        6
  MONTH TO DATE  190                       269    -79      193
  SINCE MAR 1    537                       801   -264      563
  SINCE JUL 1   3095                      4078   -983     3304

 COOLING
  TODAY            0                         1     -1        0
  MONTH TO DATE   37                        14     23        8
  SINCE MAR 1     49                        16     33       10
  SINCE JAN 1     54                        16     38       11
..................................................................


WIND (MPH)
  RESULTANT WIND SPEED   2   RESULTANT WIND DIRECTION  SW (240)
  HIGHEST WIND SPEED    22   HIGHEST WIND DIRECTION     S (170)
  HIGHEST GUST SPEED    27   HIGHEST GUST DIRECTION     S (180)
  AVERAGE WIND SPEED     8.4


SKY COVER
  AVERAGE SKY COVER 0.5


WEATHER CONDITIONS
 THE FOLLOWING WEATHER WAS RECORDED TODAY.
  NO SIGNIFICANT WEATHER WAS OBSERVED.


RELATIVE HUMIDITY (PERCENT)
 HIGHEST    82           600 AM
 LOWEST     25           100 PM
 AVERAGE    54

..........................................................


THE AMARILLO CLIMATE NORMALS FOR TOMORROW
                         NORMAL    RECORD    YEAR
 MAXIMUM TEMPERATURE (F)   75        94      2013
                                             2011
                                             1910
 MINIMUM TEMPERATURE (F)   46        30      1907
                                             1903


SUNRISE AND SUNSET
APRIL 28 2017.........SUNRISE   659 AM CDT   SUNSET   830 PM CDT
APRIL 29 2017.........SUNRISE   657 AM CDT   SUNSET   831 PM CDT


-  INDICATES NEGATIVE NUMBERS.
R  INDICATES RECORD WAS SET OR TIED.
MM INDICATES DATA IS MISSING.
T  INDICATES TRACE AMOUNT.




$$
