000
CDUS44 KAMA 030629
CLIAMA


CLIMATE REPORT
NATIONAL WEATHER SERVICE AMARILLO TX
128 AM CDT FRI JUL 3 2015


...................................

...THE AMARILLO CLIMATE SUMMARY FOR JULY 2 2015...

CLIMATE NORMAL PERIOD 1981 TO 2010
CLIMATE RECORD PERIOD 1892 TO 2015


WEATHER ITEM   OBSERVED TIME   RECORD YEAR NORMAL DEPARTURE LAST
                VALUE   (LST)  VALUE       VALUE  FROM      YEAR
                                                  NORMAL
..................................................................
TEMPERATURE (F)
 YESTERDAY
  MAXIMUM         88    454 PM 103    1953  91     -3       73
  MINIMUM         66   1152 PM  55    2013  65      1       62
  AVERAGE         77                        78     -1       68

PRECIPITATION (IN)
  YESTERDAY        0.01          0.81 1956   0.09  -0.08     0.04
  MONTH TO DATE    0.01                      0.18  -0.17     0.04
  SINCE JUN 1      3.90                      3.34   0.56     5.44
  SINCE JAN 1     18.45                      9.70   8.75    10.15

SNOWFALL (IN)
  YESTERDAY        0.0           0.0    MM   0.0    0.0      0.0
  MONTH TO DATE    0.0                       0.0    0.0      0.0
  SINCE JUN 1      0.0                       0.0    0.0      0.0
  SINCE JUL 1      0.0                       0.0    0.0      0.0
  SNOW DEPTH       0

DEGREE DAYS
 HEATING
  YESTERDAY        0                         0      0        0
  MONTH TO DATE    0                         0      0        0
  SINCE JUN 1      0                         7     -7        4
  SINCE JUL 1      0                         0      0        0

 COOLING
  YESTERDAY       12                        13     -1        3
  MONTH TO DATE   28                        26      2       12
  SINCE JUN 1    337                       314     23      330
  SINCE JAN 1    386                       439    -53      527
..................................................................


WIND (MPH)
  RESULTANT WIND SPEED   4   RESULTANT WIND DIRECTION  SE (150)
  HIGHEST WIND SPEED    31   HIGHEST WIND DIRECTION    NE (50)
  HIGHEST GUST SPEED    39   HIGHEST GUST DIRECTION    NE (50)
  AVERAGE WIND SPEED     7.5


SKY COVER
  AVERAGE SKY COVER 0.3


WEATHER CONDITIONS
 THE FOLLOWING WEATHER WAS RECORDED YESTERDAY.
  THUNDERSTORM
  LIGHT RAIN


RELATIVE HUMIDITY (PERCENT)
 HIGHEST    79           500 AM
 LOWEST     40           500 PM
 AVERAGE    60

..........................................................


THE AMARILLO CLIMATE NORMALS FOR TODAY
                         NORMAL    RECORD    YEAR
 MAXIMUM TEMPERATURE (F)   91       103      1994
 MINIMUM TEMPERATURE (F)   65        55      1924
                                             1904


SUNRISE AND SUNSET
JULY  3 2015..........SUNRISE   637 AM CDT   SUNSET   905 PM CDT
JULY  4 2015..........SUNRISE   637 AM CDT   SUNSET   905 PM CDT


-  INDICATES NEGATIVE NUMBERS.
R  INDICATES RECORD WAS SET OR TIED.
MM INDICATES DATA IS MISSING.
T  INDICATES TRACE AMOUNT.




$$
