000
CDUS44 KAMA 290634
CLIAMA


CLIMATE REPORT
NATIONAL WEATHER SERVICE AMARILLO TX
130 AM CDT WED JUL 29 2015


...................................

...THE AMARILLO CLIMATE SUMMARY FOR JULY 28 2015...

CLIMATE NORMAL PERIOD 1981 TO 2010
CLIMATE RECORD PERIOD 1892 TO 2015


WEATHER ITEM   OBSERVED TIME   RECORD YEAR NORMAL DEPARTURE LAST
                VALUE   (LST)  VALUE       VALUE  FROM      YEAR
                                                  NORMAL
..................................................................
TEMPERATURE (F)
 YESTERDAY
  MAXIMUM         95    332 PM 102    2011  91      4       79
                                      1995
                                      1986
  MINIMUM         66    930 PM  53    2005  65      1       62
  AVERAGE         81                        78      3       71

PRECIPITATION (IN)
  YESTERDAY        0.65          2.79 2008   0.10   0.55     0.16
  MONTH TO DATE    5.85                      2.53   3.32     1.64
  SINCE JUN 1      9.74                      5.69   4.05     7.04
  SINCE JAN 1     24.29                     12.05  12.24    11.75

SNOWFALL (IN)
  YESTERDAY        0.0           T    2009   0.0    0.0      0.0
  MONTH TO DATE    0.0                       0.0    0.0      0.0
  SINCE JUN 1      0.0                       0.0    0.0      0.0
  SINCE JUL 1      0.0                       0.0    0.0      0.0
  SNOW DEPTH       0

DEGREE DAYS
 HEATING
  YESTERDAY        0                         0      0        0
  MONTH TO DATE    0                         0      0        0
  SINCE JUN 1      0                         7     -7        4
  SINCE JUL 1      0                         0      0        0

 COOLING
  YESTERDAY       16                        13      3        6
  MONTH TO DATE  384                       372     12      344
  SINCE JUN 1    693                       660     33      662
  SINCE JAN 1    742                       785    -43      859
..................................................................


WIND (MPH)
  RESULTANT WIND SPEED   9   RESULTANT WIND DIRECTION   S (180)
  HIGHEST WIND SPEED    32   HIGHEST WIND DIRECTION     W (290)
  HIGHEST GUST SPEED    41   HIGHEST GUST DIRECTION     W (290)
  AVERAGE WIND SPEED    12.3


SKY COVER
  AVERAGE SKY COVER 0.2


WEATHER CONDITIONS
 THE FOLLOWING WEATHER WAS RECORDED YESTERDAY.
  THUNDERSTORM
  HEAVY RAIN
  RAIN
  LIGHT RAIN
  FOG


RELATIVE HUMIDITY (PERCENT)
 HIGHEST    73           700 AM
 LOWEST     38           400 PM
 AVERAGE    56

..........................................................


THE AMARILLO CLIMATE NORMALS FOR TODAY
                         NORMAL    RECORD    YEAR
 MAXIMUM TEMPERATURE (F)   91       102      2001
 MINIMUM TEMPERATURE (F)   65        53      2005


SUNRISE AND SUNSET
JULY 29 2015..........SUNRISE   653 AM CDT   SUNSET   853 PM CDT
JULY 30 2015..........SUNRISE   654 AM CDT   SUNSET   852 PM CDT


-  INDICATES NEGATIVE NUMBERS.
R  INDICATES RECORD WAS SET OR TIED.
MM INDICATES DATA IS MISSING.
T  INDICATES TRACE AMOUNT.




$$
