855
CDUS44 KAMA 300652
CLIAMA


CLIMATE REPORT
NATIONAL WEATHER SERVICE AMARILLO TX
148 AM CDT TUE AUG 30 2016


...................................

...THE AMARILLO CLIMATE SUMMARY FOR AUGUST 29 2016...

CLIMATE NORMAL PERIOD 1981 TO 2010
CLIMATE RECORD PERIOD 1892 TO 2016


WEATHER ITEM   OBSERVED TIME   RECORD YEAR NORMAL DEPARTURE LAST
                VALUE   (LST)  VALUE       VALUE  FROM      YEAR
                                                  NORMAL
..................................................................
TEMPERATURE (F)
 YESTERDAY
  MAXIMUM         77   1142 AM 100    1990  88    -11       89
                                      1959
  MINIMUM         64    420 PM  49    1917  62      2       63
  AVERAGE         71                        75     -4       76

PRECIPITATION (IN)
  YESTERDAY        0.28          0.90 1950   0.07   0.21     0.00
  MONTH TO DATE    3.41                      2.76   0.65     3.68
  SINCE JUN 1      8.30                      8.76  -0.46    14.16
  SINCE JAN 1     14.19                     15.12  -0.93    28.71

SNOWFALL (IN)
  YESTERDAY        0.0           0.0    MM   0.0    0.0      0.0
  MONTH TO DATE    0.0                       0.0    0.0      0.0
  SINCE JUN 1      T                         0.0    0.0      0.0
  SINCE JUL 1      T                         0.0    0.0      0.0
  SNOW DEPTH       0

DEGREE DAYS
 HEATING
  YESTERDAY        0                         0      0        0
  MONTH TO DATE    0                         0      0        0
  SINCE JUN 1      0                         7     -7        0
  SINCE JUL 1      0                         0      0        0

 COOLING
  YESTERDAY        6                        10     -4       11
  MONTH TO DATE  342                       347     -5      354
  SINCE JUN 1   1279                      1047    232     1079
  SINCE JAN 1   1367                      1172    195     1128
..................................................................


WIND (MPH)
  RESULTANT WIND SPEED   4   RESULTANT WIND DIRECTION  SE (120)
  HIGHEST WIND SPEED    20   HIGHEST WIND DIRECTION    SE (120)
  HIGHEST GUST SPEED    23   HIGHEST GUST DIRECTION    SE (130)
  AVERAGE WIND SPEED     5.9


SKY COVER
  AVERAGE SKY COVER 0.7


WEATHER CONDITIONS
 THE FOLLOWING WEATHER WAS RECORDED YESTERDAY.
  THUNDERSTORM
  RAIN
  LIGHT RAIN
  FOG


RELATIVE HUMIDITY (PERCENT)
 HIGHEST    93          1200 AM
 LOWEST     64          1100 AM
 AVERAGE    79

..........................................................


THE AMARILLO CLIMATE NORMALS FOR TODAY
                         NORMAL    RECORD    YEAR
 MAXIMUM TEMPERATURE (F)   88       103      2011
 MINIMUM TEMPERATURE (F)   62        48      1915


SUNRISE AND SUNSET
AUGUST 30 2016........SUNRISE   718 AM CDT   SUNSET   816 PM CDT
AUGUST 31 2016........SUNRISE   719 AM CDT   SUNSET   814 PM CDT


-  INDICATES NEGATIVE NUMBERS.
R  INDICATES RECORD WAS SET OR TIED.
MM INDICATES DATA IS MISSING.
T  INDICATES TRACE AMOUNT.




$$
