000
CDUS44 KAMA 020627
CLIAMA


CLIMATE REPORT
NATIONAL WEATHER SERVICE AMARILLO TX
126 AM CDT WED SEP 2 2015


...................................

...THE AMARILLO CLIMATE SUMMARY FOR SEPTEMBER 1 2015...

CLIMATE NORMAL PERIOD 1981 TO 2010
CLIMATE RECORD PERIOD 1892 TO 2015


WEATHER ITEM   OBSERVED TIME   RECORD YEAR NORMAL DEPARTURE LAST
                VALUE   (LST)  VALUE       VALUE  FROM      YEAR
                                                  NORMAL
..................................................................
TEMPERATURE (F)
 YESTERDAY
  MAXIMUM         91    335 PM 101    1947  87      4       95
  MINIMUM         65    655 AM  48    1915  62      3       66
  AVERAGE         78                        74      4       81

PRECIPITATION (IN)
  YESTERDAY        0.00          1.34 1935   0.07  -0.07     0.00
  MONTH TO DATE    0.00                      0.07  -0.07     0.00
  SINCE SEP 1      0.00                      0.07  -0.07     0.00
  SINCE JAN 1     28.71                     15.34  13.37    13.69

SNOWFALL (IN)
  YESTERDAY        0.0           0.0    MM   0.0    0.0      0.0
  MONTH TO DATE    0.0                       0.0    0.0      0.0
  SINCE SEP 1      0.0                       0.0    0.0      0.0
  SINCE JUL 1      0.0                       0.0    0.0      0.0
  SNOW DEPTH       0

DEGREE DAYS
 HEATING
  YESTERDAY        0                         0      0        0
  MONTH TO DATE    0                         0      0        0
  SINCE SEP 1      0                         0      0        0
  SINCE JUL 1      0                         1     -1        0

 COOLING
  YESTERDAY       13                        10      3       16
  MONTH TO DATE   13                        10      3       16
  SINCE SEP 1     13                        10      3       16
  SINCE JAN 1   1159                      1202    -43     1346
..................................................................


WIND (MPH)
  RESULTANT WIND SPEED  15   RESULTANT WIND DIRECTION   S (180)
  HIGHEST WIND SPEED    26   HIGHEST WIND DIRECTION     S (190)
  HIGHEST GUST SPEED    35   HIGHEST GUST DIRECTION     S (170)
  AVERAGE WIND SPEED    15.7


SKY COVER
  AVERAGE SKY COVER 0.0


WEATHER CONDITIONS
 THE FOLLOWING WEATHER WAS RECORDED YESTERDAY.
  NO SIGNIFICANT WEATHER WAS OBSERVED.


RELATIVE HUMIDITY (PERCENT)
 HIGHEST    73           600 AM
 LOWEST     31           600 PM
 AVERAGE    52

..........................................................


THE AMARILLO CLIMATE NORMALS FOR TODAY
                         NORMAL    RECORD    YEAR
 MAXIMUM TEMPERATURE (F)   87       102      1947
 MINIMUM TEMPERATURE (F)   61        47      1974


SUNRISE AND SUNSET
SEPTEMBER  2 2015.....SUNRISE   720 AM CDT   SUNSET   813 PM CDT
SEPTEMBER  3 2015.....SUNRISE   721 AM CDT   SUNSET   811 PM CDT


-  INDICATES NEGATIVE NUMBERS.
R  INDICATES RECORD WAS SET OR TIED.
MM INDICATES DATA IS MISSING.
T  INDICATES TRACE AMOUNT.




$$
