000
CDUS44 KAMA 012232
CLIAMA


CLIMATE REPORT
NATIONAL WEATHER SERVICE AMARILLO TX
431 PM CST SUN MAR 1 2015


...................................

...THE AMARILLO CLIMATE SUMMARY FOR MARCH 1 2015...
VALID TODAY AS OF 0400 PM LOCAL TIME.

CLIMATE NORMAL PERIOD 1981 TO 2010
CLIMATE RECORD PERIOD 1892 TO 2015


WEATHER ITEM   OBSERVED TIME   RECORD YEAR NORMAL DEPARTURE LAST
                VALUE   (LST)  VALUE       VALUE  FROM      YEAR
                                                  NORMAL
..................................................................
TEMPERATURE (F)
 TODAY
  MAXIMUM         32    259 PM  83    1941  58    -26       61
  MINIMUM         22    125 AM  -2    1903  30     -8       15
  AVERAGE         27                        44    -17       38

PRECIPITATION (IN)
  TODAY            0.00          0.31 1942   0.03  -0.03      T
  MONTH TO DATE    0.00                      0.03  -0.03      T
  SINCE MAR 1      0.00                      0.03  -0.03      T
  SINCE JAN 1      2.08                      1.31   0.77     0.39

SNOWFALL (IN)
  TODAY            0.0           7.2  1942   0.1   -0.1      0.0
  MONTH TO DATE    0.0                       0.1   -0.1      0.0
  SINCE MAR 1      0.0                       0.1   -0.1      0.0
  SINCE JUL 1     23.8                      14.1    9.7     12.1
  SNOW DEPTH       1

DEGREE DAYS
 HEATING
  TODAY           38                        21     17       27
  MONTH TO DATE   38                        21     17       27
  SINCE MAR 1     38                        21     17       27
  SINCE JUL 1   3163                      3298   -135     3380

 COOLING
  TODAY            0                         0      0        0
  MONTH TO DATE    0                         0      0        0
  SINCE MAR 1      0                         0      0        0
  SINCE JAN 1      0                         0      0        0
..................................................................


WIND (MPH)
  RESULTANT WIND SPEED   5   RESULTANT WIND DIRECTION  SE (140)
  HIGHEST WIND SPEED    12   HIGHEST WIND DIRECTION    SE (140)
  HIGHEST GUST SPEED    13   HIGHEST GUST DIRECTION    SE (140)
  AVERAGE WIND SPEED     6.6


SKY COVER
  AVERAGE SKY COVER 1.0


WEATHER CONDITIONS
 THE FOLLOWING WEATHER WAS RECORDED TODAY.
  FOG
  FOG W/VISIBILITY <= 1/4 MILE


RELATIVE HUMIDITY (PERCENT)
 HIGHEST   100          1200 AM
 LOWEST     85           400 PM
 AVERAGE    93

..........................................................


THE AMARILLO CLIMATE NORMALS FOR TOMORROW
                         NORMAL    RECORD    YEAR
 MAXIMUM TEMPERATURE (F)   58        84      1904
 MINIMUM TEMPERATURE (F)   30         1      1922


SUNRISE AND SUNSET
MARCH  1 2015.........SUNRISE   717 AM CST   SUNSET   642 PM CST
MARCH  2 2015.........SUNRISE   715 AM CST   SUNSET   643 PM CST


-  INDICATES NEGATIVE NUMBERS.
R  INDICATES RECORD WAS SET OR TIED.
MM INDICATES DATA IS MISSING.
T  INDICATES TRACE AMOUNT.




$$
