000
CDUS42 KJAX 060545
CLIAMG


CLIMATE REPORT
NATIONAL WEATHER SERVICE JACKSONVILLE FL
144 AM EDT FRI MAY 6 2016


...................................

...THE ALMA CLIMATE SUMMARY FOR MAY 5 2016...

CLIMATE NORMAL PERIOD 1981 TO 2010
CLIMATE RECORD PERIOD 1948 TO 2016


WEATHER ITEM   OBSERVED TIME   RECORD YEAR NORMAL DEPARTURE LAST
                VALUE   (LST)  VALUE       VALUE  FROM      YEAR
                                                  NORMAL
..................................................................
TEMPERATURE (F)
 YESTERDAY
  MAXIMUM         73        MM  94    2012  83    -10       80
  MINIMUM         53        MM  43    1971  58     -5       56
  AVERAGE         63                        71     -8       68

PRECIPITATION (IN)
  YESTERDAY        0.00          1.46 2013   0.07  -0.07     0.00
  MONTH TO DATE    1.08                      0.34   0.74     0.00
  SINCE MAR 1      7.27                      7.90  -0.63     6.16
  SINCE JAN 1     16.52                     15.96   0.56    11.99

SNOWFALL (IN)
  YESTERDAY        0.0           0.0    MM   0.0    0.0      0.0
  MONTH TO DATE    0.0                       0.0    0.0      0.0
  SINCE MAR 1      0.0                       0.0    0.0      0.0
  SINCE JUL 1      0.0                       0.1   -0.1      0.0
  SNOW DEPTH       0

DEGREE DAYS
 HEATING
  YESTERDAY        2                         0      2        0
  MONTH TO DATE    2                         3     -1        4
  SINCE MAR 1    171                       255    -84      145
  SINCE JUL 1   1269                      1656   -387     1820

 COOLING
  YESTERDAY        0                         6     -6        3
  MONTH TO DATE   40                        29     11        7
  SINCE MAR 1    213                       167     46      231
  SINCE JAN 1    226                       183     43      234
..................................................................


WIND (MPH)
  HIGHEST WIND SPEED    21   HIGHEST WIND DIRECTION    NW (300)
  HIGHEST GUST SPEED    32   HIGHEST GUST DIRECTION     W (280)
  AVERAGE WIND SPEED    11.6


SKY COVER
  POSSIBLE SUNSHINE  MM
  AVERAGE SKY COVER 0.1


WEATHER CONDITIONS
 THE FOLLOWING WEATHER WAS RECORDED YESTERDAY.
  NO SIGNIFICANT WEATHER WAS OBSERVED.


RELATIVE HUMIDITY (PERCENT)
 HIGHEST    77           500 AM
 LOWEST     29           300 PM
 AVERAGE    53

..........................................................


THE ALMA CLIMATE NORMALS FOR TODAY
                         NORMAL    RECORD    YEAR
 MAXIMUM TEMPERATURE (F)   84        95      2012
 MINIMUM TEMPERATURE (F)   59        44      1957


SUNRISE AND SUNSET
MAY  6 2016...........SUNRISE   640 AM EDT   SUNSET   814 PM EDT
MAY  7 2016...........SUNRISE   639 AM EDT   SUNSET   814 PM EDT


-  INDICATES NEGATIVE NUMBERS.
R  INDICATES RECORD WAS SET OR TIED.
MM INDICATES DATA IS MISSING.
T  INDICATES TRACE AMOUNT.




$$
