000
CDUS42 KJAX 020539
CLIAMG


CLIMATE REPORT
NATIONAL WEATHER SERVICE JACKSONVILLE FL
138 AM EDT TUE JUN 2 2015


...................................

...THE ALMA CLIMATE SUMMARY FOR JUNE 1 2015...

CLIMATE NORMAL PERIOD 1981 TO 2010
CLIMATE RECORD PERIOD 1948 TO 2015


WEATHER ITEM   OBSERVED TIME   RECORD YEAR NORMAL DEPARTURE LAST
                VALUE   (LST)  VALUE       VALUE  FROM      YEAR
                                                  NORMAL
..................................................................
TEMPERATURE (F)
 YESTERDAY
  MAXIMUM         88        MM 100    2011  89     -1       80
  MINIMUM         66        MM  47    1984  67     -1       69
  AVERAGE         77                        78     -1       75

PRECIPITATION (IN)
  YESTERDAY        0.44          1.71 1991   0.14   0.30     0.01
  MONTH TO DATE    0.44                      0.14   0.30     0.01
  SINCE JUN 1      0.44                      0.14   0.30     0.01
  SINCE JAN 1     13.71                     18.23  -4.52    17.67

SNOWFALL (IN)
  YESTERDAY        0.0           0.0    MM   0.0    0.0      0.0
  MONTH TO DATE    0.0                       0.0    0.0      0.0
  SINCE JUN 1      0.0                       0.0    0.0      0.0
  SINCE JUL 1      0.0                       0.1   -0.1       T
  SNOW DEPTH       0

DEGREE DAYS
 HEATING
  YESTERDAY        0                         0      0        0
  MONTH TO DATE    0                         0      0        0
  SINCE JUN 1      0                         0      0        0
  SINCE JUL 1   1820                      1659    161     1807

 COOLING
  YESTERDAY       12                        13     -1       10
  MONTH TO DATE   12                        13     -1       10
  SINCE JUN 1     12                        13     -1       10
  SINCE JAN 1    537                       443     94      394
..................................................................


WIND (MPH)
  HIGHEST WIND SPEED     8   HIGHEST WIND DIRECTION     E (100)
  HIGHEST GUST SPEED    MM   HIGHEST GUST DIRECTION    MM
  AVERAGE WIND SPEED     2.9


SKY COVER
  POSSIBLE SUNSHINE  MM
  AVERAGE SKY COVER 0.3


WEATHER CONDITIONS
 THE FOLLOWING WEATHER WAS RECORDED YESTERDAY.
  THUNDERSTORM
  HEAVY RAIN
  RAIN
  LIGHT RAIN
  FOG


RELATIVE HUMIDITY (PERCENT)
 HIGHEST   100          1100 PM
 LOWEST     57          1200 PM
 AVERAGE    79

..........................................................


THE ALMA CLIMATE NORMALS FOR TODAY
                         NORMAL    RECORD    YEAR
 MAXIMUM TEMPERATURE (F)   89       100      1985
 MINIMUM TEMPERATURE (F)   67        47      1984


SUNRISE AND SUNSET
JUNE  2 2015..........SUNRISE   626 AM EDT   SUNSET   831 PM EDT
JUNE  3 2015..........SUNRISE   625 AM EDT   SUNSET   831 PM EDT


-  INDICATES NEGATIVE NUMBERS.
R  INDICATES RECORD WAS SET OR TIED.
MM INDICATES DATA IS MISSING.
T  INDICATES TRACE AMOUNT.




$$
