000
CDUS42 KJAX 280531
CLIAMG


CLIMATE REPORT
NATIONAL WEATHER SERVICE JACKSONVILLE FL
1230 AM EST SAT FEB 28 2015


...................................

...THE ALMA CLIMATE SUMMARY FOR FEBRUARY 27 2015...

CLIMATE NORMAL PERIOD 1981 TO 2010
CLIMATE RECORD PERIOD 1948 TO 2015


WEATHER ITEM   OBSERVED TIME   RECORD YEAR NORMAL DEPARTURE LAST
                VALUE   (LST)  VALUE       VALUE  FROM      YEAR
                                                  NORMAL
..................................................................
TEMPERATURE (F)
 YESTERDAY
  MAXIMUM         53    408 PM  84    2011  68    -15       57
                                      1997
  MINIMUM         41   1159 PM  22    1974  45     -4       33
  AVERAGE         47                        57    -10       45

PRECIPITATION (IN)
  YESTERDAY        0.00          1.78 2005   0.13  -0.13     0.00
  MONTH TO DATE    3.28                      3.66  -0.38     1.91
  SINCE DEC 1      9.91                     11.21  -1.30     6.35
  SINCE JAN 1      5.49                      7.92  -2.43     3.52

SNOWFALL (IN)
  YESTERDAY        0.0           0.0    MM   0.0    0.0      0.0
  MONTH TO DATE    0.0                       0.0    0.0      0.0
  SINCE DEC 1      0.0                       0.1   -0.1       T
  SINCE JUL 1      0.0                       0.1   -0.1       T
  SNOW DEPTH       0

DEGREE DAYS
 HEATING
  YESTERDAY       18                         9      9       20
  MONTH TO DATE  456                       302    154      284
  SINCE DEC 1   1256                      1147    109     1173
  SINCE JUL 1   1654                      1391    263     1448

 COOLING
  YESTERDAY        0                         1     -1        0
  MONTH TO DATE    0                         3     -3        7
  SINCE DEC 1      4                        19    -15       38
  SINCE JAN 1      3                         8     -5        8
..................................................................


WIND (MPH)
  HIGHEST WIND SPEED    10   HIGHEST WIND DIRECTION    NE (60)
  HIGHEST GUST SPEED    14   HIGHEST GUST DIRECTION    NE (50)
  AVERAGE WIND SPEED     3.6


SKY COVER
  POSSIBLE SUNSHINE  MM
  AVERAGE SKY COVER 0.5


WEATHER CONDITIONS
 THE FOLLOWING WEATHER WAS RECORDED YESTERDAY.
  NO SIGNIFICANT WEATHER WAS OBSERVED.


RELATIVE HUMIDITY (PERCENT)
 HIGHEST    96           100 AM
 LOWEST     50           300 PM
 AVERAGE    73

..........................................................


THE ALMA CLIMATE NORMALS FOR TODAY
                         NORMAL    RECORD    YEAR
 MAXIMUM TEMPERATURE (F)   68        84      2011
                                             1962
 MINIMUM TEMPERATURE (F)   45        20      2002


SUNRISE AND SUNSET
FEBRUARY 28 2015......SUNRISE   658 AM EST   SUNSET   627 PM EST
MARCH  1 2015.........SUNRISE   657 AM EST   SUNSET   628 PM EST


-  INDICATES NEGATIVE NUMBERS.
R  INDICATES RECORD WAS SET OR TIED.
MM INDICATES DATA IS MISSING.
T  INDICATES TRACE AMOUNT.




$$
