000
CDUS42 KJAX 210533
CLIAMG


CLIMATE REPORT
NATIONAL WEATHER SERVICE JACKSONVILLE FL
1232 AM EST TUE FEB 21 2017


...................................

...THE ALMA CLIMATE SUMMARY FOR FEBRUARY 20 2017...

CLIMATE NORMAL PERIOD 1981 TO 2010
CLIMATE RECORD PERIOD 1948 TO 2017


WEATHER ITEM   OBSERVED TIME   RECORD YEAR NORMAL DEPARTURE LAST
                VALUE   (LST)  VALUE       VALUE  FROM      YEAR
                                                  NORMAL
..................................................................
TEMPERATURE (F)
 YESTERDAY
  MAXIMUM         79    317 PM  83    2014  67     12       74
  MINIMUM         47    706 AM  22    2015  44      3       40
                                      1958
  AVERAGE         63                        55      8       57

PRECIPITATION (IN)
  YESTERDAY        0.00          1.17 1988   0.15  -0.15     0.00
  MONTH TO DATE    0.48                      2.68  -2.20     4.09
  SINCE DEC 1     12.29                     10.23   2.06    10.65
  SINCE JAN 1      7.57                      6.94   0.63     8.68

SNOWFALL (IN)
  YESTERDAY        0.0           0.0    MM   0.0    0.0      0.0
  MONTH TO DATE    0.0                       0.0    0.0      0.0
  SINCE DEC 1      0.0                       0.1   -0.1      0.0
  SINCE JUL 1      0.0                       0.1   -0.1      0.0
  SNOW DEPTH       0

DEGREE DAYS
 HEATING
  YESTERDAY        2                        10     -8        8
  MONTH TO DATE  126                       236   -110      262
  SINCE DEC 1    647                      1081   -434      903
  SINCE JUL 1    835                      1325   -490     1021

 COOLING
  YESTERDAY        0                         0      0        0
  MONTH TO DATE    9                         0      9        9
  SINCE DEC 1     48                        16     32      106
  SINCE JAN 1     35                         5     30        9
..................................................................


WIND (MPH)
  HIGHEST WIND SPEED    10   HIGHEST WIND DIRECTION     E (90)
  HIGHEST GUST SPEED    14   HIGHEST GUST DIRECTION     E (110)
  AVERAGE WIND SPEED     3.4


SKY COVER
  POSSIBLE SUNSHINE  MM
  AVERAGE SKY COVER 0.0


WEATHER CONDITIONS
 THE FOLLOWING WEATHER WAS RECORDED YESTERDAY.
  FOG


RELATIVE HUMIDITY (PERCENT)
 HIGHEST   100          1200 AM
 LOWEST     39           400 PM
 AVERAGE    70

..........................................................


THE ALMA CLIMATE NORMALS FOR TODAY
                         NORMAL    RECORD    YEAR
 MAXIMUM TEMPERATURE (F)   67        82      1997
 MINIMUM TEMPERATURE (F)   44        20      1958


SUNRISE AND SUNSET
FEBRUARY 21 2017......SUNRISE   705 AM EST   SUNSET   622 PM EST
FEBRUARY 22 2017......SUNRISE   704 AM EST   SUNSET   623 PM EST


-  INDICATES NEGATIVE NUMBERS.
R  INDICATES RECORD WAS SET OR TIED.
MM INDICATES DATA IS MISSING.
T  INDICATES TRACE AMOUNT.




$$
