000
CDUS44 KBMX 020946
CLIANB


CLIMATE REPORT
NATIONAL WEATHER SERVICE BIRMINGHAM, AL
446 AM CDT TUE SEP 2 2014


...................................

...THE ANNISTON CLIMATE SUMMARY FOR SEPTEMBER 1 2014...

CLIMATE NORMAL PERIOD 1981 TO 2010
CLIMATE RECORD PERIOD 1903 TO 2014


WEATHER ITEM   OBSERVED TIME   RECORD YEAR NORMAL DEPARTURE LAST
                VALUE   (LST)  VALUE       VALUE  FROM      YEAR
                                                  NORMAL
..................................................................
TEMPERATURE (F)
 YESTERDAY
  MAXIMUM         91   1254 PM 101    1957  88      3       89
  MINIMUM         71    547 AM  54    1946  68      3       71
  AVERAGE         81                        78      3       80

PRECIPITATION (IN)
  YESTERDAY        0.01          3.08 1950   0.10  -0.09     0.21
  MONTH TO DATE    0.01                      0.10  -0.09     0.21
  SINCE SEP 1      0.01                      0.10  -0.09     0.21
  SINCE JAN 1     32.65                     35.02  -2.37    57.99

..................................................................


WIND (MPH)
  HIGHEST WIND SPEED    17   HIGHEST WIND DIRECTION     S (180)
  HIGHEST GUST SPEED    24   HIGHEST GUST DIRECTION     S (170)
  AVERAGE WIND SPEED     2.8


SKY COVER
  AVERAGE SKY COVER 0.0


WEATHER CONDITIONS
 THE FOLLOWING WEATHER WAS RECORDED YESTERDAY.
  THUNDERSTORM
  LIGHT RAIN


RELATIVE HUMIDITY (PERCENT)
 HIGHEST    93
 LOWEST     52
 AVERAGE    73

..........................................................


THE ANNISTON CLIMATE NORMALS FOR TODAY
                         NORMAL    RECORD    YEAR
 MAXIMUM TEMPERATURE (F)   88        99      1957
 MINIMUM TEMPERATURE (F)   67        52      1954


SUNRISE AND SUNSET
SEPTEMBER  2 2014.....SUNRISE   618 AM CDT   SUNSET   707 PM CDT
SEPTEMBER  3 2014.....SUNRISE   619 AM CDT   SUNSET   706 PM CDT


-  INDICATES NEGATIVE NUMBERS.
R  INDICATES RECORD WAS SET OR TIED.
MM INDICATES DATA IS MISSING.
T  INDICATES TRACE AMOUNT.




$$
