000
CDUS44 KBMX 260811
CLIANB


CLIMATE REPORT
NATIONAL WEATHER SERVICE BIRMINGHAM, AL
209 AM CST FRI DEC 26 2014


...................................

...THE ANNISTON CLIMATE SUMMARY FOR DECEMBER 25 2014...

CLIMATE NORMAL PERIOD 1981 TO 2010
CLIMATE RECORD PERIOD 1903 TO 2014


WEATHER ITEM   OBSERVED TIME   RECORD YEAR NORMAL DEPARTURE LAST
                VALUE   (LST)  VALUE       VALUE  FROM      YEAR
                                                  NORMAL
..................................................................
TEMPERATURE (F)
 YESTERDAY
  MAXIMUM         52    326 PM  73    1982  54     -2       51
  MINIMUM         33   1159 PM   3    1983  34     -1       25
  AVERAGE         43                        44     -1       38

PRECIPITATION (IN)
  YESTERDAY        0.00          1.78 1969   0.13  -0.13     0.00
  MONTH TO DATE    3.43                      3.40   0.03     7.72
  SINCE DEC 1      3.43                      3.40   0.03     7.72
  SINCE JAN 1     46.70                     48.95  -2.25    73.78

SNOWFALL (IN)
  YESTERDAY        0.0                       0.0             0.0
  MONTH TO DATE    0.0                       0.0             0.0
  SINCE DEC 1      0.0                       0.0             0.0
  SINCE JUL 1      0.0                       0.0             0.0

DEGREE DAYS
 HEATING
  YESTERDAY       22
  MONTH TO DATE  406
  SINCE DEC 1    406
  SINCE JUL 1   1034
..................................................................


WIND (MPH)
  HIGHEST WIND SPEED    12   HIGHEST WIND DIRECTION     W (260)
  HIGHEST GUST SPEED    14   HIGHEST GUST DIRECTION     W (270)
  AVERAGE WIND SPEED     3.3


SKY COVER
  AVERAGE SKY COVER 0.2


WEATHER CONDITIONS
 THE FOLLOWING WEATHER WAS RECORDED YESTERDAY.
  FOG


RELATIVE HUMIDITY (PERCENT)
 HIGHEST    92
 LOWEST     50
 AVERAGE    71

..........................................................


THE ANNISTON CLIMATE NORMALS FOR TODAY
                         NORMAL    RECORD    YEAR
 MAXIMUM TEMPERATURE (F)   54        71      1964
 MINIMUM TEMPERATURE (F)   34         5      1983


SUNRISE AND SUNSET
DECEMBER 26 2014......SUNRISE   646 AM CST   SUNSET   442 PM CST
DECEMBER 27 2014......SUNRISE   646 AM CST   SUNSET   443 PM CST


-  INDICATES NEGATIVE NUMBERS.
R  INDICATES RECORD WAS SET OR TIED.
MM INDICATES DATA IS MISSING.
T  INDICATES TRACE AMOUNT.




$$
