000
CDUS44 KBMX 230114
CLIANB


CLIMATE REPORT
NATIONAL WEATHER SERVICE BIRMINGHAM, AL
814 PM CDT SAT JUL 22 2017


...................................

...THE ANNISTON CLIMATE SUMMARY FOR JULY 22 2017...
VALID TODAY AS OF 0700 PM LOCAL TIME.

CLIMATE NORMAL PERIOD 1981 TO 2010
CLIMATE RECORD PERIOD 1903 TO 2017


WEATHER ITEM   OBSERVED RECORD YEAR NORMAL DEPARTURE LAST
                VALUE   VALUE       VALUE  FROM      YEAR
                                           NORMAL
...........................................................
TEMPERATURE (F)
 TODAY
  MAXIMUM         91     99    1993  90      1       93
  MINIMUM         73     58    1947  70      3       72
  AVERAGE         82

PRECIPITATION (IN)
  TODAY            0.00   1.88 1931   0.14  -0.14     0.00
  MONTH TO DATE    3.11               3.31  -0.20     1.99
  SINCE JUN 1     10.84               7.39   3.45     3.55
  SINCE JAN 1     36.76              30.32   6.44    23.27

DEGREE DAYS
 COOLING
  TODAY           17                 15      2       18
  MONTH TO DATE  347                327     20      395
  SINCE JUN 1    673                686    -13      831
  SINCE JAN 1    993                926     67     1111
...........................................................


WIND (MPH)
  HIGHEST WIND SPEED    12   HIGHEST WIND DIRECTION    SW (220)
  HIGHEST GUST SPEED    15   HIGHEST GUST DIRECTION    SW (230)
  AVERAGE WIND SPEED     4.9


SKY COVER
  AVERAGE SKY COVER 0.0


WEATHER CONDITIONS
 THE FOLLOWING WEATHER WAS RECORDED TODAY.
  THUNDERSTORM


RELATIVE HUMIDITY (PERCENT)
 HIGHEST    94
 LOWEST     64
 AVERAGE    79

..........................................................


THE ANNISTON CLIMATE NORMALS FOR TOMORROW
                         NORMAL    RECORD    YEAR
 MAXIMUM TEMPERATURE (F)   90       104      1952
 MINIMUM TEMPERATURE (F)   70        54      1947


SUNRISE AND SUNSET
JULY 22 2017..........SUNRISE   549 AM CDT   SUNSET   750 PM CDT
JULY 23 2017..........SUNRISE   550 AM CDT   SUNSET   750 PM CDT


-  INDICATES NEGATIVE NUMBERS.
R  INDICATES RECORD WAS SET OR TIED.
MM INDICATES DATA IS MISSING.
T  INDICATES TRACE AMOUNT.




$$
