000
CDUS44 KBMX 290702
CLIANB


CLIMATE REPORT
NATIONAL WEATHER SERVICE BIRMINGHAM, AL
200 AM CDT FRI MAY 29 2015


...................................

...THE ANNISTON CLIMATE SUMMARY FOR MAY 28 2015...

CLIMATE NORMAL PERIOD 1981 TO 2010
CLIMATE RECORD PERIOD 1903 TO 2015


WEATHER ITEM   OBSERVED TIME   RECORD YEAR NORMAL DEPARTURE LAST
                VALUE   (LST)  VALUE       VALUE  FROM      YEAR
                                                  NORMAL
..................................................................
TEMPERATURE (F)
 YESTERDAY
  MAXIMUM         84    148 PM  96    1962  84      0       86
  MINIMUM         66    242 AM  42    1961  62      4       65
  AVERAGE         75                        73      2       76

PRECIPITATION (IN)
  YESTERDAY        0.35          1.54 1996   0.13   0.22     0.00
  MONTH TO DATE    2.39                      3.87  -1.48     2.41
  SINCE MAR 1     16.22                     12.94   3.28    15.67
  SINCE JAN 1     24.38                     22.54   1.84    22.83

..................................................................


WIND (MPH)
  HIGHEST WIND SPEED    15   HIGHEST WIND DIRECTION    NE (30)
  HIGHEST GUST SPEED    20   HIGHEST GUST DIRECTION     E (90)
  AVERAGE WIND SPEED     5.2


SKY COVER
  AVERAGE SKY COVER 0.4


WEATHER CONDITIONS
 THE FOLLOWING WEATHER WAS RECORDED YESTERDAY.
  THUNDERSTORM
  RAIN
  LIGHT RAIN
  FOG


RELATIVE HUMIDITY (PERCENT)
 HIGHEST    97
 LOWEST     58
 AVERAGE    78

..........................................................


THE ANNISTON CLIMATE NORMALS FOR TODAY
                         NORMAL    RECORD    YEAR
 MAXIMUM TEMPERATURE (F)   84        94      1904
 MINIMUM TEMPERATURE (F)   63        48      1961
                                             1951


SUNRISE AND SUNSET
MAY 29 2015...........SUNRISE   535 AM CDT   SUNSET   747 PM CDT
MAY 30 2015...........SUNRISE   535 AM CDT   SUNSET   747 PM CDT


-  INDICATES NEGATIVE NUMBERS.
R  INDICATES RECORD WAS SET OR TIED.
MM INDICATES DATA IS MISSING.
T  INDICATES TRACE AMOUNT.




$$
