000
CDUS44 KBMX 180852
CLIANB


CLIMATE REPORT
NATIONAL WEATHER SERVICE BIRMINGHAM, AL
252 AM CST SUN FEB 18 2018


...................................

...THE ANNISTON CLIMATE SUMMARY FOR FEBRUARY 17 2018...

CLIMATE NORMAL PERIOD 1981 TO 2010
CLIMATE RECORD PERIOD 1903 TO 2018


WEATHER ITEM   OBSERVED TIME   RECORD YEAR NORMAL DEPARTURE LAST
                VALUE   (LST)  VALUE       VALUE  FROM      YEAR
                                                  NORMAL
..................................................................
TEMPERATURE (F)
 YESTERDAY
  MAXIMUM         75    140 PM  77    1976  59     16       68
  MINIMUM         52    530 AM   2    1905  37     15       30
  AVERAGE         64                        48     16       49

PRECIPITATION (IN)
  YESTERDAY        0.15          1.07 1998   0.18  -0.03     0.00
  MONTH TO DATE    6.27                      3.03   3.24     1.93
  SINCE DEC 1     11.61                     11.67  -0.06    12.12
  SINCE JAN 1      8.16                      7.55   0.61     9.48

SNOWFALL (IN)
  YESTERDAY        0.0                       0.0             0.0
  MONTH TO DATE    0.0                       0.3             0.0
  SINCE DEC 1      0.0                       1.0             0.0
  SINCE JUL 1      0.0                       1.0             0.0

DEGREE DAYS
 HEATING
  YESTERDAY        1
  MONTH TO DATE  202
  SINCE DEC 1   1556
  SINCE JUL 1   2012
..................................................................


WIND (MPH)
  HIGHEST WIND SPEED    24   HIGHEST WIND DIRECTION    SW (220)
  HIGHEST GUST SPEED    32   HIGHEST GUST DIRECTION    SW (230)
  AVERAGE WIND SPEED     8.3


SKY COVER
  AVERAGE SKY COVER 0.9


WEATHER CONDITIONS
 THE FOLLOWING WEATHER WAS RECORDED YESTERDAY.
  LIGHT RAIN
  FOG
  HAZE


RELATIVE HUMIDITY (PERCENT)
 HIGHEST    93
 LOWEST     57
 AVERAGE    75

..........................................................


THE ANNISTON CLIMATE NORMALS FOR TODAY
                         NORMAL    RECORD    YEAR
 MAXIMUM TEMPERATURE (F)   59        78      1951
 MINIMUM TEMPERATURE (F)   37         6      1905


SUNRISE AND SUNSET
FEBRUARY 18 2018......SUNRISE   624 AM CST   SUNSET   531 PM CST
FEBRUARY 19 2018......SUNRISE   623 AM CST   SUNSET   532 PM CST


-  INDICATES NEGATIVE NUMBERS.
R  INDICATES RECORD WAS SET OR TIED.
MM INDICATES DATA IS MISSING.
T  INDICATES TRACE AMOUNT.




$$
