000
CDUS44 KBMX 060837
CLIANB


CLIMATE REPORT
NATIONAL WEATHER SERVICE BIRMINGHAM, AL
236 AM CST TUE DEC 6 2016


...................................

...THE ANNISTON CLIMATE SUMMARY FOR DECEMBER 5 2016...

CLIMATE NORMAL PERIOD 1981 TO 2010
CLIMATE RECORD PERIOD 1903 TO 2016


WEATHER ITEM   OBSERVED TIME   RECORD YEAR NORMAL DEPARTURE LAST
                VALUE   (LST)  VALUE       VALUE  FROM      YEAR
                                                  NORMAL
..................................................................
TEMPERATURE (F)
 YESTERDAY
  MAXIMUM         58   1152 PM  78    1972  58      0       61
  MINIMUM         48    714 AM  19    2006  37     11       33
  AVERAGE         53                        48      5       47

PRECIPITATION (IN)
  YESTERDAY        0.42          1.00 1954   0.15   0.27     0.00
  MONTH TO DATE    1.00                      0.77   0.23     1.79
  SINCE DEC 1      1.00                      0.77   0.23     1.79
  SINCE JAN 1     30.49                     46.32 -15.83    52.09

SNOWFALL (IN)
  YESTERDAY        0.0                       0.0             0.0
  MONTH TO DATE    0.0                       0.0             0.0
  SINCE DEC 1      0.0                       0.0             0.0
  SINCE JUL 1      0.0                       0.0             0.0

DEGREE DAYS
 HEATING
  YESTERDAY       12
  MONTH TO DATE   86
  SINCE DEC 1     86
  SINCE JUL 1    359
..................................................................


WIND (MPH)
  HIGHEST WIND SPEED    14   HIGHEST WIND DIRECTION    NE (60)
  HIGHEST GUST SPEED    22   HIGHEST GUST DIRECTION     E (100)
  AVERAGE WIND SPEED     6.8


SKY COVER
  AVERAGE SKY COVER 1.0


WEATHER CONDITIONS
 THE FOLLOWING WEATHER WAS RECORDED YESTERDAY.
  THUNDERSTORM
  RAIN
  LIGHT RAIN
  FOG


RELATIVE HUMIDITY (PERCENT)
 HIGHEST    96
 LOWEST     83
 AVERAGE    90

..........................................................


THE ANNISTON CLIMATE NORMALS FOR TODAY
                         NORMAL    RECORD    YEAR
 MAXIMUM TEMPERATURE (F)   58        78      2013
                                             1998
 MINIMUM TEMPERATURE (F)   37        21      1962


SUNRISE AND SUNSET
DECEMBER  6 2016......SUNRISE   634 AM CST   SUNSET   435 PM CST
DECEMBER  7 2016......SUNRISE   635 AM CST   SUNSET   435 PM CST


-  INDICATES NEGATIVE NUMBERS.
R  INDICATES RECORD WAS SET OR TIED.
MM INDICATES DATA IS MISSING.
T  INDICATES TRACE AMOUNT.




$$
