000
CDUS44 KBMX 210810
CLIANB


CLIMATE REPORT
NATIONAL WEATHER SERVICE BIRMINGHAM, AL
309 AM CDT THU SEP 21 2017


...................................

...THE ANNISTON CLIMATE SUMMARY FOR SEPTEMBER 20 2017...

CLIMATE NORMAL PERIOD 1981 TO 2010
CLIMATE RECORD PERIOD 1903 TO 2017


WEATHER ITEM   OBSERVED TIME   RECORD YEAR NORMAL DEPARTURE LAST
                VALUE   (LST)  VALUE       VALUE  FROM      YEAR
                                                  NORMAL
..................................................................
TEMPERATURE (F)
 YESTERDAY
  MAXIMUM         88    217 PM 101    1931  83      5       95
  MINIMUM         63    619 AM  45    1981  61      2       64
  AVERAGE         76                        72      4       80

PRECIPITATION (IN)
  YESTERDAY        0.00          0.58 1943   0.09  -0.09     0.00
  MONTH TO DATE    3.94                      1.95   1.99     0.60
  SINCE SEP 1      3.94                      1.95   1.99     0.60
  SINCE JAN 1     48.24                     36.87  11.37    26.46

DEGREE DAYS
 HEATING
  YESTERDAY        0
  MONTH TO DATE    9
  SINCE SEP 1      9
  SINCE JUL 1      9
..................................................................


WIND (MPH)
  HIGHEST WIND SPEED     9   HIGHEST WIND DIRECTION     N (350)
  HIGHEST GUST SPEED    13   HIGHEST GUST DIRECTION     N (360)
  AVERAGE WIND SPEED     2.3


SKY COVER
  AVERAGE SKY COVER 0.3


WEATHER CONDITIONS
 THE FOLLOWING WEATHER WAS RECORDED YESTERDAY.
  FOG
  FOG W/VISIBILITY <= 1/4 MILE


RELATIVE HUMIDITY (PERCENT)
 HIGHEST   100
 LOWEST     50
 AVERAGE    75

..........................................................


THE ANNISTON CLIMATE NORMALS FOR TODAY
                         NORMAL    RECORD    YEAR
 MAXIMUM TEMPERATURE (F)   83        97      1955
 MINIMUM TEMPERATURE (F)   61        40      1903


SUNRISE AND SUNSET
SEPTEMBER 21 2017.....SUNRISE   631 AM CDT   SUNSET   641 PM CDT
SEPTEMBER 22 2017.....SUNRISE   632 AM CDT   SUNSET   640 PM CDT


-  INDICATES NEGATIVE NUMBERS.
R  INDICATES RECORD WAS SET OR TIED.
MM INDICATES DATA IS MISSING.
T  INDICATES TRACE AMOUNT.




$$
