000
CDUS44 KBMX 300935
CLIANB


CLIMATE REPORT
NATIONAL WEATHER SERVICE BIRMINGHAM, AL
435 AM CDT TUE SEP 30 2014


...................................

...THE ANNISTON CLIMATE SUMMARY FOR SEPTEMBER 29 2014...

CLIMATE NORMAL PERIOD 1981 TO 2010
CLIMATE RECORD PERIOD 1903 TO 2014


WEATHER ITEM   OBSERVED TIME   RECORD YEAR NORMAL DEPARTURE LAST
                VALUE   (LST)  VALUE       VALUE  FROM      YEAR
                                                  NORMAL
..................................................................
TEMPERATURE (F)
 YESTERDAY
  MAXIMUM         79    148 PM  95    1904  80     -1       78
  MINIMUM         65   1154 PM  39    1967  58      7       55
  AVERAGE         72                        69      3       67

PRECIPITATION (IN)
  YESTERDAY        0.00          1.06 1964   0.11  -0.11     0.00
  MONTH TO DATE    1.50                      2.83  -1.33     2.71
  SINCE SEP 1      1.50                      2.83  -1.33     2.71
  SINCE JAN 1     34.14                     37.75  -3.61    60.49

DEGREE DAYS
 HEATING
  YESTERDAY        0
  MONTH TO DATE    0
  SINCE SEP 1      0
  SINCE JUL 1      0
..................................................................


WIND (MPH)
  HIGHEST WIND SPEED    10   HIGHEST WIND DIRECTION     E (70)
  HIGHEST GUST SPEED    15   HIGHEST GUST DIRECTION     E (80)
  AVERAGE WIND SPEED     4.2


SKY COVER
  AVERAGE SKY COVER 0.8


WEATHER CONDITIONS
 THE FOLLOWING WEATHER WAS RECORDED YESTERDAY.
  NO SIGNIFICANT WEATHER WAS OBSERVED.


RELATIVE HUMIDITY (PERCENT)
 HIGHEST    93
 LOWEST     62
 AVERAGE    78

..........................................................


THE ANNISTON CLIMATE NORMALS FOR TODAY
                         NORMAL    RECORD    YEAR
 MAXIMUM TEMPERATURE (F)   80        94      1904
 MINIMUM TEMPERATURE (F)   57        34      1967


SUNRISE AND SUNSET
SEPTEMBER 30 2014.....SUNRISE   637 AM CDT   SUNSET   629 PM CDT
OCTOBER  1 2014.......SUNRISE   638 AM CDT   SUNSET   628 PM CDT


-  INDICATES NEGATIVE NUMBERS.
R  INDICATES RECORD WAS SET OR TIED.
MM INDICATES DATA IS MISSING.
T  INDICATES TRACE AMOUNT.




$$
