000
CDUS44 KBMX 011214
CLIANB


CLIMATE REPORT
NATIONAL WEATHER SERVICE BIRMINGHAM, AL
614 AM CST SUN MAR 1 2015


...................................

...THE ANNISTON CLIMATE SUMMARY FOR FEBRUARY 28 2015...

CLIMATE NORMAL PERIOD 1981 TO 2010
CLIMATE RECORD PERIOD 1903 TO 2015


WEATHER ITEM   OBSERVED TIME   RECORD YEAR NORMAL DEPARTURE LAST
                VALUE   (LST)  VALUE       VALUE  FROM      YEAR
                                                  NORMAL
..................................................................
TEMPERATURE (F)
 YESTERDAY
  MAXIMUM         62    335 PM  80    2011  62      0       59
                                      1976
  MINIMUM         31    135 AM  16    2002  39     -8       25
  AVERAGE         47                        50     -3       42

PRECIPITATION (IN)
  YESTERDAY        0.00          1.54 1987   0.19  -0.19     0.02
  MONTH TO DATE    2.66                      5.08  -2.42     3.95
  SINCE DEC 1     14.38                     13.72   0.66    16.38
  SINCE JAN 1      8.16                      9.60  -1.44     7.16

SNOWFALL (IN)
  YESTERDAY        0.0                       0.0             0.0
  MONTH TO DATE    0.0                       0.4             0.8
  SINCE DEC 1      0.0                       1.1             2.3
  SINCE JUL 1      0.0                       1.1             2.3

DEGREE DAYS
 HEATING
  YESTERDAY       18
  MONTH TO DATE  691
  SINCE DEC 1   1893
  SINCE JUL 1   2521
..................................................................


WIND (MPH)
  HIGHEST WIND SPEED    15   HIGHEST WIND DIRECTION     E (110)
  HIGHEST GUST SPEED    23   HIGHEST GUST DIRECTION    SE (120)
  AVERAGE WIND SPEED     7.9


SKY COVER
  AVERAGE SKY COVER 0.4


WEATHER CONDITIONS
 THE FOLLOWING WEATHER WAS RECORDED YESTERDAY.
  NO SIGNIFICANT WEATHER WAS OBSERVED.


RELATIVE HUMIDITY (PERCENT)
 HIGHEST    61
 LOWEST     27
 AVERAGE    44

..........................................................


THE ANNISTON CLIMATE NORMALS FOR TODAY
                         NORMAL    RECORD    YEAR
 MAXIMUM TEMPERATURE (F)   62        82      1997
 MINIMUM TEMPERATURE (F)   40        21      1980


SUNRISE AND SUNSET
MARCH  1 2015.........SUNRISE   612 AM CST   SUNSET   540 PM CST
MARCH  2 2015.........SUNRISE   611 AM CST   SUNSET   541 PM CST


-  INDICATES NEGATIVE NUMBERS.
R  INDICATES RECORD WAS SET OR TIED.
MM INDICATES DATA IS MISSING.
T  INDICATES TRACE AMOUNT.




$$
