000
CDUS44 KBMX 270855
CLIANB


CLIMATE REPORT
NATIONAL WEATHER SERVICE BIRMINGHAM, AL
254 AM CST MON FEB 27 2017


...................................

...THE ANNISTON CLIMATE SUMMARY FOR FEBRUARY 26 2017...

CLIMATE NORMAL PERIOD 1981 TO 2010
CLIMATE RECORD PERIOD 1903 TO 2017


WEATHER ITEM   OBSERVED TIME   RECORD YEAR NORMAL DEPARTURE LAST
                VALUE   (LST)  VALUE       VALUE  FROM      YEAR
                                                  NORMAL
..................................................................
TEMPERATURE (F)
 YESTERDAY
  MAXIMUM         65    432 PM  84    1977  61      4       54
  MINIMUM         29    629 AM  16    1967  39    -10       32
  AVERAGE         47                        50     -3       43

PRECIPITATION (IN)
  YESTERDAY        0.00          1.36 1998   0.18  -0.18     0.00
  MONTH TO DATE    2.74                      4.70  -1.96     5.65
  SINCE DEC 1     12.93                     13.34  -0.41    18.13
  SINCE JAN 1     10.29                      9.22   1.07     8.84

SNOWFALL (IN)
  YESTERDAY        0.0                       0.0             0.0
  MONTH TO DATE    0.0                       0.3              T
  SINCE DEC 1      0.0                       1.0              T
  SINCE JUL 1      0.0                       1.0              T

DEGREE DAYS
 HEATING
  YESTERDAY       18
  MONTH TO DATE  274
  SINCE DEC 1   1181
  SINCE JUL 1   1454
..................................................................


WIND (MPH)
  HIGHEST WIND SPEED     9   HIGHEST WIND DIRECTION    NE (60)
  HIGHEST GUST SPEED    13   HIGHEST GUST DIRECTION    NE (60)
  AVERAGE WIND SPEED     3.0


SKY COVER
  AVERAGE SKY COVER 0.0


WEATHER CONDITIONS
 THE FOLLOWING WEATHER WAS RECORDED YESTERDAY.
  NO SIGNIFICANT WEATHER WAS OBSERVED.


RELATIVE HUMIDITY (PERCENT)
 HIGHEST    85
 LOWEST     16
 AVERAGE    51

..........................................................


THE ANNISTON CLIMATE NORMALS FOR TODAY
                         NORMAL    RECORD    YEAR
 MAXIMUM TEMPERATURE (F)   61        82      1996
 MINIMUM TEMPERATURE (F)   39        14      1963


SUNRISE AND SUNSET
FEBRUARY 27 2017......SUNRISE   614 AM CST   SUNSET   539 PM CST
FEBRUARY 28 2017......SUNRISE   613 AM CST   SUNSET   539 PM CST


-  INDICATES NEGATIVE NUMBERS.
R  INDICATES RECORD WAS SET OR TIED.
MM INDICATES DATA IS MISSING.
T  INDICATES TRACE AMOUNT.




$$
