000
CDUS44 KBMX 310720
CLIANB


CLIMATE REPORT
NATIONAL WEATHER SERVICE BIRMINGHAM, AL
117 AM CST SAT JAN 31 2015


...................................

...THE ANNISTON CLIMATE SUMMARY FOR JANUARY 30 2015...

CLIMATE NORMAL PERIOD 1981 TO 2010
CLIMATE RECORD PERIOD 1903 TO 2015


WEATHER ITEM   OBSERVED TIME   RECORD YEAR NORMAL DEPARTURE LAST
                VALUE   (LST)  VALUE       VALUE  FROM      YEAR
                                                  NORMAL
..................................................................
TEMPERATURE (F)
 YESTERDAY
  MAXIMUM         52    224 PM  79    2002  55     -3       45
  MINIMUM         28   1144 PM   0    1966  34     -6        5
  AVERAGE         40                        44     -4       25

PRECIPITATION (IN)
  YESTERDAY        0.00          2.65 2013   0.16  -0.16     0.00
  MONTH TO DATE    5.50                      4.35   1.15     3.21
  SINCE DEC 1     11.72                      8.47   3.25    12.43
  SINCE JAN 1      5.50                      4.35   1.15     3.21

SNOWFALL (IN)
  YESTERDAY        0.0                       0.1             0.0
  MONTH TO DATE    0.0                       0.7             1.5
  SINCE DEC 1      0.0                       0.7             1.5
  SINCE JUL 1      0.0                       0.7             1.5

DEGREE DAYS
 HEATING
  YESTERDAY       25
  MONTH TO DATE  671
  SINCE DEC 1   1181
  SINCE JUL 1   1809
..................................................................


WIND (MPH)
  HIGHEST WIND SPEED    17   HIGHEST WIND DIRECTION     N (10)
  HIGHEST GUST SPEED    25   HIGHEST GUST DIRECTION    NW (330)
  AVERAGE WIND SPEED     7.1


SKY COVER
  AVERAGE SKY COVER 0.3


WEATHER CONDITIONS
 THE FOLLOWING WEATHER WAS RECORDED YESTERDAY.
  NO SIGNIFICANT WEATHER WAS OBSERVED.


RELATIVE HUMIDITY (PERCENT)
 HIGHEST    72
 LOWEST     30
 AVERAGE    51

..........................................................


THE ANNISTON CLIMATE NORMALS FOR TODAY
                         NORMAL    RECORD    YEAR
 MAXIMUM TEMPERATURE (F)   55        76      1957
 MINIMUM TEMPERATURE (F)   34         8      1966


SUNRISE AND SUNSET
JANUARY 31 2015.......SUNRISE   640 AM CST   SUNSET   513 PM CST
FEBRUARY  1 2015......SUNRISE   640 AM CST   SUNSET   514 PM CST


-  INDICATES NEGATIVE NUMBERS.
R  INDICATES RECORD WAS SET OR TIED.
MM INDICATES DATA IS MISSING.
T  INDICATES TRACE AMOUNT.




$$
