000
CDUS44 KBMX 210935
CLIANB


CLIMATE REPORT
NATIONAL WEATHER SERVICE BIRMINGHAM, AL
435 AM CDT TUE OCT 21 2014


...................................

...THE ANNISTON CLIMATE SUMMARY FOR OCTOBER 20 2014...

CLIMATE NORMAL PERIOD 1981 TO 2010
CLIMATE RECORD PERIOD 1903 TO 2014


WEATHER ITEM   OBSERVED TIME   RECORD YEAR NORMAL DEPARTURE LAST
                VALUE   (LST)  VALUE       VALUE  FROM      YEAR
                                                  NORMAL
..................................................................
TEMPERATURE (F)
 YESTERDAY
  MAXIMUM         73    316 PM  87    1953  74     -1       69
  MINIMUM         46    603 AM  29    1948  50     -4       45
  AVERAGE         60                        62     -2       57

PRECIPITATION (IN)
  YESTERDAY        0.00          0.97 2002   0.10  -0.10     0.00
  MONTH TO DATE    3.29                      1.95   1.34     2.59
  SINCE SEP 1      4.79                      4.88  -0.09     5.30
  SINCE JAN 1     37.43                     39.80  -2.37    63.08

SNOWFALL (IN)
  YESTERDAY        0.0                       0.0            MM
  MONTH TO DATE    0.0                       0.0             0.0
  SINCE SEP 1      0.0                       0.0             0.0
  SINCE JUL 1      0.0                       0.0             0.0

DEGREE DAYS
 HEATING
  YESTERDAY        5
  MONTH TO DATE   42
  SINCE SEP 1     42
  SINCE JUL 1     42
..................................................................


WIND (MPH)
  HIGHEST WIND SPEED    12   HIGHEST WIND DIRECTION    SW (240)
  HIGHEST GUST SPEED    15   HIGHEST GUST DIRECTION     S (200)
  AVERAGE WIND SPEED     3.1


SKY COVER
  AVERAGE SKY COVER 0.1


WEATHER CONDITIONS
 THE FOLLOWING WEATHER WAS RECORDED YESTERDAY.
  FOG


RELATIVE HUMIDITY (PERCENT)
 HIGHEST    96
 LOWEST     41
 AVERAGE    69

..........................................................


THE ANNISTON CLIMATE NORMALS FOR TODAY
                         NORMAL    RECORD    YEAR
 MAXIMUM TEMPERATURE (F)   73        90      1953
 MINIMUM TEMPERATURE (F)   49        29      1952


SUNRISE AND SUNSET
OCTOBER 21 2014.......SUNRISE   653 AM CDT   SUNSET   603 PM CDT
OCTOBER 22 2014.......SUNRISE   654 AM CDT   SUNSET   601 PM CDT


-  INDICATES NEGATIVE NUMBERS.
R  INDICATES RECORD WAS SET OR TIED.
MM INDICATES DATA IS MISSING.
T  INDICATES TRACE AMOUNT.




$$
