000
CDUS44 KBMX 290025
CLIANB


CLIMATE REPORT
NATIONAL WEATHER SERVICE BIRMINGHAM, AL
724 PM CDT TUE JUL 28 2015


...................................

...THE ANNISTON CLIMATE SUMMARY FOR JULY 28 2015...
VALID TODAY AS OF 0700 PM LOCAL TIME.

CLIMATE NORMAL PERIOD 1981 TO 2010
CLIMATE RECORD PERIOD 1903 TO 2015


WEATHER ITEM   OBSERVED RECORD YEAR NORMAL DEPARTURE LAST
                VALUE   VALUE       VALUE  FROM      YEAR
                                           NORMAL
...........................................................
TEMPERATURE (F)
 TODAY
  MAXIMUM         96    103    1952  90      6       92
  MINIMUM         73     57    1905  70      3       75
  AVERAGE         85

PRECIPITATION (IN)
  TODAY            0.27   1.70 1904   0.14   0.13     0.10
  MONTH TO DATE    4.30               4.19   0.11     0.57
  SINCE JUN 1      6.93               8.27  -1.34     5.68
  SINCE JAN 1     31.45              31.20   0.25    29.20

DEGREE DAYS
 COOLING
  TODAY           20                 15      5       19
  MONTH TO DATE  445                417     28      384
  SINCE JUN 1    869                776     93      777
  SINCE JAN 1   1186               1016    170     1021
...........................................................


WIND (MPH)
  HIGHEST WIND SPEED    30   HIGHEST WIND DIRECTION    NE (40)
  HIGHEST GUST SPEED    41   HIGHEST GUST DIRECTION     N (20)
  AVERAGE WIND SPEED     2.5


SKY COVER
  AVERAGE SKY COVER 0.1


WEATHER CONDITIONS
 THE FOLLOWING WEATHER WAS RECORDED TODAY.
  THUNDERSTORM
  RAIN
  LIGHT RAIN
  FOG


RELATIVE HUMIDITY (PERCENT)
 HIGHEST    94
 LOWEST     43
 AVERAGE    69

..........................................................


THE ANNISTON CLIMATE NORMALS FOR TOMORROW
                         NORMAL    RECORD    YEAR
 MAXIMUM TEMPERATURE (F)   90       102      1952
 MINIMUM TEMPERATURE (F)   70        62      2014


SUNRISE AND SUNSET
JULY 28 2015..........SUNRISE   553 AM CDT   SUNSET   747 PM CDT
JULY 29 2015..........SUNRISE   553 AM CDT   SUNSET   746 PM CDT


-  INDICATES NEGATIVE NUMBERS.
R  INDICATES RECORD WAS SET OR TIED.
MM INDICATES DATA IS MISSING.
T  INDICATES TRACE AMOUNT.




$$
