000
CDAK48 PAFC 241249
CLIANC

CLIMATE REPORT
NATIONAL WEATHER SERVICE ANCHORAGE, AK
448 AM AKDT WED MAY 24 2017


...................................

...THE ANCHORAGE AK CLIMATE SUMMARY FOR MAY 23 2017...

CLIMATE NORMAL PERIOD 1981 TO 2010
CLIMATE RECORD PERIOD 1952 TO 2017


WEATHER ITEM   OBSERVED TIME   RECORD YEAR NORMAL DEPARTURE LAST
                VALUE   (LST)  VALUE       VALUE  FROM      YEAR
                                                  NORMAL
..................................................................
TEMPERATURE (F)
 YESTERDAY
  MAXIMUM         55    111 PM  72    2006  58     -3       58
  MINIMUM         42   1159 PM  34    1996  42      0       45
                                      1975
                                      1973
  AVERAGE         49                        50     -1       52

PRECIPITATION (IN)
  YESTERDAY        0.00          0.43 2004   0.02  -0.02
  MONTH TO DATE    0.60                      0.50   0.10
  SINCE MAR 1      1.67                      1.57   0.10
  SINCE JAN 1      4.37                      3.02   1.35

SNOWFALL (IN)
  YESTERDAY        0.0           0.0    MM   0.0    0.0      0.0
  MONTH TO DATE    0.0                       0.3   -0.3      0.0
  SINCE MAR 1     10.3                      14.2   -3.9     10.7
  SINCE JUL 1     82.4                      74.5    7.9     38.3
  SNOW DEPTH       0

DEGREE DAYS
 HEATING
  YESTERDAY       16                                1
  MONTH TO DATE  386                              -37
  SINCE MAR 1   2528                               67
  SINCE JUL 1   9566                             -224

 COOLING
  YESTERDAY        0                                0
  MONTH TO DATE    0                                0
  SINCE MAR 1      0                                0
  SINCE JAN 1      0                                0
..................................................................


WIND (MPH)
  HIGHEST WIND SPEED    15   HIGHEST WIND DIRECTION    SW (210)
  HIGHEST GUST SPEED    25   HIGHEST GUST DIRECTION     S (200)
  AVERAGE WIND SPEED     8.9




RELATIVE HUMIDITY (PERCENT)
 HIGHEST    89
 LOWEST     46
 AVERAGE    68

..........................................................


THE ANCHORAGE AK CLIMATE NORMALS FOR TODAY
                         NORMAL    RECORD    YEAR
 MAXIMUM TEMPERATURE (F)   59        77      1969
 MINIMUM TEMPERATURE (F)   42        34      1957


SUNRISE AND SUNSET
MAY 24 2017...........SUNRISE   451 AM AKDT  SUNSET  1104 PM AKDT
MAY 25 2017...........SUNRISE   449 AM AKDT  SUNSET  1107 PM AKDT

CIVIL TWILIGHT
MAY 24 2017             START    327 AM GMT     END   1231 AM GMT
MAY 25 2017             START    323 AM GMT     END   1235 AM GMT



-  INDICATES NEGATIVE NUMBERS.
R  INDICATES RECORD WAS SET OR TIED.
MM INDICATES DATA IS MISSING.
T  INDICATES TRACE AMOUNT.




$$
&&
------------------------------------------------------
AMOUNT OF DAYLIGHT TODAY  (HOUR:MIN)........18:13
GAIN/LOSS SINCE YESTERDAY (HOUR:MIN:SEC)....+0:04:26
