000
CDAK48 PAFC 281247
CLIANC

CLIMATE REPORT
NATIONAL WEATHER SERVICE ANCHORAGE, AK
447 AM AKDT SAT MAR 28 2015


...................................

...THE ANCHORAGE AK CLIMATE SUMMARY FOR MARCH 27 2015...

CLIMATE NORMAL PERIOD 1981 TO 2010
CLIMATE RECORD PERIOD 1952 TO 2015


WEATHER ITEM   OBSERVED RECORD YEAR NORMAL DEPARTURE LAST
                VALUE   VALUE       VALUE  FROM      YEAR
                                           NORMAL
...........................................................
TEMPERATURE (F)
 YESTERDAY
  MAXIMUM         48R    48    1996  37     11       38
  MINIMUM         34      0    2013  22     12       18
  AVERAGE         41                 30     11       28

PRECIPITATION (IN)
  YESTERDAY        0.00   0.19 2000   0.02  -0.02
  MONTH TO DATE    0.77               0.53   0.24
  SINCE MAR 1      0.77               0.53   0.24
  SINCE JAN 1      1.85               1.98  -0.13

SNOWFALL (IN)
  YESTERDAY        0.0    4.9  2004   0.3   -0.3
  MONTH TO DATE    0.2                8.8   -8.6
  SINCE MAR 1      0.2                8.8   -8.6
  SINCE JUL 1     20.7               69.1  -48.4
  SNOW DEPTH       0

DEGREE DAYS
 HEATING
  YESTERDAY       24                       -12
  MONTH TO DATE  983                       -71
  SINCE MAR 1    983                       -71
  SINCE JUL 1   7335                     -1048

 COOLING
  YESTERDAY        0                         0
  MONTH TO DATE    0                         0
  SINCE MAR 1      0                         0
  SINCE JAN 1      0                         0
...........................................................


WIND (MPH)
  HIGHEST WIND SPEED    18   HIGHEST WIND DIRECTION    SE (140)
  HIGHEST GUST SPEED    31   HIGHEST GUST DIRECTION    SE (140)
  AVERAGE WIND SPEED    12.3




RELATIVE HUMIDITY (PERCENT)
 HIGHEST    70
 LOWEST     49
 AVERAGE    60

..........................................................


THE ANCHORAGE AK CLIMATE NORMALS FOR TODAY
                         NORMAL    RECORD    YEAR
 MAXIMUM TEMPERATURE (F)   37        49      1970
 MINIMUM TEMPERATURE (F)   22         1      1963


SUNRISE AND SUNSET
MARCH 28 2015.........SUNRISE   736 AM AKDT  SUNSET   836 PM AKDT
MARCH 29 2015.........SUNRISE   733 AM AKDT  SUNSET   838 PM AKDT

CIVIL TWILIGHT
MARCH 28 2015           START   653 AM AKDT     END   920 PM AKDT
MARCH 29 2015           START   649 AM AKDT     END   923 PM AKDT



-  INDICATES NEGATIVE NUMBERS.
R  INDICATES RECORD WAS SET OR TIED.
MM INDICATES DATA IS MISSING.
T  INDICATES TRACE AMOUNT.




$$
&&
------------------------------------------------------
AMOUNT OF DAYLIGHT TODAY  (HOUR:MIN)........13:00
GAIN/LOSS SINCE YESTERDAY (HOUR:MIN:SEC)....+0:05:44
