000
CDAK48 PAFC 220055
CLIANC

CLIMATE REPORT
NATIONAL WEATHER SERVICE ANCHORAGE, AK
354 PM AKST WED FEB 21 2018


...................................

...THE ANCHORAGE AK CLIMATE SUMMARY FOR FEBRUARY 21 2018...
VALID TODAY AS OF 0300 PM LOCAL TIME.

CLIMATE NORMAL PERIOD 1981 TO 2010
CLIMATE RECORD PERIOD 1952 TO 2018


WEATHER ITEM   OBSERVED TIME   RECORD YEAR NORMAL DEPARTURE LAST
                VALUE   (LST)  VALUE       VALUE  FROM      YEAR
                                                  NORMAL
..................................................................
TEMPERATURE (F)
 TODAY
  MAXIMUM         25    259 PM  44    1977  28     -3       14
  MINIMUM         21    934 AM -16    1965  15      6       -4
                                      1956
  AVERAGE         23                        21      2        5

PRECIPITATION (IN)
  TODAY            0.00          0.40 2015   0.03  -0.03      T
  MONTH TO DATE    0.88                      0.57   0.31     0.76
  SINCE SEP 1      8.41                      8.59  -0.18     7.13
  SINCE JAN 1      1.70                      1.30   0.40     2.47

SNOWFALL (IN)
  TODAY            0.0           3.3  1995   0.4   -0.4      0.1
  MONTH TO DATE    9.0                       8.5    0.5     17.5
  SINCE SEP 1     31.2                      57.9  -26.7     70.0
  SINCE JUL 1     31.2                      57.9  -26.7     70.0
  SNOW DEPTH      13

DEGREE DAYS
 HEATING
  TODAY           42                        44     -2       60
  MONTH TO DATE  967                       956     11      988
  SINCE DEC 1   3534                      3867   -333     4084
  SINCE JUL 1   6408                      7031   -623     6737

 COOLING
  TODAY            0                         0      0        0
  MONTH TO DATE    0                         0      0        0
  SINCE DEC 1      0                         0      0        0
  SINCE JAN 1      0                         0      0        0
..................................................................


WIND (MPH)
  RESULTANT WIND SPEED   2   RESULTANT WIND DIRECTION   N (10)
  HIGHEST WIND SPEED     8   HIGHEST WIND DIRECTION     N (340)
  HIGHEST GUST SPEED    17   HIGHEST GUST DIRECTION    SW (220)
  AVERAGE WIND SPEED     3.1


SKY COVER
  POSSIBLE SUNSHINE  MM
  AVERAGE SKY COVER 0.8


WEATHER CONDITIONS
 THE FOLLOWING WEATHER WAS RECORDED TODAY.
  FOG


RELATIVE HUMIDITY (PERCENT)
 HIGHEST    96          1100 AM
 LOWEST     84           700 AM
 AVERAGE    90

..........................................................


THE ANCHORAGE AK CLIMATE NORMALS FOR TOMORROW
                         NORMAL    RECORD    YEAR
 MAXIMUM TEMPERATURE (F)   28        47      2015
 MINIMUM TEMPERATURE (F)   15       -12      1990


SUNRISE AND SUNSET
FEBRUARY 21 2018......SUNRISE   824 AM AKST  SUNSET   604 PM AKST
FEBRUARY 22 2018......SUNRISE   821 AM AKST  SUNSET   607 PM AKST

CIVIL TWILIGHT
FEBRUARY 21 2018        START    740 AM GMT     END    649 PM GMT
FEBRUARY 22 2018        START    737 AM GMT     END    652 PM GMT



-  INDICATES NEGATIVE NUMBERS.
R  INDICATES RECORD WAS SET OR TIED.
MM INDICATES DATA IS MISSING.
T  INDICATES TRACE AMOUNT.




$$
&&
------------------------------------------------------
AMOUNT OF DAYLIGHT TODAY  (HOUR:MIN)........ 9:40
GAIN/LOSS SINCE YESTERDAY (HOUR:MIN:SEC)....+0:05:41
