000
CDAK48 PAFC 241248
CLIANC


CLIMATE REPORT
NATIONAL WEATHER SERVICE ANCHORAGE, AK
448 AM AKDT THU APR 24 2014


...................................

...THE ANCHORAGE AK CLIMATE SUMMARY FOR APRIL 23 2014...

CLIMATE NORMAL PERIOD 1981 TO 2010
CLIMATE RECORD PERIOD 1915 TO 2014


WEATHER ITEM   OBSERVED RECORD YEAR NORMAL DEPARTURE LAST
                VALUE   VALUE       VALUE  FROM      YEAR
                                           NORMAL
...........................................................
TEMPERATURE (F)
 YESTERDAY
  MAXIMUM         50     59    1931  48      2       41
  MINIMUM         34     13    1948  32      2       31
                               1924
  AVERAGE         42                 40      2       36

PRECIPITATION (IN)
  YESTERDAY        0.00   0.28 2013   0.02  -0.02
  MONTH TO DATE    0.04               0.35  -0.31
  SINCE MAR 1      0.74               0.95  -0.21
  SINCE JAN 1      2.76               2.40   0.36

SNOWFALL (IN)
  YESTERDAY        0.0    1.5  1964   0.1   -0.1
  MONTH TO DATE    0.4                3.5   -3.1
  SINCE MAR 1     11.3               13.4   -2.1
  SINCE JUL 1     64.7               73.7   -9.0
  SNOW DEPTH       0

DEGREE DAYS
 HEATING
  YESTERDAY       23                        -2
  MONTH TO DATE  655                       -25
  SINCE MAR 1   1821                       -51
  SINCE JUL 1   8570                      -631

 COOLING
  YESTERDAY        0                         0
  MONTH TO DATE    0                         0
  SINCE MAR 1      0                         0
  SINCE JAN 1      0                         0
...........................................................


WIND (MPH)
  HIGHEST WIND SPEED     9   HIGHEST WIND DIRECTION     S (190)
  HIGHEST GUST SPEED    MM   HIGHEST GUST DIRECTION    MM
  AVERAGE WIND SPEED     5.9




RELATIVE HUMIDITY (PERCENT)
 HIGHEST    85
 LOWEST     49
 AVERAGE    67

..........................................................


THE ANCHORAGE AK CLIMATE NORMALS FOR TODAY
                         NORMAL    RECORD    YEAR
 MAXIMUM TEMPERATURE (F)   48        63      1940
 MINIMUM TEMPERATURE (F)   32         8      1948


SUNRISE AND SUNSET
APRIL 24 2014.........SUNRISE   612 AM AKDT  SUNSET   947 PM AKDT
APRIL 25 2014.........SUNRISE   609 AM AKDT  SUNSET   949 PM AKDT


-  INDICATES NEGATIVE NUMBERS.
R  INDICATES RECORD WAS SET OR TIED.
MM INDICATES DATA IS MISSING.
T  INDICATES TRACE AMOUNT.




$$
