000
CDAK48 PAFC 281243
CLIANC

CLIMATE REPORT
NATIONAL WEATHER SERVICE ANCHORAGE, AK
442 AM AKDT MON JUL 28 2014


...................................

...THE ANCHORAGE AK CLIMATE SUMMARY FOR JULY 27 2014...

CLIMATE NORMAL PERIOD 1981 TO 2010
CLIMATE RECORD PERIOD 1915 TO 2014


WEATHER ITEM   OBSERVED RECORD YEAR NORMAL DEPARTURE LAST
                VALUE   VALUE       VALUE  FROM      YEAR
                                           NORMAL
...........................................................
TEMPERATURE (F)
 YESTERDAY
  MAXIMUM         69     79    1987  66      3       71
  MINIMUM         47     42    1950  53     -6       56
                               1919
                               1917
  AVERAGE         58                 59     -1       64

PRECIPITATION (IN)
  YESTERDAY        0.00   0.84 1971   0.07  -0.07
  MONTH TO DATE    2.63               1.53   1.10
  SINCE JUN 1      5.96               2.50   3.46
  SINCE JAN 1      9.19               5.74   3.45

SNOWFALL (IN)
  YESTERDAY        0.0    0.0    MM   0.0    0.0
  MONTH TO DATE    0.0                0.0    0.0
  SINCE JUN 1      0.0                0.0    0.0
  SINCE JUL 1      0.0                0.0    0.0
  SNOW DEPTH       0

DEGREE DAYS
 HEATING
  YESTERDAY        7                         1
  MONTH TO DATE  135                       -36
  SINCE JUN 1    463                        -1
  SINCE JUL 1    135                       -36

 COOLING
  YESTERDAY        0                         0
  MONTH TO DATE    3                         3
  SINCE JUN 1      3                         3
  SINCE JAN 1      3                         3
...........................................................


WIND (MPH)
  HIGHEST WIND SPEED    17   HIGHEST WIND DIRECTION    SE (140)
  HIGHEST GUST SPEED    32   HIGHEST GUST DIRECTION    SE (140)
  AVERAGE WIND SPEED     7.8




RELATIVE HUMIDITY (PERCENT)
 HIGHEST    83
 LOWEST     42
 AVERAGE    63

..........................................................


THE ANCHORAGE AK CLIMATE NORMALS FOR TODAY
                         NORMAL    RECORD    YEAR
 MAXIMUM TEMPERATURE (F)   66        76      1993
                                             1987
                                             1936
 MINIMUM TEMPERATURE (F)   53        36      1917


SUNRISE AND SUNSET
JULY 28 2014..........SUNRISE   523 AM AKDT  SUNSET  1048 PM AKDT
JULY 29 2014..........SUNRISE   526 AM AKDT  SUNSET  1046 PM AKDT

CIVIL TWILIGHT
JULY 28 2014            START   413 AM AKDT     END  1158 PM AKDT
JULY 29 2014            START   417 AM AKDT     END  1154 PM AKDT



-  INDICATES NEGATIVE NUMBERS.
R  INDICATES RECORD WAS SET OR TIED.
MM INDICATES DATA IS MISSING.
T  INDICATES TRACE AMOUNT.




$$
&&
------------------------------------------------------
