866
CDAK48 PAFC 301252
CLIANC


CLIMATE REPORT
NATIONAL WEATHER SERVICE ANCHORAGE, AK
451 AM AKDT SAT APR 30 2016


...................................

...THE ANCHORAGE AK CLIMATE SUMMARY FOR APRIL 29 2016...

CLIMATE NORMAL PERIOD 1981 TO 2010
CLIMATE RECORD PERIOD 1952 TO 2016


WEATHER ITEM   OBSERVED TIME   RECORD YEAR NORMAL DEPARTURE LAST
                VALUE   (LST)  VALUE       VALUE  FROM      YEAR
                                                  NORMAL
..................................................................
TEMPERATURE (F)
 YESTERDAY
  MAXIMUM         49        MM  69    2005  50     -1       54
  MINIMUM         41        MM  23    2013  34      7       42
  AVERAGE         45                        42      3       48

PRECIPITATION (IN)
  YESTERDAY        0.00          0.32 1971   0.01  -0.01
  MONTH TO DATE    0.02                      0.45  -0.43
  SINCE MAR 1      1.25                      1.05   0.20
  SINCE JAN 1      1.83                      2.50  -0.67

SNOWFALL (IN)
  YESTERDAY        0.0           3.4  1971   0.0    0.0      0.0
  MONTH TO DATE    0.0                       3.9   -3.9      4.4
  SINCE MAR 1     10.7                      13.8   -3.1      4.6
  SINCE JUL 1     38.3                      74.1  -35.8     25.1
  SNOW DEPTH       0

DEGREE DAYS
 HEATING
  YESTERDAY       20                               -3
  MONTH TO DATE  619                             -204
  SINCE MAR 1   1589                             -426
  SINCE JUL 1   7925                            -1419

 COOLING
  YESTERDAY        0                                0
  MONTH TO DATE    0                                0
  SINCE MAR 1      0                                0
  SINCE JAN 1      0                                0
..................................................................


WIND (MPH)
  HIGHEST WIND SPEED    20   HIGHEST WIND DIRECTION    SE (150)
  HIGHEST GUST SPEED    33   HIGHEST GUST DIRECTION    SE (150)
  AVERAGE WIND SPEED    13.6




RELATIVE HUMIDITY (PERCENT)
 HIGHEST    76
 LOWEST     54
 AVERAGE    65

..........................................................


THE ANCHORAGE AK CLIMATE NORMALS FOR TODAY
                         NORMAL    RECORD    YEAR
 MAXIMUM TEMPERATURE (F)   51        67      2005
 MINIMUM TEMPERATURE (F)   35        25      1957


SUNRISE AND SUNSET
APRIL 30 2016.........SUNRISE   552 AM AKDT  SUNSET  1004 PM AKDT
MAY  1 2016...........SUNRISE   549 AM AKDT  SUNSET  1007 PM AKDT


-  INDICATES NEGATIVE NUMBERS.
R  INDICATES RECORD WAS SET OR TIED.
MM INDICATES DATA IS MISSING.
T  INDICATES TRACE AMOUNT.




$$
