000
CDAK48 PAFC 230051
CLIANC


CLIMATE REPORT
NATIONAL WEATHER SERVICE ANCHORAGE, AK
450 PM AKDT THU JUN 22 2017


...................................

...THE ANCHORAGE AK CLIMATE SUMMARY FOR JUNE 22 2017...
VALID TODAY AS OF 0400 PM LOCAL TIME.

CLIMATE NORMAL PERIOD 1981 TO 2010
CLIMATE RECORD PERIOD 1952 TO 2017


WEATHER ITEM   OBSERVED TIME   RECORD YEAR NORMAL DEPARTURE LAST
                VALUE   (LST)  VALUE       VALUE  FROM      YEAR
                                                  NORMAL
..................................................................
TEMPERATURE (F)
 TODAY
  MAXIMUM         58    234 PM  79    1997  64     -6       76
  MINIMUM         52    456 AM  38    1971  49      3       50
  AVERAGE         55                        56     -1       63

PRECIPITATION (IN)
  TODAY            0.00          0.31 1978   0.03  -0.03     0.00
  MONTH TO DATE    0.66                      0.68  -0.02     1.22
  SINCE JUN 1      0.66                      0.68  -0.02     1.22
  SINCE JAN 1      5.49                      3.92   1.57     3.38

SNOWFALL (IN)
  TODAY            0.0           0.0    MM   0.0    0.0      0.0
  MONTH TO DATE    0.0                       0.0    0.0      0.0
  SINCE JUN 1      0.0                       0.0    0.0      0.0
  SINCE JUL 1     82.4                      74.5    7.9     38.3
  SNOW DEPTH       0

DEGREE DAYS
 HEATING
  TODAY           10                         9      1        2
  MONTH TO DATE  216                       231    -15      143
  SINCE JUN 1    216                       231    -15      143
  SINCE JUL 1   9919                     10131   -212     8483

 COOLING
  TODAY            0                         0      0        0
  MONTH TO DATE    0                         0      0        0
  SINCE JUN 1      0                         0      0        0
  SINCE JAN 1      0                         0      0        0
..................................................................


WIND (MPH)
  RESULTANT WIND SPEED   3   RESULTANT WIND DIRECTION  SW (230)
  HIGHEST WIND SPEED    14   HIGHEST WIND DIRECTION    SW (220)
  HIGHEST GUST SPEED    21   HIGHEST GUST DIRECTION     N (340)
  AVERAGE WIND SPEED     7.0


SKY COVER
  POSSIBLE SUNSHINE  MM
  AVERAGE SKY COVER 0.9


WEATHER CONDITIONS
 THE FOLLOWING WEATHER WAS RECORDED TODAY.
  FOG
  HAZE


RELATIVE HUMIDITY (PERCENT)
 HIGHEST    89           300 AM
 LOWEST     72          1200 AM
 AVERAGE    81

..........................................................


THE ANCHORAGE AK CLIMATE NORMALS FOR TOMORROW
                         NORMAL    RECORD    YEAR
 MAXIMUM TEMPERATURE (F)   64        75      1974
 MINIMUM TEMPERATURE (F)   49        41      1987
                                             1954


SUNRISE AND SUNSET
JUNE 22 2017..........SUNRISE   422 AM AKDT  SUNSET  1143 PM AKDT
JUNE 23 2017..........SUNRISE   422 AM AKDT  SUNSET  1142 PM AKDT


-  INDICATES NEGATIVE NUMBERS.
R  INDICATES RECORD WAS SET OR TIED.
MM INDICATES DATA IS MISSING.
T  INDICATES TRACE AMOUNT.




$$
