000
CDAK48 PAFC 031248
CLIANC

CLIMATE REPORT
NATIONAL WEATHER SERVICE ANCHORAGE, AK
447 AM AKDT THU SEP 3 2015


...................................

...THE ANCHORAGE AK CLIMATE SUMMARY FOR SEPTEMBER 2 2015...

CLIMATE NORMAL PERIOD 1981 TO 2010
CLIMATE RECORD PERIOD 1952 TO 2015


WEATHER ITEM   OBSERVED RECORD YEAR NORMAL DEPARTURE LAST
                VALUE   VALUE       VALUE  FROM      YEAR
                                           NORMAL
...........................................................
TEMPERATURE (F)
 YESTERDAY
  MAXIMUM         63     70    1963  60      3       65
  MINIMUM         36     30    1980  46    -10       56
  AVERAGE         50                 53     -3       61

PRECIPITATION (IN)
  YESTERDAY        0.00   0.81 1999   0.10  -0.10
  MONTH TO DATE    0.00               0.21  -0.21
  SINCE JUN 1      4.24               6.26  -2.02
  SINCE JAN 1      7.30               9.50  -2.20

SNOWFALL (IN)
  YESTERDAY        0.0    0.0    MM   0.0    0.0
  MONTH TO DATE    0.0                0.0    0.0
  SINCE JUN 1      0.0                0.0    0.0
  SINCE JUL 1      0.0                0.0    0.0
  SNOW DEPTH       0

DEGREE DAYS
 HEATING
  YESTERDAY       15                         3
  MONTH TO DATE   28                         4
  SINCE SEP 1     28                         4
  SINCE JUL 1    310                      -164

 COOLING
  YESTERDAY        0                         0
  MONTH TO DATE    0                         0
  SINCE SEP 1      0                         0
  SINCE JAN 1     34                        32
...........................................................


WIND (MPH)
  HIGHEST WIND SPEED     6   HIGHEST WIND DIRECTION    NW (330)
  HIGHEST GUST SPEED    MM   HIGHEST GUST DIRECTION    MM
  AVERAGE WIND SPEED     2.5




RELATIVE HUMIDITY (PERCENT)
 HIGHEST    93
 LOWEST     34
 AVERAGE    64

..........................................................


THE ANCHORAGE AK CLIMATE NORMALS FOR TODAY
                         NORMAL    RECORD    YEAR
 MAXIMUM TEMPERATURE (F)   60        70      1978
 MINIMUM TEMPERATURE (F)   46        34      1953


SUNRISE AND SUNSET
SEPTEMBER  3 2015.....SUNRISE   657 AM AKDT  SUNSET   900 PM AKDT
SEPTEMBER  4 2015.....SUNRISE   659 AM AKDT  SUNSET   857 PM AKDT

CIVIL TWILIGHT
SEPTEMBER 3 2015        START   611 AM AKDT     END   947 PM AKDT
SEPTEMBER 4 2015        START   613 AM AKDT     END   943 PM AKDT



-  INDICATES NEGATIVE NUMBERS.
R  INDICATES RECORD WAS SET OR TIED.
MM INDICATES DATA IS MISSING.
T  INDICATES TRACE AMOUNT.




$$
&&
------------------------------------------------------
AMOUNT OF DAYLIGHT TODAY  (HOUR:MIN)........14:04
GAIN/LOSS SINCE YESTERDAY (HOUR:MIN:SEC)....-0:05:38
