000
CDAK48 PAFC 230933
CLIANC

CLIMATE REPORT
NATIONAL WEATHER SERVICE ANCHORAGE, AK
131 AM AKDT WED AUG 23 2017


...................................

...THE ANCHORAGE AK CLIMATE SUMMARY FOR AUGUST 22 2017...

CLIMATE NORMAL PERIOD 1981 TO 2010
CLIMATE RECORD PERIOD 1952 TO 2017


WEATHER ITEM   OBSERVED TIME   RECORD YEAR NORMAL DEPARTURE LAST
                VALUE   (LST)  VALUE       VALUE  FROM      YEAR
                                                  NORMAL
..................................................................
TEMPERATURE (F)
 YESTERDAY
  MAXIMUM         67        MM  73    1978  63      4       60
  MINIMUM         51        MM  37    1954  49      2       54
  AVERAGE         59                        56      3       57

PRECIPITATION (IN)
  YESTERDAY        T             1.02 2016   0.12  -0.12
  MONTH TO DATE    3.53                      2.21   1.32
  SINCE JUN 1      6.53                      5.01   1.52
  SINCE JAN 1     11.36                      8.25   3.11

SNOWFALL (IN)
  YESTERDAY        0.0           0.0    MM   0.0    0.0      0.0
  MONTH TO DATE    0.0                       0.0    0.0      0.0
  SINCE JUN 1      0.0                       0.0    0.0      0.0
  SINCE JUL 1      0.0                       0.0    0.0      0.0
  SNOW DEPTH       0

DEGREE DAYS
 HEATING
  YESTERDAY        6                               -3
  MONTH TO DATE  142                              -20
  SINCE JUN 1    572                              -77
  SINCE JUL 1    289                              -67

 COOLING
  YESTERDAY        0                                0
  MONTH TO DATE    0                                0
  SINCE JUN 1      3                                1
  SINCE JAN 1      3                                1
..................................................................


WIND (MPH)
  HIGHEST WIND SPEED     9   HIGHEST WIND DIRECTION     W (250)
  HIGHEST GUST SPEED    MM   HIGHEST GUST DIRECTION    MM
  AVERAGE WIND SPEED     3.3




RELATIVE HUMIDITY (PERCENT)
 HIGHEST   100
 LOWEST     52
 AVERAGE    76

..........................................................


THE ANCHORAGE AK CLIMATE NORMALS FOR TODAY
                         NORMAL    RECORD    YEAR
 MAXIMUM TEMPERATURE (F)   63        74      2004
                                             1987
 MINIMUM TEMPERATURE (F)   49        34      1974


SUNRISE AND SUNSET
AUGUST 23 2017........SUNRISE   630 AM AKDT  SUNSET   933 PM AKDT
AUGUST 24 2017........SUNRISE   633 AM AKDT  SUNSET   930 PM AKDT

CIVIL TWILIGHT
AUGUST 23 2017          START    540 AM GMT     END   1023 PM GMT
AUGUST 24 2017          START    543 AM GMT     END   1020 PM GMT



-  INDICATES NEGATIVE NUMBERS.
R  INDICATES RECORD WAS SET OR TIED.
MM INDICATES DATA IS MISSING.
T  INDICATES TRACE AMOUNT.




$$
&&
------------------------------------------------------
AMOUNT OF DAYLIGHT TODAY  (HOUR:MIN)........15:03
GAIN/LOSS SINCE YESTERDAY (HOUR:MIN:SEC)....-0:05:36
