000
CDAK48 PAFC 010055
CLIANC

CLIMATE REPORT
NATIONAL WEATHER SERVICE ANCHORAGE, AK
435 PM AKDT WED AUG 31 2016


...................................

...THE ANCHORAGE AK CLIMATE SUMMARY FOR AUGUST 31 2016...
VALID TODAY AS OF 0400 PM LOCAL TIME.

CLIMATE NORMAL PERIOD 1981 TO 2010
CLIMATE RECORD PERIOD 1952 TO 2016


WEATHER ITEM   OBSERVED TIME   RECORD YEAR NORMAL DEPARTURE LAST
                VALUE   (LST)  VALUE       VALUE  FROM      YEAR
                                                  NORMAL
..................................................................
TEMPERATURE (F)
 TODAY
  MAXIMUM         68        MM  71    1963  61      7       59
  MINIMUM         44        MM  31    1984  47     -3       41
  AVERAGE         56                        54      2       50

PRECIPITATION (IN)
  TODAY            0.00          2.51 1997   0.11  -0.11     0.00
  MONTH TO DATE    5.45                      3.25   2.20     0.97
  SINCE JUN 1      9.64                      6.05   3.59     4.24
  SINCE JAN 1     11.80                      9.29   2.51     7.30

SNOWFALL (IN)
  TODAY            0.0           T    1997   0.0    0.0      0.0
  MONTH TO DATE    0.0                       0.0    0.0      0.0
  SINCE JUN 1      0.0                       0.0    0.0      0.0
  SINCE JUL 1      0.0                       0.0    0.0      0.0
  SNOW DEPTH       0

DEGREE DAYS
 HEATING
  TODAY            9                        11     -2       15
  MONTH TO DATE  130                       255   -125      189
  SINCE JUN 1    378                       743   -365      455
  SINCE JUL 1    206                       450   -244      282

 COOLING
  TODAY            0                         0      0        0
  MONTH TO DATE    0                         0      0        8
  SINCE JUN 1     13                         2     11       34
  SINCE JAN 1     13                         2     11       34
..................................................................


WIND (MPH)
  RESULTANT WIND SPEED   1   RESULTANT WIND DIRECTION   S (180)
  HIGHEST WIND SPEED     7   HIGHEST WIND DIRECTION    SW (230)
  HIGHEST GUST SPEED    MM   HIGHEST GUST DIRECTION    MM
  AVERAGE WIND SPEED     3.8


SKY COVER
  POSSIBLE SUNSHINE  MM
  AVERAGE SKY COVER 0.1


WEATHER CONDITIONS
 THE FOLLOWING WEATHER WAS RECORDED TODAY.
  NO SIGNIFICANT WEATHER WAS OBSERVED.


RELATIVE HUMIDITY (PERCENT)
 HIGHEST    86           500 AM
 LOWEST     44          1200 PM
 AVERAGE    65

..........................................................


THE ANCHORAGE AK CLIMATE NORMALS FOR TOMORROW
                         NORMAL    RECORD    YEAR
 MAXIMUM TEMPERATURE (F)   60        71      1978
 MINIMUM TEMPERATURE (F)   46        36      1962


SUNRISE AND SUNSET
AUGUST 31 2016........SUNRISE   651 AM AKDT  SUNSET   907 PM AKDT
SEPTEMBER  1 2016.....SUNRISE   654 AM AKDT  SUNSET   904 PM AKDT

CIVIL TWILIGHT
AUGUST 31 2016          START   604 AM AKDT     END   954 PM AKDT
SEPTEMBER 1 2016        START   607 AM AKDT     END   951 PM AKDT



-  INDICATES NEGATIVE NUMBERS.
R  INDICATES RECORD WAS SET OR TIED.
MM INDICATES DATA IS MISSING.
T  INDICATES TRACE AMOUNT.




$$
&&
------------------------------------------------------
AMOUNT OF DAYLIGHT TODAY  (HOUR:MIN)........14:16
GAIN/LOSS SINCE YESTERDAY (HOUR:MIN:SEC)....-0:05:38
