000
CDAK48 PAFC 251248
CLIANC

CLIMATE REPORT
NATIONAL WEATHER SERVICE ANCHORAGE, AK
447 AM AKDT MON MAY 25 2015


...................................

...THE ANCHORAGE AK CLIMATE SUMMARY FOR MAY 24 2015...

CLIMATE NORMAL PERIOD 1981 TO 2010
CLIMATE RECORD PERIOD 1952 TO 2015


WEATHER ITEM   OBSERVED RECORD YEAR NORMAL DEPARTURE LAST
                VALUE   VALUE       VALUE  FROM      YEAR
                                           NORMAL
...........................................................
TEMPERATURE (F)
 YESTERDAY
  MAXIMUM         59     77    1969  59      0       63
  MINIMUM         48     34    1957  42      6       47
                               1952
  AVERAGE         54                 50      4       55

PRECIPITATION (IN)
  YESTERDAY        T      0.68 1995   0.03  -0.03
  MONTH TO DATE    0.53               0.53   0.00
  SINCE MAR 1      1.96               1.60   0.36
  SINCE JAN 1      3.04               3.05  -0.01

SNOWFALL (IN)
  YESTERDAY        0.0    0.0    MM   0.0    0.0
  MONTH TO DATE    0.0                0.3   -0.3
  SINCE MAR 1      4.6               14.2   -9.6
  SINCE JUL 1     25.1               74.5  -49.4
  SNOW DEPTH       0

DEGREE DAYS
 HEATING
  YESTERDAY       11                        -4
  MONTH TO DATE  380                       -58
  SINCE MAR 1   2192                      -284
  SINCE JUL 1   8544                     -1261

 COOLING
  YESTERDAY        0                         0
  MONTH TO DATE    0                         0
  SINCE MAR 1      0                         0
  SINCE JAN 1      0                         0
...........................................................


WIND (MPH)
  HIGHEST WIND SPEED    15   HIGHEST WIND DIRECTION    SE (150)
  HIGHEST GUST SPEED    31   HIGHEST GUST DIRECTION     S (160)
  AVERAGE WIND SPEED     5.5




RELATIVE HUMIDITY (PERCENT)
 HIGHEST    93
 LOWEST     62
 AVERAGE    78

..........................................................


THE ANCHORAGE AK CLIMATE NORMALS FOR TODAY
                         NORMAL    RECORD    YEAR
 MAXIMUM TEMPERATURE (F)   59        73      2006
 MINIMUM TEMPERATURE (F)   42        33      1966


SUNRISE AND SUNSET
MAY 25 2015...........SUNRISE   450 AM AKDT  SUNSET  1105 PM AKDT
MAY 26 2015...........SUNRISE   448 AM AKDT  SUNSET  1108 PM AKDT

CIVIL TWILIGHT
MAY 25 2015             START   325 AM AKDT     END  1233 AM AKDT
MAY 26 2015             START   321 AM AKDT     END  1238 AM AKDT



-  INDICATES NEGATIVE NUMBERS.
R  INDICATES RECORD WAS SET OR TIED.
MM INDICATES DATA IS MISSING.
T  INDICATES TRACE AMOUNT.




$$
&&
------------------------------------------------------
AMOUNT OF DAYLIGHT TODAY  (HOUR:MIN)........18:15
GAIN/LOSS SINCE YESTERDAY (HOUR:MIN:SEC)....+0:04:23

$$
