000
CDAK48 PAFC 041240
CLIANC

CLIMATE REPORT
NATIONAL WEATHER SERVICE ANCHORAGE, AK
440 AM AKDT SAT JUL 4 2015


...................................

...THE ANCHORAGE AK CLIMATE SUMMARY FOR JULY 3 2015...

CLIMATE NORMAL PERIOD 1981 TO 2010
CLIMATE RECORD PERIOD 1952 TO 2015


WEATHER ITEM   OBSERVED RECORD YEAR NORMAL DEPARTURE LAST
                VALUE   VALUE       VALUE  FROM      YEAR
                                           NORMAL
...........................................................
TEMPERATURE (F)
 YESTERDAY
  MAXIMUM         75     79    1979  65     10       76
  MINIMUM         51     39    1982  51      0       58
                               1954
  AVERAGE         63                 58      5       67

PRECIPITATION (IN)
  YESTERDAY        0.00   0.60 1991   0.05  -0.05
  MONTH TO DATE    T                  0.13  -0.13
  SINCE JUN 1      0.93               1.10  -0.17
  SINCE JAN 1      3.99               4.34  -0.35

SNOWFALL (IN)
  YESTERDAY        0.0    0.0    MM   0.0    0.0
  MONTH TO DATE    0.0                0.0    0.0
  SINCE JUN 1      0.0                0.0    0.0
  SINCE JUL 1      0.0                0.0    0.0
  SNOW DEPTH       0

DEGREE DAYS
 HEATING
  YESTERDAY        2                        -5
  MONTH TO DATE   17                        -4
  SINCE JUN 1    190                      -124
  SINCE JUL 1     17                        -4

 COOLING
  YESTERDAY        0                         0
  MONTH TO DATE    0                         0
  SINCE JUN 1     16                        16
  SINCE JAN 1     16                        16
...........................................................


WIND (MPH)
  HIGHEST WIND SPEED    14   HIGHEST WIND DIRECTION    SE (150)
  HIGHEST GUST SPEED    22   HIGHEST GUST DIRECTION    SE (150)
  AVERAGE WIND SPEED     5.5




RELATIVE HUMIDITY (PERCENT)
 HIGHEST    89
 LOWEST     33
 AVERAGE    61

..........................................................


THE ANCHORAGE AK CLIMATE NORMALS FOR TODAY
                         NORMAL    RECORD    YEAR
 MAXIMUM TEMPERATURE (F)   65        77      1999
 MINIMUM TEMPERATURE (F)   51        43      1952


SUNRISE AND SUNSET
JULY  4 2015..........SUNRISE   432 AM AKDT  SUNSET  1136 PM AKDT
JULY  5 2015..........SUNRISE   434 AM AKDT  SUNSET  1135 PM AKDT

CIVIL TWILIGHT
JULY 4 2015             START    **.** AKDT     END    **.** AKDT
JULY 5 2015             START   217 AM AKDT     END   142 AM AKDT



-  INDICATES NEGATIVE NUMBERS.
R  INDICATES RECORD WAS SET OR TIED.
MM INDICATES DATA IS MISSING.
T  INDICATES TRACE AMOUNT.




$$
&&
------------------------------------------------------
AMOUNT OF DAYLIGHT TODAY  (HOUR:MIN)........19:04
GAIN/LOSS SINCE YESTERDAY (HOUR:MIN:SEC)....-0:02:29
