000
CDAK48 PAFC 171247
CLIANC

CLIMATE REPORT
NATIONAL WEATHER SERVICE ANCHORAGE, AK
445 AM AKDT THU APR 17 2014


...................................

...THE ANCHORAGE AK CLIMATE SUMMARY FOR APRIL 16 2014...

CLIMATE NORMAL PERIOD 1981 TO 2010
CLIMATE RECORD PERIOD 1915 TO 2014


WEATHER ITEM   OBSERVED RECORD YEAR NORMAL DEPARTURE LAST
                VALUE   VALUE       VALUE  FROM      YEAR
                                           NORMAL
...........................................................
TEMPERATURE (F)
 YESTERDAY
  MAXIMUM         50     62    1965  45      5       37
  MINIMUM         34      4    1927  29      5       21
  AVERAGE         42                 37      5       29

PRECIPITATION (IN)
  YESTERDAY        T      0.46 1975   0.02  -0.02
  MONTH TO DATE    0.04               0.24  -0.20
  SINCE MAR 1      0.74               0.84  -0.10
  SINCE JAN 1      2.76               2.29   0.47

SNOWFALL (IN)
  YESTERDAY        0.0    4.3  1963   0.1   -0.1
  MONTH TO DATE    0.4                2.7   -2.3
  SINCE MAR 1     11.3               12.6   -1.3
  SINCE JUL 1     64.7               72.9   -8.2
  SNOW DEPTH       0

DEGREE DAYS
 HEATING
  YESTERDAY       23                        -5
  MONTH TO DATE  500                         5
  SINCE MAR 1   1666                       -21
  SINCE JUL 1   8415                      -601

 COOLING
  YESTERDAY        0                         0
  MONTH TO DATE    0                         0
  SINCE MAR 1      0                         0
  SINCE JAN 1      0                         0
...........................................................


WIND (MPH)
  HIGHEST WIND SPEED     7   HIGHEST WIND DIRECTION     S (180)
  HIGHEST GUST SPEED    MM   HIGHEST GUST DIRECTION    MM
  AVERAGE WIND SPEED     3.5




RELATIVE HUMIDITY (PERCENT)
 HIGHEST    89
 LOWEST     54
 AVERAGE    72

..........................................................


THE ANCHORAGE AK CLIMATE NORMALS FOR TODAY
                         NORMAL    RECORD    YEAR
 MAXIMUM TEMPERATURE (F)   45        59      1965
 MINIMUM TEMPERATURE (F)   30         7      1927
                                             1920


SUNRISE AND SUNSET
APRIL 17 2014.........SUNRISE   633 AM AKDT  SUNSET   928 PM AKDT
APRIL 18 2014.........SUNRISE   630 AM AKDT  SUNSET   931 PM AKDT

CIVIL TWILIGHT
APRIL 17 2014           START   544 AM AKDT     END  1018 PM AKDT
APRIL 18 2014           START   540 AM AKDT     END  1021 PM AKDT



-  INDICATES NEGATIVE NUMBERS.
R  INDICATES RECORD WAS SET OR TIED.
MM INDICATES DATA IS MISSING.
T  INDICATES TRACE AMOUNT.




$$
&&
------------------------------------------------------
AMOUNT OF DAYLIGHT TODAY  (HOUR:MIN)........14:56
GAIN/LOSS SINCE YESTERDAY (HOUR:MIN:SEC)....+0:05:42
