000
CDUS43 KAPX 250543
CLIANJ


CLIMATE REPORT
NATIONAL WEATHER SERVICE GAYLORD MI
1242 AM EST THU DEC 25 2014


...................................

...THE SAULT STE MARIE MI CLIMATE SUMMARY FOR DECEMBER 24 2014...

CLIMATE NORMAL PERIOD 1981 TO 2010
CLIMATE RECORD PERIOD 1888 TO 2014


WEATHER ITEM   OBSERVED TIME   RECORD YEAR NORMAL DEPARTURE LAST
                VALUE   (LST)  VALUE       VALUE  FROM      YEAR
                                                  NORMAL
..................................................................
TEMPERATURE (F)
 YESTERDAY
  MAXIMUM         36    521 PM  46    1994  26     10        5
  MINIMUM         34   1018 PM -18    1980  12     22       -9
  AVERAGE         35                        19     16       -2

PRECIPITATION (IN)
  YESTERDAY        0.09          0.89 1932   0.08   0.01     0.00
  MONTH TO DATE    2.22                      2.23  -0.01     2.18
  SINCE DEC 1      2.22                      2.23  -0.01     2.18
  SINCE JAN 1     39.40                     32.39   7.01    48.16

SNOWFALL (IN)
  YESTERDAY        0.0           7.6  1951   1.2   -1.2      0.0
  MONTH TO DATE   21.6                      25.8   -4.2     24.4
  SINCE OCT 1     87.0                      42.5   44.5     46.1
  SINCE JUL 1     87.0                      42.5   44.5     46.1
  SNOW DEPTH      10

DEGREE DAYS
 HEATING
  YESTERDAY       30                        46    -16       67
  MONTH TO DATE  937                       999    -62     1241
  SINCE DEC 1    937                       999    -62     1241
  SINCE JUL 1   3099                      2931    168     3134
..................................................................


WIND (MPH)
  HIGHEST WIND SPEED    15   HIGHEST WIND DIRECTION    NW (310)
  HIGHEST GUST SPEED    19   HIGHEST GUST DIRECTION    NW (320)
  AVERAGE WIND SPEED     4.4




RELATIVE HUMIDITY (PERCENT)
 HIGHEST   100
 LOWEST     92
 AVERAGE    96

..........................................................


THE SAULT STE MARIE MI CLIMATE NORMALS FOR TODAY
                         NORMAL    RECORD    YEAR
 MAXIMUM TEMPERATURE (F)   26        47      1982
                                             1895
 MINIMUM TEMPERATURE (F)   12       -25      1980


SUNRISE AND SUNSET
DECEMBER 25 2014......SUNRISE   820 AM EST   SUNSET   455 PM EST
DECEMBER 26 2014......SUNRISE   820 AM EST   SUNSET   456 PM EST


-  INDICATES NEGATIVE NUMBERS.
R  INDICATES RECORD WAS SET OR TIED.
MM INDICATES DATA IS MISSING.
T  INDICATES TRACE AMOUNT.




$$
