000
CDUS43 KAPX 270704
CLIANJ


CLIMATE REPORT
NATIONAL WEATHER SERVICE GAYLORD MI
152 AM EST FRI FEB 27 2015


...................................

...THE SAULT STE MARIE MI CLIMATE SUMMARY FOR FEBRUARY 26 2015...

CLIMATE NORMAL PERIOD 1981 TO 2010
CLIMATE RECORD PERIOD 1888 TO 2015


WEATHER ITEM   OBSERVED TIME   RECORD YEAR NORMAL DEPARTURE LAST
                VALUE   (LST)  VALUE       VALUE  FROM      YEAR
                                                  NORMAL
..................................................................
TEMPERATURE (F)
 YESTERDAY
  MAXIMUM          3    503 PM  46    2000  29    -26        8
  MINIMUM        -17    745 AM -22    1934  12    -29      -11
  AVERAGE         -7                        20    -27       -1

PRECIPITATION (IN)
  YESTERDAY        T             0.64 1951   0.05  -0.05     0.03
  MONTH TO DATE    1.37                      1.24   0.13     0.68
  SINCE DEC 1      6.71                      6.22   0.49     6.07
  SINCE JAN 1      3.37                      3.43  -0.06     3.27

SNOWFALL (IN)
  YESTERDAY        T             6.0  1975   0.5   -0.5      0.3
  MONTH TO DATE   19.7                      17.5    2.2     14.7
  SINCE OCT 1    148.7                      99.1   49.6    104.9
  SINCE JUL 1    148.7                      99.1   49.6    104.9
  SNOW DEPTH      28

DEGREE DAYS
 HEATING
  YESTERDAY       72                        45     27       66
  MONTH TO DATE 1609                      1237    372     1409
  SINCE DEC 1   4496                      4105    391     4745
  SINCE JUL 1   6658                      6037    621     6638
..................................................................


WIND (MPH)
  HIGHEST WIND SPEED    17   HIGHEST WIND DIRECTION    NW (310)
  HIGHEST GUST SPEED    23   HIGHEST GUST DIRECTION    NW (330)
  AVERAGE WIND SPEED     6.4




RELATIVE HUMIDITY (PERCENT)
 HIGHEST    92
 LOWEST     46
 AVERAGE    69

..........................................................


THE SAULT STE MARIE MI CLIMATE NORMALS FOR TODAY
                         NORMAL    RECORD    YEAR
 MAXIMUM TEMPERATURE (F)   29        46      1895
 MINIMUM TEMPERATURE (F)   12       -24      1934


SUNRISE AND SUNSET
FEBRUARY 27 2015......SUNRISE   721 AM EST   SUNSET   620 PM EST
FEBRUARY 28 2015......SUNRISE   719 AM EST   SUNSET   622 PM EST


-  INDICATES NEGATIVE NUMBERS.
R  INDICATES RECORD WAS SET OR TIED.
MM INDICATES DATA IS MISSING.
T  INDICATES TRACE AMOUNT.




$$
