000
CDUS43 KAPX 290547
CLIANJ


CLIMATE REPORT
NATIONAL WEATHER SERVICE GAYLORD MI
146 AM EDT SUN MAY 29 2016


...................................

...THE SAULT STE MARIE MI CLIMATE SUMMARY FOR MAY 28 2016...

CLIMATE NORMAL PERIOD 1981 TO 2010
CLIMATE RECORD PERIOD 1888 TO 2016


WEATHER ITEM   OBSERVED TIME   RECORD YEAR NORMAL DEPARTURE LAST
                VALUE   (LST)  VALUE       VALUE  FROM      YEAR
                                                  NORMAL
..................................................................
TEMPERATURE (F)
 YESTERDAY
  MAXIMUM         76    724 PM  89    1919  66     10       73
  MINIMUM         60    652 AM  30    1970  44     16       48
                                      1907
  AVERAGE         68                        55     13       61

PRECIPITATION (IN)
  YESTERDAY        0.63          2.40 1896   0.09   0.54     0.00
  MONTH TO DATE    1.71                      2.30  -0.59     2.04
  SINCE MAR 1      6.79                      6.64   0.15     5.20
  SINCE JAN 1     10.50                     10.17   0.33     8.57

DEGREE DAYS
 HEATING
  YESTERDAY        0                        10    -10        4
  MONTH TO DATE  339                       384    -45      329
  SINCE MAR 1   2193                      2327   -134     2452
  SINCE JUL 1   7334                      8453  -1119     9231

 COOLING
  YESTERDAY        3                         0      3        0
  MONTH TO DATE    6                         0      6        2
  SINCE MAR 1      6                         0      6        2
  SINCE JAN 1      6                         0      6        2
..................................................................


WIND (MPH)
  HIGHEST WIND SPEED    13   HIGHEST WIND DIRECTION    SE (130)
  HIGHEST GUST SPEED    18   HIGHEST GUST DIRECTION    SE (130)
  AVERAGE WIND SPEED     5.9




RELATIVE HUMIDITY (PERCENT)
 HIGHEST    97
 LOWEST     73
 AVERAGE    85

..........................................................


THE SAULT STE MARIE MI CLIMATE NORMALS FOR TODAY
                         NORMAL    RECORD    YEAR
 MAXIMUM TEMPERATURE (F)   67        89      2006
                                             1895
 MINIMUM TEMPERATURE (F)   44        30      1958


SUNRISE AND SUNSET
MAY 29 2016...........SUNRISE   550 AM EDT   SUNSET   920 PM EDT
MAY 30 2016...........SUNRISE   549 AM EDT   SUNSET   921 PM EDT


-  INDICATES NEGATIVE NUMBERS.
R  INDICATES RECORD WAS SET OR TIED.
MM INDICATES DATA IS MISSING.
T  INDICATES TRACE AMOUNT.




$$
