403
CDUS43 KAPX 022227
CLIANJ


CLIMATE REPORT
NATIONAL WEATHER SERVICE GAYLORD MI
527 PM EST FRI DEC 2 2016


...................................

...THE SAULT STE MARIE MI CLIMATE SUMMARY FOR DECEMBER 2 2016...
VALID TODAY AS OF 0500 PM LOCAL TIME.

CLIMATE NORMAL PERIOD 1981 TO 2010
CLIMATE RECORD PERIOD 1888 TO 2016


WEATHER ITEM   OBSERVED TIME   RECORD YEAR NORMAL DEPARTURE LAST
                VALUE   (LST)  VALUE       VALUE  FROM      YEAR
                                                  NORMAL
..................................................................
TEMPERATURE (F)
 TODAY
  MAXIMUM         39    215 PM  55    1982  33      6       41
  MINIMUM         34    529 AM -24    1976  22     12       31
  AVERAGE         37                        28      9       36

PRECIPITATION (IN)
  TODAY            0.10          0.90 1921   0.11  -0.01     0.03
  MONTH TO DATE    0.16                      0.21  -0.05     0.15
  SINCE DEC 1      0.16                      0.21  -0.05     0.15
  SINCE JAN 1     30.91                     30.37   0.54    27.62

SNOWFALL (IN)
  TODAY            0.0           8.0  1908   1.0              T
  MONTH TO DATE    0.0                       1.9              T
  SINCE OCT 1      6.9                      18.6             9.0
  SINCE JUL 1      6.9                      18.6             9.0

DEGREE DAYS
 HEATING
  TODAY           28                        38    -10       29
  MONTH TO DATE   58                        75    -17       58
  SINCE DEC 1     58                        75    -17       58
  SINCE JUL 1   1328                      2007   -679     1549
..................................................................


WIND (MPH)
  RESULTANT WIND SPEED  10   RESULTANT WIND DIRECTION  NW (310)
  HIGHEST WIND SPEED    17   HIGHEST WIND DIRECTION    NW (320)
  HIGHEST GUST SPEED    24   HIGHEST GUST DIRECTION     W (290)
  AVERAGE WIND SPEED    10.4


SKY COVER
  POSSIBLE SUNSHINE  MM
  AVERAGE SKY COVER 1.0


WEATHER CONDITIONS
 THE FOLLOWING WEATHER WAS RECORDED TODAY.
  LIGHT RAIN
  LIGHT SNOW
  FOG


RELATIVE HUMIDITY (PERCENT)
 HIGHEST   100           300 AM
 LOWEST     85          1200 PM
 AVERAGE    93

..........................................................


THE SAULT STE MARIE MI CLIMATE NORMALS FOR TOMORROW
                         NORMAL    RECORD    YEAR
 MAXIMUM TEMPERATURE (F)   33        60      1982
 MINIMUM TEMPERATURE (F)   21       -14      1940


SUNRISE AND SUNSET
DECEMBER  2 2016......SUNRISE   802 AM EST   SUNSET   452 PM EST
DECEMBER  3 2016......SUNRISE   803 AM EST   SUNSET   451 PM EST


-  INDICATES NEGATIVE NUMBERS.
R  INDICATES RECORD WAS SET OR TIED.
MM INDICATES DATA IS MISSING.
T  INDICATES TRACE AMOUNT.




$$
