000
CDUS43 KAPX 210530
CLIANJ


CLIMATE REPORT
NATIONAL WEATHER SERVICE GAYLORD MI
130 AM EDT THU AUG 21 2014


...................................

...THE SAULT STE MARIE MI CLIMATE SUMMARY FOR AUGUST 20 2014...

CLIMATE NORMAL PERIOD 1981 TO 2010
CLIMATE RECORD PERIOD 1888 TO 2014


WEATHER ITEM   OBSERVED TIME   RECORD YEAR NORMAL DEPARTURE LAST
                VALUE   (LST)  VALUE       VALUE  FROM      YEAR
                                                  NORMAL
..................................................................
TEMPERATURE (F)
 YESTERDAY
  MAXIMUM         68    457 PM  94    1976  74     -6       83
  MINIMUM         60   1059 PM  34    1977  54      6       64
  AVERAGE         64                        64      0       74

PRECIPITATION (IN)
  YESTERDAY        0.03          1.46 1939   0.10  -0.07     0.00
  MONTH TO DATE    1.76                      2.02  -0.26     2.14
  SINCE JUN 1      6.16                      7.58  -1.42    11.13
  SINCE JAN 1     18.20                     18.02   0.18    25.39

DEGREE DAYS
 HEATING
  YESTERDAY        1                         2     -1        0
  MONTH TO DATE   42                        40      2       65
  SINCE JUN 1    262                       289    -27      261
  SINCE JUL 1    153                       109     44      115

 COOLING
  YESTERDAY        0                         2     -2        9
  MONTH TO DATE   23                        51    -28       21
  SINCE JUN 1     81                       159    -78      176
  SINCE JAN 1     83                       164    -81      185
..................................................................


WIND (MPH)
  HIGHEST WIND SPEED     8   HIGHEST WIND DIRECTION     W (290)
  HIGHEST GUST SPEED    10   HIGHEST GUST DIRECTION    NW (300)
  AVERAGE WIND SPEED     2.6




RELATIVE HUMIDITY (PERCENT)
 HIGHEST   100
 LOWEST     87
 AVERAGE    94

..........................................................


THE SAULT STE MARIE MI CLIMATE NORMALS FOR TODAY
                         NORMAL    RECORD    YEAR
 MAXIMUM TEMPERATURE (F)   74        91      1955
 MINIMUM TEMPERATURE (F)   54        37      1907


SUNRISE AND SUNSET
AUGUST 21 2014........SUNRISE   643 AM EDT   SUNSET   837 PM EDT
AUGUST 22 2014........SUNRISE   645 AM EDT   SUNSET   835 PM EDT


-  INDICATES NEGATIVE NUMBERS.
R  INDICATES RECORD WAS SET OR TIED.
MM INDICATES DATA IS MISSING.
T  INDICATES TRACE AMOUNT.




$$
