309
CDAK47 PANT 280930
CLIANN

CLIMATE REPORT
NATIONAL WEATHER SERVICE ANNETTE, AK
130 AM AKDT SUN AUG 28 2016

...................................
...THE ANNETTE WSO AP CLIMATE SUMMARY FOR AUGUST 27 2016...

CLIMATE NORMAL PERIOD  1981 TO  2010
CLIMATE RECORD PERIOD  1948 TO  2016

WEATHER ITEM   OBSERVED TIME    RECORD YEAR NORMAL DEPARTURE LAST
               VALUE    (LST)   VALUE       VALUE  FROM      YEAR
                                                   NORMAL
...................................................................
TEMPERATURE
YESTERDAY
 MAXIMUM            71  0946 AM    75  1989     63       8     62
 MINIMUM            53  0414 AM    42  1984     52       1     52
 AVERAGE            62                          58       4     57

PRECIPITATION
(INCHES)
 YESTERDAY        0.00           2.31  2002   0.27   -0.27   0.51
 MONTH TO DATE    2.10                        5.85   -3.75   5.63
 SINCE JUN 1     10.11                       15.38   -5.27  17.26
 SINCE JAN 1     59.85                       53.80    6.05  60.74

SNOWFALL
(INCHES)
 YESTERDAY         0.0            0.0  2016    0.0     0.0    0.0
 MONTH TO DATE     0.0                         0.0     0.0    0.0
 SINCE JUN 1       0.0                         0.0     0.0    0.0
 SINCE JUL 1       0.0                         0.0     0.0    0.0
 SNOW DEPTH (IN)     0                                          0

DEGREE DAYS
 HEATING
  YESTERDAY          3                           7      -4      8
  MONTH TO DATE     53                         163    -110    135
  SINCE JUN 1      443                         667    -224    442
  SINCE JUL 1      174                         369    -195    254

 COOLING
  YESTERDAY          0                           0       0      0
  MONTH TO DATE     35                           0      35      0
  SINCE JUN 1       55                           0      55     37
  SINCE JAN 1       57                           0      57     37
...................................................................

WIND (MPH)
 HIGHEST WIND SPEED     9     HIGHEST WIND DIRECTION    150
 HIGHEST GUST SPEED    13     HIGHEST GUST DIRECTION    140
 AVERAGE WIND SPEED   4.9

SKY COVER
  POSSIBLE SUNSHINE    MM          AVERAGE SKY COVER     MM

WEATHER CONDITIONS
 THE FOLLOWING WEATHER WAS RECORDED YESTERDAY.
  NO SIGNIFICANT WEATHER WAS OBSERVED.

RELATIVE HUMIDITY
 HIGHEST RH     MM PERCENT       MM
 LOWEST  RH     MM PERCENT       MM
 AVERAGE RH     MM PERCENT       MM
...................................................................

THE ANNETTE CLIMATE NORMALS FOR TODAY
                           NORMAL    RECORD   YEAR
 MAXIMUM TEMPERATURE (F)     63        83     1967
 MINIMUM TEMPERATURE (F)     52        44     1971

SUNRISE AND SUNSET
 AUG 28 2016..........SUNRISE  5:47 AM      SUNSET  7:47 PM
 AUG 29 2016..........SUNRISE  5:49 AM      SUNSET  7:45 PM

-  INDICATES NEGATIVE NUMBERS.
R  INDICATES RECORD HAS BEEN SET OR TIED.
MM INDICATES DATA IS MISSING.
T  INDICATES TRACE OF PRECIPITATION.

&&
-------------------------------------------------------------------

AMOUNT OF DAYLIGHT TODAY  (HOUR:MIN)........14 HOURS 0 MINUTES
GAIN/LOSS SINCE YESTERDAY (HOUR:MIN:SEC)....-0:04:20

$$
JH AUG 16
