000
CDAK47 PANT 300917
CLIANN

CLIMATE REPORT
NATIONAL WEATHER SERVICE ANNETTE, AK
117 AM AKDT TUE SEP 30 2014

...................................
...THE ANNETTE WSO AP CLIMATE SUMMARY FOR SEPTEMBER 29 2014...

CLIMATE NORMAL PERIOD  1981 TO  2010
CLIMATE RECORD PERIOD  1948 TO  2014

WEATHER ITEM   OBSERVED TIME    RECORD YEAR NORMAL DEPARTURE LAST
               VALUE    (LST)   VALUE       VALUE  FROM      YEAR
                                                   NORMAL
...................................................................
TEMPERATURE
YESTERDAY
 MAXIMUM            58  0222 PM    75  2003     56       2     51
 MINIMUM            50  0640 AM    35  1999     46       4     42
 AVERAGE            54                          51       3     47

PRECIPITATION
(INCHES)
 YESTERDAY        0.19           1.96  1965   0.39   -0.20   0.16
 MONTH TO DATE    9.67                        9.41    0.26   7.42
 SINCE SEP 1      9.67                        9.41    0.26   7.42
 SINCE JAN 1     71.75                       64.32    7.43  59.02

SNOWFALL
(INCHES)
 YESTERDAY         0.0            0.0  2014    0.0     0.0    0.0
 MONTH TO DATE     0.0                         0.0     0.0    0.0
 SINCE SEP 1       0.0                         0.0     0.0    0.0
 SINCE JUL 1       0.0                         0.0     0.0    0.0
 SNOW DEPTH (IN)     0                                          0

DEGREE DAYS
 HEATING
  YESTERDAY         11                          14      -3     18
  MONTH TO DATE    219                         320    -101    240
  SINCE SEP 1      219                         320    -101    240
  SINCE JUL 1      788                         721      67    542

 COOLING
  YESTERDAY          0                           0       0      0
  MONTH TO DATE      0                           0       0      0
  SINCE SEP 1        0                           0       0      0
  SINCE JAN 1       MM                           0      MM     22
...................................................................

WIND (MPH)
 HIGHEST WIND SPEED    14     HIGHEST WIND DIRECTION    140
 HIGHEST GUST SPEED    22     HIGHEST GUST DIRECTION    130
 AVERAGE WIND SPEED   6.6

SKY COVER
  POSSIBLE SUNSHINE    MM          AVERAGE SKY COVER     MM

WEATHER CONDITIONS
 THE FOLLOWING WEATHER WAS RECORDED YESTERDAY.
  FOG
RAIN


RELATIVE HUMIDITY
 HIGHEST RH     MM PERCENT       MM
 LOWEST  RH     MM PERCENT       MM
 AVERAGE RH     MM PERCENT       MM
...................................................................

THE ANNETTE CLIMATE NORMALS FOR TODAY
                           NORMAL    RECORD   YEAR
 MAXIMUM TEMPERATURE (F)     56        70     2008
 MINIMUM TEMPERATURE (F)     46        33     1996

SUNRISE AND SUNSET
 SEP 30 2014..........SUNRISE  6:48 AM      SUNSET  6:25 PM
 OCT 1 2014..........SUNRISE  6:50 AM      SUNSET  6:22 PM

-  INDICATES NEGATIVE NUMBERS.
R  INDICATES RECORD HAS BEEN SET OR TIED.
MM INDICATES DATA IS MISSING.
T  INDICATES TRACE OF PRECIPITATION.

&&
-------------------------------------------------------------------

AMOUNT OF DAYLIGHT TODAY  (HOUR:MIN)........11 HOURS 37 MINUTES
GAIN/LOSS SINCE YESTERDAY (HOUR:MIN:SEC)....-0:04:26

$$
JZ SEP 14
