308
CDAK47 PAJK 191133
CLIANN
CLIMATE REPORT
NATIONAL WEATHER SERVICE JUNEAU, AK
330 AM AKDT THU OCT 19 2017


...................................

...THE ANNETTE ISLAND CLIMATE SUMMARY FOR OCTOBER 18 2017...

CLIMATE NORMAL PERIOD 1981 TO 2010
CLIMATE RECORD PERIOD 1941 TO 2017


WEATHER ITEM   OBSERVED RECORD YEAR NORMAL DEPARTURE LAST
                VALUE   VALUE       VALUE  FROM      YEAR
                                           NORMAL
...........................................................
TEMPERATURE (F)
 YESTERDAY
  MAXIMUM         47     59    1960  51     -4       52
  MINIMUM         42     32    2012  41      1       49
                               1976
  AVERAGE         45                 46     -1       51

PRECIPITATION (IN)
  YESTERDAY        1.68   3.81 1964   0.47   1.21     0.76
  MONTH TO DATE    3.74               7.72  -3.98     1.14
  SINCE JAN 1     74.07              72.42   1.65    72.92

SNOWFALL (IN)
  YESTERDAY        0.0    0.2  1966   0.0    0.0      0.0
  MONTH TO DATE    0.0                0.0    0.0      0.0
  SINCE JUL 1      0.0                0.0    0.0      0.0
  SNOW DEPTH       0

DEGREE DAYS
 HEATING
  YESTERDAY       20                 19      1       14
  MONTH TO DATE  112                297   -185      260
...........................................................


WIND (MPH)
  HIGHEST WIND SPEED    27   HIGHEST WIND DIRECTION    SE (140)
  HIGHEST GUST SPEED    51   HIGHEST GUST DIRECTION    SE (120)
  AVERAGE WIND SPEED    16.9


SKY COVER
  AVERAGE SKY COVER 1.0


WEATHER CONDITIONS
 THE FOLLOWING WEATHER WAS RECORDED YESTERDAY.
  HEAVY RAIN
  RAIN
  LIGHT RAIN


..........................................................


THE ANNETTE ISLAND CLIMATE NORMALS FOR TODAY
                         NORMAL    RECORD    YEAR
 MAXIMUM TEMPERATURE (F)   51        58      2015
                                             2002
                                             1952
 MINIMUM TEMPERATURE (F)   41        31      2012
                                             1996


SUNRISE AND SUNSET
OCTOBER 19 2017.......SUNRISE   725 AM AKDT  SUNSET   537 PM AKDT
OCTOBER 20 2017.......SUNRISE   727 AM AKDT  SUNSET   534 PM AKDT


-  INDICATES NEGATIVE NUMBERS.
R  INDICATES RECORD WAS SET OR TIED.
MM INDICATES DATA IS MISSING.
T  INDICATES TRACE AMOUNT.




$$
--------------------------------------------------------------

AMOUNT OF DAYLIGHT TODAY (HOUR:MIN)......... 10 HOURS 12 MINUTES
GAIN/LOSS SINCE YESTERDAY (HOUR:MIN:SEC).... -0:04:21

$$
