000
CDAK47 PANT 250930
CLIANN

CLIMATE REPORT
NATIONAL WEATHER SERVICE ANNETTE, AK
1230 AM AKST SUN JAN 25 2015

...................................
...THE ANNETTE WSO AP CLIMATE SUMMARY FOR JANUARY 24 2015...

CLIMATE NORMAL PERIOD  1981 TO  2010
CLIMATE RECORD PERIOD  1948 TO  2015

WEATHER ITEM   OBSERVED TIME    RECORD YEAR NORMAL DEPARTURE LAST
               VALUE    (LST)   VALUE       VALUE  FROM      YEAR
                                                   NORMAL
...................................................................
TEMPERATURE
YESTERDAY
 MAXIMUM            51  0725 PM    51  2015     42       9     44
 MINIMUM            45  1008 AM     3  1950     33      12     30
 AVERAGE            48                          37      11     37

PRECIPITATION
(INCHES)
 YESTERDAY        0.88           1.39  2012   0.35    0.53   0.00
 MONTH TO DATE   12.63                        8.47    4.16   7.80
 SINCE DEC 1     25.59                       19.19    6.40  26.18
 SINCE JAN 1     12.63                        8.47    4.16   7.80

SNOWFALL
(INCHES)
 YESTERDAY         0.0            5.2  1956    0.2    -0.2    0.0
 MONTH TO DATE     3.3                         6.0    -2.7    1.0
 SINCE DEC 1       3.7                        14.1   -10.4    4.4
 SINCE JUL 1       7.9                        17.7    -9.8   10.1
 SNOW DEPTH (IN)     0                                          0

DEGREE DAYS
 HEATING
  YESTERDAY         17                          28     -11     28
  MONTH TO DATE    530                         672    -142    616
  SINCE DEC 1     1246                        1533    -287   1515
  SINCE JUL 1     3251                        3583    -332   3329

 COOLING
  YESTERDAY          0                           0       0      0
  MONTH TO DATE      0                           0       0      0
  SINCE DEC 1        0                           0       0      0
  SINCE JAN 1        0                           0       0      0
...................................................................

WIND (MPH)
 HIGHEST WIND SPEED    29     HIGHEST WIND DIRECTION    140
 HIGHEST GUST SPEED    43     HIGHEST GUST DIRECTION    200
 AVERAGE WIND SPEED  15.3

SKY COVER
  POSSIBLE SUNSHINE    MM          AVERAGE SKY COVER     MM

WEATHER CONDITIONS
 THE FOLLOWING WEATHER WAS RECORDED YESTERDAY.
  FOG
RAIN


RELATIVE HUMIDITY
 HIGHEST RH     MM PERCENT       MM
 LOWEST  RH     MM PERCENT       MM
 AVERAGE RH     MM PERCENT       MM
...................................................................

THE ANNETTE CLIMATE NORMALS FOR TODAY
                           NORMAL    RECORD   YEAR
 MAXIMUM TEMPERATURE (F)     42        50     2005
 MINIMUM TEMPERATURE (F)     33         8     1954

SUNRISE AND SUNSET
 JAN 25 2015..........SUNRISE  7:49 AM      SUNSET  4:09 PM
 JAN 26 2015..........SUNRISE  7:48 AM      SUNSET  4:11 PM

-  INDICATES NEGATIVE NUMBERS.
R  INDICATES RECORD HAS BEEN SET OR TIED.
MM INDICATES DATA IS MISSING.
T  INDICATES TRACE OF PRECIPITATION.

&&
-------------------------------------------------------------------

AMOUNT OF DAYLIGHT TODAY  (HOUR:MIN)........8 HOURS 20 MINUTES
GAIN/LOSS SINCE YESTERDAY (HOUR:MIN:SEC)....+0:03:31

$$
JH JAN 15
