000
CDAK47 PANT 280930
CLIANN

CLIMATE REPORT
NATIONAL WEATHER SERVICE ANNETTE, AK
130 AM AKDT SAT MAR 28 2015

...................................
...THE ANNETTE WSO AP CLIMATE SUMMARY FOR MARCH 27 2015...

CLIMATE NORMAL PERIOD  1981 TO  2010
CLIMATE RECORD PERIOD  1948 TO  2015

WEATHER ITEM   OBSERVED TIME    RECORD YEAR NORMAL DEPARTURE LAST
               VALUE    (LST)   VALUE       VALUE  FROM      YEAR
                                                   NORMAL
...................................................................
TEMPERATURE
YESTERDAY
 MAXIMUM            56  0144 PM    60  1941     47       9     46
 MINIMUM            36  1159 PM    28  1965     36       0     30
 AVERAGE            46                          41       5     38

PRECIPITATION
(INCHES)
 YESTERDAY        0.00           2.00  1981   0.26   -0.26   0.00
 MONTH TO DATE    7.85                        6.99    0.86   8.10
 SINCE MAR 1      7.85                        6.99    0.86   8.10
 SINCE JAN 1     28.91                       25.03    3.88  20.20

SNOWFALL
(INCHES)
 YESTERDAY         0.0            3.9  1967    0.2    -0.2    0.0
 MONTH TO DATE     0.0                         6.3    -6.3    0.3
 SINCE MAR 1       0.0                         6.3    -6.3    0.3
 SINCE JUL 1      10.2                        32.8   -22.6   25.4
 SNOW DEPTH (IN)     0                                          0

DEGREE DAYS
 HEATING
  YESTERDAY         19                          24      -5     27
  MONTH TO DATE    566                         690    -124    795
  SINCE MAR 1      566                         690    -124    795
  SINCE JUL 1     4650                        5228    -578   5284

 COOLING
  YESTERDAY          0                           0       0      0
  MONTH TO DATE      0                           0       0      0
  SINCE MAR 1        0                           0       0      0
  SINCE JAN 1        0                           0       0      0
...................................................................

WIND (MPH)
 HIGHEST WIND SPEED     8     HIGHEST WIND DIRECTION    320
 HIGHEST GUST SPEED    11     HIGHEST GUST DIRECTION    310
 AVERAGE WIND SPEED   2.3

SKY COVER
  POSSIBLE SUNSHINE    MM          AVERAGE SKY COVER     MM

WEATHER CONDITIONS
 THE FOLLOWING WEATHER WAS RECORDED YESTERDAY.
  FOG


RELATIVE HUMIDITY
 HIGHEST RH     MM PERCENT       MM
 LOWEST  RH     MM PERCENT       MM
 AVERAGE RH     MM PERCENT       MM
...................................................................

THE ANNETTE CLIMATE NORMALS FOR TODAY
                           NORMAL    RECORD   YEAR
 MAXIMUM TEMPERATURE (F)     47        64     1994
 MINIMUM TEMPERATURE (F)     36        28     1985

SUNRISE AND SUNSET
 MAR 28 2015..........SUNRISE  6:29 AM      SUNSET  7:16 PM
 MAR 29 2015..........SUNRISE  6:26 AM      SUNSET  7:18 PM

-  INDICATES NEGATIVE NUMBERS.
R  INDICATES RECORD HAS BEEN SET OR TIED.
MM INDICATES DATA IS MISSING.
T  INDICATES TRACE OF PRECIPITATION.

&&
-------------------------------------------------------------------

AMOUNT OF DAYLIGHT TODAY  (HOUR:MIN)........12 HOURS 47 MINUTES
GAIN/LOSS SINCE YESTERDAY (HOUR:MIN:SEC)....+0:04:30

$$
JH MAR 15
