885
CDAK47 PAJK 181234
CLIANN
CLIMATE REPORT
NATIONAL WEATHER SERVICE JUNEAU, AK
329 AM AKST MON DEC 18 2017


...................................

...THE ANNETTE ISLAND CLIMATE SUMMARY FOR DECEMBER 17 2017...

CLIMATE NORMAL PERIOD 1981 TO 2010
CLIMATE RECORD PERIOD 1941 TO 2017


WEATHER ITEM   OBSERVED RECORD YEAR NORMAL DEPARTURE LAST
                VALUE   VALUE       VALUE  FROM      YEAR
                                           NORMAL
...........................................................
TEMPERATURE (F)
 YESTERDAY
  MAXIMUM         40     57    1981  41     -1       43
  MINIMUM         35     19    1964  33      2       31
  AVERAGE         38                 37      1       37

PRECIPITATION (IN)
  YESTERDAY        0.38   2.27 2006   0.34   0.04     0.56
  MONTH TO DATE    7.16               6.08   1.08     3.25
  SINCE JAN 1     94.55              96.99  -2.44    91.23

SNOWFALL (IN)
  YESTERDAY        0.0    8.9  2012   0.3   -0.3      0.3
  MONTH TO DATE    0.0                4.0   -4.0      3.6
  SINCE JUL 1      0.0                7.6   -7.6      3.6
  SNOW DEPTH       0

DEGREE DAYS
 HEATING
  YESTERDAY       27                 28     -1       28
  MONTH TO DATE  341                469   -128      573
...........................................................


WIND (MPH)
  HIGHEST WIND SPEED     7   HIGHEST WIND DIRECTION     S (180)
  HIGHEST GUST SPEED    MM   HIGHEST GUST DIRECTION    MM
  AVERAGE WIND SPEED     2.1


SKY COVER
  AVERAGE SKY COVER 0.8


WEATHER CONDITIONS
 THE FOLLOWING WEATHER WAS RECORDED YESTERDAY.
  RAIN
  LIGHT RAIN


..........................................................


THE ANNETTE ISLAND CLIMATE NORMALS FOR TODAY
                         NORMAL    RECORD    YEAR
 MAXIMUM TEMPERATURE (F)   41        55      2003
 MINIMUM TEMPERATURE (F)   33        14      2008


SUNRISE AND SUNSET
DECEMBER 18 2017......SUNRISE   808 AM AKST  SUNSET   318 PM AKST
DECEMBER 19 2017......SUNRISE   809 AM AKST  SUNSET   319 PM AKST


-  INDICATES NEGATIVE NUMBERS.
R  INDICATES RECORD WAS SET OR TIED.
MM INDICATES DATA IS MISSING.
T  INDICATES TRACE AMOUNT.




$$
--------------------------------------------------------------

AMOUNT OF DAYLIGHT TODAY (HOUR:MIN)......... 7 HOURS 10 MINUTES
GAIN/LOSS SINCE YESTERDAY (HOUR:MIN:SEC).... -0:00:26

$$
