000
CDAK47 PANT 300004
CLIANN

CLIMATE REPORT
NATIONAL WEATHER SERVICE ANNETTE, AK
404 PM AKDT WED JUL 29 2015

...................................
...THE ANNETTE WSO AP CLIMATE SUMMARY FOR JULY 29 2015...
VALID TODAY AS OF 2:00 PM LOCAL TIME

CLIMATE NORMAL PERIOD  1981 TO  2010
CLIMATE RECORD PERIOD  1948 TO  2015

WEATHER ITEM   OBSERVED TIME    RECORD YEAR NORMAL DEPARTURE LAST
               VALUE    (LST)   VALUE       VALUE  FROM      YEAR
                                                   NORMAL
...................................................................
TEMPERATURE
TODAY
 MAXIMUM            61  0148 PM    88  2009     66      -5     MM
 MINIMUM            55  0627 AM    44  1999     54       1     MM
 AVERAGE            58                          60      -2     MM

PRECIPITATION
(INCHES)
 TODAY            0.08           1.30  1984   0.16   -0.08   0.65
 MONTH TO DATE    5.86                        4.33    1.53   7.60
 SINCE JUN 1      9.85                        9.21    0.64  15.35
 SINCE JAN 1     53.33                       47.63    5.70  56.15

SNOWFALL
(INCHES)
 TODAY             0.0                         0.0     0.0    0.0
 MONTH TO DATE     0.0                         0.0     0.0    0.0
 SINCE JUN 1       0.0                         0.0     0.0    0.0
 SINCE JUL 1       0.0                         0.0     0.0    0.0
 SNOW DEPTH (IN)     0                                          0

DEGREE DAYS
 HEATING
  TODAY              7                           6       1     MM
  MONTH TO DATE    105                         196     -91     MM
  SINCE JUN 1      293                         494    -201    571
  SINCE JUL 1      105                         196     -91     MM

 COOLING
  TODAY              0                           0       0     MM
  MONTH TO DATE     35                           0      35     MM
  SINCE JUN 1       37                           0      37      8
  SINCE JAN 1       37                           0      37     MM
...................................................................

WIND (MPH)
 HIGHEST WIND SPEED    10     HIGHEST WIND DIRECTION    140
 HIGHEST GUST SPEED    14     HIGHEST GUST DIRECTION    140
 AVERAGE WIND SPEED    MM

SKY COVER
  POSSIBLE SUNSHINE  MM            AVERAGE SKY COVER MM

WEATHER CONDITIONS
 THE FOLLOWING WEATHER WAS RECORDED TODAY.
RAIN


RELATIVE HUMIDITY
 HIGHEST RH     MM PERCENT       MM
 LOWEST  RH     MM PERCENT       MM
 AVERAGE RH     MM PERCENT       MM
...................................................................

THE ANNETTE CLIMATE NORMALS FOR TOMORROW
                        NORMAL    RECORD   YEAR
 MAXIMUM TEMPERATURE      66        89     1976
 MINIMUM TEMPERATURE      54        46     1986

SUNRISE AND SUNSET
 JUL 29 2015..........SUNRISE  4:50 AM      SUNSET  8:55 PM
 JUL 30 2015..........SUNRISE  4:52 AM      SUNSET  8:53 PM

-  INDICATES NEGATIVE NUMBERS.
R  INDICATES RECORD HAS BEEN SET OR TIED.
MM INDICATES DATA IS MISSING.
T  INDICATES TRACE OF PRECIPITATION.

&&
-------------------------------------------------------------------

AMOUNT OF DAYLIGHT TODAY  (HOUR:MIN)........16 HOURS 5 MINUTES
GAIN/LOSS SINCE YESTERDAY (HOUR:MIN:SEC)....-0:03:31

$$
MM JUL 15
