000
CDAK47 PANT 100013
CLIANN

CLIMATE REPORT
NATIONAL WEATHER SERVICE ANNETTE, AK
413 PM AKDT WED JUL 9 2014

...................................
...THE ANNETTE WSO AP CLIMATE SUMMARY FOR JULY 9 2014...
VALID TODAY AS OF 2:00 PM LOCAL TIME

CLIMATE NORMAL PERIOD  1981 TO  2010
CLIMATE RECORD PERIOD  1948 TO  2014

WEATHER ITEM   OBSERVED TIME    RECORD YEAR NORMAL DEPARTURE LAST
               VALUE    (LST)   VALUE       VALUE  FROM      YEAR
                                                   NORMAL
...................................................................
TEMPERATURE
TODAY
 MAXIMUM            66  0105 PM    77  1965     64       2     61
 MINIMUM            52  0321 AM    46  1957     52       0     51
 AVERAGE            59                          58       1     56

PRECIPITATION
(INCHES)
 TODAY               T           1.70  2012   0.14   -0.14   0.43
 MONTH TO DATE    1.15                        1.31   -0.16   0.72
 SINCE JUN 1      8.90                        6.19    2.71   4.70
 SINCE JAN 1     49.70                       44.61    5.09  44.01

SNOWFALL
(INCHES)
 TODAY             0.0            0.0  2014    0.0     0.0    0.0
 MONTH TO DATE     0.0                         0.0     0.0    0.0
 SINCE JUN 1       0.0                         0.0     0.0    0.0
 SINCE JUL 1       0.0                         0.0     0.0    0.0
 SNOW DEPTH (IN)     0                                          0

DEGREE DAYS
 HEATING
  TODAY              6                           7      -1      9
  MONTH TO DATE     71                          70       1     50
  SINCE JUN 1      398                         368      30    270
  SINCE JUL 1       71                          70       1     50

 COOLING
  TODAY              0                           0       0      0
  MONTH TO DATE      0                           0       0      0
  SINCE JUN 1        0                           0       0      6
  SINCE JAN 1        0                           0       0      6
...................................................................

WIND (MPH)
 HIGHEST WIND SPEED     8     HIGHEST WIND DIRECTION    300
 HIGHEST GUST SPEED    11     HIGHEST GUST DIRECTION    300
 AVERAGE WIND SPEED   0.0

SKY COVER
  POSSIBLE SUNSHINE  MM            AVERAGE SKY COVER MM

WEATHER CONDITIONS
 THE FOLLOWING WEATHER WAS RECORDED TODAY.
RAIN


RELATIVE HUMIDITY
 HIGHEST RH     MM PERCENT       MM
 LOWEST  RH     MM PERCENT       MM
 AVERAGE RH     MM PERCENT       MM
...................................................................

THE ANNETTE CLIMATE NORMALS FOR TOMORROW
                        NORMAL    RECORD   YEAR
 MAXIMUM TEMPERATURE      64        83     1989
 MINIMUM TEMPERATURE      52        43     2008

SUNRISE AND SUNSET
 JUL 9 2014..........SUNRISE  4:20 AM      SUNSET  9:23 PM
 JUL 10 2014..........SUNRISE  4:22 AM      SUNSET  9:22 PM

-  INDICATES NEGATIVE NUMBERS.
R  INDICATES RECORD HAS BEEN SET OR TIED.
MM INDICATES DATA IS MISSING.
T  INDICATES TRACE OF PRECIPITATION.

&&
-------------------------------------------------------------------

AMOUNT OF DAYLIGHT TODAY  (HOUR:MIN)........17 HOURS 3 MINUTES
GAIN/LOSS SINCE YESTERDAY (HOUR:MIN:SEC)....-0:02:03

$$
TR JUL 14
