000
CDUS42 KMFL 210939
CLIAPF


CLIMATE REPORT
NATIONAL WEATHER SERVICE MIAMI, FL
439 AM EST SUN DEC 21 2014


...................................

...THE NAPLES CLIMATE SUMMARY FOR DECEMBER 20 2014...

CLIMATE NORMAL PERIOD 1981 TO 2010
CLIMATE RECORD PERIOD 1942 TO 2014


WEATHER ITEM   OBSERVED TIME   RECORD YEAR NORMAL DEPARTURE LAST
                VALUE   (LST)  VALUE       VALUE  FROM      YEAR
                                                  NORMAL
..................................................................
TEMPERATURE (F)
 YESTERDAY
  MAXIMUM         80    258 PM  87    1990  76      4       85
  MINIMUM         55    653 AM  29    1981  56     -1       62
  AVERAGE         68                        66      2       74

PRECIPITATION (IN)
  YESTERDAY        0.00          0.93 1965   0.05  -0.05     0.00
  MONTH TO DATE    0.04                      0.96  -0.92     0.09
  SINCE NOV 1      1.09                      3.00  -1.91     0.87
  SINCE JAN 1     50.45                     51.40  -0.95    49.09

SNOWFALL (IN)
  YESTERDAY        0.0
  MONTH TO DATE    0.0
  SINCE DEC 1      0.0
  SINCE JUL 1      0.0
  SNOW DEPTH       0

DEGREE DAYS
 HEATING
  YESTERDAY        0                         2     -2
  MONTH TO DATE   51                        35     16
  SINCE DEC 1     51                        35     16
  SINCE JUL 1     80                        49     31

 COOLING
  YESTERDAY        3                         3      0
  MONTH TO DATE   62                        89    -27
  SINCE DEC 1     62                        89    -27
  SINCE JAN 1   4010                      3908    102
..................................................................


WIND (MPH)
  HIGHEST WIND SPEED    10   HIGHEST WIND DIRECTION     S (180)
  HIGHEST GUST SPEED    MM   HIGHEST GUST DIRECTION    MM
  AVERAGE WIND SPEED     4.4


SKY COVER
  AVERAGE SKY COVER 0.0


WEATHER CONDITIONS
 THE FOLLOWING WEATHER WAS RECORDED YESTERDAY.
  NO SIGNIFICANT WEATHER WAS OBSERVED.


RELATIVE HUMIDITY (PERCENT)
 HIGHEST    87
 LOWEST     58
 AVERAGE    73

..........................................................


THE NAPLES CLIMATE NORMALS FOR TODAY
                         NORMAL    RECORD    YEAR
 MAXIMUM TEMPERATURE (F)   76        87      1948
 MINIMUM TEMPERATURE (F)   56        37      2000


SUNRISE AND SUNSET
DECEMBER 21 2014......SUNRISE   710 AM EST   SUNSET   540 PM EST
DECEMBER 22 2014......SUNRISE   711 AM EST   SUNSET   541 PM EST


-  INDICATES NEGATIVE NUMBERS.
R  INDICATES RECORD WAS SET OR TIED.
MM INDICATES DATA IS MISSING.
T  INDICATES TRACE AMOUNT.




$$
