000
CDUS42 KMFL 270924
CLIAPF


CLIMATE REPORT
NATIONAL WEATHER SERVICE MIAMI, FL
423 AM EST TUE JAN 27 2015


...................................

...THE NAPLES CLIMATE SUMMARY FOR JANUARY 26 2015...

CLIMATE NORMAL PERIOD 1981 TO 2010
CLIMATE RECORD PERIOD 1942 TO 2015


WEATHER ITEM   OBSERVED TIME   RECORD YEAR NORMAL DEPARTURE LAST
                VALUE   (LST)  VALUE       VALUE  FROM      YEAR
                                                  NORMAL
..................................................................
TEMPERATURE (F)
 YESTERDAY
  MAXIMUM         72    237 PM  86    2002  75     -3       73
                                      1950
  MINIMUM         57   1236 AM  33    1968  54      3       53
  AVERAGE         65                        65      0       63

PRECIPITATION (IN)
  YESTERDAY        T             1.05 1993   0.07  -0.07     0.00
  MONTH TO DATE    0.10                      1.48  -1.38     0.54
  SINCE NOV 1      1.40                      4.97  -3.57     1.64
  SINCE JAN 1      0.10                      1.48  -1.38     0.54

SNOWFALL (IN)
  YESTERDAY        0.0
  MONTH TO DATE    0.0
  SINCE DEC 1      0.0
  SINCE JUL 1      0.0
  SNOW DEPTH       0

DEGREE DAYS
 HEATING
  YESTERDAY        0                         3     -3
  MONTH TO DATE   20                        91    -71
  SINCE DEC 1     71                       155    -84
  SINCE JUL 1    100                       169    -69

 COOLING
  YESTERDAY        0                         3     -3
  MONTH TO DATE  117                        78     39
  SINCE DEC 1    267                       198     69
  SINCE JAN 1    117                        78     39
..................................................................


WIND (MPH)
  HIGHEST WIND SPEED    28   HIGHEST WIND DIRECTION     W (290)
  HIGHEST GUST SPEED    37   HIGHEST GUST DIRECTION     W (290)
  AVERAGE WIND SPEED    15.2


SKY COVER
  AVERAGE SKY COVER 0.7


WEATHER CONDITIONS
 THE FOLLOWING WEATHER WAS RECORDED YESTERDAY.
  HEAVY RAIN
  LIGHT RAIN
  FOG
  HAZE


RELATIVE HUMIDITY (PERCENT)
 HIGHEST    86
 LOWEST     47
 AVERAGE    67

..........................................................


THE NAPLES CLIMATE NORMALS FOR TODAY
                         NORMAL    RECORD    YEAR
 MAXIMUM TEMPERATURE (F)   75        88      2002
 MINIMUM TEMPERATURE (F)   55        35      1982


SUNRISE AND SUNSET
JANUARY 27 2015.......SUNRISE   714 AM EST   SUNSET   606 PM EST
JANUARY 28 2015.......SUNRISE   713 AM EST   SUNSET   607 PM EST


-  INDICATES NEGATIVE NUMBERS.
R  INDICATES RECORD WAS SET OR TIED.
MM INDICATES DATA IS MISSING.
T  INDICATES TRACE AMOUNT.




$$
