000
CDUS42 KMFL 052118
CLIAPF


CLIMATE REPORT
NATIONAL WEATHER SERVICE MIAMI, FL
418 PM EST MON DEC 5 2016


...................................

...THE NAPLES CLIMATE SUMMARY FOR DECEMBER 5 2016...
VALID TODAY AS OF 0400 PM LOCAL TIME.

CLIMATE NORMAL PERIOD 1981 TO 2010
CLIMATE RECORD PERIOD 1942 TO 2016


WEATHER ITEM   OBSERVED TIME   RECORD YEAR NORMAL DEPARTURE LAST
                VALUE   (LST)  VALUE       VALUE  FROM      YEAR
                                                  NORMAL
..................................................................
TEMPERATURE (F)
 TODAY
  MAXIMUM         85    210 PM  88    1972  78      7       81
  MINIMUM         71    541 AM  37    1963  59     12       70
  AVERAGE         78                        68     10       76

PRECIPITATION (IN)
  TODAY            0.00          1.55 1994   0.05  -0.05      T
  MONTH TO DATE    0.00                      0.22  -0.22     1.05
  SINCE NOV 1      T                         2.26  -2.26     4.03
  SINCE JAN 1     44.20                     50.66  -6.46    39.11

SNOWFALL (IN)
  TODAY            0.0
  MONTH TO DATE    0.0
  SINCE DEC 1      0.0
  SINCE JUL 1      0.0
  SNOW DEPTH       0

DEGREE DAYS
 HEATING
  TODAY            0                         1     -1        0
  MONTH TO DATE    0                         5     -5        0
  SINCE DEC 1      0                         5     -5        0
  SINCE JUL 1      4                        19    -15        0

 COOLING
  TODAY           13                         5      8       11
  MONTH TO DATE   52                        25     27       55
  SINCE DEC 1     52                        25     27       55
  SINCE JAN 1   4204                      3844    360     4537
..................................................................


WIND (MPH)
  HIGHEST WIND SPEED    25   HIGHEST WIND DIRECTION     S (160)
  HIGHEST GUST SPEED    31   HIGHEST GUST DIRECTION    SE (150)
  AVERAGE WIND SPEED    11.9


SKY COVER
  AVERAGE SKY COVER 0.2


WEATHER CONDITIONS
 THE FOLLOWING WEATHER WAS RECORDED TODAY.
  NO SIGNIFICANT WEATHER WAS OBSERVED.


RELATIVE HUMIDITY (PERCENT)
 HIGHEST   100
 LOWEST     59
 AVERAGE    80

..........................................................


THE NAPLES CLIMATE NORMALS FOR TOMORROW
                         NORMAL    RECORD    YEAR
 MAXIMUM TEMPERATURE (F)   78        89      1978
 MINIMUM TEMPERATURE (F)   59        39      1981


SUNRISE AND SUNSET
DECEMBER  5 2016......SUNRISE   701 AM EST   SUNSET   535 PM EST
DECEMBER  6 2016......SUNRISE   701 AM EST   SUNSET   535 PM EST


-  INDICATES NEGATIVE NUMBERS.
R  INDICATES RECORD WAS SET OR TIED.
MM INDICATES DATA IS MISSING.
T  INDICATES TRACE AMOUNT.




$$
