000
CDUS42 KMFL 230840
CLIAPF


CLIMATE REPORT
NATIONAL WEATHER SERVICE MIAMI, FL
440 AM EDT FRI JUN 23 2017


...................................

...THE NAPLES CLIMATE SUMMARY FOR JUNE 22 2017...

CLIMATE NORMAL PERIOD 1981 TO 2010
CLIMATE RECORD PERIOD 1942 TO 2017


WEATHER ITEM   OBSERVED TIME   RECORD YEAR NORMAL DEPARTURE LAST
                VALUE   (LST)  VALUE       VALUE  FROM      YEAR
                                                  NORMAL
..................................................................
TEMPERATURE (F)
 YESTERDAY
  MAXIMUM         94R   355 PM  94    2010  90      4       91
                                      2006
                                      1998
  MINIMUM         79   1148 PM  68    1979  75      4       74
                                      1960
  AVERAGE         87                        82      5       83

PRECIPITATION (IN)
  YESTERDAY        0.00          3.12 1945   0.34  -0.34      T
  MONTH TO DATE   12.31                      5.99   6.32     3.15
  SINCE JUN 1     12.31                      5.99   6.32     3.15
  SINCE JAN 1     17.94                     17.84   0.10    15.25

SNOWFALL (IN)
  YESTERDAY        0.0
  MONTH TO DATE    0.0
  SINCE JUN 1      0.0
  SINCE JUL 1      0.0
  SNOW DEPTH       0

DEGREE DAYS
 HEATING
  YESTERDAY        0                         0      0        0
  MONTH TO DATE    0                         0      0        0
  SINCE JUN 1      0                         0      0        0
  SINCE JUL 1     67                       260   -193      142

 COOLING
  YESTERDAY       22                        17      5       18
  MONTH TO DATE  388                       364     24      395
  SINCE JUN 1    388                       364     24      395
  SINCE JAN 1   1732                      1392    340     1579
..................................................................


WIND (MPH)
  HIGHEST WIND SPEED    18   HIGHEST WIND DIRECTION    SE (130)
  HIGHEST GUST SPEED    22   HIGHEST GUST DIRECTION    SE (130)
  AVERAGE WIND SPEED     8.9


SKY COVER
  AVERAGE SKY COVER 0.3


WEATHER CONDITIONS
 THE FOLLOWING WEATHER WAS RECORDED YESTERDAY.
  FOG


RELATIVE HUMIDITY (PERCENT)
 HIGHEST   100
 LOWEST     46
 AVERAGE    73

..........................................................


THE NAPLES CLIMATE NORMALS FOR TODAY
                         NORMAL    RECORD    YEAR
 MAXIMUM TEMPERATURE (F)   90        97      2004
 MINIMUM TEMPERATURE (F)   75        69      2001
                                             1995
                                             1979


SUNRISE AND SUNSET
JUNE 23 2017..........SUNRISE   636 AM EDT   SUNSET   823 PM EDT
JUNE 24 2017..........SUNRISE   636 AM EDT   SUNSET   823 PM EDT


-  INDICATES NEGATIVE NUMBERS.
R  INDICATES RECORD WAS SET OR TIED.
MM INDICATES DATA IS MISSING.
T  INDICATES TRACE AMOUNT.




$$
