000
CDUS42 KMFL 010822
CLIAPF


CLIMATE REPORT
NATIONAL WEATHER SERVICE MIAMI, FL
422 AM EDT WED JUL 1 2015


...................................

...THE NAPLES CLIMATE SUMMARY FOR JUNE 30 2015...

CLIMATE NORMAL PERIOD 1981 TO 2010
CLIMATE RECORD PERIOD 1942 TO 2015


WEATHER ITEM   OBSERVED TIME   RECORD YEAR NORMAL DEPARTURE LAST
                VALUE   (LST)  VALUE       VALUE  FROM      YEAR
                                                  NORMAL
..................................................................
TEMPERATURE (F)
 YESTERDAY
  MAXIMUM         93    254 PM  96    1975  91      2       92
  MINIMUM         76    606 AM  65    1981  75      1       76
  AVERAGE         85                        83      2       84

PRECIPITATION (IN)
  YESTERDAY        0.00          2.55 2006   0.35  -0.35     0.76
  MONTH TO DATE    6.32                      8.82  -2.50     8.18
  SINCE JUN 1      6.32                      8.82  -2.50     8.18
  SINCE JAN 1     14.34                     20.67  -6.33    17.01

SNOWFALL (IN)
  YESTERDAY        0.0
  MONTH TO DATE    0.0
  SINCE JUN 1      0.0
  SINCE JUL 1      0.0
  SNOW DEPTH       0

DEGREE DAYS
 HEATING
  YESTERDAY        0                         0      0        0
  MONTH TO DATE    0                         0      0        0
  SINCE JUN 1      0                         0      0        0
  SINCE JUL 1    198                       260    -62      149

 COOLING
  YESTERDAY       20                        18      2       19
  MONTH TO DATE  510                       507      3      507
  SINCE JUN 1    510                       507      3      507
  SINCE JAN 1   1865                      1535    330     1696
..................................................................


WIND (MPH)
  HIGHEST WIND SPEED    12   HIGHEST WIND DIRECTION     W (290)
  HIGHEST GUST SPEED    16   HIGHEST GUST DIRECTION     W (290)
  AVERAGE WIND SPEED     4.2


SKY COVER
  AVERAGE SKY COVER 0.0


WEATHER CONDITIONS
 THE FOLLOWING WEATHER WAS RECORDED YESTERDAY.
  NO SIGNIFICANT WEATHER WAS OBSERVED.


RELATIVE HUMIDITY (PERCENT)
 HIGHEST    88
 LOWEST     52
 AVERAGE    70

..........................................................


THE NAPLES CLIMATE NORMALS FOR TODAY
                         NORMAL    RECORD    YEAR
 MAXIMUM TEMPERATURE (F)   91        95      1987
 MINIMUM TEMPERATURE (F)   75        65      1981


SUNRISE AND SUNSET
JULY  1 2015..........SUNRISE   638 AM EDT   SUNSET   823 PM EDT
JULY  2 2015..........SUNRISE   639 AM EDT   SUNSET   823 PM EDT


-  INDICATES NEGATIVE NUMBERS.
R  INDICATES RECORD WAS SET OR TIED.
MM INDICATES DATA IS MISSING.
T  INDICATES TRACE AMOUNT.




$$
