000
CDUS42 KMFL 021008
CLIAPF


CLIMATE REPORT
NATIONAL WEATHER SERVICE MIAMI, FL
508 AM EST MON MAR 2 2015


...................................

...THE NAPLES CLIMATE SUMMARY FOR MARCH 1 2015...

CLIMATE NORMAL PERIOD 1981 TO 2010
CLIMATE RECORD PERIOD 1942 TO 2015


WEATHER ITEM   OBSERVED TIME   RECORD YEAR NORMAL DEPARTURE LAST
                VALUE   (LST)  VALUE       VALUE  FROM      YEAR
                                                  NORMAL
..................................................................
TEMPERATURE (F)
 YESTERDAY
  MAXIMUM         84    136 PM  89    1987  79      5       76
  MINIMUM         69   1159 PM  38    2002  59     10       51
  AVERAGE         77                        69      8       64

PRECIPITATION (IN)
  YESTERDAY        0.17          1.13 1959   0.05   0.12     0.00
  MONTH TO DATE    0.17                      0.05   0.12     0.00
  SINCE NOV 1      3.11                      7.49  -4.38     4.26
  SINCE JAN 1      1.81                      4.00  -2.19     3.16

SNOWFALL (IN)
  YESTERDAY        0.0
  MONTH TO DATE    0.0
  SINCE MAR 1      0.0
  SINCE JUL 1      0.0
  SNOW DEPTH       0

DEGREE DAYS
 HEATING
  YESTERDAY        0                         1     -1        1
  MONTH TO DATE    0                         1     -1        1
  SINCE MAR 1      0                         1     -1        1
  SINCE JUL 1    197                       234    -37      143

 COOLING
  YESTERDAY       12                         5      7        0
  MONTH TO DATE   12                         5      7        0
  SINCE MAR 1     12                         5      7        0
  SINCE JAN 1    188                       196     -8      273
..................................................................


WIND (MPH)
  HIGHEST WIND SPEED    17   HIGHEST WIND DIRECTION     E (90)
  HIGHEST GUST SPEED    22   HIGHEST GUST DIRECTION    SE (120)
  AVERAGE WIND SPEED     7.7


SKY COVER
  AVERAGE SKY COVER 0.6


WEATHER CONDITIONS
 THE FOLLOWING WEATHER WAS RECORDED YESTERDAY.
  LIGHT RAIN
  FOG
  HAZE


RELATIVE HUMIDITY (PERCENT)
 HIGHEST   100
 LOWEST     58
 AVERAGE    79

..........................................................


THE NAPLES CLIMATE NORMALS FOR TODAY
                         NORMAL    RECORD    YEAR
 MAXIMUM TEMPERATURE (F)   79        88      1997
 MINIMUM TEMPERATURE (F)   59        34      1968


SUNRISE AND SUNSET
MARCH  2 2015.........SUNRISE   650 AM EST   SUNSET   629 PM EST
MARCH  3 2015.........SUNRISE   649 AM EST   SUNSET   630 PM EST


-  INDICATES NEGATIVE NUMBERS.
R  INDICATES RECORD WAS SET OR TIED.
MM INDICATES DATA IS MISSING.
T  INDICATES TRACE AMOUNT.




$$
