000
CDUS43 KAPX 270530
CLIAPN


CLIMATE REPORT
NATIONAL WEATHER SERVICE GAYLORD MI
130 AM EDT WED JUL 27 2016


...................................

...THE ALPENA MI CLIMATE SUMMARY FOR JULY 26 2016...

CLIMATE NORMAL PERIOD 1981 TO 2010
CLIMATE RECORD PERIOD 1916 TO 2016


WEATHER ITEM   OBSERVED TIME   RECORD YEAR NORMAL DEPARTURE LAST
                VALUE   (LST)  VALUE       VALUE  FROM      YEAR
                                                  NORMAL
..................................................................
TEMPERATURE (F)
 YESTERDAY
  MAXIMUM         92    223 PM  98    1955  79     13       91
  MINIMUM         56    534 AM  39    1926  56      0       55
  AVERAGE         74                        68      6       73

PRECIPITATION (IN)
  YESTERDAY        0.00          2.34 1960   0.09  -0.09     0.00
  MONTH TO DATE    1.99                      2.55  -0.56     1.62
  SINCE JUN 1      3.43                      5.17  -1.74     3.78
  SINCE JAN 1     18.16                     15.07   3.09    12.33

DEGREE DAYS
 HEATING
  YESTERDAY        0                         1     -1        0
  MONTH TO DATE   17                        36    -19       35
  SINCE JUN 1    125                       179    -54      178
  SINCE JUL 1     17                        36    -19       35

 COOLING
  YESTERDAY        9                         4      5        8
  MONTH TO DATE  166                       101     65       94
  SINCE JUN 1    231                       157     74      105
  SINCE JAN 1    263                       170     93      129
..................................................................


WIND (MPH)
  HIGHEST WIND SPEED    14   HIGHEST WIND DIRECTION     E (80)
  HIGHEST GUST SPEED    17   HIGHEST GUST DIRECTION     E (90)
  AVERAGE WIND SPEED     5.2




RELATIVE HUMIDITY (PERCENT)
 HIGHEST    93
 LOWEST     29
 AVERAGE    61

..........................................................


THE ALPENA MI CLIMATE NORMALS FOR TODAY
                         NORMAL    RECORD    YEAR
 MAXIMUM TEMPERATURE (F)   79        96      1955
                                             1929
 MINIMUM TEMPERATURE (F)   56        39      1926


SUNRISE AND SUNSET
JULY 27 2016..........SUNRISE   614 AM EDT   SUNSET   906 PM EDT
JULY 28 2016..........SUNRISE   615 AM EDT   SUNSET   905 PM EDT


-  INDICATES NEGATIVE NUMBERS.
R  INDICATES RECORD WAS SET OR TIED.
MM INDICATES DATA IS MISSING.
T  INDICATES TRACE AMOUNT.




$$
