000
CDUS43 KAPX 012127
CLIAPN


CLIMATE REPORT
NATIONAL WEATHER SERVICE GAYLORD MI
527 PM EDT FRI AUG 1 2014


...................................

...THE ALPENA MI CLIMATE SUMMARY FOR AUGUST 1 2014...
VALID TODAY AS OF 0500 PM LOCAL TIME.

CLIMATE NORMAL PERIOD 1981 TO 2010
CLIMATE RECORD PERIOD 1916 TO 2014


WEATHER ITEM   OBSERVED TIME   RECORD YEAR NORMAL DEPARTURE LAST
                VALUE   (LST)  VALUE       VALUE  FROM      YEAR
                                                  NORMAL
..................................................................
TEMPERATURE (F)
 TODAY
  MAXIMUM         80    128 PM  98    2006  79      1       77
                                      1955
  MINIMUM         53    248 AM  38    1918  56     -3       55
  AVERAGE         67                        67      0       66

PRECIPITATION (IN)
  TODAY            0.00          2.61 1973   0.10  -0.10     0.06
  MONTH TO DATE    0.00                      0.10  -0.10     0.06
  SINCE JUN 1      5.09                      5.75  -0.66     5.62
  SINCE JAN 1     16.59                     15.65   0.94    20.55

DEGREE DAYS
 HEATING
  TODAY            0                         1     -1        0
  MONTH TO DATE    0                         1     -1        0
  SINCE JUN 1    181                       188     -7      189
  SINCE JUL 1     69                        45     24       53

 COOLING
  TODAY            2                         4     -2        1
  MONTH TO DATE    2                         4     -2        1
  SINCE JUN 1    108                       176    -68      194
  SINCE JAN 1    113                       189    -76      207
..................................................................


WIND (MPH)
  RESULTANT WIND SPEED   1   RESULTANT WIND DIRECTION  NE (50)
  HIGHEST WIND SPEED    12   HIGHEST WIND DIRECTION     E (90)
  HIGHEST GUST SPEED    15   HIGHEST GUST DIRECTION     E (80)
  AVERAGE WIND SPEED     3.7


SKY COVER
  POSSIBLE SUNSHINE  MM
  AVERAGE SKY COVER 0.3


WEATHER CONDITIONS
 THE FOLLOWING WEATHER WAS RECORDED TODAY.
  NO SIGNIFICANT WEATHER WAS OBSERVED.


RELATIVE HUMIDITY (PERCENT)
 HIGHEST    93
 LOWEST     43
 AVERAGE    68

..........................................................


THE ALPENA MI CLIMATE NORMALS FOR TOMORROW
                         NORMAL    RECORD    YEAR
 MAXIMUM TEMPERATURE (F)   79       102      1988
 MINIMUM TEMPERATURE (F)   55        35      1924


SUNRISE AND SUNSET
AUGUST  1 2014........SUNRISE   619 AM EDT   SUNSET   901 PM EDT
AUGUST  2 2014........SUNRISE   621 AM EDT   SUNSET   900 PM EDT


-  INDICATES NEGATIVE NUMBERS.
R  INDICATES RECORD WAS SET OR TIED.
MM INDICATES DATA IS MISSING.
T  INDICATES TRACE AMOUNT.




$$
