000
CDUS43 KAPX 072129
CLIAPN


CLIMATE REPORT
NATIONAL WEATHER SERVICE GAYLORD MI
529 PM EDT TUE JUL 7 2015


...................................

...THE ALPENA MI CLIMATE SUMMARY FOR JULY 7 2015...
VALID TODAY AS OF 0500 PM LOCAL TIME.

CLIMATE NORMAL PERIOD 1981 TO 2010
CLIMATE RECORD PERIOD 1916 TO 2015


WEATHER ITEM   OBSERVED TIME   RECORD YEAR NORMAL DEPARTURE LAST
                VALUE   (LST)  VALUE       VALUE  FROM      YEAR
                                                  NORMAL
..................................................................
TEMPERATURE (F)
 TODAY
  MAXIMUM         77   1242 AM 100    1988  79     -2       84
                                      1936
  MINIMUM         59   1143 AM  36    1969  55      4       61
  AVERAGE         68                        67      1       73

PRECIPITATION (IN)
  TODAY            0.65          1.53 1977   0.10   0.55     0.00
  MONTH TO DATE    0.65                      0.68  -0.03     0.23
  SINCE JUN 1      2.81                      3.30  -0.49     1.41
  SINCE JAN 1     11.36                     13.20  -1.84    12.91

DEGREE DAYS
 HEATING
  TODAY            0                         2     -2        0
  MONTH TO DATE   15                        14      1       16
  SINCE JUN 1    158                       157      1      128
  SINCE JUL 1     15                        14      1       16

 COOLING
  TODAY            3                         4     -1        8
  MONTH TO DATE   14                        25    -11       23
  SINCE JUN 1     25                        81    -56       78
  SINCE JAN 1     49                        94    -45       83
..................................................................


WIND (MPH)
  RESULTANT WIND SPEED   8   RESULTANT WIND DIRECTION  NW (320)
  HIGHEST WIND SPEED    21   HIGHEST WIND DIRECTION    NW (320)
  HIGHEST GUST SPEED    28   HIGHEST GUST DIRECTION    NW (330)
  AVERAGE WIND SPEED    10.1


SKY COVER
  POSSIBLE SUNSHINE  MM
  AVERAGE SKY COVER 0.9


WEATHER CONDITIONS
 THE FOLLOWING WEATHER WAS RECORDED TODAY.
  HEAVY RAIN
  RAIN
  LIGHT RAIN
  FOG


RELATIVE HUMIDITY (PERCENT)
 HIGHEST    93
 LOWEST     51
 AVERAGE    72

..........................................................


THE ALPENA MI CLIMATE NORMALS FOR TOMORROW
                         NORMAL    RECORD    YEAR
 MAXIMUM TEMPERATURE (F)   79       104      1936
 MINIMUM TEMPERATURE (F)   55        38      1984


SUNRISE AND SUNSET
JULY  7 2015..........SUNRISE   555 AM EDT   SUNSET   923 PM EDT
JULY  8 2015..........SUNRISE   556 AM EDT   SUNSET   923 PM EDT


-  INDICATES NEGATIVE NUMBERS.
R  INDICATES RECORD WAS SET OR TIED.
MM INDICATES DATA IS MISSING.
T  INDICATES TRACE AMOUNT.




$$
