000
CDUS43 KAPX 040533
CLIAPN


CLIMATE REPORT
NATIONAL WEATHER SERVICE GAYLORD MI
1232 AM EST SUN DEC 4 2016


...................................

...THE ALPENA MI CLIMATE SUMMARY FOR DECEMBER 3 2016...

CLIMATE NORMAL PERIOD 1981 TO 2010
CLIMATE RECORD PERIOD 1916 TO 2016


WEATHER ITEM   OBSERVED TIME   RECORD YEAR NORMAL DEPARTURE LAST
                VALUE   (LST)  VALUE       VALUE  FROM      YEAR
                                                  NORMAL
..................................................................
TEMPERATURE (F)
 YESTERDAY
  MAXIMUM         41    320 PM  64    1982  36      5       40
  MINIMUM         34   1159 PM  -9    1940  23     11       33
  AVERAGE         38                        29      9       37

PRECIPITATION (IN)
  YESTERDAY        0.00          1.02 1970   0.06  -0.06     0.01
  MONTH TO DATE    0.07                      0.19  -0.12     0.08
  SINCE DEC 1      0.07                      0.19  -0.12     0.08
  SINCE JAN 1     27.91                     26.60   1.31    20.37

SNOWFALL (IN)
  YESTERDAY        0.0           8.4  1970   0.5   -0.5      0.0
  MONTH TO DATE    T                         1.6   -1.6      0.0
  SINCE OCT 1      1.8                       9.7   -7.9      1.7
  SINCE JUL 1      1.8                       9.7   -7.9      1.7
  SNOW DEPTH       0

DEGREE DAYS
 HEATING
  YESTERDAY       27                        36     -9       28
  MONTH TO DATE   80                       106    -26       86
  SINCE DEC 1     80                       106    -26       86
  SINCE JUL 1   1289                      1929   -640     1459
..................................................................


WIND (MPH)
  HIGHEST WIND SPEED    10   HIGHEST WIND DIRECTION     N (350)
  HIGHEST GUST SPEED    14   HIGHEST GUST DIRECTION     W (270)
  AVERAGE WIND SPEED     4.1




RELATIVE HUMIDITY (PERCENT)
 HIGHEST    89
 LOWEST     59
 AVERAGE    74

..........................................................


THE ALPENA MI CLIMATE NORMALS FOR TODAY
                         NORMAL    RECORD    YEAR
 MAXIMUM TEMPERATURE (F)   35        61      1961
 MINIMUM TEMPERATURE (F)   23         0      1935


SUNRISE AND SUNSET
DECEMBER  4 2016......SUNRISE   756 AM EST   SUNSET   453 PM EST
DECEMBER  5 2016......SUNRISE   757 AM EST   SUNSET   453 PM EST


-  INDICATES NEGATIVE NUMBERS.
R  INDICATES RECORD WAS SET OR TIED.
MM INDICATES DATA IS MISSING.
T  INDICATES TRACE AMOUNT.




$$
