000
CDUS43 KAPX 040531
CLIAPN


CLIMATE REPORT
NATIONAL WEATHER SERVICE GAYLORD MI
127 AM EDT FRI SEP 4 2015


...................................

...THE ALPENA MI CLIMATE SUMMARY FOR SEPTEMBER 3 2015...

CLIMATE NORMAL PERIOD 1981 TO 2010
CLIMATE RECORD PERIOD 1916 TO 2015


WEATHER ITEM   OBSERVED TIME   RECORD YEAR NORMAL DEPARTURE LAST
                VALUE   (LST)  VALUE       VALUE  FROM      YEAR
                                                  NORMAL
..................................................................
TEMPERATURE (F)
 YESTERDAY
  MAXIMUM         71    457 PM  98    1953  74     -3       81
  MINIMUM         62    632 AM  31    1924  50     12       52
  AVERAGE         67                        62      5       67

PRECIPITATION (IN)
  YESTERDAY        0.37          5.14 1937   0.10   0.27     0.00
  MONTH TO DATE    0.42                      0.30   0.12     1.33
  SINCE SEP 1      0.42                      0.30   0.12     1.33
  SINCE JAN 1     15.07                     19.08  -4.01    23.23

DEGREE DAYS
 HEATING
  YESTERDAY        0                         4     -4        0
  MONTH TO DATE    0                        12    -12        0
  SINCE SEP 1      0                        12    -12        0
  SINCE JUL 1     74                       127    -53      124

 COOLING
  YESTERDAY        2                         1      1        2
  MONTH TO DATE   22                         5     17        8
  SINCE SEP 1     22                         5     17        8
  SINCE JAN 1    318                       271     47      158
..................................................................


WIND (MPH)
  HIGHEST WIND SPEED    10   HIGHEST WIND DIRECTION     N (360)
  HIGHEST GUST SPEED    13   HIGHEST GUST DIRECTION     N (360)
  AVERAGE WIND SPEED     3.7




RELATIVE HUMIDITY (PERCENT)
 HIGHEST   100
 LOWEST     84
 AVERAGE    92

..........................................................


THE ALPENA MI CLIMATE NORMALS FOR TODAY
                         NORMAL    RECORD    YEAR
 MAXIMUM TEMPERATURE (F)   73        94      1953
                                             1929
 MINIMUM TEMPERATURE (F)   50        32      1946


SUNRISE AND SUNSET
SEPTEMBER  4 2015.....SUNRISE   659 AM EDT   SUNSET   806 PM EDT
SEPTEMBER  5 2015.....SUNRISE   701 AM EDT   SUNSET   804 PM EDT


-  INDICATES NEGATIVE NUMBERS.
R  INDICATES RECORD WAS SET OR TIED.
MM INDICATES DATA IS MISSING.
T  INDICATES TRACE AMOUNT.




$$
