287
CDUS43 KAPX 090528
CLIAPN


CLIMATE REPORT
NATIONAL WEATHER SERVICE GAYLORD MI
1227 AM EST TUE FEB 9 2016


...................................

...THE ALPENA MI CLIMATE SUMMARY FOR FEBRUARY 8 2016...

CLIMATE NORMAL PERIOD 1981 TO 2010
CLIMATE RECORD PERIOD 1916 TO 2016


WEATHER ITEM   OBSERVED TIME   RECORD YEAR NORMAL DEPARTURE LAST
                VALUE   (LST)  VALUE       VALUE  FROM      YEAR
                                                  NORMAL
..................................................................
TEMPERATURE (F)
 YESTERDAY
  MAXIMUM         42    113 PM  50    1991  28     14       21
  MINIMUM         25    759 AM -34    1934  11     14       13
  AVERAGE         34                        19     15       17

PRECIPITATION (IN)
  YESTERDAY        0.02          0.55 1966   0.04  -0.02     0.20
  MONTH TO DATE    1.22                      0.34   0.88     0.43
  SINCE DEC 1      6.91                      3.75   3.16     3.31
  SINCE JAN 1      3.12                      2.00   1.12     1.62

SNOWFALL (IN)
  YESTERDAY        T             6.8  1987   0.6   -0.6      3.2
  MONTH TO DATE    7.4                       5.1    2.3      5.6
  SINCE OCT 1     32.0                      53.7  -21.7     37.0
  SINCE JUL 1     32.0                      53.7  -21.7     37.0
  SNOW DEPTH       9

DEGREE DAYS
 HEATING
  YESTERDAY       31                        46    -15       48
  MONTH TO DATE  300                       368    -68      407
  SINCE DEC 1   2488                      3027   -539     3110
  SINCE JUL 1   3861                      4850   -989     5043
..................................................................


WIND (MPH)
  HIGHEST WIND SPEED    16   HIGHEST WIND DIRECTION     N (340)
  HIGHEST GUST SPEED    22   HIGHEST GUST DIRECTION    NW (330)
  AVERAGE WIND SPEED     5.1




RELATIVE HUMIDITY (PERCENT)
 HIGHEST    92
 LOWEST     70
 AVERAGE    81

..........................................................


THE ALPENA MI CLIMATE NORMALS FOR TODAY
                         NORMAL    RECORD    YEAR
 MAXIMUM TEMPERATURE (F)   28        52      1966
 MINIMUM TEMPERATURE (F)   11       -36      1934


SUNRISE AND SUNSET
FEBRUARY  9 2016......SUNRISE   745 AM EST   SUNSET   553 PM EST
FEBRUARY 10 2016......SUNRISE   743 AM EST   SUNSET   554 PM EST


-  INDICATES NEGATIVE NUMBERS.
R  INDICATES RECORD WAS SET OR TIED.
MM INDICATES DATA IS MISSING.
T  INDICATES TRACE AMOUNT.




$$
