000
CDUS43 KAPX 290529
CLIAPN


CLIMATE REPORT
NATIONAL WEATHER SERVICE GAYLORD MI
128 AM EDT SAT APR 29 2017


...................................

...THE ALPENA MI CLIMATE SUMMARY FOR APRIL 28 2017...

CLIMATE NORMAL PERIOD 1981 TO 2010
CLIMATE RECORD PERIOD 1916 TO 2017


WEATHER ITEM   OBSERVED TIME   RECORD YEAR NORMAL DEPARTURE LAST
                VALUE   (LST)  VALUE       VALUE  FROM      YEAR
                                                  NORMAL
..................................................................
TEMPERATURE (F)
 YESTERDAY
  MAXIMUM         62    308 PM  85    1974  58      4       48
  MINIMUM         40    953 PM  20    1996  35      5       31
  AVERAGE         51                        47      4       40

PRECIPITATION (IN)
  YESTERDAY        T             1.30 1959   0.08  -0.08     0.00
  MONTH TO DATE    4.00                      2.23   1.77     3.42
  SINCE MAR 1      6.83                      4.09   2.74     8.94
  SINCE JAN 1     12.32                      7.07   5.25    13.42

SNOWFALL (IN)
  YESTERDAY        0.0           T    2011   0.1   -0.1      0.0
                                      1960
  MONTH TO DATE    T                         5.7   -5.7     21.8
  SINCE OCT 1     66.4                      84.0  -17.6     88.8
  SINCE JUL 1     66.4                      84.0  -17.6     88.8
  SNOW DEPTH       0

DEGREE DAYS
 HEATING
  YESTERDAY       14                        18     -4       25
  MONTH TO DATE  540                       666   -126      802
  SINCE MAR 1   1671                      1790   -119     1780
  SINCE JUL 1   6302                      7522  -1220     6562

 COOLING
  YESTERDAY        0                         0      0        0
  MONTH TO DATE    0                         0      0        0
  SINCE MAR 1      0                         0      0        0
  SINCE JAN 1      0                         0      0        0
..................................................................


WIND (MPH)
  HIGHEST WIND SPEED    18   HIGHEST WIND DIRECTION    NE (50)
  HIGHEST GUST SPEED    27   HIGHEST GUST DIRECTION    SW (230)
  AVERAGE WIND SPEED    10.0




RELATIVE HUMIDITY (PERCENT)
 HIGHEST    76
 LOWEST     36
 AVERAGE    56

..........................................................


THE ALPENA MI CLIMATE NORMALS FOR TODAY
                         NORMAL    RECORD    YEAR
 MAXIMUM TEMPERATURE (F)   59        80      2004
                                             1957
                                             1941
 MINIMUM TEMPERATURE (F)   36        20      1950
                                             1945


SUNRISE AND SUNSET
APRIL 29 2017.........SUNRISE   626 AM EDT   SUNSET   838 PM EDT
APRIL 30 2017.........SUNRISE   625 AM EDT   SUNSET   839 PM EDT


-  INDICATES NEGATIVE NUMBERS.
R  INDICATES RECORD WAS SET OR TIED.
MM INDICATES DATA IS MISSING.
T  INDICATES TRACE AMOUNT.




$$
