000
CDUS43 KAPX 150528
CLIAPN


CLIMATE REPORT
NATIONAL WEATHER SERVICE GAYLORD MI
1228 AM EST FRI DEC 15 2017


...................................

...THE ALPENA MI CLIMATE SUMMARY FOR DECEMBER 14 2017...

CLIMATE NORMAL PERIOD 1981 TO 2010
CLIMATE RECORD PERIOD 1916 TO 2017


WEATHER ITEM   OBSERVED TIME   RECORD YEAR NORMAL DEPARTURE LAST
                VALUE   (LST)  VALUE       VALUE  FROM      YEAR
                                                  NORMAL
..................................................................
TEMPERATURE (F)
 YESTERDAY
  MAXIMUM         21   1145 PM  61    1975  32    -11       18
  MINIMUM          5    745 AM  -3    1943  19    -14        8
  AVERAGE         13                        25    -12       13

PRECIPITATION (IN)
  YESTERDAY        T             0.86 2015   0.06  -0.06     0.10
  MONTH TO DATE    0.55                      0.86  -0.31     0.71
  SINCE DEC 1      0.55                      0.86  -0.31     0.71
  SINCE JAN 1     39.46                     27.27  12.19    28.55

SNOWFALL (IN)
  YESTERDAY        T            16.4  1989   0.6   -0.6      1.4
  MONTH TO DATE    5.8                       8.2   -2.4     10.3
  SINCE OCT 1      6.3                      16.3   RRRR     12.1
  SINCE JUL 1      6.3                      16.3   RRRR     12.1
  SNOW DEPTH       3

DEGREE DAYS
 HEATING
  YESTERDAY       52                        40     12       52
  MONTH TO DATE  541                       523     18      503
  SINCE DEC 1    541                       523     18      503
  SINCE JUL 1   2045                      2346   -301     1712
..................................................................


WIND (MPH)
  HIGHEST WIND SPEED    15   HIGHEST WIND DIRECTION    NW (330)
  HIGHEST GUST SPEED    20   HIGHEST GUST DIRECTION    NW (320)
  AVERAGE WIND SPEED     6.2




RELATIVE HUMIDITY (PERCENT)
 HIGHEST    96
 LOWEST     62
 AVERAGE    79

..........................................................


THE ALPENA MI CLIMATE NORMALS FOR TODAY
                         NORMAL    RECORD    YEAR
 MAXIMUM TEMPERATURE (F)   32        59      1997
 MINIMUM TEMPERATURE (F)   19        -7      1917


SUNRISE AND SUNSET
DECEMBER 15 2017......SUNRISE   806 AM EST   SUNSET   453 PM EST
DECEMBER 16 2017......SUNRISE   807 AM EST   SUNSET   453 PM EST


-  INDICATES NEGATIVE NUMBERS.
R  INDICATES RECORD WAS SET OR TIED.
MM INDICATES DATA IS MISSING.
T  INDICATES TRACE AMOUNT.




$$
