000
CDUS43 KAPX 240528
CLIAPN


CLIMATE REPORT
NATIONAL WEATHER SERVICE GAYLORD MI
127 AM EDT FRI MAR 24 2017


...................................

...THE ALPENA MI CLIMATE SUMMARY FOR MARCH 23 2017...

CLIMATE NORMAL PERIOD 1981 TO 2010
CLIMATE RECORD PERIOD 1916 TO 2017


WEATHER ITEM   OBSERVED TIME   RECORD YEAR NORMAL DEPARTURE LAST
                VALUE   (LST)  VALUE       VALUE  FROM      YEAR
                                                  NORMAL
..................................................................
TEMPERATURE (F)
 YESTERDAY
  MAXIMUM         41    128 PM  70    1938  41      0       35
  MINIMUM         11    223 AM -15    1934  22    -11       28
  AVERAGE         26                        31     -5       32

PRECIPITATION (IN)
  YESTERDAY        0.01          0.78 1938   0.06  -0.05     0.10
  MONTH TO DATE    1.14                      1.34  -0.20     2.30
  SINCE MAR 1      1.14                      1.34  -0.20     2.30
  SINCE JAN 1      6.63                      4.32   2.31     6.78

SNOWFALL (IN)
  YESTERDAY        0.0           4.3  1968   0.4   -0.4      0.5
  MONTH TO DATE   10.0                       9.8    0.2      9.1
  SINCE OCT 1     63.5                      75.9  -12.4     56.5
  SINCE JUL 1     63.5                      75.9  -12.4     56.5
  SNOW DEPTH       0

DEGREE DAYS
 HEATING
  YESTERDAY       39                        34      5       33
  MONTH TO DATE  905                       870     35      745
  SINCE MAR 1    905                       870     35      745
  SINCE JUL 1   5536                      6602  -1066     5527

 COOLING
  YESTERDAY        0                         0      0        0
  MONTH TO DATE    0                         0      0        0
  SINCE MAR 1      0                         0      0        0
  SINCE JAN 1      0                         0      0        0
..................................................................


WIND (MPH)
  HIGHEST WIND SPEED    20   HIGHEST WIND DIRECTION     S (160)
  HIGHEST GUST SPEED    24   HIGHEST GUST DIRECTION     S (160)
  AVERAGE WIND SPEED     7.8




RELATIVE HUMIDITY (PERCENT)
 HIGHEST    92
 LOWEST     28
 AVERAGE    60

..........................................................


THE ALPENA MI CLIMATE NORMALS FOR TODAY
                         NORMAL    RECORD    YEAR
 MAXIMUM TEMPERATURE (F)   42        66      1976
                                             1963
 MINIMUM TEMPERATURE (F)   22        -4      1965


SUNRISE AND SUNSET
MARCH 24 2017.........SUNRISE   729 AM EDT   SUNSET   752 PM EDT
MARCH 25 2017.........SUNRISE   728 AM EDT   SUNSET   754 PM EDT


-  INDICATES NEGATIVE NUMBERS.
R  INDICATES RECORD WAS SET OR TIED.
MM INDICATES DATA IS MISSING.
T  INDICATES TRACE AMOUNT.




$$
