000
CDUS43 KAPX 230527
CLIAPN


CLIMATE REPORT
NATIONAL WEATHER SERVICE GAYLORD MI
127 AM EDT FRI JUN 23 2017


...................................

...THE ALPENA MI CLIMATE SUMMARY FOR JUNE 22 2017...

CLIMATE NORMAL PERIOD 1981 TO 2010
CLIMATE RECORD PERIOD 1916 TO 2017


WEATHER ITEM   OBSERVED TIME   RECORD YEAR NORMAL DEPARTURE LAST
                VALUE   (LST)  VALUE       VALUE  FROM      YEAR
                                                  NORMAL
..................................................................
TEMPERATURE (F)
 YESTERDAY
  MAXIMUM         79    331 PM  93    1975  77      2       74
  MINIMUM         51    334 AM  34    1934  52     -1       45
  AVERAGE         65                        64      1       60

PRECIPITATION (IN)
  YESTERDAY        0.35          1.42 1990   0.10   0.25     0.00
  MONTH TO DATE    3.52                      1.89   1.63     1.26
  SINCE JUN 1      3.52                      1.89   1.63     1.26
  SINCE JAN 1     18.83                     11.79   7.04    15.99

DEGREE DAYS
 HEATING
  YESTERDAY        0                         3     -3        5
  MONTH TO DATE   62                       122    -60      101
  SINCE JUN 1     62                       122    -60      101
  SINCE JUL 1   6808                      8079  -1271     7054

 COOLING
  YESTERDAY        0                         2     -2        0
  MONTH TO DATE   51                        34     17       45
  SINCE JUN 1     51                        34     17       45
  SINCE JAN 1     57                        47     10       77
..................................................................


WIND (MPH)
  HIGHEST WIND SPEED    17   HIGHEST WIND DIRECTION     S (190)
  HIGHEST GUST SPEED    25   HIGHEST GUST DIRECTION     W (250)
  AVERAGE WIND SPEED     4.4




RELATIVE HUMIDITY (PERCENT)
 HIGHEST   100
 LOWEST     74
 AVERAGE    87

..........................................................


THE ALPENA MI CLIMATE NORMALS FOR TODAY
                         NORMAL    RECORD    YEAR
 MAXIMUM TEMPERATURE (F)   77        94      1923
 MINIMUM TEMPERATURE (F)   52        35      1963
                                             1918


SUNRISE AND SUNSET
JUNE 23 2017..........SUNRISE   548 AM EDT   SUNSET   925 PM EDT
JUNE 24 2017..........SUNRISE   548 AM EDT   SUNSET   925 PM EDT


-  INDICATES NEGATIVE NUMBERS.
R  INDICATES RECORD WAS SET OR TIED.
MM INDICATES DATA IS MISSING.
T  INDICATES TRACE AMOUNT.




$$
