000
CDUS43 KAPX 150529
CLIAPN


CLIMATE REPORT
NATIONAL WEATHER SERVICE GAYLORD MI
128 AM EDT MON SEP 15 2014


...................................

...THE ALPENA MI CLIMATE SUMMARY FOR SEPTEMBER 14 2014...

CLIMATE NORMAL PERIOD 1981 TO 2010
CLIMATE RECORD PERIOD 1916 TO 2014


WEATHER ITEM   OBSERVED TIME   RECORD YEAR NORMAL DEPARTURE LAST
                VALUE   (LST)  VALUE       VALUE  FROM      YEAR
                                                  NORMAL
..................................................................
TEMPERATURE (F)
 YESTERDAY
  MAXIMUM         57    327 PM  94    1939  70    -13       70
  MINIMUM         33    622 AM  26    1963  47    -14       34
  AVERAGE         45                        58    -13       52

PRECIPITATION (IN)
  YESTERDAY        0.00          1.65 1940   0.10  -0.10     0.00
  MONTH TO DATE    2.79                      1.40   1.39     0.78
  SINCE SEP 1      2.79                      1.40   1.39     0.78
  SINCE JAN 1     24.69                     20.18   4.51    22.85

DEGREE DAYS
 HEATING
  YESTERDAY       20                         7     13       13
  MONTH TO DATE   82                        77      5       83
  SINCE SEP 1     82                        77      5       83
  SINCE JUL 1    206                       192     14      194

 COOLING
  YESTERDAY        0                         1     -1        0
  MONTH TO DATE   18                        16      2       25
  SINCE SEP 1     18                        16      2       25
  SINCE JAN 1    168                       282   -114      332
..................................................................


WIND (MPH)
  HIGHEST WIND SPEED    16   HIGHEST WIND DIRECTION    SW (210)
  HIGHEST GUST SPEED    21   HIGHEST GUST DIRECTION    SW (210)
  AVERAGE WIND SPEED     6.2




RELATIVE HUMIDITY (PERCENT)
 HIGHEST   100
 LOWEST     51
 AVERAGE    76

..........................................................


THE ALPENA MI CLIMATE NORMALS FOR TODAY
                         NORMAL    RECORD    YEAR
 MAXIMUM TEMPERATURE (F)   69        95      1939
 MINIMUM TEMPERATURE (F)   47        26      1964


SUNRISE AND SUNSET
SEPTEMBER 15 2014.....SUNRISE   713 AM EDT   SUNSET   745 PM EDT
SEPTEMBER 16 2014.....SUNRISE   714 AM EDT   SUNSET   743 PM EDT


-  INDICATES NEGATIVE NUMBERS.
R  INDICATES RECORD WAS SET OR TIED.
MM INDICATES DATA IS MISSING.
T  INDICATES TRACE AMOUNT.




$$
