000
CDUS44 KLCH 292249
CLIARA


CLIMATE REPORT
NATIONAL WEATHER SERVICE LAKE CHARLES, LA
549 PM CDT MON JUN 29 2015


...................................

...THE NEW IBERIA CLIMATE SUMMARY FOR JUNE 29 2015...
VALID TODAY AS OF 0500 PM LOCAL TIME.

CLIMATE NORMAL PERIOD 1981 TO 2010
CLIMATE RECORD PERIOD 1948 TO 2015


WEATHER ITEM   OBSERVED TIME   RECORD YEAR NORMAL DEPARTURE LAST
                VALUE   (LST)  VALUE       VALUE  FROM      YEAR
                                                  NORMAL
..................................................................
TEMPERATURE (F)
 TODAY
  MAXIMUM         91    348 PM 100    2009  91      0       91
  MINIMUM         74    527 AM  63    1974  73      1       78
  AVERAGE         83                        82      1       85

PRECIPITATION (IN)
  TODAY            T             1.97 1986   0.20  -0.20     0.00
  MONTH TO DATE    7.04                      6.70   0.34     7.69
  SINCE JUN 1      7.04                      6.70   0.34     7.69
  SINCE JAN 1     34.65                     28.93   5.72    24.03

SNOWFALL (IN)
  TODAY            0.0           0.0    MM  MM               0.0
  MONTH TO DATE    0.0                      MM               0.0
  SINCE JUN 1      0.0                      MM               0.0
  SINCE JUL 1      T                        MM               0.1

DEGREE DAYS
 HEATING
  TODAY            0                         0      0        0
  MONTH TO DATE    0                         0      0        0
  SINCE JUN 1      0                         0      0        0
  SINCE JUL 1   1416                      1409      7     1784

 COOLING
  TODAY           18                        17      1       20
  MONTH TO DATE  499                       455     44      489
  SINCE JUN 1    499                       455     44      489
  SINCE JAN 1   1119                      1025     94      975
..................................................................


WIND (MPH)
  RESULTANT WIND SPEED   5   RESULTANT WIND DIRECTION  SW (240)
  HIGHEST WIND SPEED    18   HIGHEST WIND DIRECTION     W (260)
  HIGHEST GUST SPEED    24   HIGHEST GUST DIRECTION     W (270)
  AVERAGE WIND SPEED     5.9


SKY COVER
  POSSIBLE SUNSHINE  MM
  AVERAGE SKY COVER 0.1


WEATHER CONDITIONS
 THE FOLLOWING WEATHER WAS RECORDED TODAY.
  THUNDERSTORM
  FOG


RELATIVE HUMIDITY (PERCENT)
 HIGHEST   100           400 AM
 LOWEST     59           200 PM
 AVERAGE    80

..........................................................


THE NEW IBERIA CLIMATE NORMALS FOR TOMORROW
                         NORMAL    RECORD    YEAR
 MAXIMUM TEMPERATURE (F)   91       100      1954
 MINIMUM TEMPERATURE (F)   73        62      1974


SUNRISE AND SUNSET
JUNE 29 2015..........SUNRISE   609 AM CDT   SUNSET   813 PM CDT
JUNE 30 2015..........SUNRISE   609 AM CDT   SUNSET   813 PM CDT


-  INDICATES NEGATIVE NUMBERS.
R  INDICATES RECORD WAS SET OR TIED.
MM INDICATES DATA IS MISSING.
T  INDICATES TRACE AMOUNT.




$$
