610
CDUS44 KLCH 232228
CLIARA


CLIMATE REPORT
NATIONAL WEATHER SERVICE LAKE CHARLES, LA
528 PM CDT SUN APR 23 2017


...................................

...THE NEW IBERIA CLIMATE SUMMARY FOR APRIL 23 2017...
VALID TODAY AS OF 0500 PM LOCAL TIME.

CLIMATE NORMAL PERIOD 1981 TO 2010
CLIMATE RECORD PERIOD 1948 TO 2017


WEATHER ITEM   OBSERVED TIME   RECORD YEAR NORMAL DEPARTURE LAST
                VALUE   (LST)  VALUE       VALUE  FROM      YEAR
                                                  NORMAL
..................................................................
TEMPERATURE (F)
 TODAY
  MAXIMUM         68    234 PM  89    2008  81    -13       82
                                      1963
  MINIMUM         57    829 AM  46    1993  59     -2       58
  AVERAGE         63                        70     -7       70

PRECIPITATION (IN)
  TODAY            0.00          2.41 1952   0.10  -0.10     0.00
  MONTH TO DATE    1.59                      3.35  -1.76     4.17
  SINCE MAR 1      4.28                      7.12  -2.84     7.89
  SINCE JAN 1      7.08                     16.53  -9.45    18.12

SNOWFALL (IN)
  TODAY            0.0           0.0    MM  MM               0.0
  MONTH TO DATE    0.0                      MM               0.0
  SINCE MAR 1      0.0                      MM               0.0
  SINCE JUL 1      0.0                      MM               0.0

DEGREE DAYS
 HEATING
  TODAY            2                         1      1        0
  MONTH TO DATE    9                        43    -34       16
  SINCE MAR 1     80                       191   -111       81
  SINCE JUL 1    709                      1407   -698      997

 COOLING
  TODAY            0                         5     -5        5
  MONTH TO DATE  149                        91     58      108
  SINCE MAR 1    274                       143    131      213
  SINCE JAN 1    409                       174    235      223
..................................................................


WIND (MPH)
  RESULTANT WIND SPEED  13   RESULTANT WIND DIRECTION   N (340)
  HIGHEST WIND SPEED    21   HIGHEST WIND DIRECTION    NW (330)
  HIGHEST GUST SPEED    25   HIGHEST GUST DIRECTION    NW (330)
  AVERAGE WIND SPEED    13.7


SKY COVER
  POSSIBLE SUNSHINE  MM
  AVERAGE SKY COVER 0.9


WEATHER CONDITIONS
 THE FOLLOWING WEATHER WAS RECORDED TODAY.
  NO SIGNIFICANT WEATHER WAS OBSERVED.


RELATIVE HUMIDITY (PERCENT)
 HIGHEST    78           200 AM
 LOWEST     48           200 PM
 AVERAGE    63

..........................................................


THE NEW IBERIA CLIMATE NORMALS FOR TOMORROW
                         NORMAL    RECORD    YEAR
 MAXIMUM TEMPERATURE (F)   81        89      1955
 MINIMUM TEMPERATURE (F)   59        47      2005
                                             1998
                                             1983


SUNRISE AND SUNSET
APRIL 23 2017.........SUNRISE   632 AM CDT   SUNSET   740 PM CDT
APRIL 24 2017.........SUNRISE   631 AM CDT   SUNSET   741 PM CDT


-  INDICATES NEGATIVE NUMBERS.
R  INDICATES RECORD WAS SET OR TIED.
MM INDICATES DATA IS MISSING.
T  INDICATES TRACE AMOUNT.




$$
