000
CDUS44 KLCH 270803
CLIARA


CLIMATE REPORT
NATIONAL WEATHER SERVICE LAKE CHARLES, LA
303 AM CDT FRI MAY 27 2016


...................................

...THE NEW IBERIA CLIMATE SUMMARY FOR MAY 26 2016...

CLIMATE NORMAL PERIOD 1981 TO 2010
CLIMATE RECORD PERIOD 1948 TO 2016


WEATHER ITEM   OBSERVED TIME   RECORD YEAR NORMAL DEPARTURE LAST
                VALUE   (LST)  VALUE       VALUE  FROM      YEAR
                                                  NORMAL
..................................................................
TEMPERATURE (F)
 YESTERDAY
  MAXIMUM         88   1235 PM  93    2012  88      0       88
                                      2011
                                      1996
  MINIMUM         73    458 AM  53    1979  69      4       65
  AVERAGE         81                        78      3       77

PRECIPITATION (IN)
  YESTERDAY        0.00          3.32 1997   0.25  -0.25     1.72
  MONTH TO DATE    4.53                      3.76   0.77     6.26
  SINCE MAR 1     14.82                     11.60   3.22    20.24
  SINCE JAN 1     25.05                     21.01   4.04    26.70

SNOWFALL (IN)
  YESTERDAY        0.0           0.0    MM  MM               0.0
  MONTH TO DATE    0.0                      MM               0.0
  SINCE MAR 1      0.0                      MM                T
  SINCE JUL 1      0.0                      MM                T

DEGREE DAYS
 HEATING
  YESTERDAY        0                         0      0        0
  MONTH TO DATE    0                         0      0        0
  SINCE MAR 1     81                       192   -111       73
  SINCE JUL 1    997                      1408   -411     1416

 COOLING
  YESTERDAY       16                        14      2       12
  MONTH TO DATE  258                       280    -22      227
  SINCE MAR 1    544                       469     75      545
  SINCE JAN 1    554                       500     54      549
..................................................................


WIND (MPH)
  RESULTANT WIND SPEED  10   RESULTANT WIND DIRECTION   S (160)
  HIGHEST WIND SPEED    21   HIGHEST WIND DIRECTION     S (160)
  HIGHEST GUST SPEED    26   HIGHEST GUST DIRECTION     S (160)
  AVERAGE WIND SPEED    10.1


SKY COVER
  POSSIBLE SUNSHINE  MM
  AVERAGE SKY COVER 0.2


WEATHER CONDITIONS
 THE FOLLOWING WEATHER WAS RECORDED YESTERDAY.
  FOG


RELATIVE HUMIDITY (PERCENT)
 HIGHEST    94           100 AM
 LOWEST     57           200 PM
 AVERAGE    76

..........................................................


THE NEW IBERIA CLIMATE NORMALS FOR TODAY
                         NORMAL    RECORD    YEAR
 MAXIMUM TEMPERATURE (F)   88        94      1953
 MINIMUM TEMPERATURE (F)   70        52      1961


SUNRISE AND SUNSET
MAY 27 2016...........SUNRISE   608 AM CDT   SUNSET   802 PM CDT
MAY 28 2016...........SUNRISE   608 AM CDT   SUNSET   802 PM CDT


-  INDICATES NEGATIVE NUMBERS.
R  INDICATES RECORD WAS SET OR TIED.
MM INDICATES DATA IS MISSING.
T  INDICATES TRACE AMOUNT.




$$
