935
CDUS44 KLCH 121245
CLIARA


CLIMATE REPORT
NATIONAL WEATHER SERVICE LAKE CHARLES, LA
645 AM CST FRI FEB 12 2016


...................................

...THE NEW IBERIA CLIMATE SUMMARY FOR FEBRUARY 11 2016...

CLIMATE NORMAL PERIOD 1981 TO 2010
CLIMATE RECORD PERIOD 1948 TO 2016


WEATHER ITEM   OBSERVED TIME   RECORD YEAR NORMAL DEPARTURE LAST
                VALUE   (LST)  VALUE       VALUE  FROM      YEAR
                                                  NORMAL
..................................................................
TEMPERATURE (F)
 YESTERDAY
  MAXIMUM         74    229 PM  80    1999  65      9       74
                                      1950
  MINIMUM         43    427 AM  23    1973  45     -2       43
  AVERAGE         59                        55      4       59

PRECIPITATION (IN)
  YESTERDAY        T             2.11 2014   0.16  -0.16     0.00
  MONTH TO DATE    1.41                      1.51  -0.10     1.12
  SINCE DEC 1     10.70                     11.73  -1.03     7.20
  SINCE JAN 1      7.68                      6.73   0.95     5.49

SNOWFALL (IN)
  YESTERDAY       MM             0.0    MM  MM               0.0
  MONTH TO DATE    0.0                      MM               0.0
  SINCE DEC 1      0.0                      MM               0.0
  SINCE JUL 1      0.0                      MM               0.0

DEGREE DAYS
 HEATING
  YESTERDAY        6                        11     -5        6
  MONTH TO DATE  145                       126     19      118
  SINCE DEC 1    731                       868   -137      803
  SINCE JUL 1    802                      1063   -261     1090

 COOLING
  YESTERDAY        0                         1     -1        0
  MONTH TO DATE    5                         7     -2        1
  SINCE DEC 1     89                        41     48       25
  SINCE JAN 1      6                        19    -13        3
..................................................................


WIND (MPH)
  RESULTANT WIND SPEED   9   RESULTANT WIND DIRECTION  SW (230)
  HIGHEST WIND SPEED    24   HIGHEST WIND DIRECTION    SW (230)
  HIGHEST GUST SPEED    30   HIGHEST GUST DIRECTION    SW (230)
  AVERAGE WIND SPEED    10.5


SKY COVER
  POSSIBLE SUNSHINE  MM
  AVERAGE SKY COVER 0.0


WEATHER CONDITIONS
 THE FOLLOWING WEATHER WAS RECORDED YESTERDAY.
  LIGHT RAIN
  FOG


RELATIVE HUMIDITY (PERCENT)
 HIGHEST   100           500 AM
 LOWEST     53           100 PM
 AVERAGE    77

..........................................................


THE NEW IBERIA CLIMATE NORMALS FOR TODAY
                         NORMAL    RECORD    YEAR
 MAXIMUM TEMPERATURE (F)   65        80      1950
 MINIMUM TEMPERATURE (F)   45        24      1981


SUNRISE AND SUNSET
FEBRUARY 12 2016......SUNRISE   650 AM CST   SUNSET   554 PM CST
FEBRUARY 13 2016......SUNRISE   649 AM CST   SUNSET   554 PM CST


-  INDICATES NEGATIVE NUMBERS.
R  INDICATES RECORD WAS SET OR TIED.
MM INDICATES DATA IS MISSING.
T  INDICATES TRACE AMOUNT.




$$
