000
CDUS43 KLOT 260632
CLIARR


CLIMATE REPORT
NATIONAL WEATHER SERVICE CHICAGO IL
131 AM CDT MON JUN 26 2017


...................................

...THE AURORA MUNICIPAL AIRPORT CLIMATE SUMMARY FOR JUNE 25 2017...

CLIMATE NORMAL PERIOD 1981 TO 2010
CLIMATE RECORD PERIOD 1998 TO 2017


WEATHER ITEM   OBSERVED TIME   RECORD YEAR NORMAL DEPARTURE LAST
                VALUE   (LST)  VALUE       VALUE  FROM      YEAR
                                                  NORMAL
..................................................................
TEMPERATURE (F)
 YESTERDAY
  MAXIMUM         72   1207 PM  96    2005  83    -11       90
  MINIMUM         49R   354 AM  50    2004  60    -11       65
  AVERAGE         61                        71    -10       78

PRECIPITATION (IN)
  YESTERDAY        0.00          0.68 2006   0.11  -0.11     0.00
  MONTH TO DATE    1.98                      3.56  -1.58     3.49
  SINCE JUN 1      1.98                      3.56  -1.58     3.49
  SINCE JAN 1     20.06                     16.44   3.62    17.12

DEGREE DAYS
 HEATING
  YESTERDAY        4                         0      4        0
  MONTH TO DATE    8                        40    -32        6
  SINCE JUN 1      8                        40    -32        6
  SINCE JUL 1   5424                      6774  -1350     5459

 COOLING
  YESTERDAY        0                         7     -7       13
  MONTH TO DATE  195                       120     75      176
  SINCE JUN 1    195                       120     75      176
  SINCE JAN 1    229                       161     68      258
..................................................................


WIND (MPH)
  RESULTANT WIND SPEED  13   RESULTANT WIND DIRECTION   W (270)
  HIGHEST WIND SPEED    24   HIGHEST WIND DIRECTION     W (280)
  HIGHEST GUST SPEED    33   HIGHEST GUST DIRECTION     W (270)
  AVERAGE WIND SPEED    12.9


SKY COVER
  POSSIBLE SUNSHINE  MM
  AVERAGE SKY COVER 0.3


WEATHER CONDITIONS
 THE FOLLOWING WEATHER WAS RECORDED YESTERDAY.
  NO SIGNIFICANT WEATHER WAS OBSERVED.


RELATIVE HUMIDITY (PERCENT)
 HIGHEST    96           100 AM
 LOWEST     40           100 PM
 AVERAGE    68

..........................................................


THE AURORA MUNICIPAL AIRPORT CLIMATE NORMALS FOR TODAY
                         NORMAL    RECORD    YEAR
 MAXIMUM TEMPERATURE (F)   83        96      2005
 MINIMUM TEMPERATURE (F)   60        47      2004


SUNRISE AND SUNSET
JUNE 26 2017..........SUNRISE   521 AM CDT   SUNSET   833 PM CDT
JUNE 27 2017..........SUNRISE   521 AM CDT   SUNSET   833 PM CDT


-  INDICATES NEGATIVE NUMBERS.
R  INDICATES RECORD WAS SET OR TIED.
MM INDICATES DATA IS MISSING.
T  INDICATES TRACE AMOUNT.




$$
