000
CDUS43 KLOT 220633
CLIARR


CLIMATE REPORT
NATIONAL WEATHER SERVICE CHICAGO IL
133 AM CDT SUN OCT 22 2017


...................................

...THE AURORA MUNICIPAL AIRPORT CLIMATE SUMMARY FOR OCTOBER 21 2017...

CLIMATE NORMAL PERIOD 1981 TO 2010
CLIMATE RECORD PERIOD 1998 TO 2017


WEATHER ITEM   OBSERVED TIME   RECORD YEAR NORMAL DEPARTURE LAST
                VALUE   (LST)  VALUE       VALUE  FROM      YEAR
                                                  NORMAL
..................................................................
TEMPERATURE (F)
 YESTERDAY
  MAXIMUM         78    231 PM  80    2007  60     18       55
  MINIMUM         55    512 AM  27    2013  38     17       34
  AVERAGE         67                        49     18       45

PRECIPITATION (IN)
  YESTERDAY        0.00          0.42 2006   0.10  -0.10     0.00
  MONTH TO DATE    8.48                      2.14   6.34     1.76
  SINCE SEP 1     10.12                      5.58   4.54     3.42
  SINCE JAN 1     38.50                     30.78   7.72    30.25

DEGREE DAYS
 HEATING
  YESTERDAY        0                        16    -16       20
  MONTH TO DATE   84                       275   -191      141
  SINCE SEP 1    180                       404   -224      162
  SINCE JUL 1    205                       428   -223      165

 COOLING
  YESTERDAY        2                         0      2        0
  MONTH TO DATE   19                         9     10       23
  SINCE SEP 1    144                        72     72      180
  SINCE JAN 1    713                       656     57     1034
..................................................................


WIND (MPH)
  RESULTANT WIND SPEED  13   RESULTANT WIND DIRECTION   S (170)
  HIGHEST WIND SPEED    23   HIGHEST WIND DIRECTION     S (170)
  HIGHEST GUST SPEED    30   HIGHEST GUST DIRECTION     S (170)
  AVERAGE WIND SPEED    13.1


SKY COVER
  POSSIBLE SUNSHINE  MM
  AVERAGE SKY COVER 0.2


WEATHER CONDITIONS
 THE FOLLOWING WEATHER WAS RECORDED YESTERDAY.
  NO SIGNIFICANT WEATHER WAS OBSERVED.


RELATIVE HUMIDITY (PERCENT)
 HIGHEST    77           500 AM
 LOWEST     47           100 PM
 AVERAGE    62

..........................................................


THE AURORA MUNICIPAL AIRPORT CLIMATE NORMALS FOR TODAY
                         NORMAL    RECORD    YEAR
 MAXIMUM TEMPERATURE (F)   60        68      2000
 MINIMUM TEMPERATURE (F)   37        23      2013


SUNRISE AND SUNSET
OCTOBER 22 2017.......SUNRISE   714 AM CDT   SUNSET   602 PM CDT
OCTOBER 23 2017.......SUNRISE   716 AM CDT   SUNSET   600 PM CDT


-  INDICATES NEGATIVE NUMBERS.
R  INDICATES RECORD WAS SET OR TIED.
MM INDICATES DATA IS MISSING.
T  INDICATES TRACE AMOUNT.




$$
