000
CDUS43 KLOT 290636
CLIARR


CLIMATE REPORT
NATIONAL WEATHER SERVICE CHICAGO IL
135 AM CDT SUN MAR 29 2015


...................................

...THE AURORA MUNICIPAL AIRPORT CLIMATE SUMMARY FOR MARCH 28 2015...

CLIMATE NORMAL PERIOD 1981 TO 2010
CLIMATE RECORD PERIOD 1998 TO 2015


WEATHER ITEM   OBSERVED TIME   RECORD YEAR NORMAL DEPARTURE LAST
                VALUE   (LST)  VALUE       VALUE  FROM      YEAR
                                                  NORMAL
..................................................................
TEMPERATURE (F)
 YESTERDAY
  MAXIMUM         42    315 PM  71    2004  53    -11       50
  MINIMUM         14R   431 AM  20    2011  31    -17       35
                                      2001
  AVERAGE         28                        42    -14       43

PRECIPITATION (IN)
  YESTERDAY        0.00          0.79 2004   0.07  -0.07     0.04
  MONTH TO DATE    0.31                      2.00  -1.69     0.72
  SINCE MAR 1      0.31                      2.00  -1.69     0.72
  SINCE JAN 1      0.99                      5.09  -4.10     2.57

DEGREE DAYS
 HEATING
  YESTERDAY       37                        23     14       22
  MONTH TO DATE  880                       803     77     1013
  SINCE MAR 1    880                       803     77     1013
  SINCE JUL 1   6335                      5941    394     6589

 COOLING
  YESTERDAY        0                         0      0        0
  MONTH TO DATE    0                         0      0        0
  SINCE MAR 1      0                         0      0        0
  SINCE JAN 1      0                         0      0        0
..................................................................


WIND (MPH)
  RESULTANT WIND SPEED   2   RESULTANT WIND DIRECTION   E (90)
  HIGHEST WIND SPEED    12   HIGHEST WIND DIRECTION     E (110)
  HIGHEST GUST SPEED    16   HIGHEST GUST DIRECTION    NE (50)
  AVERAGE WIND SPEED     5.3


SKY COVER
  POSSIBLE SUNSHINE  MM
  AVERAGE SKY COVER 0.0


WEATHER CONDITIONS
 THE FOLLOWING WEATHER WAS RECORDED YESTERDAY.
  NO SIGNIFICANT WEATHER WAS OBSERVED.


RELATIVE HUMIDITY (PERCENT)
 HIGHEST    80          1200 AM
 LOWEST     23           200 PM
 AVERAGE    52

..........................................................


THE AURORA MUNICIPAL AIRPORT CLIMATE NORMALS FOR TODAY
                         NORMAL    RECORD    YEAR
 MAXIMUM TEMPERATURE (F)   53        69      2005
 MINIMUM TEMPERATURE (F)   31        19      2008


SUNRISE AND SUNSET
MARCH 29 2015.........SUNRISE   642 AM CDT   SUNSET   716 PM CDT
MARCH 30 2015.........SUNRISE   641 AM CDT   SUNSET   717 PM CDT


-  INDICATES NEGATIVE NUMBERS.
R  INDICATES RECORD WAS SET OR TIED.
MM INDICATES DATA IS MISSING.
T  INDICATES TRACE AMOUNT.




$$
