000
CDUS43 KLOT 070645
CLIARR


CLIMATE REPORT
NATIONAL WEATHER SERVICE CHICAGO IL
144 AM CDT TUE JUL 7 2015


...................................

...THE AURORA MUNICIPAL AIRPORT CLIMATE SUMMARY FOR JULY 6 2015...

CLIMATE NORMAL PERIOD 1981 TO 2010
CLIMATE RECORD PERIOD 1998 TO 2015


WEATHER ITEM   OBSERVED TIME   RECORD YEAR NORMAL DEPARTURE LAST
                VALUE   (LST)  VALUE       VALUE  FROM      YEAR
                                                  NORMAL
..................................................................
TEMPERATURE (F)
 YESTERDAY
  MAXIMUM         85   1210 PM 100    2012  84      1       86
  MINIMUM         63    326 AM  46    2001  60      3       62
  AVERAGE         74                        72      2       74

PRECIPITATION (IN)
  YESTERDAY        2.22R         0.62 2010   0.11   2.11     0.00
  MONTH TO DATE    2.22                      0.61   1.61     0.41
  SINCE JUN 1     10.91                      4.62   6.29     9.37
  SINCE JAN 1     20.26                     17.50   2.76    17.36

DEGREE DAYS
 HEATING
  YESTERDAY        0                         0      0        0
  MONTH TO DATE    5                         0      5        2
  SINCE JUN 1     23                        41    -18       18
  SINCE JUL 1      5                         0      5        2

 COOLING
  YESTERDAY        9                         7      2        9
  MONTH TO DATE   21                        42    -21       21
  SINCE JUN 1    172                       197    -25      217
  SINCE JAN 1    241                       238      3      303
..................................................................


WIND (MPH)
  RESULTANT WIND SPEED   8   RESULTANT WIND DIRECTION   S (180)
  HIGHEST WIND SPEED    24   HIGHEST WIND DIRECTION     W (290)
  HIGHEST GUST SPEED    29   HIGHEST GUST DIRECTION    NW (300)
  AVERAGE WIND SPEED     8.7


SKY COVER
  POSSIBLE SUNSHINE  MM
  AVERAGE SKY COVER 0.1


WEATHER CONDITIONS
 THE FOLLOWING WEATHER WAS RECORDED YESTERDAY.
  THUNDERSTORM
  HEAVY RAIN
  RAIN
  LIGHT RAIN
  FOG
  HAZE


RELATIVE HUMIDITY (PERCENT)
 HIGHEST    87           300 AM
 LOWEST     61           400 PM
 AVERAGE    74

..........................................................


THE AURORA MUNICIPAL AIRPORT CLIMATE NORMALS FOR TODAY
                         NORMAL    RECORD    YEAR
 MAXIMUM TEMPERATURE (F)   84       102      2012
 MINIMUM TEMPERATURE (F)   60        49      2006


SUNRISE AND SUNSET
JULY  7 2015..........SUNRISE   526 AM CDT   SUNSET   831 PM CDT
JULY  8 2015..........SUNRISE   527 AM CDT   SUNSET   831 PM CDT


-  INDICATES NEGATIVE NUMBERS.
R  INDICATES RECORD WAS SET OR TIED.
MM INDICATES DATA IS MISSING.
T  INDICATES TRACE AMOUNT.




$$
