000
CDUS43 KLOT 220638
CLIARR


CLIMATE REPORT
NATIONAL WEATHER SERVICE CHICAGO IL
135 AM CDT FRI AUG 22 2014


...................................

...THE AURORA MUNICIPAL AIRPORT CLIMATE SUMMARY FOR AUGUST 21 2014...

CLIMATE NORMAL PERIOD 1981 TO 2010
CLIMATE RECORD PERIOD 1998 TO 2014


WEATHER ITEM   OBSERVED TIME   RECORD YEAR NORMAL DEPARTURE LAST
                VALUE   (LST)  VALUE       VALUE  FROM      YEAR
                                                  NORMAL
..................................................................
TEMPERATURE (F)
 YESTERDAY
  MAXIMUM         82    129 PM  95    2003  81      1       90
  MINIMUM         70    703 AM  46    2004  59     11       59
  AVERAGE         76                        70      6       75

PRECIPITATION (IN)
  YESTERDAY        0.89R         0.21 2008   0.12   0.77     0.11
  MONTH TO DATE    2.56                      3.02  -0.46     0.55
  SINCE JUN 1     13.64                     11.22   2.42     6.55
  SINCE JAN 1     21.63                     24.10  -2.47    23.41

DEGREE DAYS
 HEATING
  YESTERDAY        0                         0      0        0
  MONTH TO DATE    6                         0      6       12
  SINCE JUN 1     37                        50    -13       72
  SINCE JUL 1     21                         9     12       28

 COOLING
  YESTERDAY       11                         5      6       10
  MONTH TO DATE  122                       124     -2       86
  SINCE JUN 1    439                       494    -55      451
  SINCE JAN 1    525                       535    -10      531
..................................................................


WIND (MPH)
  RESULTANT WIND SPEED   3   RESULTANT WIND DIRECTION   S (170)
  HIGHEST WIND SPEED    14   HIGHEST WIND DIRECTION     S (180)
  HIGHEST GUST SPEED    16   HIGHEST GUST DIRECTION     S (170)
  AVERAGE WIND SPEED     5.0


SKY COVER
  POSSIBLE SUNSHINE  MM
  AVERAGE SKY COVER 0.7


WEATHER CONDITIONS
 THE FOLLOWING WEATHER WAS RECORDED YESTERDAY.
  THUNDERSTORM
  HEAVY RAIN
  RAIN
  LIGHT RAIN
  FOG
  HAZE


RELATIVE HUMIDITY (PERCENT)
 HIGHEST    94           400 PM
 LOWEST     74           200 PM
 AVERAGE    84

..........................................................


THE AURORA MUNICIPAL AIRPORT CLIMATE NORMALS FOR TODAY
                         NORMAL    RECORD    YEAR
 MAXIMUM TEMPERATURE (F)   81        89      2007
 MINIMUM TEMPERATURE (F)   59        45      2004


SUNRISE AND SUNSET
AUGUST 22 2014........SUNRISE   609 AM CDT   SUNSET   743 PM CDT
AUGUST 23 2014........SUNRISE   610 AM CDT   SUNSET   742 PM CDT


-  INDICATES NEGATIVE NUMBERS.
R  INDICATES RECORD WAS SET OR TIED.
MM INDICATES DATA IS MISSING.
T  INDICATES TRACE AMOUNT.




$$
