000
CDUS41 KBUF 041024
CLIART


CLIMATE REPORT
NATIONAL WEATHER SERVICE BUFFALO NY
523 AM EST SUN DEC 4 2016


...................................

...THE WATERTOWN NY CLIMATE SUMMARY FOR DECEMBER 3 2016...

CLIMATE NORMAL PERIOD 1981 TO 2010
CLIMATE RECORD PERIOD 1949 TO 2016


WEATHER ITEM   OBSERVED TIME   RECORD YEAR NORMAL DEPARTURE LAST
                VALUE   (LST)  VALUE       VALUE  FROM      YEAR
                                                  NORMAL
..................................................................
TEMPERATURE (F)
 YESTERDAY
  MAXIMUM         38    226 PM  67    1982  40     -2       41
  MINIMUM         31   1159 PM -21    1976  23      8       32
  AVERAGE         35                        31      4       37

PRECIPITATION (IN)
  YESTERDAY        0.00          0.81 2007   0.11  -0.11      T
  MONTH TO DATE    0.22                      0.33  -0.11     0.58
  SINCE DEC 1      0.22                      0.33  -0.11     0.58
  SINCE JAN 1     28.55                     33.26  -4.71    26.17

DEGREE DAYS
 HEATING
  YESTERDAY       30                        34     -4       28
  MONTH TO DATE   74                       100    -26       78
  SINCE DEC 1     74                       100    -26       78
  SINCE JUL 1   1416                      1699   -283     1445

 COOLING
  YESTERDAY        0                         0      0        0
  MONTH TO DATE    0                         0      0        0
  SINCE DEC 1      0                         0      0        0
  SINCE JAN 1    566                       362    204      388
..................................................................


WIND (MPH)
  HIGHEST WIND SPEED    17   HIGHEST WIND DIRECTION    NW (300)
  HIGHEST GUST SPEED    23   HIGHEST GUST DIRECTION    NW (300)
  AVERAGE WIND SPEED    10.8


SKY COVER
  AVERAGE SKY COVER 1.0


WEATHER CONDITIONS
 THE FOLLOWING WEATHER WAS RECORDED YESTERDAY.
  NO SIGNIFICANT WEATHER WAS OBSERVED.


RELATIVE HUMIDITY (PERCENT)
 HIGHEST    75          1200 AM
 LOWEST     56           900 PM
 AVERAGE    66

..........................................................


THE WATERTOWN NY CLIMATE NORMALS FOR TODAY
                         NORMAL    RECORD    YEAR
 MAXIMUM TEMPERATURE (F)   39        69      2012
 MINIMUM TEMPERATURE (F)   23       -20      1989


SUNRISE AND SUNSET
DECEMBER  4 2016......SUNRISE   722 AM EST   SUNSET   426 PM EST
DECEMBER  5 2016......SUNRISE   723 AM EST   SUNSET   426 PM EST


-  INDICATES NEGATIVE NUMBERS.
R  INDICATES RECORD WAS SET OR TIED.
MM INDICATES DATA IS MISSING.
T  INDICATES TRACE AMOUNT.




$$
