000
CDUS41 KBUF 230705
CLIART


CLIMATE REPORT
NATIONAL WEATHER SERVICE BUFFALO NY
205 AM EST THU FEB 23 2017


...................................

...THE WATERTOWN NY CLIMATE SUMMARY FOR FEBRUARY 22 2017...

CLIMATE NORMAL PERIOD 1981 TO 2010
CLIMATE RECORD PERIOD 1949 TO 2017


WEATHER ITEM   OBSERVED TIME   RECORD YEAR NORMAL DEPARTURE LAST
                VALUE   (LST)  VALUE       VALUE  FROM      YEAR
                                                  NORMAL
..................................................................
TEMPERATURE (F)
 YESTERDAY
  MAXIMUM         59        MM  63    1981  33     26       24
  MINIMUM         40        MM -22    1972  12     28       10
  AVERAGE         50                        22     28       17

PRECIPITATION (IN)
  YESTERDAY        0.00          0.85 1990   0.08  -0.08     0.00
  MONTH TO DATE    1.11                      1.73  -0.62     2.29
  SINCE DEC 1      5.08                      7.54  -2.46     6.25
  SINCE JAN 1      2.89                      4.39  -1.50     3.81

DEGREE DAYS
 HEATING
  YESTERDAY       15                        42    -27       48
  MONTH TO DATE  836                       982   -146      956
  SINCE DEC 1   3125                      3594   -469     3023
  SINCE JUL 1   4467                      5193   -726     4390

 COOLING
  YESTERDAY        0                         0      0        0
  MONTH TO DATE    0                         0      0        0
  SINCE DEC 1      0                         0      0        0
  SINCE JAN 1      0                         0      0        0
..................................................................


WIND (MPH)
  HIGHEST WIND SPEED     9   HIGHEST WIND DIRECTION     S (190)
  HIGHEST GUST SPEED    20   HIGHEST GUST DIRECTION     S (190)
  AVERAGE WIND SPEED     3.9


SKY COVER
  AVERAGE SKY COVER 0.9


WEATHER CONDITIONS
 THE FOLLOWING WEATHER WAS RECORDED YESTERDAY.
  NO SIGNIFICANT WEATHER WAS OBSERVED.


RELATIVE HUMIDITY (PERCENT)
 HIGHEST    83           900 PM
 LOWEST     53           100 PM
 AVERAGE    68

..........................................................


THE WATERTOWN NY CLIMATE NORMALS FOR TODAY
                         NORMAL    RECORD    YEAR
 MAXIMUM TEMPERATURE (F)   34        59      1984
 MINIMUM TEMPERATURE (F)   12       -29      1972


SUNRISE AND SUNSET
FEBRUARY 23 2017......SUNRISE   650 AM EST   SUNSET   545 PM EST
FEBRUARY 24 2017......SUNRISE   649 AM EST   SUNSET   546 PM EST


-  INDICATES NEGATIVE NUMBERS.
R  INDICATES RECORD WAS SET OR TIED.
MM INDICATES DATA IS MISSING.
T  INDICATES TRACE AMOUNT.




$$
