000
CDUS45 KGJT 280736
CLIASE


CLIMATE REPORT
NATIONAL WEATHER SERVICE GRAND JUNCTION CO
133 AM MDT FRI AUG 28 2015


...................................

...THE ASPEN CO CLIMATE SUMMARY FOR AUGUST 27 2015...

CLIMATE NORMAL PERIOD 1981 TO 2010
CLIMATE RECORD PERIOD 9999 TO 9999


WEATHER ITEM   OBSERVED TIME   RECORD YEAR NORMAL DEPARTURE LAST
                VALUE   (LST)  VALUE       VALUE  FROM      YEAR
                                                  NORMAL
..................................................................
TEMPERATURE (F)
 YESTERDAY
  MAXIMUM         66    353 PM  MM      MM  75     -9       66
  MINIMUM         50   1028 PM  MM      MM  44      6       49
  AVERAGE         58                        59     -1       58

PRECIPITATION (IN)
  YESTERDAY        0.58         MM      MM   0.06   0.52     0.24
  MONTH TO DATE    1.37                      1.46  -0.09     1.67
  SINCE JUN 1      6.33                      4.30   2.03     3.61
  SINCE JAN 1     13.64                     11.24   2.40     9.14

SNOWFALL (IN)
  YESTERDAY       MM            MM      MM  MM     MM       MM
  MONTH TO DATE   MM                        MM     MM       MM
  SINCE JUN 1     MM                        MM     MM       MM
  SINCE JUL 1     MM                        MM     MM       MM
  SNOW DEPTH      MM

DEGREE DAYS
 HEATING
  YESTERDAY        7                         6      1        7
  MONTH TO DATE   50                        99    -49      103
  SINCE JUN 1    261                       399   -138      333
  SINCE JUL 1    154                       170    -16      128

 COOLING
  YESTERDAY        0                         0      0        0
  MONTH TO DATE   20                         9     11        1
  SINCE JUN 1     72                        38     34       56
  SINCE JAN 1     72                        38     34       56
..................................................................


WIND (MPH)
  HIGHEST WIND SPEED    16   HIGHEST WIND DIRECTION    SE (130)
  HIGHEST GUST SPEED    25   HIGHEST GUST DIRECTION     W (280)
  AVERAGE WIND SPEED     5.1


SKY COVER
  POSSIBLE SUNSHINE  MM
  AVERAGE SKY COVER 0.7


WEATHER CONDITIONS
 THE FOLLOWING WEATHER WAS RECORDED YESTERDAY.
  THUNDERSTORM
  RAIN
  LIGHT RAIN
  FOG
  HAZE


RELATIVE HUMIDITY (PERCENT)
 HIGHEST    93           300 AM
 LOWEST     63          1100 AM
 AVERAGE    78

..........................................................


THE ASPEN CO CLIMATE NORMALS FOR TODAY
                         NORMAL    RECORD    YEAR
 MAXIMUM TEMPERATURE (F)   75        MM        MM
 MINIMUM TEMPERATURE (F)   44        MM        MM


SUNRISE AND SUNSET
AUGUST 28 2015........SUNRISE   632 AM MDT   SUNSET   744 PM MDT
AUGUST 29 2015........SUNRISE   633 AM MDT   SUNSET   743 PM MDT


-  INDICATES NEGATIVE NUMBERS.
R  INDICATES RECORD WAS SET OR TIED.
MM INDICATES DATA IS MISSING.
T  INDICATES TRACE AMOUNT.




$$
