000
CDUS45 KGJT 280739
CLIASE


CLIMATE REPORT
NATIONAL WEATHER SERVICE GRAND JUNCTION CO
130 AM MDT MON JUL 28 2014


...................................

...THE ASPEN CO CLIMATE SUMMARY FOR JULY 27 2014...

CLIMATE NORMAL PERIOD 1981 TO 2010
CLIMATE RECORD PERIOD 9999 TO 9999


WEATHER ITEM   OBSERVED TIME   RECORD YEAR NORMAL DEPARTURE LAST
                VALUE   (LST)  VALUE       VALUE  FROM      YEAR
                                                  NORMAL
..................................................................
TEMPERATURE (F)
 YESTERDAY
  MAXIMUM         85    326 PM  MM      MM  80      5       81
  MINIMUM         45    343 AM  MM      MM  48     -3       51
  AVERAGE         65                        64      1       66

PRECIPITATION (IN)
  YESTERDAY        0.00         MM      MM   0.06  -0.06     0.17
  MONTH TO DATE    0.87                      1.45  -0.58     0.69
  SINCE JUN 1      0.91                      2.58  -1.67     0.78
  SINCE JAN 1      6.44                      9.52  -3.08     7.46

SNOWFALL (IN)
  YESTERDAY       MM            MM      MM  MM     MM       MM
  MONTH TO DATE   MM                        MM     MM       MM
  SINCE JUN 1     MM                        MM     MM       MM
  SINCE JUL 1     MM                        MM     MM       MM
  SNOW DEPTH      MM

DEGREE DAYS
 HEATING
  YESTERDAY        0                         2     -2        0
  MONTH TO DATE   13                        63    -50       13
  SINCE JUN 1    218                       292    -74      159
  SINCE JUL 1     13                        63    -50       13

 COOLING
  YESTERDAY        0                         1     -1        1
  MONTH TO DATE   54                        25     29       40
  SINCE JUN 1     55                        29     26       56
  SINCE JAN 1     55                        29     26       56
..................................................................


WIND (MPH)
  HIGHEST WIND SPEED    26   HIGHEST WIND DIRECTION     S (160)
  HIGHEST GUST SPEED    33   HIGHEST GUST DIRECTION     S (160)
  AVERAGE WIND SPEED     8.0


SKY COVER
  POSSIBLE SUNSHINE  MM
  AVERAGE SKY COVER 0.2


WEATHER CONDITIONS
 THE FOLLOWING WEATHER WAS RECORDED YESTERDAY.
  THUNDERSTORM


RELATIVE HUMIDITY (PERCENT)
 HIGHEST    82           400 AM
 LOWEST     22           200 PM
 AVERAGE    52

..........................................................


THE ASPEN CO CLIMATE NORMALS FOR TODAY
                         NORMAL    RECORD    YEAR
 MAXIMUM TEMPERATURE (F)   80        MM        MM
 MINIMUM TEMPERATURE (F)   48        MM        MM


SUNRISE AND SUNSET
JULY 28 2014..........SUNRISE   604 AM MDT   SUNSET   823 PM MDT
JULY 29 2014..........SUNRISE   605 AM MDT   SUNSET   822 PM MDT


-  INDICATES NEGATIVE NUMBERS.
R  INDICATES RECORD WAS SET OR TIED.
MM INDICATES DATA IS MISSING.
T  INDICATES TRACE AMOUNT.




$$
