000
CDUS45 KGJT 270805
CLIASE


CLIMATE REPORT
NATIONAL WEATHER SERVICE GRAND JUNCTION CO
1230 AM MST SAT DEC 27 2014


...................................

...THE ASPEN CO CLIMATE SUMMARY FOR DECEMBER 26 2014...

CLIMATE NORMAL PERIOD 1981 TO 2010
CLIMATE RECORD PERIOD 9999 TO 9999


WEATHER ITEM   OBSERVED TIME   RECORD YEAR NORMAL DEPARTURE LAST
                VALUE   (LST)  VALUE       VALUE  FROM      YEAR
                                                  NORMAL
..................................................................
TEMPERATURE (F)
 YESTERDAY
  MAXIMUM         23   1253 PM  MM      MM  32     -9       32
  MINIMUM          7   1142 PM  MM      MM   7      0        1
  AVERAGE         15                        19     -4       17

PRECIPITATION (IN)
  YESTERDAY        0.11         MM      MM   0.03   0.08     0.00
  MONTH TO DATE    1.56                      0.92   0.64     1.90
  SINCE DEC 1      1.56                      0.92   0.64     1.90
  SINCE JAN 1     15.19                     17.04  -1.85    17.21

SNOWFALL (IN)
  YESTERDAY       MM            MM      MM  MM     MM       MM
  MONTH TO DATE   MM                        MM     MM       MM
  SINCE DEC 1     MM                        MM     MM       MM
  SINCE JUL 1     MM                        MM     MM       MM
  SNOW DEPTH      MM

DEGREE DAYS
 HEATING
  YESTERDAY       50                        46      4       48
  MONTH TO DATE  984                      1168   -184     1274
  SINCE DEC 1    984                      1168   -184     1274
  SINCE JUL 1   2970                      3494   -524     3492

 COOLING
  YESTERDAY        0                         0      0        0
  MONTH TO DATE    0                         0      0        0
  SINCE DEC 1      0                         0      0        0
  SINCE JAN 1     56                        39     17       69
..................................................................


WIND (MPH)
  HIGHEST WIND SPEED    12   HIGHEST WIND DIRECTION    NW (320)
  HIGHEST GUST SPEED    15   HIGHEST GUST DIRECTION     N (350)
  AVERAGE WIND SPEED     5.1


SKY COVER
  POSSIBLE SUNSHINE  MM
  AVERAGE SKY COVER 1.0


WEATHER CONDITIONS
 THE FOLLOWING WEATHER WAS RECORDED YESTERDAY.
  SNOW
  LIGHT SNOW
  FOG
  HAZE


RELATIVE HUMIDITY (PERCENT)
 HIGHEST   100           600 AM
 LOWEST     73           200 PM
 AVERAGE    87

..........................................................


THE ASPEN CO CLIMATE NORMALS FOR TODAY
                         NORMAL    RECORD    YEAR
 MAXIMUM TEMPERATURE (F)   32        MM        MM
 MINIMUM TEMPERATURE (F)    7        MM        MM


SUNRISE AND SUNSET
DECEMBER 27 2014......SUNRISE   726 AM MST   SUNSET   451 PM MST
DECEMBER 28 2014......SUNRISE   726 AM MST   SUNSET   452 PM MST


-  INDICATES NEGATIVE NUMBERS.
R  INDICATES RECORD WAS SET OR TIED.
MM INDICATES DATA IS MISSING.
T  INDICATES TRACE AMOUNT.




$$
