000
CDUS45 KGJT 250748
CLIASE


CLIMATE REPORT
NATIONAL WEATHER SERVICE GRAND JUNCTION CO
130 AM MDT FRI JUL 25 2014


...................................

...THE ASPEN CO CLIMATE SUMMARY FOR JULY 24 2014...

CLIMATE NORMAL PERIOD 1981 TO 2010
CLIMATE RECORD PERIOD 9999 TO 9999


WEATHER ITEM   OBSERVED TIME   RECORD YEAR NORMAL DEPARTURE LAST
                VALUE   (LST)  VALUE       VALUE  FROM      YEAR
                                                  NORMAL
..................................................................
TEMPERATURE (F)
 YESTERDAY
  MAXIMUM         82   1254 PM  MM      MM  80      2       76
  MINIMUM         56   1159 PM  MM      MM  48      8       54
  AVERAGE         69                        64      5       65

PRECIPITATION (IN)
  YESTERDAY        0.06         MM      MM   0.06   0.00      T
  MONTH TO DATE    0.87                      1.25  -0.38     0.41
  SINCE JUN 1      0.91                      2.38  -1.47     0.50
  SINCE JAN 1      6.44                      9.32  -2.88     7.18

SNOWFALL (IN)
  YESTERDAY       MM            MM      MM  MM     MM       MM
  MONTH TO DATE   MM                        MM     MM       MM
  SINCE JUN 1     MM                        MM     MM       MM
  SINCE JUL 1     MM                        MM     MM       MM
  SNOW DEPTH      MM

DEGREE DAYS
 HEATING
  YESTERDAY        0                         2     -2        0
  MONTH TO DATE   13                        57    -44       10
  SINCE JUN 1    218                       286    -68      156
  SINCE JUL 1     13                        57    -44       10

 COOLING
  YESTERDAY        4                         1      3        0
  MONTH TO DATE   50                        22     28       39
  SINCE JUN 1     51                        26     25       55
  SINCE JAN 1     51                        26     25       55
..................................................................


WIND (MPH)
  HIGHEST WIND SPEED    16   HIGHEST WIND DIRECTION     S (160)
  HIGHEST GUST SPEED    24   HIGHEST GUST DIRECTION    SE (120)
  AVERAGE WIND SPEED     5.8


SKY COVER
  POSSIBLE SUNSHINE  MM
  AVERAGE SKY COVER 0.6


WEATHER CONDITIONS
 THE FOLLOWING WEATHER WAS RECORDED YESTERDAY.
  THUNDERSTORM
  LIGHT RAIN


RELATIVE HUMIDITY (PERCENT)
 HIGHEST    77          1100 PM
 LOWEST     30          1200 PM
 AVERAGE    54

..........................................................


THE ASPEN CO CLIMATE NORMALS FOR TODAY
                         NORMAL    RECORD    YEAR
 MAXIMUM TEMPERATURE (F)   80        MM        MM
 MINIMUM TEMPERATURE (F)   48        MM        MM


SUNRISE AND SUNSET
JULY 25 2014..........SUNRISE   602 AM MDT   SUNSET   826 PM MDT
JULY 26 2014..........SUNRISE   602 AM MDT   SUNSET   825 PM MDT


-  INDICATES NEGATIVE NUMBERS.
R  INDICATES RECORD WAS SET OR TIED.
MM INDICATES DATA IS MISSING.
T  INDICATES TRACE AMOUNT.




$$
