000
CDUS46 KPQR 030231
CLIAST


CLIMATE REPORT
NATIONAL WEATHER SERVICE PORTLAND OREGON
631 PM PST MON MAR 2 2015


...................................

...THE ASTORIA OR CLIMATE SUMMARY FOR MARCH 2 2015...
VALID TODAY AS OF 0600 PM LOCAL TIME.

CLIMATE NORMAL PERIOD 1981 TO 2010
CLIMATE RECORD PERIOD 1892 TO 2015


WEATHER ITEM   OBSERVED TIME   RECORD YEAR NORMAL DEPARTURE LAST
                VALUE   (LST)  VALUE       VALUE  FROM      YEAR
                                                  NORMAL
..................................................................
TEMPERATURE (F)
 TODAY
  MAXIMUM         54    247 PM  70    1986  53      1       53
  MINIMUM         42    657 AM  24    1896  38      4       42
  AVERAGE         48                        45      3       48

PRECIPITATION (IN)
  TODAY            0.04          1.86 1910   0.26  -0.22     0.57
  MONTH TO DATE    0.10                      0.53  -0.43     0.58
  SINCE OCT 1     41.20                     44.94  -3.74    26.50
  SINCE JAN 1     15.58                     17.92  -2.34    14.34

DEGREE DAYS
 HEATING
  TODAY           17                        20     -3       17
  MONTH TO DATE   39                        40     -1       36
  SINCE MAR 1     39                        40     -1       36
  SINCE JUL 1   2579                      3382   -803     3465

 COOLING
  TODAY            0                         0      0        0
  MONTH TO DATE    0                         0      0        0
  SINCE MAR 1      0                         0      0        0
  SINCE JAN 1      0                         0      0        0
..................................................................


WIND (MPH)
  HIGHEST WIND SPEED    20   HIGHEST WIND DIRECTION    NW (320)
  HIGHEST GUST SPEED    25   HIGHEST GUST DIRECTION    NW (310)
  AVERAGE WIND SPEED     8.5


SKY COVER
  POSSIBLE SUNSHINE  MM
  AVERAGE SKY COVER 0.5


WEATHER CONDITIONS
 THE FOLLOWING WEATHER WAS RECORDED TODAY.
  LIGHT RAIN
  FOG


RELATIVE HUMIDITY (PERCENT)
 HIGHEST    92          1200 AM
 LOWEST     59           200 PM
 AVERAGE    76

..........................................................


THE ASTORIA OR CLIMATE NORMALS FOR TOMORROW
                         NORMAL    RECORD    YEAR
 MAXIMUM TEMPERATURE (F)   53        67      1965
 MINIMUM TEMPERATURE (F)   38        24      1989


SUNRISE AND SUNSET
MARCH  2 2015.........SUNRISE   653 AM PST   SUNSET   603 PM PST
MARCH  3 2015.........SUNRISE   651 AM PST   SUNSET   605 PM PST


-  INDICATES NEGATIVE NUMBERS.
R  INDICATES RECORD WAS SET OR TIED.
MM INDICATES DATA IS MISSING.
T  INDICATES TRACE AMOUNT.




$$
