000
CDUS46 KPQR 192322
CLIAST


CLIMATE REPORT
NATIONAL WEATHER SERVICE PORTLAND OREGON
421 PM PDT THU OCT 19 2017


...................................

...THE ASTORIA OR CLIMATE SUMMARY FOR OCTOBER 19 2017...
VALID TODAY AS OF 0400 PM LOCAL TIME.

CLIMATE NORMAL PERIOD 1981 TO 2010
CLIMATE RECORD PERIOD 1892 TO 2017


WEATHER ITEM   OBSERVED TIME   RECORD YEAR NORMAL DEPARTURE LAST
                VALUE   (LST)  VALUE       VALUE  FROM      YEAR
                                                  NORMAL
..................................................................
TEMPERATURE (F)
 TODAY
  MAXIMUM         55    117 PM  77    1938  60     -5       59
  MINIMUM         52    259 PM  31    1949  44      8       45
  AVERAGE         54                        52      2       52

PRECIPITATION (IN)
  TODAY            1.04          2.35 1940   0.21   0.83     0.50
  MONTH TO DATE    3.74                      3.01   0.73    12.65
  SINCE OCT 1      3.74                      3.01   0.73    12.65
  SINCE JAN 1     56.95                     43.25  13.70    55.63

DEGREE DAYS
 HEATING
  TODAY           11                        13     -2       13
  MONTH TO DATE  250                       215     35      163
  SINCE SEP 1    394                       415    -21      296
  SINCE JUL 1    634                       696    -62      417

 COOLING
  TODAY            0                         0      0        0
  MONTH TO DATE    0                         0      0        0
  SINCE SEP 1     22                         5     17        7
  SINCE JAN 1     55                        12     43       62
..................................................................


WIND (MPH)
  HIGHEST WIND SPEED    21   HIGHEST WIND DIRECTION     S (190)
  HIGHEST GUST SPEED    31   HIGHEST GUST DIRECTION    SE (150)
  AVERAGE WIND SPEED    10.9


SKY COVER
  POSSIBLE SUNSHINE  MM
  AVERAGE SKY COVER 1.0


WEATHER CONDITIONS
 THE FOLLOWING WEATHER WAS RECORDED TODAY.
  RAIN
  LIGHT RAIN
  FOG
  HAZE


RELATIVE HUMIDITY (PERCENT)
 HIGHEST    93          1200 AM
 LOWEST     83           800 AM
 AVERAGE    88

..........................................................


THE ASTORIA OR CLIMATE NORMALS FOR TOMORROW
                         NORMAL    RECORD    YEAR
 MAXIMUM TEMPERATURE (F)   60        76      1938
 MINIMUM TEMPERATURE (F)   44        33      1949


SUNRISE AND SUNSET
OCTOBER 19 2017.......SUNRISE   739 AM PDT   SUNSET   622 PM PDT
OCTOBER 20 2017.......SUNRISE   740 AM PDT   SUNSET   620 PM PDT


-  INDICATES NEGATIVE NUMBERS.
R  INDICATES RECORD WAS SET OR TIED.
MM INDICATES DATA IS MISSING.
T  INDICATES TRACE AMOUNT.




$$
