000
CDUS46 KPQR 231142
CLIAST


CLIMATE REPORT
NATIONAL WEATHER SERVICE PORTLAND OREGON
441 AM PDT WED JUL 23 2014


...................................

...THE ASTORIA OR CLIMATE SUMMARY FOR JULY 22 2014...

CLIMATE NORMAL PERIOD 1981 TO 2010
CLIMATE RECORD PERIOD 1892 TO 2014


WEATHER ITEM   OBSERVED TIME   RECORD YEAR NORMAL DEPARTURE LAST
                VALUE   (LST)  VALUE       VALUE  FROM      YEAR
                                                  NORMAL
..................................................................
TEMPERATURE (F)
 YESTERDAY
  MAXIMUM         71    313 PM  86    1928  68      3       64
  MINIMUM         53    120 AM  44    1977  54     -1       55
  AVERAGE         62                        61      1       60

PRECIPITATION (IN)
  YESTERDAY        0.00          0.87 2007   0.03  -0.03      T
  MONTH TO DATE    0.10                      0.81  -0.71     0.01
  SINCE OCT 1     52.79                     63.74 -10.95    76.60
  SINCE JAN 1     40.63                     36.72   3.91    34.98

DEGREE DAYS
 HEATING
  YESTERDAY        3                         4     -1        5
  MONTH TO DATE   70                       112    -42       90
  SINCE JUN 1    250                       354   -104      271
  SINCE JUL 1     70                       112    -42       90

 COOLING
  YESTERDAY        0                         0      0        0
  MONTH TO DATE    8                         0      8        0
  SINCE JUN 1      8                         0      8        3
  SINCE JAN 1     19                         0     19        4
..................................................................


WIND (MPH)
  HIGHEST WIND SPEED    10   HIGHEST WIND DIRECTION     W (250)
  HIGHEST GUST SPEED    14   HIGHEST GUST DIRECTION     W (270)
  AVERAGE WIND SPEED     5.1


SKY COVER
  POSSIBLE SUNSHINE  MM
  AVERAGE SKY COVER 0.6


WEATHER CONDITIONS
 THE FOLLOWING WEATHER WAS RECORDED YESTERDAY.
  NO SIGNIFICANT WEATHER WAS OBSERVED.


RELATIVE HUMIDITY (PERCENT)
 HIGHEST    93           100 AM
 LOWEST     53           100 PM
 AVERAGE    73

..........................................................


THE ASTORIA OR CLIMATE NORMALS FOR TODAY
                         NORMAL    RECORD    YEAR
 MAXIMUM TEMPERATURE (F)   68        96      2004
 MINIMUM TEMPERATURE (F)   54        44      1977
                                             1973
                                             1964


SUNRISE AND SUNSET
JULY 23 2014..........SUNRISE   547 AM PDT   SUNSET   856 PM PDT
JULY 24 2014..........SUNRISE   548 AM PDT   SUNSET   855 PM PDT


-  INDICATES NEGATIVE NUMBERS.
R  INDICATES RECORD WAS SET OR TIED.
MM INDICATES DATA IS MISSING.
T  INDICATES TRACE AMOUNT.




$$
