000
CDUS46 KPQR 280220
CLIAST


CLIMATE REPORT
NATIONAL WEATHER SERVICE PORTLAND OREGON
720 PM PDT SAT AUG 27 2016


...................................

...THE ASTORIA OR CLIMATE SUMMARY FOR AUGUST 27 2016...
VALID TODAY AS OF 0700 PM LOCAL TIME.

CLIMATE NORMAL PERIOD 1981 TO 2010
CLIMATE RECORD PERIOD 1892 TO 2016


WEATHER ITEM   OBSERVED TIME   RECORD YEAR NORMAL DEPARTURE LAST
                VALUE   (LST)  VALUE       VALUE  FROM      YEAR
                                                  NORMAL
..................................................................
TEMPERATURE (F)
 TODAY
  MAXIMUM         65    304 PM  88    1894  69     -4       74
  MINIMUM         55   1211 AM  43    1955  52      3       50
  AVERAGE         60                        61     -1       62

PRECIPITATION (IN)
  TODAY            T             1.09 1975   0.05  -0.05     0.05
  MONTH TO DATE    0.40                      0.94  -0.54     0.15
  SINCE OCT 1     83.28                     64.90  18.38    53.55
  SINCE JAN 1     40.75                     37.88   2.87    27.93

DEGREE DAYS
 HEATING
  TODAY            5                         4      1        3
  MONTH TO DATE   51                       108    -57       43
  SINCE JUN 1    288                       500   -212      231
  SINCE JUL 1    112                       258   -146       82

 COOLING
  TODAY            0                         0      0        0
  MONTH TO DATE   44                         0     44       16
  SINCE JUN 1     52                         3     49       41
  SINCE JAN 1     55                         3     52       43
..................................................................


WIND (MPH)
  HIGHEST WIND SPEED    15   HIGHEST WIND DIRECTION    SW (220)
  HIGHEST GUST SPEED    21   HIGHEST GUST DIRECTION     S (200)
  AVERAGE WIND SPEED     9.8


SKY COVER
  POSSIBLE SUNSHINE  MM
  AVERAGE SKY COVER 1.0


WEATHER CONDITIONS
 THE FOLLOWING WEATHER WAS RECORDED TODAY.
  LIGHT RAIN
  FOG
  HAZE


RELATIVE HUMIDITY (PERCENT)
 HIGHEST    93          1200 AM
 LOWEST     78          1200 PM
 AVERAGE    86

..........................................................


THE ASTORIA OR CLIMATE NORMALS FOR TOMORROW
                         NORMAL    RECORD    YEAR
 MAXIMUM TEMPERATURE (F)   69        89      1909
 MINIMUM TEMPERATURE (F)   52        42      1985
                                             1984


SUNRISE AND SUNSET
AUGUST 27 2016........SUNRISE   631 AM PDT   SUNSET   802 PM PDT
AUGUST 28 2016........SUNRISE   632 AM PDT   SUNSET   800 PM PDT


-  INDICATES NEGATIVE NUMBERS.
R  INDICATES RECORD WAS SET OR TIED.
MM INDICATES DATA IS MISSING.
T  INDICATES TRACE AMOUNT.




$$
