000
CDUS46 KPQR 210228
CLIAST


CLIMATE REPORT
NATIONAL WEATHER SERVICE PORTLAND OREGON
728 PM PDT SUN AUG 20 2017


...................................

...THE ASTORIA OR CLIMATE SUMMARY FOR AUGUST 20 2017...
VALID TODAY AS OF 0700 PM LOCAL TIME.

CLIMATE NORMAL PERIOD 1981 TO 2010
CLIMATE RECORD PERIOD 1892 TO 2017


WEATHER ITEM   OBSERVED TIME   RECORD YEAR NORMAL DEPARTURE LAST
                VALUE   (LST)  VALUE       VALUE  FROM      YEAR
                                                  NORMAL
..................................................................
TEMPERATURE (F)
 TODAY
  MAXIMUM         69    243 PM  95    1915  69      0       64
  MINIMUM         49    557 AM  43    1947  53     -4       52
  AVERAGE         59                        61     -2       58

PRECIPITATION (IN)
  TODAY            0.00          0.82 1899   0.04  -0.04     0.00
  MONTH TO DATE    0.38                      0.62  -0.24     0.40
  SINCE OCT 1     93.92                     64.58  29.34    83.28
  SINCE JAN 1     50.05                     37.56  12.49    40.75

DEGREE DAYS
 HEATING
  TODAY            6                         4      2        7
  MONTH TO DATE   68                        80    -12       40
  SINCE JUN 1    416                       472    -56      277
  SINCE JUL 1    209                       230    -21      101

 COOLING
  TODAY            0                         0      0        0
  MONTH TO DATE   11                         0     11       25
  SINCE JUN 1     25                         3     22       33
  SINCE JAN 1     27                         3     24       36
..................................................................


WIND (MPH)
  HIGHEST WIND SPEED    22   HIGHEST WIND DIRECTION    NW (310)
  HIGHEST GUST SPEED    27   HIGHEST GUST DIRECTION    NW (310)
  AVERAGE WIND SPEED    11.3


SKY COVER
  POSSIBLE SUNSHINE  MM
  AVERAGE SKY COVER 0.0


WEATHER CONDITIONS
 THE FOLLOWING WEATHER WAS RECORDED TODAY.
  NO SIGNIFICANT WEATHER WAS OBSERVED.


RELATIVE HUMIDITY (PERCENT)
 HIGHEST    93           600 AM
 LOWEST     63          1200 PM
 AVERAGE    78

..........................................................


THE ASTORIA OR CLIMATE NORMALS FOR TOMORROW
                         NORMAL    RECORD    YEAR
 MAXIMUM TEMPERATURE (F)   69        85      1942
                                             1934
 MINIMUM TEMPERATURE (F)   53        42      1988
                                             1973


SUNRISE AND SUNSET
AUGUST 20 2017........SUNRISE   621 AM PDT   SUNSET   815 PM PDT
AUGUST 21 2017........SUNRISE   623 AM PDT   SUNSET   813 PM PDT


-  INDICATES NEGATIVE NUMBERS.
R  INDICATES RECORD WAS SET OR TIED.
MM INDICATES DATA IS MISSING.
T  INDICATES TRACE AMOUNT.




$$
