000
CDUS46 KPQR 302323
CLIAST


CLIMATE REPORT
NATIONAL WEATHER SERVICE PORTLAND OREGON
423 PM PDT SAT AUG 30 2014


...................................

...THE ASTORIA OR CLIMATE SUMMARY FOR AUGUST 30 2014...
VALID TODAY AS OF 0400 PM LOCAL TIME.

CLIMATE NORMAL PERIOD 1981 TO 2010
CLIMATE RECORD PERIOD 1892 TO 2014


WEATHER ITEM   OBSERVED TIME   RECORD YEAR NORMAL DEPARTURE LAST
                VALUE   (LST)  VALUE       VALUE  FROM      YEAR
                                                  NORMAL
..................................................................
TEMPERATURE (F)
 TODAY
  MAXIMUM         67    257 PM  85    1936  69     -2       67
  MINIMUM         59    240 AM  42    1920  52      7       56
  AVERAGE         63                        60      3       62

PRECIPITATION (IN)
  TODAY            0.13          1.73 1922   0.05   0.08     0.00
  MONTH TO DATE    0.70                      1.10  -0.40     1.35
  SINCE OCT 1     54.47                     65.06 -10.59    77.97
  SINCE JAN 1     42.31                     38.04   4.27    36.35

DEGREE DAYS
 HEATING
  TODAY            2                         5     -3        3
  MONTH TO DATE   50                       123    -73      105
  SINCE JUN 1    335                       515   -180      428
  SINCE JUL 1    155                       273   -118      247

 COOLING
  TODAY            0                         0      0        0
  MONTH TO DATE    6                         0      6        1
  SINCE JUN 1     14                         3     11        4
  SINCE JAN 1     25                         3     22        5
..................................................................


WIND (MPH)
  HIGHEST WIND SPEED    18   HIGHEST WIND DIRECTION    SW (220)
  HIGHEST GUST SPEED    25   HIGHEST GUST DIRECTION    SW (210)
  AVERAGE WIND SPEED     7.7


SKY COVER
  POSSIBLE SUNSHINE  MM
  AVERAGE SKY COVER 0.9


WEATHER CONDITIONS
 THE FOLLOWING WEATHER WAS RECORDED TODAY.
  RAIN
  LIGHT RAIN
  FOG


RELATIVE HUMIDITY (PERCENT)
 HIGHEST    93          1200 AM
 LOWEST     78           200 PM
 AVERAGE    86

..........................................................


THE ASTORIA OR CLIMATE NORMALS FOR TOMORROW
                         NORMAL    RECORD    YEAR
 MAXIMUM TEMPERATURE (F)   69        88      1942
 MINIMUM TEMPERATURE (F)   52        43      1973
                                             1964


SUNRISE AND SUNSET
AUGUST 30 2014........SUNRISE   634 AM PDT   SUNSET   758 PM PDT
AUGUST 31 2014........SUNRISE   635 AM PDT   SUNSET   756 PM PDT


-  INDICATES NEGATIVE NUMBERS.
R  INDICATES RECORD WAS SET OR TIED.
MM INDICATES DATA IS MISSING.
T  INDICATES TRACE AMOUNT.




$$
