000
CDUS46 KPQR 161141
CLIAST


CLIMATE REPORT
NATIONAL WEATHER SERVICE PORTLAND OREGON
440 AM PDT WED APR 16 2014


...................................

...THE ASTORIA OR CLIMATE SUMMARY FOR APRIL 15 2014...

CLIMATE NORMAL PERIOD 1981 TO 2010
CLIMATE RECORD PERIOD 1892 TO 2014


WEATHER ITEM   OBSERVED TIME   RECORD YEAR NORMAL DEPARTURE LAST
                VALUE   (LST)  VALUE       VALUE  FROM      YEAR
                                                  NORMAL
..................................................................
TEMPERATURE (F)
 YESTERDAY
  MAXIMUM         55    127 PM  81    1947  56     -1       53
  MINIMUM         47    439 AM  30    1967  41      6       39
  AVERAGE         51                        48      3       46

PRECIPITATION (IN)
  YESTERDAY        0.27          1.92 2005   0.18   0.09      T
  MONTH TO DATE    1.92                      2.87  -0.95     5.05
  SINCE OCT 1     38.70                     54.73 -16.03    65.95
  SINCE JAN 1     26.54                     27.71  -1.17    24.33

DEGREE DAYS
 HEATING
  YESTERDAY       14                        17     -3       19
  MONTH TO DATE  232                       256    -24      249
  SINCE MAR 1    748                       834    -86      822
  SINCE JUL 1   4177                      4176      1     4202

 COOLING
  YESTERDAY        0                         0      0        0
  MONTH TO DATE    0                         0      0        0
  SINCE MAR 1      0                         0      0        0
  SINCE JAN 1      0                         0      0        0
..................................................................


WIND (MPH)
  HIGHEST WIND SPEED    16   HIGHEST WIND DIRECTION    SW (220)
  HIGHEST GUST SPEED    24   HIGHEST GUST DIRECTION    SW (210)
  AVERAGE WIND SPEED     8.3


SKY COVER
  POSSIBLE SUNSHINE  MM
  AVERAGE SKY COVER 0.9


WEATHER CONDITIONS
 THE FOLLOWING WEATHER WAS RECORDED YESTERDAY.
  RAIN
  LIGHT RAIN
  FOG


RELATIVE HUMIDITY (PERCENT)
 HIGHEST    93           900 PM
 LOWEST     61          1200 PM
 AVERAGE    77

..........................................................


THE ASTORIA OR CLIMATE NORMALS FOR TODAY
                         NORMAL    RECORD    YEAR
 MAXIMUM TEMPERATURE (F)   56        83      1999
 MINIMUM TEMPERATURE (F)   41        32      1982
                                             1970
                                             1968


SUNRISE AND SUNSET
APRIL 16 2014.........SUNRISE   627 AM PDT   SUNSET   804 PM PDT
APRIL 17 2014.........SUNRISE   625 AM PDT   SUNSET   806 PM PDT


-  INDICATES NEGATIVE NUMBERS.
R  INDICATES RECORD WAS SET OR TIED.
MM INDICATES DATA IS MISSING.
T  INDICATES TRACE AMOUNT.




$$
