000
CDUS42 KFFC 190920
CLIATL


CLIMATE REPORT
NATIONAL WEATHER SERVICE PEACHTREE CITY GA
419 AM EST SUN FEB 19 2017


...................................

...THE ATLANTA CLIMATE SUMMARY FOR FEBRUARY 18 2017...

CLIMATE NORMAL PERIOD 1981 TO 2010
CLIMATE RECORD PERIOD 1878 TO 2017


WEATHER ITEM   OBSERVED TIME   RECORD YEAR NORMAL DEPARTURE LAST
                VALUE   (LST)  VALUE       VALUE  FROM      YEAR
                                                  NORMAL
..................................................................
TEMPERATURE (F)
 YESTERDAY
  MAXIMUM         62    444 PM  75    1951  57      5       61
                                      1891
  MINIMUM         49   1123 AM   8    1900  38     11       33
  AVERAGE         56                        48      8       47

PRECIPITATION (IN)
  YESTERDAY        0.06          2.16 1926   0.16  -0.10     0.00
  MONTH TO DATE    1.37                      3.01  -1.64     3.70
  SINCE DEC 1     12.55                     11.11   1.44    21.35
  SINCE JAN 1      9.55                      7.21   2.34     8.84

SNOWFALL (IN)
  YESTERDAY        0.0           T    2015   0.1   -0.1      0.0
                                      2009
                                      2006
  MONTH TO DATE    0.0                       0.3   -0.3       T
  SINCE DEC 1      T                         2.0   -2.0      0.3
  SINCE JUL 1      T                         2.0   -2.0      0.3
  SNOW DEPTH       0

DEGREE DAYS
 HEATING
  YESTERDAY        9                        17     -8       18
  MONTH TO DATE  192                       340   -148      350
  SINCE DEC 1   1081                      1626   -545     1288
  SINCE JUL 1   1303                      2094   -791     1592

 COOLING
  YESTERDAY        0                         0      0        0
  MONTH TO DATE    0                         0      0        0
  SINCE DEC 1      2                         1      1       22
  SINCE JAN 1      2                         0      2        0
..................................................................


WIND (MPH)
  RESULTANT WIND SPEED   3   RESULTANT WIND DIRECTION   S (180)
  HIGHEST WIND SPEED    16   HIGHEST WIND DIRECTION     S (190)
  HIGHEST GUST SPEED    22   HIGHEST GUST DIRECTION     S (180)
  AVERAGE WIND SPEED     3.1


SKY COVER
  AVERAGE SKY COVER 0.9


WEATHER CONDITIONS
 THE FOLLOWING WEATHER WAS RECORDED YESTERDAY.
  LIGHT RAIN
  FOG


RELATIVE HUMIDITY (PERCENT)
 HIGHEST    93          1100 AM
 LOWEST     35          1200 AM
 AVERAGE    64

..........................................................


THE ATLANTA CLIMATE NORMALS FOR TODAY
                         NORMAL    RECORD    YEAR
 MAXIMUM TEMPERATURE (F)   58        78      1891
 MINIMUM TEMPERATURE (F)   39        13      1958


SUNRISE AND SUNSET
FEBRUARY 19 2017......SUNRISE   717 AM EST   SUNSET   626 PM EST
FEBRUARY 20 2017......SUNRISE   716 AM EST   SUNSET   627 PM EST


-  INDICATES NEGATIVE NUMBERS.
R  INDICATES RECORD WAS SET OR TIED.
MM INDICATES DATA IS MISSING.
T  INDICATES TRACE AMOUNT.




$$
