000
CDUS42 KFFC 210917
CLIATL


CLIMATE REPORT
NATIONAL WEATHER SERVICE PEACHTREE CITY GA
417 AM EST SUN JAN 21 2018


...................................

...THE ATLANTA CLIMATE SUMMARY FOR JANUARY 20 2018...

CLIMATE NORMAL PERIOD 1981 TO 2010
CLIMATE RECORD PERIOD 1878 TO 2018


WEATHER ITEM   OBSERVED TIME   RECORD YEAR NORMAL DEPARTURE LAST
                VALUE   (LST)  VALUE       VALUE  FROM      YEAR
                                                  NORMAL
..................................................................
TEMPERATURE (F)
 YESTERDAY
  MAXIMUM         64    343 PM  74    2017  52     12       74
                                      1927
  MINIMUM         33    737 AM  -6    1985  34     -1       60
  AVERAGE         49                        43      6       67

PRECIPITATION (IN)
  YESTERDAY        0.00          2.61 1883   0.14  -0.14     0.07
  MONTH TO DATE    1.00                      2.55  -1.55     3.92
  SINCE DEC 1      5.38                      6.45  -1.07     6.92
  SINCE JAN 1      1.00                      2.55  -1.55     3.92

SNOWFALL (IN)
  YESTERDAY        0.0           0.0  2002   0.0    0.0      0.0
  MONTH TO DATE    2.4                       0.9    1.5       T
  SINCE DEC 1      4.7                       1.3    3.4       T
  SINCE JUL 1      4.7                       1.3    3.4       T
  SNOW DEPTH       0

DEGREE DAYS
 HEATING
  YESTERDAY       16                        22     -6        0
  MONTH TO DATE  575                       440    135      244
  SINCE DEC 1   1131                      1053     78      735
  SINCE JUL 1   1528                      1521      7      957

 COOLING
  YESTERDAY        0                         0      0        2
  MONTH TO DATE    0                         0      0        2
  SINCE DEC 1      0                         1     -1        2
  SINCE JAN 1      0                         0      0        2
..................................................................


WIND (MPH)
  RESULTANT WIND SPEED   5   RESULTANT WIND DIRECTION   W (290)
  HIGHEST WIND SPEED    15   HIGHEST WIND DIRECTION    NW (330)
  HIGHEST GUST SPEED    17   HIGHEST GUST DIRECTION    NW (330)
  AVERAGE WIND SPEED     6.4


SKY COVER
  AVERAGE SKY COVER 0.3


WEATHER CONDITIONS
 THE FOLLOWING WEATHER WAS RECORDED YESTERDAY.
  NO SIGNIFICANT WEATHER WAS OBSERVED.


RELATIVE HUMIDITY (PERCENT)
 HIGHEST    66          1000 PM
 LOWEST     30          1200 AM
 AVERAGE    48

..........................................................


THE ATLANTA CLIMATE NORMALS FOR TODAY
                         NORMAL    RECORD    YEAR
 MAXIMUM TEMPERATURE (F)   53        76      1927
 MINIMUM TEMPERATURE (F)   34        -8      1985


SUNRISE AND SUNSET
JANUARY 21 2018.......SUNRISE   740 AM EST   SUNSET   558 PM EST
JANUARY 22 2018.......SUNRISE   740 AM EST   SUNSET   559 PM EST


-  INDICATES NEGATIVE NUMBERS.
R  INDICATES RECORD WAS SET OR TIED.
MM INDICATES DATA IS MISSING.
T  INDICATES TRACE AMOUNT.




$$
