041
CDUS42 KFFC 090029
CLIATL


CLIMATE REPORT
NATIONAL WEATHER SERVICE PEACHTREE CITY GA
729 PM EST THU DEC 8 2016


...................................

...THE ATLANTA CLIMATE SUMMARY FOR DECEMBER 8 2016...
VALID AS OF 0700 PM LOCAL TIME.

CLIMATE NORMAL PERIOD 1981 TO 2010
CLIMATE RECORD PERIOD 1878 TO 2016


WEATHER ITEM   OBSERVED TIME   RECORD YEAR NORMAL DEPARTURE LAST
                VALUE   (LST)  VALUE       VALUE  FROM      YEAR
                                                  NORMAL
..................................................................
TEMPERATURE (F)
 TODAY
  MAXIMUM         49    150 PM  76    1978  56     -7       65
  MINIMUM         40    706 PM  12    1882  38      2       40
  AVERAGE         45                        47     -2       53

PRECIPITATION (IN)
  TODAY            0.00          3.34 1919   0.13  -0.13     0.00
  MONTH TO DATE    2.00                      1.09   0.91     0.15
  SINCE DEC 1      2.00                      1.09   0.91     0.15
  SINCE JAN 1     37.69                     46.90  -9.21    56.02

SNOWFALL (IN)
  TODAY            0.0           0.0  2001   0.0    0.0      0.0
  MONTH TO DATE    0.0                       0.0    0.0      0.0
  SINCE DEC 1      0.0                       0.0    0.0      0.0
  SINCE JUL 1      0.0                       0.0    0.0      0.0
  SNOW DEPTH       0

DEGREE DAYS
 HEATING
  TODAY           20                        18      2       12
  MONTH TO DATE  119                       138    -19       97
  SINCE DEC 1    119                       138    -19       97
  SINCE JUL 1    341                       606   -265      401

 COOLING
  TODAY            0                         0      0        0
  MONTH TO DATE    0                         0      0        0
  SINCE DEC 1      0                         0      0        0
  SINCE JAN 1   2561                      1882    679     2128
..................................................................


WIND (MPH)
  RESULTANT WIND SPEED  13   RESULTANT WIND DIRECTION  NW (320)
  HIGHEST WIND SPEED    24   HIGHEST WIND DIRECTION    NW (330)
  HIGHEST GUST SPEED    31   HIGHEST GUST DIRECTION    NW (300)
  AVERAGE WIND SPEED    13.7


SKY COVER
  AVERAGE SKY COVER 0.8


WEATHER CONDITIONS
 THE FOLLOWING WEATHER WAS RECORDED TODAY.
  NO SIGNIFICANT WEATHER WAS OBSERVED.


RELATIVE HUMIDITY (PERCENT)
 HIGHEST    89          1200 AM
 LOWEST     33           500 PM

..........................................................


THE ATLANTA CLIMATE NORMALS FOR TOMORROW
                         NORMAL    RECORD    YEAR
 MAXIMUM TEMPERATURE (F)   55        76      2007
 MINIMUM TEMPERATURE (F)   38         8      1917


SUNRISE AND SUNSET
DECEMBER  8 2016......SUNRISE   730 AM EST   SUNSET   529 PM EST
DECEMBER  9 2016......SUNRISE   731 AM EST   SUNSET   530 PM EST


-  INDICATES NEGATIVE NUMBERS.
R  INDICATES RECORD WAS SET OR TIED.
MM INDICATES DATA IS MISSING.
T  INDICATES TRACE AMOUNT.




$$
