000
CDUS42 KFFC 190817
CLIATL


CLIMATE REPORT
NATIONAL WEATHER SERVICE PEACHTREE CITY GA
417 AM EDT THU OCT 19 2017


...................................

...THE ATLANTA CLIMATE SUMMARY FOR OCTOBER 18 2017...

CLIMATE NORMAL PERIOD 1981 TO 2010
CLIMATE RECORD PERIOD 1878 TO 2017


WEATHER ITEM   OBSERVED TIME   RECORD YEAR NORMAL DEPARTURE LAST
                VALUE   (LST)  VALUE       VALUE  FROM      YEAR
                                                  NORMAL
..................................................................
TEMPERATURE (F)
 YESTERDAY
  MAXIMUM         71    340 PM  86    2016  72     -1       86
                                      1984
  MINIMUM         48    505 AM  32    1948  53     -5       62
  AVERAGE         60                        63     -3       74

PRECIPITATION (IN)
  YESTERDAY        0.00          2.39 1937   0.11  -0.11     0.00
  MONTH TO DATE    1.98                      2.13  -0.15     0.16
  SINCE SEP 1      6.23                      6.60  -0.37     3.59
  SINCE JAN 1     45.17                     40.43   4.74    32.71

DEGREE DAYS
 HEATING
  YESTERDAY        5                         4      1        0
  MONTH TO DATE   11                        45    -34        3
  SINCE SEP 1     18                        56    -38        4
  SINCE JUL 1     18                        56    -38        4

 COOLING
  YESTERDAY        0                         2     -2        9
  MONTH TO DATE  129                        52     77      102
  SINCE SEP 1    408                       318     90      523
  SINCE JAN 1   2132                      1857    275     2473
..................................................................


WIND (MPH)
  RESULTANT WIND SPEED   8   RESULTANT WIND DIRECTION   E (90)
  HIGHEST WIND SPEED    17   HIGHEST WIND DIRECTION     E (80)
  HIGHEST GUST SPEED    24   HIGHEST GUST DIRECTION     E (110)
  AVERAGE WIND SPEED     8.3


SKY COVER
  AVERAGE SKY COVER 0.1


WEATHER CONDITIONS
 THE FOLLOWING WEATHER WAS RECORDED YESTERDAY.
  NO SIGNIFICANT WEATHER WAS OBSERVED.


RELATIVE HUMIDITY (PERCENT)
 HIGHEST    80           400 AM
 LOWEST     33           400 PM
 AVERAGE    57

..........................................................


THE ATLANTA CLIMATE NORMALS FOR TODAY
                         NORMAL    RECORD    YEAR
 MAXIMUM TEMPERATURE (F)   72        88      2016
 MINIMUM TEMPERATURE (F)   53        35      1976
                                             1948


SUNRISE AND SUNSET
OCTOBER 19 2017.......SUNRISE   746 AM EDT   SUNSET   659 PM EDT
OCTOBER 20 2017.......SUNRISE   747 AM EDT   SUNSET   658 PM EDT


-  INDICATES NEGATIVE NUMBERS.
R  INDICATES RECORD WAS SET OR TIED.
MM INDICATES DATA IS MISSING.
T  INDICATES TRACE AMOUNT.




$$
