000
CDUS42 KFFC 302033
CLIATL


CLIMATE REPORT
NATIONAL WEATHER SERVICE PEACHTREE CITY GA
433 PM EDT SUN APR 30 2017


...................................

...THE ATLANTA CLIMATE SUMMARY FOR APRIL 30 2017...
VALID TODAY AS OF 0400 PM LOCAL TIME.

CLIMATE NORMAL PERIOD 1981 TO 2010
CLIMATE RECORD PERIOD 1878 TO 2017


WEATHER ITEM   OBSERVED TIME   RECORD YEAR NORMAL DEPARTURE LAST
                VALUE   (LST)  VALUE       VALUE  FROM      YEAR
                                                  NORMAL
..................................................................
TEMPERATURE (F)
 TODAY
  MAXIMUM         83    317 PM  89    1987  76      7       87
                                      1942
  MINIMUM         69    604 AM  40    1969  56     13       68
                                      1908
  AVERAGE         76                        66     10       78

PRECIPITATION (IN)
  TODAY            T             3.19 1953   0.11  -0.11     0.66
  MONTH TO DATE    5.75                      3.36   2.39     3.15
  SINCE MAR 1      8.43                      8.17   0.26     5.36
  SINCE JAN 1     18.48                     17.04   1.44    17.89

SNOWFALL (IN)
  TODAY            0.0           0.0  2002   0.0    0.0      0.0
                                      2001
                                      2000
  MONTH TO DATE    0.0                       0.0    0.0      0.0
  SINCE MAR 1      T                         0.8   -0.8       T
  SINCE JUL 1      T                         2.9   -2.9      0.3
  SNOW DEPTH       0

DEGREE DAYS
 HEATING
  TODAY            0                         2     -2        0
  MONTH TO DATE   47                       143    -96       95
  SINCE MAR 1    310                       485   -175      265
  SINCE JUL 1   1666                      2740  -1074     1980

 COOLING
  TODAY           11                         3      8       13
  MONTH TO DATE  139                        53     86       74
  SINCE MAR 1    184                        65    119      112
  SINCE JAN 1    189                        66    123      112
..................................................................


WIND (MPH)
  HIGHEST WIND SPEED    20   HIGHEST WIND DIRECTION     S (190)
  HIGHEST GUST SPEED    24   HIGHEST GUST DIRECTION     S (160)
  AVERAGE WIND SPEED    10.4


SKY COVER
  POSSIBLE SUNSHINE  MM
  AVERAGE SKY COVER 0.8


WEATHER CONDITIONS
 THE FOLLOWING WEATHER WAS RECORDED TODAY.
  LIGHT RAIN
  FOG


RELATIVE HUMIDITY (PERCENT)
 HIGHEST    90           300 AM
 LOWEST     51           300 PM
 AVERAGE    71

..........................................................


THE ATLANTA CLIMATE NORMALS FOR TOMORROW
                         NORMAL    RECORD    YEAR
 MAXIMUM TEMPERATURE (F)   76        90      1990
 MINIMUM TEMPERATURE (F)   56        39      1908


SUNRISE AND SUNSET
APRIL 30 2017.........SUNRISE   650 AM EDT   SUNSET   820 PM EDT
MAY  1 2017...........SUNRISE   649 AM EDT   SUNSET   821 PM EDT


-  INDICATES NEGATIVE NUMBERS.
R  INDICATES RECORD WAS SET OR TIED.
MM INDICATES DATA IS MISSING.
T  INDICATES TRACE AMOUNT.




$$
