000
CDUS42 KFFC 290822
CLIATL


CLIMATE REPORT
NATIONAL WEATHER SERVICE PEACHTREE CITY GA
419 AM EDT THU SEP 29 2016


...................................

...THE ATLANTA CLIMATE SUMMARY FOR SEPTEMBER 28 2016...

CLIMATE NORMAL PERIOD 1981 TO 2010
CLIMATE RECORD PERIOD 1878 TO 2016


WEATHER ITEM   OBSERVED TIME   RECORD YEAR NORMAL DEPARTURE LAST
                VALUE   (LST)  VALUE       VALUE  FROM      YEAR
                                                  NORMAL
..................................................................
TEMPERATURE (F)
 YESTERDAY
  MAXIMUM         87    419 PM  93    1986  78      9       75
  MINIMUM         66    636 AM  42    1967  60      6       67
  AVERAGE         77                        69      8       71

PRECIPITATION (IN)
  YESTERDAY        0.00          3.05 1963   0.16  -0.16     0.04
  MONTH TO DATE    3.43                      4.15  -0.72     3.21
  SINCE SEP 1      3.43                      4.15  -0.72     3.21
  SINCE JAN 1     32.55                     37.98  -5.43    44.62

DEGREE DAYS
 HEATING
  YESTERDAY        0                         1     -1        0
  MONTH TO DATE    0                         8     -8        1
  SINCE SEP 1      0                         8     -8        1
  SINCE JUL 1      0                         8     -8        1

 COOLING
  YESTERDAY       12                         5      7        6
  MONTH TO DATE  417                       256    161      245
  SINCE SEP 1    417                       256    161      245
  SINCE JAN 1   2367                      1795    572     2037
..................................................................


WIND (MPH)
  RESULTANT WIND SPEED   5   RESULTANT WIND DIRECTION   W (260)
  HIGHEST WIND SPEED    17   HIGHEST WIND DIRECTION    SW (220)
  HIGHEST GUST SPEED    25   HIGHEST GUST DIRECTION    SW (230)
  AVERAGE WIND SPEED     7.1


SKY COVER
  AVERAGE SKY COVER 0.2


WEATHER CONDITIONS
 THE FOLLOWING WEATHER WAS RECORDED YESTERDAY.
  NO SIGNIFICANT WEATHER WAS OBSERVED.


RELATIVE HUMIDITY (PERCENT)
 HIGHEST   100           300 AM
 LOWEST     31           600 PM
 AVERAGE    66

..........................................................


THE ATLANTA CLIMATE NORMALS FOR TODAY
                         NORMAL    RECORD    YEAR
 MAXIMUM TEMPERATURE (F)   78        92      1941
                                             1904
 MINIMUM TEMPERATURE (F)   60        39      1967


SUNRISE AND SUNSET
SEPTEMBER 29 2016.....SUNRISE   731 AM EDT   SUNSET   724 PM EDT
SEPTEMBER 30 2016.....SUNRISE   732 AM EDT   SUNSET   723 PM EDT


-  INDICATES NEGATIVE NUMBERS.
R  INDICATES RECORD WAS SET OR TIED.
MM INDICATES DATA IS MISSING.
T  INDICATES TRACE AMOUNT.




$$
