000
CDUS42 KFFC 250026
CLIATL


CLIMATE REPORT
NATIONAL WEATHER SERVICE PEACHTREE CITY GA
826 PM EDT SAT JUN 24 2017


...................................

...THE ATLANTA CLIMATE SUMMARY FOR JUNE 24 2017...
VALID AS OF 0800 PM LOCAL TIME.

CLIMATE NORMAL PERIOD 1981 TO 2010
CLIMATE RECORD PERIOD 1878 TO 2017


WEATHER ITEM   OBSERVED TIME   RECORD YEAR NORMAL DEPARTURE LAST
                VALUE   (LST)  VALUE       VALUE  FROM      YEAR
                                                  NORMAL
..................................................................
TEMPERATURE (F)
 TODAY
  MAXIMUM         84    237 PM  99    1988  88     -4       96
                                      1930
  MINIMUM         72    500 AM  54    1972  70      2       75
  AVERAGE         78                        79     -1       86

PRECIPITATION (IN)
  TODAY            0.39          3.93 1912   0.15   0.24     0.00
  MONTH TO DATE    6.02                      3.00   3.02     2.42
  SINCE JUN 1      6.02                      3.00   3.02     2.42
  SINCE JAN 1     29.10                     23.71   5.39    21.56

SNOWFALL (IN)
  TODAY            0.0           0.0  2002   0.0    0.0      0.0
                                      2001
  MONTH TO DATE    0.0                       0.0    0.0      0.0
  SINCE JUN 1      0.0                       0.0    0.0      0.0
  SINCE JUL 1      T                         2.9   -2.9      0.3
  SNOW DEPTH       0

DEGREE DAYS
 HEATING
  TODAY            0                         0      0        0
  MONTH TO DATE    0                         0      0        0
  SINCE JUN 1      0                         0      0        0
  SINCE JUL 1   1690                      2766  -1076     1999

 COOLING
  TODAY           13                        14     -1       21
  MONTH TO DATE  290                       284      6      380
  SINCE JUN 1    290                       284      6      380
  SINCE JAN 1    698                       534    164      709
..................................................................


WIND (MPH)
  RESULTANT WIND SPEED   6   RESULTANT WIND DIRECTION  SW (230)
  HIGHEST WIND SPEED    14   HIGHEST WIND DIRECTION     W (290)
  HIGHEST GUST SPEED    20   HIGHEST GUST DIRECTION     W (290)
  AVERAGE WIND SPEED     6.6


SKY COVER
  AVERAGE SKY COVER 0.9


WEATHER CONDITIONS
 THE FOLLOWING WEATHER WAS RECORDED TODAY.
  THUNDERSTORM
  HEAVY RAIN
  RAIN
  LIGHT RAIN
  FOG


RELATIVE HUMIDITY (PERCENT)
 HIGHEST   100          1200 AM
 LOWEST     74           200 PM

..........................................................


THE ATLANTA CLIMATE NORMALS FOR TOMORROW
                         NORMAL    RECORD    YEAR
 MAXIMUM TEMPERATURE (F)   88       100      2016
                                             1914
 MINIMUM TEMPERATURE (F)   70        59      1889


SUNRISE AND SUNSET
JUNE 24 2017..........SUNRISE   629 AM EDT   SUNSET   852 PM EDT
JUNE 25 2017..........SUNRISE   629 AM EDT   SUNSET   852 PM EDT


-  INDICATES NEGATIVE NUMBERS.
R  INDICATES RECORD WAS SET OR TIED.
MM INDICATES DATA IS MISSING.
T  INDICATES TRACE AMOUNT.




$$
