000
CDUS44 KEWX 310743
CLIATT


CLIMATE REPORT
NATIONAL WEATHER SERVICE AUSTIN/SAN ANTONIO, TX
243 AM CDT FRI JUL 31 2015


...................................

...THE AUSTIN CAMP MABRY CLIMATE SUMMARY FOR JULY 30 2015...

CLIMATE NORMAL PERIOD 1981 TO 2010
CLIMATE RECORD PERIOD 1897 TO 2015


WEATHER ITEM   OBSERVED TIME   RECORD YEAR NORMAL DEPARTURE LAST
                VALUE   (LST)  VALUE       VALUE  FROM      YEAR
                                                  NORMAL
..................................................................
TEMPERATURE (F)
 YESTERDAY
  MAXIMUM        101    416 PM 104    1957  97      4       96
                                      1925
                                      1923
  MINIMUM         75    623 AM  67    1900  75      0       76
  AVERAGE         88                        86      2

PRECIPITATION (IN)
  YESTERDAY        0.00          3.06 1933   0.05  -0.05     0.00
  MONTH TO DATE    T                         1.82  -1.82     5.58
  SINCE JUN 1      8.89                      6.15   2.74     8.66
  SINCE JAN 1     39.14                     19.68  19.46    19.74

SNOWFALL (IN)
  YESTERDAY        0.0
  MONTH TO DATE    0.0
  SINCE JUN 1      0.0
  SINCE JUL 1      0.0
  SNOW DEPTH       0

DEGREE DAYS
 HEATING
  YESTERDAY        0                         0      0        0
  MONTH TO DATE    0                         0      0        0
  SINCE JUN 1      0                         0      0        0
  SINCE JUL 1      0                         0      0        0

 COOLING
  YESTERDAY       23                        21      2       21
  MONTH TO DATE  621                       599     22      585
  SINCE JUN 1   1111                      1115     -4     1104
  SINCE JAN 1   1712                      1728    -16     1678
..................................................................


WIND (MPH)
  HIGHEST WIND SPEED    10   HIGHEST WIND DIRECTION    SE (120)
  HIGHEST GUST SPEED    16   HIGHEST GUST DIRECTION    SE (120)
  AVERAGE WIND SPEED     1.8


SKY COVER
  AVERAGE SKY COVER 0.0


WEATHER CONDITIONS
 THE FOLLOWING WEATHER WAS RECORDED YESTERDAY.
  NO SIGNIFICANT WEATHER WAS OBSERVED.


RELATIVE HUMIDITY (PERCENT)
 HIGHEST    82           600 AM
 LOWEST     27           200 PM
 AVERAGE    55

..........................................................


THE AUSTIN CAMP MABRY CLIMATE NORMALS FOR TODAY
                         NORMAL    RECORD    YEAR
 MAXIMUM TEMPERATURE (F)   97       106      1923
 MINIMUM TEMPERATURE (F)   75        66      1916


SUNRISE AND SUNSET
JULY 31 2015..........SUNRISE   649 AM CDT   SUNSET   825 PM CDT
AUGUST  1 2015........SUNRISE   649 AM CDT   SUNSET   825 PM CDT


-  INDICATES NEGATIVE NUMBERS.
R  INDICATES RECORD WAS SET OR TIED.
MM INDICATES DATA IS MISSING.
T  INDICATES TRACE AMOUNT.




$$
