000
CDUS44 KEWX 202352
CLIATT


CLIMATE REPORT
NATIONAL WEATHER SERVICE AUSTIN/SAN ANTONIO, TX
551 PM CST SAT JAN 20 2018


...................................

...THE AUSTIN CAMP MABRY CLIMATE SUMMARY FOR JANUARY 20 2018...
VALID TODAY AS OF 0500 PM LOCAL TIME.

CLIMATE NORMAL PERIOD 1981 TO 2010
CLIMATE RECORD PERIOD 1897 TO 2018


WEATHER ITEM   OBSERVED TIME   RECORD YEAR NORMAL DEPARTURE LAST
                VALUE   (LST)  VALUE       VALUE  FROM      YEAR
                                                  NORMAL
..................................................................
TEMPERATURE (F)
 TODAY
  MAXIMUM         68    205 PM  83    1972  62      6       76
  MINIMUM         51    307 AM  17    1943  42      9       47
  AVERAGE         60                        52      8       62

PRECIPITATION (IN)
  TODAY            0.00          1.75 1968   0.07  -0.07     0.00
  MONTH TO DATE    0.25                      1.44  -1.19     4.11
  SINCE DEC 1      4.56                      3.84   0.72     6.65
  SINCE JAN 1      0.25                      1.44  -1.19     4.11

SNOWFALL (IN)
  TODAY            0.0
  MONTH TO DATE    T
  SINCE DEC 1      0.4
  SINCE JUL 1      0.4
  SNOW DEPTH       0

DEGREE DAYS
 HEATING
  TODAY            5                        14     -9        3
  MONTH TO DATE  372                       280     92      197
  SINCE DEC 1    769                       680     89      538
  SINCE JUL 1    892                       892      0      598

 COOLING
  TODAY            0                         0      0        0
  MONTH TO DATE    0                         0      0       20
  SINCE DEC 1     14                        13      1       60
  SINCE JAN 1      0                         0      0       20
..................................................................


WIND (MPH)
  HIGHEST WIND SPEED    14   HIGHEST WIND DIRECTION     S (160)
  HIGHEST GUST SPEED    24   HIGHEST GUST DIRECTION    SE (150)
  AVERAGE WIND SPEED     5.1


SKY COVER
  AVERAGE SKY COVER 0.0


WEATHER CONDITIONS
 THE FOLLOWING WEATHER WAS RECORDED TODAY.
  NO SIGNIFICANT WEATHER WAS OBSERVED.


RELATIVE HUMIDITY (PERCENT)
 HIGHEST   100          1200 AM
 LOWEST     68           100 PM
 AVERAGE    84

..........................................................


THE AUSTIN CAMP MABRY CLIMATE NORMALS FOR TOMORROW
                         NORMAL    RECORD    YEAR
 MAXIMUM TEMPERATURE (F)   62        82      2003
                                             1969
 MINIMUM TEMPERATURE (F)   42        17      1985
                                             1924


SUNRISE AND SUNSET
JANUARY 20 2018.......SUNRISE   727 AM CST   SUNSET   557 PM CST
JANUARY 21 2018.......SUNRISE   727 AM CST   SUNSET   558 PM CST


-  INDICATES NEGATIVE NUMBERS.
R  INDICATES RECORD WAS SET OR TIED.
MM INDICATES DATA IS MISSING.
T  INDICATES TRACE AMOUNT.




$$
