000
CDUS44 KEWX 010820
CLIATT


CLIMATE REPORT
NATIONAL WEATHER SERVICE AUSTIN/SAN ANTONIO, TX
220 AM CST SUN MAR 1 2015


...................................

...THE AUSTIN CAMP MABRY CLIMATE SUMMARY FOR FEBRUARY 28 2015...

CLIMATE NORMAL PERIOD 1981 TO 2010
CLIMATE RECORD PERIOD 1897 TO 2015


WEATHER ITEM   OBSERVED TIME   RECORD YEAR NORMAL DEPARTURE LAST
                VALUE   (LST)  VALUE       VALUE  FROM      YEAR
                                                  NORMAL
..................................................................
TEMPERATURE (F)
 YESTERDAY
  MAXIMUM         36    440 PM  89    1932  68    -32       80
  MINIMUM         31    817 AM  23    1922  48    -17       44
  AVERAGE         34                        58    -24

PRECIPITATION (IN)
  YESTERDAY        0.10          0.61 1993   0.08   0.02     0.00
  MONTH TO DATE    0.50                      2.02  -1.52     0.38
  SINCE DEC 1      6.58                      6.64  -0.06     1.55
  SINCE JAN 1      5.52                      4.24   1.28     0.83

SNOWFALL (IN)
  YESTERDAY        0.0
  MONTH TO DATE    T
  SINCE DEC 1      T
  SINCE JUL 1      T
  SNOW DEPTH       0

DEGREE DAYS
 HEATING
  YESTERDAY       31                         8     23        3
  MONTH TO DATE  383                       298     85      313
  SINCE DEC 1   1193                      1125     68     1222
  SINCE JUL 1   1483                      1337    146     1496

 COOLING
  YESTERDAY        0                         1     -1        0
  MONTH TO DATE    8                        18    -10       38
  SINCE DEC 1     20                        40    -20       56
  SINCE JAN 1     11                        27    -16       41
..................................................................


WIND (MPH)
  HIGHEST WIND SPEED    10   HIGHEST WIND DIRECTION     N (20)
  HIGHEST GUST SPEED    17   HIGHEST GUST DIRECTION    NE (40)
  AVERAGE WIND SPEED     5.0


SKY COVER
  AVERAGE SKY COVER 1.0


WEATHER CONDITIONS
 THE FOLLOWING WEATHER WAS RECORDED YESTERDAY.
  LIGHT RAIN
  LT FREEZING RAIN
  FOG


RELATIVE HUMIDITY (PERCENT)
 HIGHEST   100           800 AM
 LOWEST     85           100 AM
 AVERAGE    93

..........................................................


THE AUSTIN CAMP MABRY CLIMATE NORMALS FOR TODAY
                         NORMAL    RECORD    YEAR
 MAXIMUM TEMPERATURE (F)   68        87      2006
                                             1975
 MINIMUM TEMPERATURE (F)   48        21      1922


SUNRISE AND SUNSET
MARCH  1 2015.........SUNRISE   657 AM CST   SUNSET   630 PM CST
MARCH  2 2015.........SUNRISE   656 AM CST   SUNSET   630 PM CST


-  INDICATES NEGATIVE NUMBERS.
R  INDICATES RECORD WAS SET OR TIED.
MM INDICATES DATA IS MISSING.
T  INDICATES TRACE AMOUNT.




$$
