000
CDUS44 KEWX 250710
CLIATT


CLIMATE REPORT
NATIONAL WEATHER SERVICE AUSTIN/SAN ANTONIO, TX
209 AM CDT FRI APR 25 2014


...................................

...THE AUSTIN CAMP MABRY CLIMATE SUMMARY FOR APRIL 24 2014...

CLIMATE NORMAL PERIOD 1981 TO 2010
CLIMATE RECORD PERIOD 1898 TO 2014


WEATHER ITEM   OBSERVED TIME   RECORD YEAR NORMAL DEPARTURE LAST
                VALUE   (LST)  VALUE       VALUE  FROM      YEAR
                                                  NORMAL
..................................................................
TEMPERATURE (F)
 YESTERDAY
  MAXIMUM         88    204 PM  96    2003  82      6       65
  MINIMUM         67    704 AM  44    1928  61      6       45
  AVERAGE         78                        71      7

PRECIPITATION (IN)
  YESTERDAY        0.00          1.60 1966   0.08  -0.08      T
  MONTH TO DATE    1.89                      1.56   0.33     3.19
  SINCE MAR 1      3.16                      4.32  -1.16     4.36
  SINCE JAN 1      3.99                      8.56  -4.57     7.62

SNOWFALL (IN)
  YESTERDAY        0.0
  MONTH TO DATE    T
  SINCE MAR 1      T
  SINCE JUL 1      0.2
  SNOW DEPTH       0

DEGREE DAYS
 HEATING
  YESTERDAY        0                         0      0       10
  MONTH TO DATE   49                        37     12       77
  SINCE MAR 1    275                       199     76      216
  SINCE JUL 1   1771                      1536    235     1237

 COOLING
  YESTERDAY       13                         7      6        0
  MONTH TO DATE  115                       120     -5       97
  SINCE MAR 1    158                       181    -23      175
  SINCE JAN 1    199                       208     -9      224
..................................................................


WIND (MPH)
  HIGHEST WIND SPEED    16   HIGHEST WIND DIRECTION    SE (150)
  HIGHEST GUST SPEED    26   HIGHEST GUST DIRECTION    SE (140)
  AVERAGE WIND SPEED     4.9


SKY COVER
  AVERAGE SKY COVER 0.5


WEATHER CONDITIONS
 THE FOLLOWING WEATHER WAS RECORDED YESTERDAY.
  NO SIGNIFICANT WEATHER WAS OBSERVED.


RELATIVE HUMIDITY (PERCENT)
 HIGHEST    87           300 AM
 LOWEST     38          1000 PM
 AVERAGE    63

..........................................................


THE AUSTIN CAMP MABRY CLIMATE NORMALS FOR TODAY
                         NORMAL    RECORD    YEAR
 MAXIMUM TEMPERATURE (F)   82        95      1996
 MINIMUM TEMPERATURE (F)   61        42      1910


SUNRISE AND SUNSET
APRIL 25 2014.........SUNRISE   653 AM CDT   SUNSET   805 PM CDT
APRIL 26 2014.........SUNRISE   652 AM CDT   SUNSET   805 PM CDT


-  INDICATES NEGATIVE NUMBERS.
R  INDICATES RECORD WAS SET OR TIED.
MM INDICATES DATA IS MISSING.
T  INDICATES TRACE AMOUNT.




$$
