000
CDUS44 KEWX 242255
CLIATT


CLIMATE REPORT
NATIONAL WEATHER SERVICE AUSTIN/SAN ANTONIO, TX
554 PM CDT SUN MAY 24 2015


...................................

...THE AUSTIN CAMP MABRY CLIMATE SUMMARY FOR MAY 24 2015...
VALID TODAY AS OF 554 PM LOCAL TIME.

CLIMATE NORMAL PERIOD 1981 TO 2010
CLIMATE RECORD PERIOD 1897 TO 2015


WEATHER ITEM   OBSERVED TIME   RECORD YEAR NORMAL DEPARTURE LAST
                VALUE   (LST)  VALUE       VALUE  FROM      YEAR
                                                  NORMAL
..................................................................
TEMPERATURE (F)
 TODAY
  MAXIMUM         82    339 PM 104    1925  88     -6       86
  MINIMUM         64    650 AM  50    1913  69     -5       70
  AVERAGE         73                        78     -5       78

PRECIPITATION (IN)
  TODAY            0.76          4.00 1908   0.15   0.61      T
  MONTH TO DATE   11.52                      3.29   8.23     3.78
  SINCE MAR 1     18.66                      8.14  10.52     6.94
  SINCE JAN 1     24.18                     12.38  11.80     7.77

SNOWFALL (IN)
  TODAY            0.0
  MONTH TO DATE    0.0
  SINCE MAR 1      T
  SINCE JUL 1      T
  SNOW DEPTH       0

DEGREE DAYS
 HEATING
  TODAY            0                         0      0        0
  MONTH TO DATE    0                         0      0        5
  SINCE MAR 1    215                       200     15      280
  SINCE JUL 1   1698                      1537    161     1776

 COOLING
  TODAY            8                        13     -5       13
  MONTH TO DATE  239                       260    -21      229
  SINCE MAR 1    506                       485     21      453
  SINCE JAN 1    517                       512      5      494
..................................................................


WIND (MPH)
  HIGHEST WIND SPEED    MM   HIGHEST WIND DIRECTION     E (99)
  HIGHEST GUST SPEED    MM   HIGHEST GUST DIRECTION    MM
  AVERAGE WIND SPEED     3.5


SKY COVER
  AVERAGE SKY COVER 0.5


WEATHER CONDITIONS
 THE FOLLOWING WEATHER WAS RECORDED TODAY.
  THUNDERSTORM
  HEAVY RAIN
  RAIN
  LIGHT RAIN
  FOG


RELATIVE HUMIDITY (PERCENT)
 HIGHEST    93           500 AM
 LOWEST     93           500 AM
 AVERAGE    93

..........................................................


THE AUSTIN CAMP MABRY CLIMATE NORMALS FOR TOMORROW
                         NORMAL    RECORD    YEAR
 MAXIMUM TEMPERATURE (F)   89       100      2011
 MINIMUM TEMPERATURE (F)   69        49      1913


SUNRISE AND SUNSET
MAY 24 2015...........SUNRISE   632 AM CDT   SUNSET   823 PM CDT
MAY 25 2015...........SUNRISE   632 AM CDT   SUNSET   824 PM CDT


-  INDICATES NEGATIVE NUMBERS.
R  INDICATES RECORD WAS SET OR TIED.
MM INDICATES DATA IS MISSING.
T  INDICATES TRACE AMOUNT.




$$
