000
CDUS44 KEWX 222250
CLIATT


CLIMATE REPORT
NATIONAL WEATHER SERVICE AUSTIN/SAN ANTONIO, TX
549 PM CDT SAT JUL 22 2017


...................................

...THE AUSTIN CAMP MABRY CLIMATE SUMMARY FOR JULY 22 2017...
VALID TODAY AS OF 0549 PM LOCAL TIME.

CLIMATE NORMAL PERIOD 1981 TO 2010
CLIMATE RECORD PERIOD 1897 TO 2017


WEATHER ITEM   OBSERVED TIME   RECORD YEAR NORMAL DEPARTURE LAST
                VALUE   (LST)  VALUE       VALUE  FROM      YEAR
                                                  NORMAL
..................................................................
TEMPERATURE (F)
 TODAY
  MAXIMUM        103    254 PM 104    2011  96      7      102
  MINIMUM         77    613 AM  61    1923  75      2       76
  AVERAGE         90                        85      5       89

PRECIPITATION (IN)
  TODAY            0.00          1.36 1919   0.05  -0.05     0.00
  MONTH TO DATE    0.18                      1.40  -1.22     0.04
  SINCE JUN 1      3.23                      5.73  -2.50     2.65
  SINCE JAN 1     16.01                     19.26  -3.25    22.11

SNOWFALL (IN)
  TODAY            0.0
  MONTH TO DATE    0.0
  SINCE JUN 1      0.0
  SINCE JUL 1      0.0
  SNOW DEPTH       0

DEGREE DAYS
 HEATING
  TODAY            0                         0      0        0
  MONTH TO DATE    0                         0      0        0
  SINCE JUN 1      0                         0      0        0
  SINCE JUL 1      0                         0      0        0

 COOLING
  TODAY           25                        20      5       24
  MONTH TO DATE  520                       431     89      524
  SINCE JUN 1   1097                       947    150     1073
  SINCE JAN 1   1959                      1560    399     1688
..................................................................


WIND (MPH)
  HIGHEST WIND SPEED    12   HIGHEST WIND DIRECTION    SE (150)
  HIGHEST GUST SPEED    20   HIGHEST GUST DIRECTION    SE (150)
  AVERAGE WIND SPEED     4.9


SKY COVER
  AVERAGE SKY COVER 0.0


WEATHER CONDITIONS
 THE FOLLOWING WEATHER WAS RECORDED TODAY.
  NO SIGNIFICANT WEATHER WAS OBSERVED.


RELATIVE HUMIDITY (PERCENT)
 HIGHEST    88           600 AM
 LOWEST     27           400 PM
 AVERAGE    58

..........................................................


THE AUSTIN CAMP MABRY CLIMATE NORMALS FOR TOMORROW
                         NORMAL    RECORD    YEAR
 MAXIMUM TEMPERATURE (F)   97       104      2011
 MINIMUM TEMPERATURE (F)   75        64      1970


SUNRISE AND SUNSET
JULY 22 2017..........SUNRISE   643 AM CDT   SUNSET   831 PM CDT
JULY 23 2017..........SUNRISE   644 AM CDT   SUNSET   830 PM CDT


-  INDICATES NEGATIVE NUMBERS.
R  INDICATES RECORD WAS SET OR TIED.
MM INDICATES DATA IS MISSING.
T  INDICATES TRACE AMOUNT.




$$
