000
CDUS44 KEWX 252247
CLIATT


CLIMATE REPORT
NATIONAL WEATHER SERVICE AUSTIN/SAN ANTONIO, TX
547 PM CDT WED MAY 25 2016


...................................

...THE AUSTIN CAMP MABRY CLIMATE SUMMARY FOR MAY 25 2016...
VALID TODAY AS OF 0547 PM LOCAL TIME.

CLIMATE NORMAL PERIOD 1981 TO 2010
CLIMATE RECORD PERIOD 1897 TO 2016


WEATHER ITEM   OBSERVED TIME   RECORD YEAR NORMAL DEPARTURE LAST
                VALUE   (LST)  VALUE       VALUE  FROM      YEAR
                                                  NORMAL
..................................................................
TEMPERATURE (F)
 TODAY
  MAXIMUM         86    318 PM 100    2011  89     -3       82
  MINIMUM         77    626 AM  49    1913  69      8       66
  AVERAGE         82                        79      3       74

PRECIPITATION (IN)
  TODAY            0.00          5.20 2015   0.16  -0.16     5.20
  MONTH TO DATE    4.70                      3.45   1.25    16.72
  SINCE MAR 1     15.33                      8.30   7.03    23.86
  SINCE JAN 1     17.01                     12.54   4.47    29.38

SNOWFALL (IN)
  TODAY            0.0
  MONTH TO DATE    0.0
  SINCE MAR 1      T
  SINCE JUL 1      T
  SNOW DEPTH       0

DEGREE DAYS
 HEATING
  TODAY            0                         0      0        0
  MONTH TO DATE    1                         0      1        0
  SINCE MAR 1     84                       200   -116      215
  SINCE JUL 1   1081                      1537   -456     1698

 COOLING
  TODAY           17                        14      3        9
  MONTH TO DATE  223                       274    -51      248
  SINCE MAR 1    506                       499      7      515
  SINCE JAN 1    545                       526     19      526
..................................................................


WIND (MPH)
  HIGHEST WIND SPEED    13   HIGHEST WIND DIRECTION    SE (140)
  HIGHEST GUST SPEED    22   HIGHEST GUST DIRECTION     S (160)
  AVERAGE WIND SPEED     6.3


SKY COVER
  AVERAGE SKY COVER 0.9


WEATHER CONDITIONS
 THE FOLLOWING WEATHER WAS RECORDED TODAY.
  HAZE


RELATIVE HUMIDITY (PERCENT)
 HIGHEST    88          1200 AM
 LOWEST     74           200 PM
 AVERAGE    81

..........................................................


THE AUSTIN CAMP MABRY CLIMATE NORMALS FOR TOMORROW
                         NORMAL    RECORD    YEAR
 MAXIMUM TEMPERATURE (F)   89        96      2008
                                             1958
                                             1902
 MINIMUM TEMPERATURE (F)   69        47      1913


SUNRISE AND SUNSET
MAY 25 2016...........SUNRISE   631 AM CDT   SUNSET   824 PM CDT
MAY 26 2016...........SUNRISE   631 AM CDT   SUNSET   825 PM CDT


-  INDICATES NEGATIVE NUMBERS.
R  INDICATES RECORD WAS SET OR TIED.
MM INDICATES DATA IS MISSING.
T  INDICATES TRACE AMOUNT.




$$
