004
CDUS44 KEWX 122355
CLIATT


CLIMATE REPORT
NATIONAL WEATHER SERVICE AUSTIN/SAN ANTONIO, TX
554 PM CST FRI FEB 12 2016


...................................

...THE AUSTIN CAMP MABRY CLIMATE SUMMARY FOR FEBRUARY 12 2016...
VALID TODAY AS OF 554 PM LOCAL TIME.

CLIMATE NORMAL PERIOD 1981 TO 2010
CLIMATE RECORD PERIOD 1897 TO 2016


WEATHER ITEM   OBSERVED TIME   RECORD YEAR NORMAL DEPARTURE LAST
                VALUE   (LST)  VALUE       VALUE  FROM      YEAR
                                                  NORMAL
..................................................................
TEMPERATURE (F)
 TODAY
  MAXIMUM         79    359 PM  83    1951  65     14       62
  MINIMUM         47    716 AM  -1    1899  44      3       44
  AVERAGE         63                        54      9       53

PRECIPITATION (IN)
  TODAY            0.00          1.86 1950   0.07  -0.07     0.00
  MONTH TO DATE    T                         0.83  -0.83     0.34
  SINCE DEC 1      3.34                      5.45  -2.11     6.42
  SINCE JAN 1      0.34                      3.05  -2.71     5.36

SNOWFALL (IN)
  TODAY            0.0
  MONTH TO DATE    0.0
  SINCE DEC 1      0.0
  SINCE JUL 1      0.0
  SNOW DEPTH       0

DEGREE DAYS
 HEATING
  TODAY            2                        11     -9       12
  MONTH TO DATE  112                       144    -32      128
  SINCE DEC 1    777                       972   -195      938
  SINCE JUL 1    937                      1184   -247     1228

 COOLING
  TODAY            0                         1     -1        0
  MONTH TO DATE    4                         7     -3        6
  SINCE DEC 1     32                        29      3       18
  SINCE JAN 1     12                        16     -4        9
..................................................................


WIND (MPH)
  HIGHEST WIND SPEED    10   HIGHEST WIND DIRECTION     N (10)
  HIGHEST GUST SPEED    19   HIGHEST GUST DIRECTION     N (360)
  AVERAGE WIND SPEED     2.6


SKY COVER
  AVERAGE SKY COVER 0.0


WEATHER CONDITIONS
 THE FOLLOWING WEATHER WAS RECORDED TODAY.
  NO SIGNIFICANT WEATHER WAS OBSERVED.


RELATIVE HUMIDITY (PERCENT)
 HIGHEST    93           700 AM
 LOWEST     27           400 PM
 AVERAGE    60

..........................................................


THE AUSTIN CAMP MABRY CLIMATE NORMALS FOR TOMORROW
                         NORMAL    RECORD    YEAR
 MAXIMUM TEMPERATURE (F)   65        84      1924
 MINIMUM TEMPERATURE (F)   44        10      1905


SUNRISE AND SUNSET
FEBRUARY 12 2016......SUNRISE   714 AM CST   SUNSET   616 PM CST
FEBRUARY 13 2016......SUNRISE   713 AM CST   SUNSET   617 PM CST


-  INDICATES NEGATIVE NUMBERS.
R  INDICATES RECORD WAS SET OR TIED.
MM INDICATES DATA IS MISSING.
T  INDICATES TRACE AMOUNT.




$$
