000
CDUS44 KEWX 260728
CLIATT


CLIMATE REPORT
NATIONAL WEATHER SERVICE AUSTIN/SAN ANTONIO, TX
128 AM CST FRI DEC 26 2014


...................................

...THE AUSTIN CAMP MABRY CLIMATE SUMMARY FOR DECEMBER 25 2014...

CLIMATE NORMAL PERIOD 1981 TO 2010
CLIMATE RECORD PERIOD 1897 TO 2014


WEATHER ITEM   OBSERVED TIME   RECORD YEAR NORMAL DEPARTURE LAST
                VALUE   (LST)  VALUE       VALUE  FROM      YEAR
                                                  NORMAL
..................................................................
TEMPERATURE (F)
 YESTERDAY
  MAXIMUM         65    325 PM  90    1955  61      4       58
  MINIMUM         33    136 AM  10    1983  41     -8       41
  AVERAGE         49                        51     -2

PRECIPITATION (IN)
  YESTERDAY        0.00          1.52 2000   0.08  -0.08      T
  MONTH TO DATE    0.89                      1.93  -1.04     0.72
  SINCE DEC 1      0.89                      1.93  -1.04     0.72
  SINCE JAN 1     35.36                     33.85   1.51    41.03

SNOWFALL (IN)
  YESTERDAY        0.0
  MONTH TO DATE    0.0
  SINCE DEC 1      0.0
  SINCE JUL 1      0.0
  SNOW DEPTH       0

DEGREE DAYS
 HEATING
  YESTERDAY       16                        14      2       15
  MONTH TO DATE  208                       314   -106      366
  SINCE DEC 1    208                       314   -106      366
  SINCE JUL 1    498                       526    -28      640

 COOLING
  YESTERDAY        0                         0      0        0
  MONTH TO DATE    9                         6      3       15
  SINCE DEC 1      9                         6      3       15
  SINCE JAN 1   3197                      3132     65     3464
..................................................................


WIND (MPH)
  HIGHEST WIND SPEED    16   HIGHEST WIND DIRECTION     S (170)
  HIGHEST GUST SPEED    30   HIGHEST GUST DIRECTION     S (160)
  AVERAGE WIND SPEED     6.0


SKY COVER
  AVERAGE SKY COVER 0.0


WEATHER CONDITIONS
 THE FOLLOWING WEATHER WAS RECORDED YESTERDAY.
  NO SIGNIFICANT WEATHER WAS OBSERVED.


RELATIVE HUMIDITY (PERCENT)
 HIGHEST    96           200 AM
 LOWEST     26           200 PM
 AVERAGE    61

..........................................................


THE AUSTIN CAMP MABRY CLIMATE NORMALS FOR TODAY
                         NORMAL    RECORD    YEAR
 MAXIMUM TEMPERATURE (F)   61        80      2008
                                             2005
                                             1988
 MINIMUM TEMPERATURE (F)   41        14      1983
                                             1924


SUNRISE AND SUNSET
DECEMBER 26 2014......SUNRISE   725 AM CST   SUNSET   537 PM CST
DECEMBER 27 2014......SUNRISE   726 AM CST   SUNSET   538 PM CST


-  INDICATES NEGATIVE NUMBERS.
R  INDICATES RECORD WAS SET OR TIED.
MM INDICATES DATA IS MISSING.
T  INDICATES TRACE AMOUNT.




$$
