000
CDUS43 KABR 232235
CLIATY


CLIMATE REPORT
NATIONAL WEATHER SERVICE ABERDEEN SD
534 PM CDT TUE SEP 23 2014


...................................

...THE WATERTOWN SD CLIMATE SUMMARY FOR SEPTEMBER 23 2014...
VALID TODAY AS OF 0500 PM LOCAL TIME.

CLIMATE NORMAL PERIOD 1981 TO 2010
CLIMATE RECORD PERIOD 1898 TO 2014


WEATHER ITEM   OBSERVED TIME   RECORD YEAR NORMAL DEPARTURE LAST
                VALUE   (LST)  VALUE       VALUE  FROM      YEAR
                                                  NORMAL
..................................................................
TEMPERATURE (F)
 TODAY
  MAXIMUM         61   1105 AM  95    1935  67     -6       78
  MINIMUM         53    237 AM  23    1983  44      9       57
  AVERAGE         57                        56      1       68

PRECIPITATION (IN)
  TODAY            0.07          2.40 1977   0.08  -0.01     0.00
  MONTH TO DATE    0.62                      2.09  -1.47     1.27
  SINCE SEP 1      0.62                      2.09  -1.47     1.27
  SINCE JAN 1     14.24                     18.32  -4.08    18.09

SNOWFALL (IN)
  TODAY            0.0
  MONTH TO DATE    0.0
  SINCE OCT 1     28.2
  SINCE JUL 1      0.0
  SNOW DEPTH       0

DEGREE DAYS
 HEATING
  TODAY            8                        10     -2        0
  MONTH TO DATE  173                       139     34       68
  SINCE SEP 1    173                       139     34       68
  SINCE JUL 1    227                       196     31      119

 COOLING
  TODAY            0                         0      0        3
  MONTH TO DATE   18                        37    -19       96
  SINCE SEP 1     18                        37    -19       96
  SINCE JAN 1    351                       511   -160      610
..................................................................


WIND (MPH)
  HIGHEST WIND SPEED    25   HIGHEST WIND DIRECTION     S (170)
  HIGHEST GUST SPEED    32   HIGHEST GUST DIRECTION     S (170)
  AVERAGE WIND SPEED    12.4


SKY COVER
  POSSIBLE SUNSHINE  MM
  AVERAGE SKY COVER 0.8


WEATHER CONDITIONS
 THE FOLLOWING WEATHER WAS RECORDED TODAY.
  LIGHT RAIN
  FOG


RELATIVE HUMIDITY (PERCENT)
 HIGHEST    93           100 PM
 LOWEST     69          1100 AM
 AVERAGE    81

..........................................................


THE WATERTOWN SD CLIMATE NORMALS FOR TOMORROW
                         NORMAL    RECORD    YEAR
 MAXIMUM TEMPERATURE (F)   67        91      1935
 MINIMUM TEMPERATURE (F)   44        24      1942


SUNRISE AND SUNSET
SEPTEMBER 23 2014.....SUNRISE   717 AM CDT   SUNSET   724 PM CDT
SEPTEMBER 24 2014.....SUNRISE   718 AM CDT   SUNSET   722 PM CDT


-  INDICATES NEGATIVE NUMBERS.
R  INDICATES RECORD WAS SET OR TIED.
MM INDICATES DATA IS MISSING.
T  INDICATES TRACE AMOUNT.




$$
