000
CDUS43 KABR 191032
CLIATY


CLIMATE REPORT
NATIONAL WEATHER SERVICE ABERDEEN SD
431 AM CST THU JAN 19 2017


...................................

...THE WATERTOWN SD CLIMATE SUMMARY FOR JANUARY 18 2017...

CLIMATE NORMAL PERIOD 1981 TO 2010
CLIMATE RECORD PERIOD 1898 TO 2017


WEATHER ITEM   OBSERVED TIME   RECORD YEAR NORMAL DEPARTURE LAST
                VALUE   (LST)  VALUE       VALUE  FROM      YEAR
                                                  NORMAL
..................................................................
TEMPERATURE (F)
 YESTERDAY
  MAXIMUM         35    347 PM  47    1923  22     13        7
  MINIMUM         15    752 AM -31    1970   3     12       -1
  AVERAGE         25                        12     13        3

PRECIPITATION (IN)
  YESTERDAY        0.00          0.48 1996   0.01  -0.01     0.00
  MONTH TO DATE    0.57                      0.30   0.27     0.12
  SINCE DEC 1      1.82                      0.83   0.99     0.44
  SINCE JAN 1      0.57                      0.30   0.27     0.12

SNOWFALL (IN)
  YESTERDAY        0.0
  MONTH TO DATE    9.0
  SINCE OCT 1     26.7
  SINCE JUL 1     26.7
  SNOW DEPTH      14

DEGREE DAYS
 HEATING
  YESTERDAY       40                        53    -13       62
  MONTH TO DATE 1088                       947    141      955
  SINCE DEC 1   2683                      2466    217     2220
  SINCE JUL 1   4054                      4406   -352     3579

 COOLING
  YESTERDAY        0                         0      0        0
  MONTH TO DATE    0                         0      0        0
  SINCE DEC 1      0                         0      0        0
  SINCE JAN 1      0                         0      0        0
..................................................................


WIND (MPH)
  HIGHEST WIND SPEED    13   HIGHEST WIND DIRECTION    SE (150)
  HIGHEST GUST SPEED    15   HIGHEST GUST DIRECTION     S (160)
  AVERAGE WIND SPEED     7.9


SKY COVER
  POSSIBLE SUNSHINE  MM
  AVERAGE SKY COVER 0.1


WEATHER CONDITIONS
 THE FOLLOWING WEATHER WAS RECORDED YESTERDAY.
  FOG
  FOG W/VISIBILITY <= 1/4 MILE


RELATIVE HUMIDITY (PERCENT)
 HIGHEST   100          1200 AM
 LOWEST     75           200 PM
 AVERAGE    88

..........................................................


THE WATERTOWN SD CLIMATE NORMALS FOR TODAY
                         NORMAL    RECORD    YEAR
 MAXIMUM TEMPERATURE (F)   22        56      1900
 MINIMUM TEMPERATURE (F)    3       -33      1970


SUNRISE AND SUNSET
JANUARY 19 2017.......SUNRISE   800 AM CST   SUNSET   519 PM CST
JANUARY 20 2017.......SUNRISE   759 AM CST   SUNSET   520 PM CST


-  INDICATES NEGATIVE NUMBERS.
R  INDICATES RECORD WAS SET OR TIED.
MM INDICATES DATA IS MISSING.
T  INDICATES TRACE AMOUNT.




$$
