786
CDUS43 KABR 201112
CLIATY


CLIMATE REPORT
NATIONAL WEATHER SERVICE ABERDEEN SD
511 AM CST SAT JAN 20 2018


...................................

...THE WATERTOWN SD CLIMATE SUMMARY FOR JANUARY 19 2018...

CLIMATE NORMAL PERIOD 1981 TO 2010
CLIMATE RECORD PERIOD 1898 TO 2018


WEATHER ITEM   OBSERVED TIME   RECORD YEAR NORMAL DEPARTURE LAST
                VALUE   (LST)  VALUE       VALUE  FROM      YEAR
                                                  NORMAL
..................................................................
TEMPERATURE (F)
 YESTERDAY
  MAXIMUM         48    231 PM  56    1900  22     26       36
  MINIMUM         24   1135 PM -33    1970   3     21       24
  AVERAGE         36                        12     24       30

PRECIPITATION (IN)
  YESTERDAY        0.00          0.30 1979   0.02  -0.02     0.00
  MONTH TO DATE    0.04                      0.32  -0.28     0.57
  SINCE DEC 1      0.29                      0.85  -0.56     1.82
  SINCE JAN 1      0.04                      0.32  -0.28     0.57

SNOWFALL (IN)
  YESTERDAY        0.0
  MONTH TO DATE    0.8
  SINCE OCT 1      7.2
  SINCE JUL 1      7.2
  SNOW DEPTH       1

DEGREE DAYS
 HEATING
  YESTERDAY       29                        53    -24       35
  MONTH TO DATE 1063                      1000     63     1123
  SINCE DEC 1   2516                      2519     -3     2718
  SINCE JUL 1   4281                      4459   -178     4089

 COOLING
  YESTERDAY        0                         0      0        0
  MONTH TO DATE    0                         0      0        0
  SINCE DEC 1      0                         0      0        0
  SINCE JAN 1      0                         0      0        0
..................................................................


WIND (MPH)
  HIGHEST WIND SPEED    18   HIGHEST WIND DIRECTION     N (340)
  HIGHEST GUST SPEED    21   HIGHEST GUST DIRECTION     N (340)
  AVERAGE WIND SPEED     7.6


SKY COVER
  POSSIBLE SUNSHINE  MM
  AVERAGE SKY COVER 0.0


WEATHER CONDITIONS
 THE FOLLOWING WEATHER WAS RECORDED YESTERDAY.
  NO SIGNIFICANT WEATHER WAS OBSERVED.


RELATIVE HUMIDITY (PERCENT)
 HIGHEST    92          1200 AM
 LOWEST     53           300 PM
 AVERAGE    73

..........................................................


THE WATERTOWN SD CLIMATE NORMALS FOR TODAY
                         NORMAL    RECORD    YEAR
 MAXIMUM TEMPERATURE (F)   22        56      1944
 MINIMUM TEMPERATURE (F)    3       -26      1985
                                             1962


SUNRISE AND SUNSET
JANUARY 20 2018.......SUNRISE   800 AM CST   SUNSET   520 PM CST
JANUARY 21 2018.......SUNRISE   759 AM CST   SUNSET   521 PM CST


-  INDICATES NEGATIVE NUMBERS.
R  INDICATES RECORD WAS SET OR TIED.
MM INDICATES DATA IS MISSING.
T  INDICATES TRACE AMOUNT.




$$
