000
CDUS43 KABR 231036
CLIATY


CLIMATE REPORT
NATIONAL WEATHER SERVICE ABERDEEN SD
535 AM CDT MON OCT 23 2017


...................................

...THE WATERTOWN SD CLIMATE SUMMARY FOR OCTOBER 22 2017...

CLIMATE NORMAL PERIOD 1981 TO 2010
CLIMATE RECORD PERIOD 1898 TO 2017


WEATHER ITEM   OBSERVED TIME   RECORD YEAR NORMAL DEPARTURE LAST
                VALUE   (LST)  VALUE       VALUE  FROM      YEAR
                                                  NORMAL
..................................................................
TEMPERATURE (F)
 YESTERDAY
  MAXIMUM         64    255 PM  78    1915  54     10       68
  MINIMUM         32    652 AM  13    1936  32      0       32
  AVERAGE         48                        43      5       50

PRECIPITATION (IN)
  YESTERDAY        0.00          1.15 2004   0.05  -0.05     0.00
  MONTH TO DATE    2.16                      1.48   0.68     1.48
  SINCE SEP 1      7.56                      4.12   3.44     3.54
  SINCE JAN 1     22.77                     20.35   2.42    20.18

SNOWFALL (IN)
  YESTERDAY        0.0
  MONTH TO DATE    0.0
  SINCE OCT 1      0.0
  SINCE JUL 1      0.0
  SNOW DEPTH       0

DEGREE DAYS
 HEATING
  YESTERDAY       17                        22     -5       15
  MONTH TO DATE  318                       389    -71      316
  SINCE SEP 1    469                       608   -139      434
  SINCE JUL 1    497                       665   -168      460

 COOLING
  YESTERDAY        0                         0      0        0
  MONTH TO DATE    0                         0      0        0
  SINCE SEP 1     65                        39     26       36
  SINCE JAN 1    440                       513    -73      721
..................................................................


WIND (MPH)
  HIGHEST WIND SPEED    25   HIGHEST WIND DIRECTION     S (200)
  HIGHEST GUST SPEED    31   HIGHEST GUST DIRECTION    SW (210)
  AVERAGE WIND SPEED    11.5


SKY COVER
  POSSIBLE SUNSHINE  MM
  AVERAGE SKY COVER 0.2


WEATHER CONDITIONS
 THE FOLLOWING WEATHER WAS RECORDED YESTERDAY.
  NO SIGNIFICANT WEATHER WAS OBSERVED.


RELATIVE HUMIDITY (PERCENT)
 HIGHEST    92           200 AM
 LOWEST     26           300 PM
 AVERAGE    59

..........................................................


THE WATERTOWN SD CLIMATE NORMALS FOR TODAY
                         NORMAL    RECORD    YEAR
 MAXIMUM TEMPERATURE (F)   53        79      1927
 MINIMUM TEMPERATURE (F)   32         6      1917


SUNRISE AND SUNSET
OCTOBER 23 2017.......SUNRISE   755 AM CDT   SUNSET   630 PM CDT
OCTOBER 24 2017.......SUNRISE   756 AM CDT   SUNSET   628 PM CDT


-  INDICATES NEGATIVE NUMBERS.
R  INDICATES RECORD WAS SET OR TIED.
MM INDICATES DATA IS MISSING.
T  INDICATES TRACE AMOUNT.




$$
