000
CDUS43 KABR 261200
CLIATY


CLIMATE REPORT
NATIONAL WEATHER SERVICE ABERDEEN SD
700 AM CDT WED APR 26 2017


...................................

...THE WATERTOWN SD CLIMATE SUMMARY FOR APRIL 25 2017...

CLIMATE NORMAL PERIOD 1981 TO 2010
CLIMATE RECORD PERIOD 1898 TO 2017


WEATHER ITEM   OBSERVED TIME   RECORD YEAR NORMAL DEPARTURE LAST
                VALUE   (LST)  VALUE       VALUE  FROM      YEAR
                                                  NORMAL
..................................................................
TEMPERATURE (F)
 YESTERDAY
  MAXIMUM         37    231 AM  92    1962  61    -24       56
  MINIMUM         32   1159 PM  17    2013  36     -4       45
  AVERAGE         35                        48    -13       51

PRECIPITATION (IN)
  YESTERDAY        0.00          1.12 2008   0.08  -0.08     0.21
  MONTH TO DATE    1.70                      1.61   0.09     1.67
  SINCE MAR 1      2.03                      2.72  -0.69     1.93
  SINCE JAN 1      2.81                      3.80  -0.99     2.96

SNOWFALL (IN)
  YESTERDAY        0.0
  MONTH TO DATE    0.0
  SINCE OCT 1     39.1
  SINCE JUL 1     39.1
  SNOW DEPTH       0

DEGREE DAYS
 HEATING
  YESTERDAY       30                        17     13       14
  MONTH TO DATE  484                       558    -74      442
  SINCE MAR 1   1561                      1662   -101     1238
  SINCE JUL 1   7162                      8073   -911     6557

 COOLING
  YESTERDAY        0                         0      0        0
  MONTH TO DATE    0                         0      0        0
  SINCE MAR 1      0                         0      0        0
  SINCE JAN 1      0                         0      0        0
..................................................................


WIND (MPH)
  HIGHEST WIND SPEED    26   HIGHEST WIND DIRECTION     N (360)
  HIGHEST GUST SPEED    33   HIGHEST GUST DIRECTION     N (350)
  AVERAGE WIND SPEED    17.9


SKY COVER
  POSSIBLE SUNSHINE  MM
  AVERAGE SKY COVER 1.0


WEATHER CONDITIONS
 THE FOLLOWING WEATHER WAS RECORDED YESTERDAY.
  FOG


RELATIVE HUMIDITY (PERCENT)
 HIGHEST   100           300 AM
 LOWEST     82           300 PM
 AVERAGE    91

..........................................................


THE WATERTOWN SD CLIMATE NORMALS FOR TODAY
                         NORMAL    RECORD    YEAR
 MAXIMUM TEMPERATURE (F)   61        82      1952
 MINIMUM TEMPERATURE (F)   37        17      1931


SUNRISE AND SUNSET
APRIL 26 2017.........SUNRISE   625 AM CDT   SUNSET   828 PM CDT
APRIL 27 2017.........SUNRISE   624 AM CDT   SUNSET   829 PM CDT


-  INDICATES NEGATIVE NUMBERS.
R  INDICATES RECORD WAS SET OR TIED.
MM INDICATES DATA IS MISSING.
T  INDICATES TRACE AMOUNT.




$$
