000
CDUS43 KABR 221038
CLIATY


CLIMATE REPORT
NATIONAL WEATHER SERVICE ABERDEEN SD
437 AM CST WED FEB 22 2017


...................................

...THE WATERTOWN SD CLIMATE SUMMARY FOR FEBRUARY 21 2017...

CLIMATE NORMAL PERIOD 1981 TO 2010
CLIMATE RECORD PERIOD 1898 TO 2017


WEATHER ITEM   OBSERVED TIME   RECORD YEAR NORMAL DEPARTURE LAST
                VALUE   (LST)  VALUE       VALUE  FROM      YEAR
                                                  NORMAL
..................................................................
TEMPERATURE (F)
 YESTERDAY
  MAXIMUM         58R   433 PM  58    2000  29     29       32
  MINIMUM         29    144 AM -25    1936  10     19       23
  AVERAGE         44                        20     24       28

PRECIPITATION (IN)
  YESTERDAY        T             0.50 1957   0.02  -0.02     0.01
  MONTH TO DATE    0.09                      0.38  -0.29     0.39
  SINCE DEC 1      2.00                      1.43   0.57     1.19
  SINCE JAN 1      0.75                      0.90  -0.15     0.87

SNOWFALL (IN)
  YESTERDAY        0.0
  MONTH TO DATE    T
  SINCE OCT 1     27.5
  SINCE JUL 1     27.5
  SNOW DEPTH       0

DEGREE DAYS
 HEATING
  YESTERDAY       21                        45    -24       37
  MONTH TO DATE  803                      1022   -219      910
  SINCE DEC 1   3977                      4164   -187     3685
  SINCE JUL 1   5348                      6104   -756     5044

 COOLING
  YESTERDAY        0                         0      0        0
  MONTH TO DATE    0                         0      0        0
  SINCE DEC 1      0                         0      0        0
  SINCE JAN 1      0                         0      0        0
..................................................................


WIND (MPH)
  HIGHEST WIND SPEED    22   HIGHEST WIND DIRECTION     S (170)
  HIGHEST GUST SPEED    29   HIGHEST GUST DIRECTION     S (180)
  AVERAGE WIND SPEED     7.4


SKY COVER
  POSSIBLE SUNSHINE  MM
  AVERAGE SKY COVER 0.1


WEATHER CONDITIONS
 THE FOLLOWING WEATHER WAS RECORDED YESTERDAY.
  THUNDERSTORM
  LIGHT RAIN
  FOG


RELATIVE HUMIDITY (PERCENT)
 HIGHEST   100          1200 AM
 LOWEST     54          1000 PM
 AVERAGE    77

..........................................................


THE WATERTOWN SD CLIMATE NORMALS FOR TODAY
                         NORMAL    RECORD    YEAR
 MAXIMUM TEMPERATURE (F)   30        65      2000
 MINIMUM TEMPERATURE (F)   11       -22      1957


SUNRISE AND SUNSET
FEBRUARY 22 2017......SUNRISE   718 AM CST   SUNSET   607 PM CST
FEBRUARY 23 2017......SUNRISE   716 AM CST   SUNSET   608 PM CST


-  INDICATES NEGATIVE NUMBERS.
R  INDICATES RECORD WAS SET OR TIED.
MM INDICATES DATA IS MISSING.
T  INDICATES TRACE AMOUNT.




$$
