000
CDUS43 KABR 270911
CLIATY


CLIMATE REPORT
NATIONAL WEATHER SERVICE ABERDEEN SD
410 AM CDT FRI MAY 27 2016


...................................

...THE WATERTOWN SD CLIMATE SUMMARY FOR MAY 26 2016...

CLIMATE NORMAL PERIOD 1981 TO 2010
CLIMATE RECORD PERIOD 1898 TO 2016


WEATHER ITEM   OBSERVED TIME   RECORD YEAR NORMAL DEPARTURE LAST
                VALUE   (LST)  VALUE       VALUE  FROM      YEAR
                                                  NORMAL
..................................................................
TEMPERATURE (F)
 YESTERDAY
  MAXIMUM         76    550 PM  91    1911  70      6       70
  MINIMUM         55    543 AM  30    1961  48      7       50
                                      1971
  AVERAGE         66                        59      7       60

PRECIPITATION (IN)
  YESTERDAY        0.00          0.98 1939   0.09  -0.09     0.00
  MONTH TO DATE    1.28                      2.16  -0.88     3.75
  SINCE MAR 1      3.80                      5.29  -1.49     4.49
  SINCE JAN 1      4.83                      6.37  -1.54     5.14

DEGREE DAYS
 HEATING
  YESTERDAY        0                         7     -7        5
  MONTH TO DATE  209                       265    -56      277
  SINCE MAR 1   1560                      2005   -445     1759
  SINCE JUL 1   6879                      8416  -1537     8151

 COOLING
  YESTERDAY        1                         1      0        0
  MONTH TO DATE   20                        15      5        0
  SINCE MAR 1     20                        17      3        0
  SINCE JAN 1     20                        17      3        0
..................................................................


WIND (MPH)
  HIGHEST WIND SPEED    16   HIGHEST WIND DIRECTION    SW (230)
  HIGHEST GUST SPEED    22   HIGHEST GUST DIRECTION    SW (240)
  AVERAGE WIND SPEED     8.5


SKY COVER
  POSSIBLE SUNSHINE  MM
  AVERAGE SKY COVER 0.1


WEATHER CONDITIONS
 THE FOLLOWING WEATHER WAS RECORDED YESTERDAY.
  THUNDERSTORM
  LIGHT RAIN


RELATIVE HUMIDITY (PERCENT)
 HIGHEST    86           200 AM
 LOWEST     38           400 PM
 AVERAGE    62

..........................................................


THE WATERTOWN SD CLIMATE NORMALS FOR TODAY
                         NORMAL    RECORD    YEAR
 MAXIMUM TEMPERATURE (F)   71        93      1900
 MINIMUM TEMPERATURE (F)   49        28      1928


SUNRISE AND SUNSET
MAY 27 2016...........SUNRISE   548 AM CDT   SUNSET   904 PM CDT
MAY 28 2016...........SUNRISE   548 AM CDT   SUNSET   905 PM CDT


-  INDICATES NEGATIVE NUMBERS.
R  INDICATES RECORD WAS SET OR TIED.
MM INDICATES DATA IS MISSING.
T  INDICATES TRACE AMOUNT.




$$
