000
CDUS44 KEWX 170724
CLIAUS


CLIMATE REPORT
NATIONAL WEATHER SERVICE AUSTIN/SAN ANTONIO, TX
224 AM CDT TUE OCT 17 2017


...................................

...THE AUSTIN BERGSTROM CLIMATE SUMMARY FOR OCTOBER 16 2017...

CLIMATE NORMAL PERIOD 1981 TO 2010
CLIMATE RECORD PERIOD 1943 TO 2017


WEATHER ITEM   OBSERVED TIME   RECORD YEAR NORMAL DEPARTURE LAST
                VALUE   (LST)  VALUE       VALUE  FROM      YEAR
                                                  NORMAL
..................................................................
TEMPERATURE (F)
 YESTERDAY
  MAXIMUM         76    335 PM  92    2016  82     -6       92
                                      1993
  MINIMUM         47   1142 PM  41    2001  56     -9       72
  AVERAGE         62                        69     -7       82

PRECIPITATION (IN)
  YESTERDAY        0.00          1.63 1960   0.15  -0.15     0.00
  MONTH TO DATE    0.94                      2.01  -1.07     0.25
  SINCE SEP 1      4.75                      4.55   0.20     3.42
  SINCE JAN 1     36.01                     27.26   8.75    48.30

SNOWFALL (IN)
  YESTERDAY        0.0
  MONTH TO DATE    0.0
  SINCE SEP 1      0.0
  SINCE JUL 1      0.0
  SNOW DEPTH       0

DEGREE DAYS
 HEATING
  YESTERDAY        3                         1      2        0
  MONTH TO DATE    3                        15    -12        0
  SINCE SEP 1      3                        17    -14        0
  SINCE JUL 1      3                        17    -14        0

 COOLING
  YESTERDAY        0                         5     -5       17
  MONTH TO DATE  171                       115     56      153
  SINCE SEP 1    575                       503     72      624
  SINCE JAN 1   3216                      2643    573     2881
..................................................................


WIND (MPH)
  HIGHEST WIND SPEED    21   HIGHEST WIND DIRECTION     N (360)
  HIGHEST GUST SPEED    27   HIGHEST GUST DIRECTION     N (350)
  AVERAGE WIND SPEED    12.6


SKY COVER
  AVERAGE SKY COVER 0.1


WEATHER CONDITIONS
 THE FOLLOWING WEATHER WAS RECORDED YESTERDAY.
  NO SIGNIFICANT WEATHER WAS OBSERVED.


RELATIVE HUMIDITY (PERCENT)
 HIGHEST    93          1000 PM
 LOWEST     29           500 PM
 AVERAGE    61

..........................................................


THE AUSTIN BERGSTROM CLIMATE NORMALS FOR TODAY
                         NORMAL    RECORD    YEAR
 MAXIMUM TEMPERATURE (F)   82        96      1993
 MINIMUM TEMPERATURE (F)   56        35      2001


SUNRISE AND SUNSET
OCTOBER 17 2017.......SUNRISE   734 AM CDT   SUNSET   657 PM CDT
OCTOBER 18 2017.......SUNRISE   735 AM CDT   SUNSET   656 PM CDT


-  INDICATES NEGATIVE NUMBERS.
R  INDICATES RECORD WAS SET OR TIED.
MM INDICATES DATA IS MISSING.
T  INDICATES TRACE AMOUNT.




$$
