504
CDUS44 KEWX 120721
CLIAUS


CLIMATE REPORT
NATIONAL WEATHER SERVICE AUSTIN/SAN ANTONIO, TX
119 AM CST FRI FEB 12 2016


...................................

...THE AUSTIN BERGSTROM CLIMATE SUMMARY FOR FEBRUARY 11 2016...

CLIMATE NORMAL PERIOD 1981 TO 2010
CLIMATE RECORD PERIOD 1943 TO 2016


WEATHER ITEM   OBSERVED TIME   RECORD YEAR NORMAL DEPARTURE LAST
                VALUE   (LST)  VALUE       VALUE  FROM      YEAR
                                                  NORMAL
..................................................................
TEMPERATURE (F)
 YESTERDAY
  MAXIMUM         80    439 PM  81    1976  64     16       76
  MINIMUM         34    637 AM  16    2011  39     -5       37
  AVERAGE         57                        51      6       57

PRECIPITATION (IN)
  YESTERDAY        0.00          1.85 1977   0.09  -0.09     0.00
  MONTH TO DATE    T                         0.87  -0.87     0.28
  SINCE DEC 1      3.33                      5.28  -1.95     7.68
  SINCE JAN 1      1.04                      3.07  -2.03     5.56

SNOWFALL (IN)
  YESTERDAY        0.0
  MONTH TO DATE    0.0
  SINCE DEC 1      T
  SINCE JUL 1      T
  SNOW DEPTH       0

DEGREE DAYS
 HEATING
  YESTERDAY        8                        14     -6        8
  MONTH TO DATE  161                       161      0      136
  SINCE DEC 1    955                      1118   -163     1077
  SINCE JUL 1   1133                      1403   -270     1415

 COOLING
  YESTERDAY        0                         0      0        0
  MONTH TO DATE    0                         0      0        0
  SINCE DEC 1     19                        15      4        4
  SINCE JAN 1      0                         5     -5        0
..................................................................


WIND (MPH)
  HIGHEST WIND SPEED    22   HIGHEST WIND DIRECTION     S (190)
  HIGHEST GUST SPEED    27   HIGHEST GUST DIRECTION     S (190)
  AVERAGE WIND SPEED     8.3


SKY COVER
  AVERAGE SKY COVER 0.0


WEATHER CONDITIONS
 THE FOLLOWING WEATHER WAS RECORDED YESTERDAY.
  NO SIGNIFICANT WEATHER WAS OBSERVED.


RELATIVE HUMIDITY (PERCENT)
 HIGHEST    72          1100 PM
 LOWEST     19           500 PM
 AVERAGE    46

..........................................................


THE AUSTIN BERGSTROM CLIMATE NORMALS FOR TODAY
                         NORMAL    RECORD    YEAR
 MAXIMUM TEMPERATURE (F)   64        83      1962
 MINIMUM TEMPERATURE (F)   39        16      2011


SUNRISE AND SUNSET
FEBRUARY 12 2016......SUNRISE   714 AM CST   SUNSET   616 PM CST
FEBRUARY 13 2016......SUNRISE   713 AM CST   SUNSET   617 PM CST


-  INDICATES NEGATIVE NUMBERS.
R  INDICATES RECORD WAS SET OR TIED.
MM INDICATES DATA IS MISSING.
T  INDICATES TRACE AMOUNT.




$$
