000
CDUS44 KEWX 292243
CLIAUS


CLIMATE REPORT
NATIONAL WEATHER SERVICE AUSTIN/SAN ANTONIO, TX
542 PM CDT SUN MAR 29 2015


...................................

...THE AUSTIN BERGSTROM CLIMATE SUMMARY FOR MARCH 29 2015...
VALID TODAY AS OF 542 PM LOCAL TIME.

CLIMATE NORMAL PERIOD 1981 TO 2010
CLIMATE RECORD PERIOD 1943 TO 2015


WEATHER ITEM   OBSERVED TIME   RECORD YEAR NORMAL DEPARTURE LAST
                VALUE   (LST)  VALUE       VALUE  FROM      YEAR
                                                  NORMAL
..................................................................
TEMPERATURE (F)
 TODAY
  MAXIMUM         82    359 PM  95    1971  75      7       77
  MINIMUM         53    217 AM  30    2009  50      3       44
  AVERAGE         68                        63      5       61

PRECIPITATION (IN)
  TODAY            0.00          0.26 1980   0.07  -0.07     0.00
  MONTH TO DATE    4.04                      2.39   1.65     1.19
  SINCE MAR 1      4.04                      2.39   1.65     1.19
  SINCE JAN 1      9.78                      6.90   2.88     2.28

SNOWFALL (IN)
  TODAY            0.0
  MONTH TO DATE    0.0
  SINCE MAR 1      0.0
  SINCE JUL 1      T
  SNOW DEPTH       0

DEGREE DAYS
 HEATING
  TODAY            0                         4     -4        4
  MONTH TO DATE  236                       215     21      274
  SINCE MAR 1    236                       215     21      274
  SINCE JUL 1   1950                      1830    120     2091

 COOLING
  TODAY            3                         2      1        0
  MONTH TO DATE   24                        37    -13       25
  SINCE MAR 1     24                        37    -13       25
  SINCE JAN 1     26                        53    -27       42
..................................................................


WIND (MPH)
  HIGHEST WIND SPEED    25   HIGHEST WIND DIRECTION     S (180)
  HIGHEST GUST SPEED    31   HIGHEST GUST DIRECTION     S (180)
  AVERAGE WIND SPEED    13.9


SKY COVER
  AVERAGE SKY COVER 0.1


WEATHER CONDITIONS
 THE FOLLOWING WEATHER WAS RECORDED TODAY.
  NO SIGNIFICANT WEATHER WAS OBSERVED.


RELATIVE HUMIDITY (PERCENT)
 HIGHEST   100           700 AM
 LOWEST     42           400 PM
 AVERAGE    71

..........................................................


THE AUSTIN BERGSTROM CLIMATE NORMALS FOR TOMORROW
                         NORMAL    RECORD    YEAR
 MAXIMUM TEMPERATURE (F)   76        91      1974
 MINIMUM TEMPERATURE (F)   50        31      2003


SUNRISE AND SUNSET
MARCH 29 2015.........SUNRISE   724 AM CDT   SUNSET   748 PM CDT
MARCH 30 2015.........SUNRISE   723 AM CDT   SUNSET   748 PM CDT


-  INDICATES NEGATIVE NUMBERS.
R  INDICATES RECORD WAS SET OR TIED.
MM INDICATES DATA IS MISSING.
T  INDICATES TRACE AMOUNT.




$$
