000
CDUS44 KEWX 250710
CLIAUS


CLIMATE REPORT
NATIONAL WEATHER SERVICE AUSTIN/SAN ANTONIO, TX
209 AM CDT FRI APR 25 2014


...................................

...THE AUSTIN BERGSTROM CLIMATE SUMMARY FOR APRIL 24 2014...

CLIMATE NORMAL PERIOD 1981 TO 2010
CLIMATE RECORD PERIOD 1943 TO 2014


WEATHER ITEM   OBSERVED TIME   RECORD YEAR NORMAL DEPARTURE LAST
                VALUE   (LST)  VALUE       VALUE  FROM      YEAR
                                                  NORMAL
..................................................................
TEMPERATURE (F)
 YESTERDAY
  MAXIMUM         86    516 PM  94    2003  82      4       65
  MINIMUM         62   1124 PM  41    2005  57      5       45
                                      1995
  AVERAGE         74                        69      5       55

PRECIPITATION (IN)
  YESTERDAY        0.00          1.86 1957   0.09  -0.09      T
  MONTH TO DATE    1.65                      1.70  -0.05     3.59
  SINCE MAR 1      2.84                      4.21  -1.37     4.96
  SINCE JAN 1      3.93                      8.81  -4.88     8.31

SNOWFALL (IN)
  YESTERDAY        0.0
  MONTH TO DATE    T
  SINCE MAR 1      T
  SINCE JUL 1      T
  SNOW DEPTH       0

DEGREE DAYS
 HEATING
  YESTERDAY        0                         1     -1       10
  MONTH TO DATE   72                        58     14       96
  SINCE MAR 1    352                       280     72      315
  SINCE JUL 1   2169                      1895    274     1630

 COOLING
  YESTERDAY        9                         5      4        0
  MONTH TO DATE   93                        94     -1       79
  SINCE MAR 1    125                       136    -11      128
  SINCE JAN 1    142                       152    -10      156
..................................................................


WIND (MPH)
  HIGHEST WIND SPEED    16   HIGHEST WIND DIRECTION     S (160)
  HIGHEST GUST SPEED    22   HIGHEST GUST DIRECTION     S (160)
  AVERAGE WIND SPEED     7.0


SKY COVER
  AVERAGE SKY COVER 0.6


WEATHER CONDITIONS
 THE FOLLOWING WEATHER WAS RECORDED YESTERDAY.
  NO SIGNIFICANT WEATHER WAS OBSERVED.


RELATIVE HUMIDITY (PERCENT)
 HIGHEST    93           500 AM
 LOWEST     48           400 PM
 AVERAGE    71

..........................................................


THE AUSTIN BERGSTROM CLIMATE NORMALS FOR TODAY
                         NORMAL    RECORD    YEAR
 MAXIMUM TEMPERATURE (F)   82        93      2011
 MINIMUM TEMPERATURE (F)   57        42      2001


SUNRISE AND SUNSET
APRIL 25 2014.........SUNRISE   653 AM CDT   SUNSET   805 PM CDT
APRIL 26 2014.........SUNRISE   652 AM CDT   SUNSET   805 PM CDT


-  INDICATES NEGATIVE NUMBERS.
R  INDICATES RECORD WAS SET OR TIED.
MM INDICATES DATA IS MISSING.
T  INDICATES TRACE AMOUNT.




$$
