000
CDUS44 KEWX 290724
CLIAUS


CLIMATE REPORT
NATIONAL WEATHER SERVICE AUSTIN/SAN ANTONIO, TX
123 AM CST THU JAN 29 2015


...................................

...THE AUSTIN BERGSTROM CLIMATE SUMMARY FOR JANUARY 28 2015...

CLIMATE NORMAL PERIOD 1981 TO 2010
CLIMATE RECORD PERIOD 1943 TO 2015


WEATHER ITEM   OBSERVED TIME   RECORD YEAR NORMAL DEPARTURE LAST
                VALUE   (LST)  VALUE       VALUE  FROM      YEAR
                                                  NORMAL
..................................................................
TEMPERATURE (F)
 YESTERDAY
  MAXIMUM         80R   316 PM  78    2013  62     18       37
                                      1984
                                      1975
  MINIMUM         36    723 AM  18    1948  37     -1       25
  AVERAGE         58                        50      8       31

PRECIPITATION (IN)
  YESTERDAY        0.00          0.31 2001   0.06  -0.06     0.04
  MONTH TO DATE    5.02                      2.05   2.97     0.57
  SINCE DEC 1      7.14                      4.26   2.88     1.43
  SINCE JAN 1      5.02                      2.05   2.97     0.57

SNOWFALL (IN)
  YESTERDAY        0.0
  MONTH TO DATE    T
  SINCE DEC 1      T
  SINCE JUL 1      T
  SNOW DEPTH       0

DEGREE DAYS
 HEATING
  YESTERDAY        7                        15     -8       34
  MONTH TO DATE  550                       447    103      523
  SINCE DEC 1    910                       909      1     1067
  SINCE JUL 1   1248                      1194     54     1392

 COOLING
  YESTERDAY        0                         0      0        0
  MONTH TO DATE    0                         0      0        0
  SINCE DEC 1      4                        10     -6        5
  SINCE JAN 1      0                         0      0        0
..................................................................


WIND (MPH)
  HIGHEST WIND SPEED    23   HIGHEST WIND DIRECTION     S (180)
  HIGHEST GUST SPEED    28   HIGHEST GUST DIRECTION     S (180)
  AVERAGE WIND SPEED     6.5


SKY COVER
  AVERAGE SKY COVER 0.1


WEATHER CONDITIONS
 THE FOLLOWING WEATHER WAS RECORDED YESTERDAY.
  NO SIGNIFICANT WEATHER WAS OBSERVED.


RELATIVE HUMIDITY (PERCENT)
 HIGHEST   100           400 AM
 LOWEST     27           200 PM
 AVERAGE    64

..........................................................


THE AUSTIN BERGSTROM CLIMATE NORMALS FOR TODAY
                         NORMAL    RECORD    YEAR
 MAXIMUM TEMPERATURE (F)   63        85      2013
 MINIMUM TEMPERATURE (F)   37        17      1951


SUNRISE AND SUNSET
JANUARY 29 2015.......SUNRISE   723 AM CST   SUNSET   605 PM CST
JANUARY 30 2015.......SUNRISE   723 AM CST   SUNSET   606 PM CST


-  INDICATES NEGATIVE NUMBERS.
R  INDICATES RECORD WAS SET OR TIED.
MM INDICATES DATA IS MISSING.
T  INDICATES TRACE AMOUNT.




$$
