000
CDUS44 KEWX 200844
CLIAUS


CLIMATE REPORT
NATIONAL WEATHER SERVICE AUSTIN/SAN ANTONIO, TX
241 AM CST SAT DEC 20 2014


...................................

...THE AUSTIN BERGSTROM CLIMATE SUMMARY FOR DECEMBER 19 2014...

CLIMATE NORMAL PERIOD 1981 TO 2010
CLIMATE RECORD PERIOD 1943 TO 2014


WEATHER ITEM   OBSERVED TIME   RECORD YEAR NORMAL DEPARTURE LAST
                VALUE   (LST)  VALUE       VALUE  FROM      YEAR
                                                  NORMAL
..................................................................
TEMPERATURE (F)
 YESTERDAY
  MAXIMUM         57    114 PM  84    2012  63     -6       77
  MINIMUM         49    914 PM  24    1983  36     13       51
  AVERAGE         53                        50      3       64

PRECIPITATION (IN)
  YESTERDAY        1.24R         1.04 1991   0.07   1.17     0.00
  MONTH TO DATE    1.85                      1.37   0.48     0.27
  SINCE DEC 1      1.85                      1.37   0.48     0.27
  SINCE JAN 1     29.20                     34.27  -5.07    36.45

SNOWFALL (IN)
  YESTERDAY        0.0
  MONTH TO DATE    0.0
  SINCE DEC 1      0.0
  SINCE JUL 1      0.0
  SNOW DEPTH       0

DEGREE DAYS
 HEATING
  YESTERDAY       12                        15     -3        1
  MONTH TO DATE  165                       270   -105      330
  SINCE DEC 1    165                       270   -105      330
  SINCE JUL 1    503                       555    -52      655

 COOLING
  YESTERDAY        0                         0      0        0
  MONTH TO DATE    4                         5     -1        1
  SINCE DEC 1      4                         5     -1        1
  SINCE JAN 1   2832                      2746     86     3041
..................................................................


WIND (MPH)
  HIGHEST WIND SPEED    20   HIGHEST WIND DIRECTION     N (10)
  HIGHEST GUST SPEED    24   HIGHEST GUST DIRECTION     N (20)
  AVERAGE WIND SPEED    13.1


SKY COVER
  AVERAGE SKY COVER 0.9


WEATHER CONDITIONS
 THE FOLLOWING WEATHER WAS RECORDED YESTERDAY.
  THUNDERSTORM
  HEAVY RAIN
  RAIN
  LIGHT RAIN
  FOG


RELATIVE HUMIDITY (PERCENT)
 HIGHEST   100           300 AM
 LOWEST     77           300 PM
 AVERAGE    89

..........................................................


THE AUSTIN BERGSTROM CLIMATE NORMALS FOR TODAY
                         NORMAL    RECORD    YEAR
 MAXIMUM TEMPERATURE (F)   63        84      1951
 MINIMUM TEMPERATURE (F)   36        24      2003
                                             2000


SUNRISE AND SUNSET
DECEMBER 20 2014......SUNRISE   722 AM CST   SUNSET   534 PM CST
DECEMBER 21 2014......SUNRISE   723 AM CST   SUNSET   535 PM CST


-  INDICATES NEGATIVE NUMBERS.
R  INDICATES RECORD WAS SET OR TIED.
MM INDICATES DATA IS MISSING.
T  INDICATES TRACE AMOUNT.




$$
