000
CDUS43 KGRB 022149
CLIAUW


CLIMATE REPORT
NATIONAL WEATHER SERVICE GREEN BAY
448 PM CDT TUE SEP 2 2014


...................................

...THE WAUSAU WI CLIMATE SUMMARY FOR SEPTEMBER 2 2014...
VALID TODAY AS OF 0400 PM LOCAL TIME.

CLIMATE NORMAL PERIOD 1981 TO 2010
CLIMATE RECORD PERIOD 1896 TO 2014


WEATHER ITEM   OBSERVED TIME   RECORD YEAR NORMAL DEPARTURE LAST
                VALUE   (LST)  VALUE       VALUE  FROM      YEAR
                                                  NORMAL
..................................................................
TEMPERATURE (F)
 TODAY
  MAXIMUM         76    213 PM  95    1953  74      2       64
  MINIMUM         54    520 AM  35    1946  54      0       51
  AVERAGE         65                        64      1       58

PRECIPITATION (IN)
  TODAY            0.00          3.60 1963   0.13  -0.13      T
  MONTH TO DATE    0.14                      0.26  -0.12     0.51
  SINCE SEP 1      0.14                      0.26  -0.12     0.51
  SINCE JAN 1     26.79                     22.47   4.32    28.14

SNOWFALL (IN)
  TODAY            0.0           0.0    MM   0.0             0.0
  MONTH TO DATE    0.0                       0.0             0.0
  SINCE SEP 1      0.0                       0.0             0.0
  SINCE JUL 1      0.0                       0.0             0.0
  SNOW DEPTH       0

DEGREE DAYS
 HEATING
  TODAY            0                         3     -3        7
  MONTH TO DATE    0                         6     -6        7
  SINCE SEP 1      0                         6     -6        7
  SINCE JUL 1     54                        72    -18       63

 COOLING
  TODAY            0                         2     -2        0
  MONTH TO DATE    1                         4     -3        6
  SINCE JAN 1    327                       379    -52      456
..................................................................


WIND (MPH)
  HIGHEST WIND SPEED    15   HIGHEST WIND DIRECTION    NW (300)
  HIGHEST GUST SPEED    19   HIGHEST GUST DIRECTION     W (290)
  AVERAGE WIND SPEED     5.0


SKY COVER
  POSSIBLE SUNSHINE  MM
  AVERAGE SKY COVER 0.1


WEATHER CONDITIONS
 THE FOLLOWING WEATHER WAS RECORDED TODAY.
  NO SIGNIFICANT WEATHER WAS OBSERVED.


RELATIVE HUMIDITY (PERCENT)
 HIGHEST   100           300 AM
 LOWEST     46           200 PM
 AVERAGE    73

..........................................................


THE WAUSAU WI CLIMATE NORMALS FOR TOMORROW
                         NORMAL    RECORD    YEAR
 MAXIMUM TEMPERATURE (F)   74        95      1929
 MINIMUM TEMPERATURE (F)   53        33      1946


SUNRISE AND SUNSET
SEPTEMBER  2 2014.....SUNRISE   622 AM CDT   SUNSET   734 PM CDT
SEPTEMBER  3 2014.....SUNRISE   623 AM CDT   SUNSET   732 PM CDT


-  INDICATES NEGATIVE NUMBERS.
R  INDICATES RECORD WAS SET OR TIED.
MM INDICATES DATA IS MISSING.
T  INDICATES TRACE AMOUNT.




$$
