968
CDUS43 KGRB 260702
CLIAUW


CLIMATE REPORT
NATIONAL WEATHER SERVICE GREEN BAY
201 AM CDT SUN MAR 26 2017


...................................

...THE WAUSAU WI CLIMATE SUMMARY FOR MARCH 25 2017...

CLIMATE NORMAL PERIOD 1981 TO 2010
CLIMATE RECORD PERIOD 1896 TO 2017


WEATHER ITEM   OBSERVED TIME   RECORD YEAR NORMAL DEPARTURE LAST
                VALUE   (LST)  VALUE       VALUE  FROM      YEAR
                                                  NORMAL
..................................................................
TEMPERATURE (F)
 YESTERDAY
  MAXIMUM         41    214 PM  74    2007  44     -3       44
  MINIMUM         32   1159 PM  -4    1971  24      8       15
  AVERAGE         37                        34      3

PRECIPITATION (IN)
  YESTERDAY        T             0.70 1899   0.07  -0.07     0.00
  MONTH TO DATE    1.74                      1.38   0.36     3.99
  SINCE MAR 1      1.74                      1.38   0.36     3.99
  SINCE JAN 1      5.68                      3.32   2.36     5.42

SNOWFALL (IN)
  YESTERDAY        0.0           7.0  1899   0.3   -0.3      0.0
  MONTH TO DATE    5.0                       8.7   -3.7     13.2
  SINCE JUL 1     58.8                      54.0    4.8     37.6
  SNOW DEPTH       0

DEGREE DAYS
 HEATING
  YESTERDAY       28                        31     -3       35
  MONTH TO DATE  930                       907     23      680
  SINCE MAR 1    930                       907     23      680
  SINCE JUL 1   6156                      7043   -887     5803

 COOLING
  YESTERDAY        0                         0      0        0
  MONTH TO DATE    0                         0      0        0
  SINCE MAR 1      0                         0      0        0
  SINCE JAN 1      0                         0      0        0
..................................................................


WIND (MPH)
  HIGHEST WIND SPEED    22   HIGHEST WIND DIRECTION     E (90)
  HIGHEST GUST SPEED    27   HIGHEST GUST DIRECTION     E (100)
  AVERAGE WIND SPEED    11.2


SKY COVER
  POSSIBLE SUNSHINE  MM
  AVERAGE SKY COVER 1.0


WEATHER CONDITIONS
 THE FOLLOWING WEATHER WAS RECORDED YESTERDAY.
  LIGHT RAIN
  FOG


RELATIVE HUMIDITY (PERCENT)
 HIGHEST    96          1200 AM
 LOWEST     70           200 PM
 AVERAGE    83

..........................................................


THE WAUSAU WI CLIMATE NORMALS FOR TODAY
                         NORMAL    RECORD    YEAR
 MAXIMUM TEMPERATURE (F)   44        77      2007
 MINIMUM TEMPERATURE (F)   25        -9      1996
                                             1899


SUNRISE AND SUNSET
MARCH 26 2017.........SUNRISE   650 AM CDT   SUNSET   719 PM CDT
MARCH 27 2017.........SUNRISE   648 AM CDT   SUNSET   720 PM CDT


-  INDICATES NEGATIVE NUMBERS.
R  INDICATES RECORD WAS SET OR TIED.
MM INDICATES DATA IS MISSING.
T  INDICATES TRACE AMOUNT.




$$
