000
CDUS43 KGRB 120652
CLIAUW


CLIMATE REPORT
NATIONAL WEATHER SERVICE GREEN BAY
1251 AM CST FRI FEB 12 2016


...................................

...THE WAUSAU WI CLIMATE SUMMARY FOR FEBRUARY 11 2016...

CLIMATE NORMAL PERIOD 1981 TO 2010
CLIMATE RECORD PERIOD 1896 TO 2016


WEATHER ITEM   OBSERVED TIME   RECORD YEAR NORMAL DEPARTURE LAST
                VALUE   (LST)  VALUE       VALUE  FROM      YEAR
                                                  NORMAL
..................................................................
TEMPERATURE (F)
 YESTERDAY
  MAXIMUM         15    346 PM  48    1999  27    -12       26
                                      1918
  MINIMUM         -4    753 AM -38    1899   9    -13        8
  AVERAGE          6                        18    -12

PRECIPITATION (IN)
  YESTERDAY        0.00          0.55 1999   0.03  -0.03     0.00
  MONTH TO DATE    0.48                      0.33   0.15     0.13
  SINCE DEC 1      6.27                      2.71   3.56     2.11
  SINCE JAN 1      1.32                      1.35  -0.03     0.71

SNOWFALL (IN)
  YESTERDAY        0.0           4.0  1965   0.3   -0.3      0.0
  MONTH TO DATE    6.6                       3.9    2.7      2.3
  SINCE JUL 1     22.0                      39.6  -17.6     42.7
  SNOW DEPTH      10

DEGREE DAYS
 HEATING
  YESTERDAY       59                        47     12       48
  MONTH TO DATE  490                       531    -41      572
  SINCE DEC 1   2998                      3522   -524     3446
  SINCE JUL 1   4404                      5381   -977     5529

 COOLING
  YESTERDAY        0                         0      0        0
  MONTH TO DATE    0                         0      0        0
  SINCE DEC 1      0                         0      0        0
  SINCE JAN 1      0                         0      0        0
..................................................................


WIND (MPH)
  HIGHEST WIND SPEED    16   HIGHEST WIND DIRECTION     W (270)
  HIGHEST GUST SPEED    20   HIGHEST GUST DIRECTION     W (270)
  AVERAGE WIND SPEED     8.2


SKY COVER
  POSSIBLE SUNSHINE  MM
  AVERAGE SKY COVER 0.0


WEATHER CONDITIONS
 THE FOLLOWING WEATHER WAS RECORDED YESTERDAY.
  NO SIGNIFICANT WEATHER WAS OBSERVED.


RELATIVE HUMIDITY (PERCENT)
 HIGHEST    79           200 AM
 LOWEST     44           400 PM
 AVERAGE    62

..........................................................


THE WAUSAU WI CLIMATE NORMALS FOR TODAY
                         NORMAL    RECORD    YEAR
 MAXIMUM TEMPERATURE (F)   27        48      2005
 MINIMUM TEMPERATURE (F)    9       -35      1899


SUNRISE AND SUNSET
FEBRUARY 12 2016......SUNRISE   704 AM CST   SUNSET   522 PM CST
FEBRUARY 13 2016......SUNRISE   703 AM CST   SUNSET   523 PM CST


-  INDICATES NEGATIVE NUMBERS.
R  INDICATES RECORD WAS SET OR TIED.
MM INDICATES DATA IS MISSING.
T  INDICATES TRACE AMOUNT.




$$
