000
CDUS43 KGRB 250657
CLIAUW


CLIMATE REPORT
NATIONAL WEATHER SERVICE GREEN BAY
1254 AM CST SUN FEB 25 2018


...................................

...THE WAUSAU WI CLIMATE SUMMARY FOR FEBRUARY 24 2018...

CLIMATE NORMAL PERIOD 1981 TO 2010
CLIMATE RECORD PERIOD 1896 TO 2018


WEATHER ITEM   OBSERVED TIME   RECORD YEAR NORMAL DEPARTURE LAST
                VALUE   (LST)  VALUE       VALUE  FROM      YEAR
                                                  NORMAL
..................................................................
TEMPERATURE (F)
 YESTERDAY
  MAXIMUM         34    205 PM  54    1976  31      3       32
  MINIMUM         15    337 AM -20    1910  13      2       18
  AVERAGE         25                        22      3

PRECIPITATION (IN)
  YESTERDAY        0.23          0.90 1930   0.04   0.19     0.64
  MONTH TO DATE    1.01                      0.75   0.26     1.52
  SINCE DEC 1      3.41                      3.13   0.28     6.52
  SINCE JAN 1      2.25                      1.77   0.48     3.86

SNOWFALL (IN)
  YESTERDAY        1.5           7.3  2017   0.4    1.1      7.3
  MONTH TO DATE    9.1                       8.2    0.9      7.7
  SINCE JUL 1     40.2                      43.9   -3.7     53.8
  SNOW DEPTH       9

DEGREE DAYS
 HEATING
  YESTERDAY       40                        43     -3       40
  MONTH TO DATE 1242                      1116    126      930
  SINCE DEC 1   4274                      4107    167     3800
  SINCE JUL 1   5959                      5966     -7     5078

 COOLING
  YESTERDAY        0                         0      0        0
  MONTH TO DATE    0                         0      0        0
  SINCE DEC 1      0                         0      0        0
  SINCE JAN 1      0                         0      0        0
..................................................................


WIND (MPH)
  HIGHEST WIND SPEED    24   HIGHEST WIND DIRECTION     E (100)
  HIGHEST GUST SPEED    33   HIGHEST GUST DIRECTION     E (100)
  AVERAGE WIND SPEED     9.8


SKY COVER
  POSSIBLE SUNSHINE  MM
  AVERAGE SKY COVER 0.7


WEATHER CONDITIONS
 THE FOLLOWING WEATHER WAS RECORDED YESTERDAY.
  FREEZING RAIN
  LT FREEZING RAIN
  SNOW
  LIGHT SNOW
  SLEET
  FOG
  FOG W/VISIBILITY <= 1/4 MILE
  HAZE


RELATIVE HUMIDITY (PERCENT)
 HIGHEST   100           100 AM
 LOWEST     61           100 PM
 AVERAGE    81

..........................................................


THE WAUSAU WI CLIMATE NORMALS FOR TODAY
                         NORMAL    RECORD    YEAR
 MAXIMUM TEMPERATURE (F)   32        54      1976
 MINIMUM TEMPERATURE (F)   13       -26      1928


SUNRISE AND SUNSET
FEBRUARY 25 2018......SUNRISE   643 AM CST   SUNSET   541 PM CST
FEBRUARY 26 2018......SUNRISE   641 AM CST   SUNSET   542 PM CST


-  INDICATES NEGATIVE NUMBERS.
R  INDICATES RECORD WAS SET OR TIED.
MM INDICATES DATA IS MISSING.
T  INDICATES TRACE AMOUNT.




$$
