000
CDUS43 KGRB 250736
CLIAUW


CLIMATE REPORT
NATIONAL WEATHER SERVICE GREEN BAY
235 AM CDT THU MAY 25 2017


...................................

...THE WAUSAU WI CLIMATE SUMMARY FOR MAY 24 2017...

CLIMATE NORMAL PERIOD 1981 TO 2010
CLIMATE RECORD PERIOD 1896 TO 2017


WEATHER ITEM   OBSERVED TIME   RECORD YEAR NORMAL DEPARTURE LAST
                VALUE   (LST)  VALUE       VALUE  FROM      YEAR
                                                  NORMAL
..................................................................
TEMPERATURE (F)
 YESTERDAY
  MAXIMUM         56    510 PM  92    2010  69    -13       83
  MINIMUM         47    659 AM  32    1992  47      0       60
                                      1948
  AVERAGE         52                        58     -6

PRECIPITATION (IN)
  YESTERDAY        0.14          1.68 1952   0.12   0.02     0.04
  MONTH TO DATE    3.44                      2.61   0.83     0.78
  SINCE MAR 1     11.41                      7.10   4.31     8.12
  SINCE JAN 1     15.35                      9.04   6.31     9.55

SNOWFALL (IN)
  YESTERDAY        0.0           T    1924   0.0    0.0      0.0
  MONTH TO DATE    0.0                       0.2   -0.2       T
  SINCE JUL 1     60.5                      59.6    0.9     43.4
  SNOW DEPTH       0

DEGREE DAYS
 HEATING
  YESTERDAY       13                         8      5        0
  MONTH TO DATE  308                       262     46      237
  SINCE MAR 1   1953                      1978    -25     1660
  SINCE JUL 1   7179                      8114   -935     6783

 COOLING
  YESTERDAY        0                         1     -1        7
  MONTH TO DATE    1                         7     -6       21
  SINCE MAR 1      1                         9     -8       23
  SINCE JAN 1      1                         9     -8       23
..................................................................


WIND (MPH)
  HIGHEST WIND SPEED    13   HIGHEST WIND DIRECTION    NE (50)
  HIGHEST GUST SPEED    17   HIGHEST GUST DIRECTION    NE (50)
  AVERAGE WIND SPEED     5.7


SKY COVER
  POSSIBLE SUNSHINE  MM
  AVERAGE SKY COVER 0.9


WEATHER CONDITIONS
 THE FOLLOWING WEATHER WAS RECORDED YESTERDAY.
  LIGHT RAIN


RELATIVE HUMIDITY (PERCENT)
 HIGHEST   100           400 AM
 LOWEST     77           400 PM
 AVERAGE    89

..........................................................


THE WAUSAU WI CLIMATE NORMALS FOR TODAY
                         NORMAL    RECORD    YEAR
 MAXIMUM TEMPERATURE (F)   70        88      1972
 MINIMUM TEMPERATURE (F)   47        30      1913
                                             1897


SUNRISE AND SUNSET
MAY 25 2017...........SUNRISE   520 AM CDT   SUNSET   832 PM CDT
MAY 26 2017...........SUNRISE   519 AM CDT   SUNSET   833 PM CDT


-  INDICATES NEGATIVE NUMBERS.
R  INDICATES RECORD WAS SET OR TIED.
MM INDICATES DATA IS MISSING.
T  INDICATES TRACE AMOUNT.

$$
