000
CDUS43 KGRB 060752
CLIAUW


CLIMATE REPORT
NATIONAL WEATHER SERVICE GREEN BAY
150 AM CST FRI MAR 6 2015


...................................

...THE WAUSAU WI CLIMATE SUMMARY FOR MARCH 5 2015...

CLIMATE NORMAL PERIOD 1981 TO 2010
CLIMATE RECORD PERIOD 1896 TO 2015


WEATHER ITEM   OBSERVED TIME   RECORD YEAR NORMAL DEPARTURE LAST
                VALUE   (LST)  VALUE       VALUE  FROM      YEAR
                                                  NORMAL
..................................................................
TEMPERATURE (F)
 YESTERDAY
  MAXIMUM          9    513 PM  61    2000  35    -26       18
  MINIMUM         -9    714 AM -24    1917  16    -25        0
  AVERAGE          0                        25    -25

PRECIPITATION (IN)
  YESTERDAY        0.00          0.78 1945   0.05  -0.05     0.00
  MONTH TO DATE    0.05                      0.24  -0.19     0.07
  SINCE MAR 1      0.05                      0.24  -0.19     0.07
  SINCE JAN 1      0.80                      2.18  -1.38     3.01

SNOWFALL (IN)
  YESTERDAY        0.0          11.1  1959   0.4   -0.4      0.0
  MONTH TO DATE    1.5                       2.0   -0.5      1.3
  SINCE JUL 1     45.5                      47.3   -1.8     70.9
  SNOW DEPTH      11

DEGREE DAYS
 HEATING
  YESTERDAY       65                        40     25       56
  MONTH TO DATE  268                       202     66      311
  SINCE MAR 1    268                       202     66      311
  SINCE JUL 1   6848                      6338    510     7258

 COOLING
  YESTERDAY        0                         0      0        0
  MONTH TO DATE    0                         0      0        0
  SINCE MAR 1      0                         0      0        0
  SINCE JAN 1      0                         0      0        0
..................................................................


WIND (MPH)
  HIGHEST WIND SPEED    16   HIGHEST WIND DIRECTION     W (280)
  HIGHEST GUST SPEED    20   HIGHEST GUST DIRECTION     W (260)
  AVERAGE WIND SPEED     7.2


SKY COVER
  POSSIBLE SUNSHINE  MM
  AVERAGE SKY COVER 0.0


WEATHER CONDITIONS
 THE FOLLOWING WEATHER WAS RECORDED YESTERDAY.
  NO SIGNIFICANT WEATHER WAS OBSERVED.


RELATIVE HUMIDITY (PERCENT)
 HIGHEST    72           600 AM
 LOWEST     49           700 PM
 AVERAGE    61

..........................................................


THE WAUSAU WI CLIMATE NORMALS FOR TODAY
                         NORMAL    RECORD    YEAR
 MAXIMUM TEMPERATURE (F)   35        65      2000
 MINIMUM TEMPERATURE (F)   17       -17      1920


SUNRISE AND SUNSET
MARCH  6 2015.........SUNRISE   628 AM CST   SUNSET   552 PM CST
MARCH  7 2015.........SUNRISE   626 AM CST   SUNSET   554 PM CST


-  INDICATES NEGATIVE NUMBERS.
R  INDICATES RECORD WAS SET OR TIED.
MM INDICATES DATA IS MISSING.
T  INDICATES TRACE AMOUNT.

$$
