000
CDUS43 KGRB 290739
CLIAUW


CLIMATE REPORT
NATIONAL WEATHER SERVICE GREEN BAY
238 AM CDT FRI AUG 29 2014


...................................

...THE WAUSAU WI CLIMATE SUMMARY FOR AUGUST 28 2014...

CLIMATE NORMAL PERIOD 1981 TO 2010
CLIMATE RECORD PERIOD 1896 TO 2014


WEATHER ITEM   OBSERVED TIME   RECORD YEAR NORMAL DEPARTURE LAST
                VALUE   (LST)  VALUE       VALUE  FROM      YEAR
                                                  NORMAL
..................................................................
TEMPERATURE (F)
 YESTERDAY
  MAXIMUM         70    227 PM  94    1984  76     -6       85
  MINIMUM         51    713 AM  39    1934  55     -4       69
  AVERAGE         61                        65     -4

PRECIPITATION (IN)
  YESTERDAY        0.19          1.60 1975   0.12   0.07      T
  MONTH TO DATE    5.18                      3.77   1.41     3.34
  SINCE JUN 1     13.29                     11.91   1.38    12.97
  SINCE JAN 1     24.73                     21.82   2.91    27.44

SNOWFALL (IN)
  YESTERDAY        0.0           0.0    MM   0.0    0.0      0.0
  MONTH TO DATE    0.0                       0.0    0.0      0.0
  SINCE JUN 1      0.0                       0.0    0.0      0.0
  SINCE JUL 1      0.0                       0.0    0.0      0.0
  SNOW DEPTH       0

DEGREE DAYS
 HEATING
  YESTERDAY        4                         2      2        0
  MONTH TO DATE   15                        35    -20       26
  SINCE JUN 1     76                       147    -71      142
  SINCE JUL 1     54                        58     -4       56

 COOLING
  YESTERDAY        0                         3     -3       12
  MONTH TO DATE   95                       109    -14      121
  SINCE JUN 1    289                       350    -61      390
  SINCE JAN 1    314                       369    -55      427
..................................................................


WIND (MPH)
  HIGHEST WIND SPEED    15   HIGHEST WIND DIRECTION     S (180)
  HIGHEST GUST SPEED    18   HIGHEST GUST DIRECTION     S (170)
  AVERAGE WIND SPEED     5.0


SKY COVER
  POSSIBLE SUNSHINE  MM
  AVERAGE SKY COVER 0.7


WEATHER CONDITIONS
 THE FOLLOWING WEATHER WAS RECORDED YESTERDAY.
  HEAVY RAIN
  RAIN
  LIGHT RAIN
  FOG
  FOG W/VISIBILITY <= 1/4 MILE


RELATIVE HUMIDITY (PERCENT)
 HIGHEST   100           700 AM
 LOWEST     70           200 PM
 AVERAGE    85

..........................................................


THE WAUSAU WI CLIMATE NORMALS FOR TODAY
                         NORMAL    RECORD    YEAR
 MAXIMUM TEMPERATURE (F)   75        93      1973
 MINIMUM TEMPERATURE (F)   55        35      1965


SUNRISE AND SUNSET
AUGUST 29 2014........SUNRISE   617 AM CDT   SUNSET   741 PM CDT
AUGUST 30 2014........SUNRISE   618 AM CDT   SUNSET   739 PM CDT


-  INDICATES NEGATIVE NUMBERS.
R  INDICATES RECORD WAS SET OR TIED.
MM INDICATES DATA IS MISSING.
T  INDICATES TRACE AMOUNT.




$$
