000
CDUS43 KGRB 270726
CLIAUW


CLIMATE REPORT
NATIONAL WEATHER SERVICE GREEN BAY
224 AM CDT FRI MAY 27 2016


...................................

...THE WAUSAU WI CLIMATE SUMMARY FOR MAY 26 2016...

CLIMATE NORMAL PERIOD 1981 TO 2010
CLIMATE RECORD PERIOD 1896 TO 2016


WEATHER ITEM   OBSERVED TIME   RECORD YEAR NORMAL DEPARTURE LAST
                VALUE   (LST)  VALUE       VALUE  FROM      YEAR
                                                  NORMAL
..................................................................
TEMPERATURE (F)
 YESTERDAY
  MAXIMUM         80    357 PM  91    1967  70     10       74
  MINIMUM         61   1159 PM  30    1905  47     14       59
  AVERAGE         71                        59     12

PRECIPITATION (IN)
  YESTERDAY        0.17          1.84 2015   0.11   0.06     1.84
  MONTH TO DATE    1.89                      2.84  -0.95     4.79
  SINCE MAR 1      9.23                      7.33   1.90     8.76
  SINCE JAN 1     10.66                      9.27   1.39     9.51

SNOWFALL (IN)
  YESTERDAY        0.0           T    1906   0.0    0.0      0.0
  MONTH TO DATE    T                         0.2   -0.2       T
  SINCE JUL 1     43.4                      59.6  -16.2     53.7
  SNOW DEPTH       0

DEGREE DAYS
 HEATING
  YESTERDAY        0                         7     -7        0
  MONTH TO DATE  237                       276    -39      213
  SINCE MAR 1   1660                      1992   -332     1814
  SINCE JUL 1   6783                      8128  -1345     8394

 COOLING
  YESTERDAY        6                         1      5        2
  MONTH TO DATE   29                         9     20       10
  SINCE MAR 1     31                        11     20       10
  SINCE JAN 1     31                        11     20       10
..................................................................


WIND (MPH)
  HIGHEST WIND SPEED    17   HIGHEST WIND DIRECTION     W (250)
  HIGHEST GUST SPEED    23   HIGHEST GUST DIRECTION     W (260)
  AVERAGE WIND SPEED     6.0


SKY COVER
  POSSIBLE SUNSHINE  MM
  AVERAGE SKY COVER 0.6


WEATHER CONDITIONS
 THE FOLLOWING WEATHER WAS RECORDED YESTERDAY.
  THUNDERSTORM
  RAIN
  LIGHT RAIN
  FOG
  FOG W/VISIBILITY <= 1/4 MILE
  HAZE


RELATIVE HUMIDITY (PERCENT)
 HIGHEST    90          1100 PM
 LOWEST     47           500 PM
 AVERAGE    69

..........................................................


THE WAUSAU WI CLIMATE NORMALS FOR TODAY
                         NORMAL    RECORD    YEAR
 MAXIMUM TEMPERATURE (F)   70        88      1978
                                             1911
 MINIMUM TEMPERATURE (F)   48        32      1906
                                             1902


SUNRISE AND SUNSET
MAY 27 2016...........SUNRISE   518 AM CDT   SUNSET   834 PM CDT
MAY 28 2016...........SUNRISE   517 AM CDT   SUNSET   835 PM CDT


-  INDICATES NEGATIVE NUMBERS.
R  INDICATES RECORD WAS SET OR TIED.
MM INDICATES DATA IS MISSING.
T  INDICATES TRACE AMOUNT.

$$
