568
CDUS43 KGRB 270624
CLIAUW


CLIMATE REPORT
NATIONAL WEATHER SERVICE GREEN BAY
124 AM CDT WED JUL 27 2016


...................................

...THE WAUSAU WI CLIMATE SUMMARY FOR JULY 26 2016...

CLIMATE NORMAL PERIOD 1981 TO 2010
CLIMATE RECORD PERIOD 1896 TO 2016


WEATHER ITEM   OBSERVED TIME   RECORD YEAR NORMAL DEPARTURE LAST
                VALUE   (LST)  VALUE       VALUE  FROM      YEAR
                                                  NORMAL
..................................................................
TEMPERATURE (F)
 YESTERDAY
  MAXIMUM         87    331 PM  99    1955  80      7       85
  MINIMUM         61    455 AM  44    1900  59      2       60
  AVERAGE         74                        69      5

PRECIPITATION (IN)
  YESTERDAY        0.00          2.24 2007   0.13  -0.13     0.00
  MONTH TO DATE    2.93                      3.19  -0.26     3.08
  SINCE JUN 1      8.15                      7.50   0.65     7.64
  SINCE JAN 1     19.81                     17.41   2.40    18.37

SNOWFALL (IN)
  YESTERDAY        0.0           0.0    MM   0.0    0.0      0.0
  MONTH TO DATE    0.0                       0.0    0.0      0.0
  SINCE JUL 1      0.0                       0.0    0.0      0.0
  SNOW DEPTH       0

DEGREE DAYS
 HEATING
  YESTERDAY        0                         1     -1        0
  MONTH TO DATE    8                        26    -18       18
  SINCE JUN 1     38                       115    -77       79
  SINCE JUL 1      8                        26    -18       18

 COOLING
  YESTERDAY        9                         5      4        8
  MONTH TO DATE  157                       130     27      118
  SINCE JUN 1    261                       215     46      165
  SINCE JAN 1    308                       234     74      183
..................................................................


WIND (MPH)
  HIGHEST WIND SPEED    17   HIGHEST WIND DIRECTION    SW (240)
  HIGHEST GUST SPEED    23   HIGHEST GUST DIRECTION     W (270)
  AVERAGE WIND SPEED     5.9


SKY COVER
  POSSIBLE SUNSHINE  MM
  AVERAGE SKY COVER 0.0


WEATHER CONDITIONS
 THE FOLLOWING WEATHER WAS RECORDED YESTERDAY.
  NO SIGNIFICANT WEATHER WAS OBSERVED.


RELATIVE HUMIDITY (PERCENT)
 HIGHEST   100           500 AM
 LOWEST     45           200 PM
 AVERAGE    73

..........................................................


THE WAUSAU WI CLIMATE NORMALS FOR TODAY
                         NORMAL    RECORD    YEAR
 MAXIMUM TEMPERATURE (F)   80        98      1931
 MINIMUM TEMPERATURE (F)   59        45      1937


SUNRISE AND SUNSET
JULY 27 2016..........SUNRISE   539 AM CDT   SUNSET   830 PM CDT
JULY 28 2016..........SUNRISE   540 AM CDT   SUNSET   829 PM CDT


-  INDICATES NEGATIVE NUMBERS.
R  INDICATES RECORD WAS SET OR TIED.
MM INDICATES DATA IS MISSING.
T  INDICATES TRACE AMOUNT.




$$
