000
CDUS43 KGRB 231245
CLIAUW


CLIMATE REPORT
NATIONAL WEATHER SERVICE GREEN BAY
745 AM CDT SAT MAY 23 2015


...................................

...THE WAUSAU WI CLIMATE SUMMARY FOR MAY 22 2015...

CLIMATE NORMAL PERIOD 1981 TO 2010
CLIMATE RECORD PERIOD 1896 TO 2015


WEATHER ITEM   OBSERVED TIME   RECORD YEAR NORMAL DEPARTURE LAST
                VALUE   (LST)  VALUE       VALUE  FROM      YEAR
                                                  NORMAL
..................................................................
TEMPERATURE (F)
 YESTERDAY
  MAXIMUM         69    541 PM  88    1925  69      0       68
  MINIMUM         36    500 AM  30    1963  46    -10       48
  AVERAGE         53                        57     -4

PRECIPITATION (IN)
  YESTERDAY        T             2.71 1945   0.11  -0.11     0.00
  MONTH TO DATE    1.87                      2.38  -0.51     3.09
  SINCE MAR 1      5.84                      6.87  -1.03     8.11
  SINCE JAN 1      6.59                      8.81  -2.22    11.05

SNOWFALL (IN)
  YESTERDAY       MM             0.0    MM   0.0   MM        0.0
  MONTH TO DATE    T                         0.2   -0.2      0.0
  SINCE JUL 1     53.7                      59.6   -5.9     84.3
  SNOW DEPTH       0

DEGREE DAYS
 HEATING
  YESTERDAY       12                         8      4        7
  MONTH TO DATE  204                       246    -42      268
  SINCE MAR 1   1805                      1962   -157     2363
  SINCE JUL 1   8385                      8098    287     9310

 COOLING
  YESTERDAY        0                         1     -1        0
  MONTH TO DATE    8                         5      3        0
  SINCE MAR 1      8                         7      1        0
  SINCE JAN 1      8                         7      1        0
..................................................................


WIND (MPH)
  HIGHEST WIND SPEED    14   HIGHEST WIND DIRECTION     W (250)
  HIGHEST GUST SPEED    18   HIGHEST GUST DIRECTION     W (290)
  AVERAGE WIND SPEED     4.5


SKY COVER
  POSSIBLE SUNSHINE  MM
  AVERAGE SKY COVER 0.0


WEATHER CONDITIONS
 THE FOLLOWING WEATHER WAS RECORDED YESTERDAY.
  NO SIGNIFICANT WEATHER WAS OBSERVED.


RELATIVE HUMIDITY (PERCENT)
 HIGHEST   100           500 AM
 LOWEST     23           500 PM
 AVERAGE    62

..........................................................


THE WAUSAU WI CLIMATE NORMALS FOR TODAY
                         NORMAL    RECORD    YEAR
 MAXIMUM TEMPERATURE (F)   69        88      1975
 MINIMUM TEMPERATURE (F)   46        28      1963
                                             1931


SUNRISE AND SUNSET
MAY 23 2015...........SUNRISE   522 AM CDT   SUNSET   829 PM CDT
MAY 24 2015...........SUNRISE   521 AM CDT   SUNSET   830 PM CDT


-  INDICATES NEGATIVE NUMBERS.
R  INDICATES RECORD WAS SET OR TIED.
MM INDICATES DATA IS MISSING.
T  INDICATES TRACE AMOUNT.




$$
