000
CDUS42 KGSP 300631
CLIAVL

CLIMATE REPORT
NATIONAL WEATHER SERVICE GREENVILLE-SPARTANBURG SC
228 AM EDT THU JUL 30 2015


...................................

...THE ASHEVILLE NC CLIMATE SUMMARY FOR JULY 29 2015...

CLIMATE NORMAL PERIOD 1981 TO 2010
CLIMATE RECORD PERIOD 1869 TO 2015


WEATHER ITEM   OBSERVED TIME   RECORD YEAR NORMAL DEPARTURE LAST
                VALUE   (LST)  VALUE       VALUE  FROM      YEAR
                                                  NORMAL
..................................................................
TEMPERATURE (F)
 YESTERDAY
  MAXIMUM         90    109 PM  98    1952  84      6       76
  MINIMUM         67    500 AM  55    1911  64      3       58
                                      1895
  AVERAGE         79                        74      5       67

PRECIPITATION (IN)
  YESTERDAY        0.01          1.80 1876   0.13  -0.12     0.00
  MONTH TO DATE    2.66                      4.03  -1.37     4.75
  SINCE JUN 1      9.08                      8.68   0.40    10.14
  SINCE JAN 1     23.33                     26.93  -3.60    26.65

SNOWFALL (IN)
  YESTERDAY        0.0           0.0    MM   0.0             0.0
  MONTH TO DATE    0.0                       0.0             0.0
  SINCE JUN 1      0.0                       0.0             0.0
  SINCE JUL 1      0.0                       0.0             0.0
  SNOW DEPTH       0

DEGREE DAYS
 HEATING
  YESTERDAY        0                         0      0        0
  MONTH TO DATE    0                         0      0        1
  SINCE JUN 1      0                        14    -14        1
  SINCE JUL 1      0                         0      0        1

 COOLING
  YESTERDAY       14                         9      5        2
  MONTH TO DATE  313                       257     56      207
  SINCE JUN 1    576                       434    142      433
  SINCE JAN 1    698                       492    206      514
..................................................................


WIND (MPH)
  HIGHEST WIND SPEED    13   HIGHEST WIND DIRECTION    NW (330)
  HIGHEST GUST SPEED    17   HIGHEST GUST DIRECTION    NE (30)
  AVERAGE WIND SPEED     2.7


SKY COVER
  POSSIBLE SUNSHINE  MM
  AVERAGE SKY COVER 0.2


WEATHER CONDITIONS
 THE FOLLOWING WEATHER WAS RECORDED YESTERDAY.
  THUNDERSTORM
  FOG
  HAZE


RELATIVE HUMIDITY (PERCENT)
 HIGHEST    93           500 AM
 LOWEST     46           100 PM
 AVERAGE    70

..........................................................


THE ASHEVILLE NC CLIMATE NORMALS FOR TODAY
                         NORMAL    RECORD    YEAR
 MAXIMUM TEMPERATURE (F)   84        93      1954
 MINIMUM TEMPERATURE (F)   64        54      2014
                                             1897
                                             1895


SUNRISE AND SUNSET
JULY 30 2015..........SUNRISE   637 AM EDT   SUNSET   836 PM EDT
JULY 31 2015..........SUNRISE   638 AM EDT   SUNSET   835 PM EDT


-  INDICATES NEGATIVE NUMBERS.
R  INDICATES RECORD WAS SET OR TIED.
MM INDICATES DATA IS MISSING.
T  INDICATES TRACE AMOUNT.




$$
