000
CDUS42 KGSP 222039 RRA
CLIAVL

CLIMATE
REPORT NATIONAL WEATHER SERVICE GREENVILLE-SPARTANBURG SC
438 PM EDT WED MAR 22 2017


...................................

...THE ASHEVILLE NC CLIMATE SUMMARY FOR MARCH 22 2017...
VALID TODAY AS OF 0430 PM LOCAL TIME.

CLIMATE NORMAL PERIOD 1981 TO 2010
CLIMATE RECORD PERIOD 1869 TO 2017


WEATHER ITEM   OBSERVED TIME   RECORD YEAR NORMAL DEPARTURE LAST
                VALUE   (LST)  VALUE       VALUE  FROM      YEAR
                                                  NORMAL
..................................................................
TEMPERATURE (F)
 TODAY
  MAXIMUM         57    329 PM  86    1907  61     -4       65
  MINIMUM         47    712 AM  15    1965  37     10       27
  AVERAGE         52                        49      3       46

PRECIPITATION (IN)
  TODAY            0.00          1.93 1903   0.12  -0.12     0.00
  MONTH TO DATE    1.66                      2.70  -1.04     1.04
  SINCE MAR 1      1.66                      2.70  -1.04     1.04
  SINCE JAN 1      6.08                     10.13  -4.05    10.02

SNOWFALL (IN)
  TODAY            0.0           9.6  1981   0.0    0.0      0.0
  MONTH TO DATE    2.1                       1.4    0.7       T
  SINCE MAR 1      2.1                       1.4    0.7       T
  SINCE JUL 1      9.4                       8.7    0.7     13.9
  SNOW DEPTH       0

DEGREE DAYS
 HEATING
  TODAY           13                        16     -3       19
  MONTH TO DATE  443                       418     25      277
  SINCE MAR 1    443                       418     25      277
  SINCE JUL 1   2837                      3635   -798     3024

 COOLING
  TODAY            0                         0      0        0
  MONTH TO DATE    0                         0      0        0
  SINCE MAR 1      0                         0      0        0
  SINCE JAN 1      0                         0      0        0
..................................................................


WIND (MPH)
  HIGHEST WIND SPEED    25   HIGHEST WIND DIRECTION     N (340)
  HIGHEST GUST SPEED    35   HIGHEST GUST DIRECTION    NW (320)
  AVERAGE WIND SPEED    16.6


SKY COVER
  POSSIBLE SUNSHINE  MM
  AVERAGE SKY COVER 0.0


WEATHER CONDITIONS
 THE FOLLOWING WEATHER WAS RECORDED TODAY.
  NO SIGNIFICANT WEATHER WAS OBSERVED.


RELATIVE HUMIDITY (PERCENT)
 HIGHEST    83           100 AM
 LOWEST     24           200 PM
 AVERAGE    54

..........................................................


THE ASHEVILLE NC CLIMATE NORMALS FOR TOMORROW
                         NORMAL    RECORD    YEAR
 MAXIMUM TEMPERATURE (F)   61        85      1907
 MINIMUM TEMPERATURE (F)   37        18      2004


SUNRISE AND SUNSET
MARCH 22 2017.........SUNRISE   731 AM EDT   SUNSET   744 PM EDT
MARCH 23 2017.........SUNRISE   729 AM EDT   SUNSET   745 PM EDT


-  INDICATES NEGATIVE NUMBERS.
R  INDICATES RECORD WAS SET OR TIED.
MM INDICATES DATA IS MISSING.
T  INDICATES TRACE AMOUNT.




$$

LEV
