000
CDUS42 KGSP 310632
CLIAVL

CLIMATE REPORT
NATIONAL WEATHER SERVICE GREENVILLE-SPARTANBURG SC
230 AM EDT SUN AUG 31 2014

...................................

...THE ASHEVILLE NC CLIMATE SUMMARY FOR AUGUST 30 2014...

CLIMATE NORMAL PERIOD 1981 TO 2010
CLIMATE RECORD PERIOD 1869 TO 2014


WEATHER ITEM   OBSERVED TIME   RECORD YEAR NORMAL DEPARTURE LAST
                VALUE   (LST)  VALUE       VALUE  FROM      YEAR
                                                  NORMAL
..................................................................
TEMPERATURE (F)
 YESTERDAY
  MAXIMUM         84    117 PM  96    1932  81      3       80
  MINIMUM         65    645 AM  43    1968  61      4       70
  AVERAGE         75                        71      4       75

PRECIPITATION (IN)
  YESTERDAY        0.01          2.56 1910   0.14  -0.13     0.01
  MONTH TO DATE    3.17                      4.26  -1.09     6.91
  SINCE JUN 1     13.49                     13.22   0.27    29.57
  SINCE JAN 1     30.00                     31.47  -1.47    58.69

SNOWFALL (IN)
  YESTERDAY        0.0           0.0    MM   0.0             0.0
  MONTH TO DATE    0.0                       0.0             0.0
  SINCE JUN 1      0.0                       0.0             0.0
  SINCE JUL 1      0.0                       0.0             0.0
  SNOW DEPTH       0

DEGREE DAYS
 HEATING
  YESTERDAY        0                         0      0        0
  MONTH TO DATE    0                         0      0        5
  SINCE JUN 1      2                        14    -12        5
  SINCE JUL 1      2                         0      2        5

 COOLING
  YESTERDAY       10                         6      4       10
  MONTH TO DATE  225                       242    -17      203
  SINCE JUN 1    659                       694    -35      675
  SINCE JAN 1    740                       752    -12      726
..................................................................


WIND (MPH)
  HIGHEST WIND SPEED    14   HIGHEST WIND DIRECTION     S (160)
  HIGHEST GUST SPEED    19   HIGHEST GUST DIRECTION     S (170)
  AVERAGE WIND SPEED     3.6


SKY COVER
  POSSIBLE SUNSHINE  MM
  AVERAGE SKY COVER 0.6


WEATHER CONDITIONS
 THE FOLLOWING WEATHER WAS RECORDED YESTERDAY.
  LIGHT RAIN
  FOG
  FOG W/VISIBILITY <= 1/4 MILE


RELATIVE HUMIDITY (PERCENT)
 HIGHEST   100           500 AM
 LOWEST     55           100 PM
 AVERAGE    78

..........................................................


THE ASHEVILLE NC CLIMATE NORMALS FOR TODAY
                         NORMAL    RECORD    YEAR
 MAXIMUM TEMPERATURE (F)   81        93      1953
                                             1951
 MINIMUM TEMPERATURE (F)   61        45      1946


SUNRISE AND SUNSET
AUGUST 31 2014........SUNRISE   702 AM EDT   SUNSET   759 PM EDT
SEPTEMBER  1 2014.....SUNRISE   702 AM EDT   SUNSET   757 PM EDT


-  INDICATES NEGATIVE NUMBERS.
R  INDICATES RECORD WAS SET OR TIED.
MM INDICATES DATA IS MISSING.
T  INDICATES TRACE AMOUNT.

$$
