000
CDUS42 KGSP 222128 RRA
CLIAVL

CLIMATE REPORT
NATIONAL WEATHER SERVICE GREENVILLE-SPARTANBURG SC
426 PM EST THU FEB 22 2018


...................................

...THE ASHEVILLE NC CLIMATE SUMMARY FOR FEBRUARY 22 2018...
VALID TODAY AS OF 0400 PM LOCAL TIME.

CLIMATE NORMAL PERIOD 1981 TO 2010
CLIMATE RECORD PERIOD 1869 TO 2018


WEATHER ITEM   OBSERVED TIME   RECORD YEAR NORMAL DEPARTURE LAST
                VALUE   (LST)  VALUE       VALUE  FROM      YEAR
                                                  NORMAL
..................................................................
TEMPERATURE (F)
 TODAY
  MAXIMUM         77R   221 PM  72    1897  53     24       57
  MINIMUM         58    225 AM   2    1963  31     27       50
  AVERAGE         68                        42     26       54

PRECIPITATION (IN)
  TODAY            T             2.37 2003   0.14  -0.14     0.18
  MONTH TO DATE    4.84                      2.96   1.88     0.62
  SINCE DEC 1     11.35                     10.22   1.13     6.65
  SINCE JAN 1      8.88                      6.63   2.25     4.34

SNOWFALL (IN)
  TODAY            0.0           4.2  1889   0.1   -0.1      0.0
  MONTH TO DATE    T                         1.8   -1.8      0.0
  SINCE DEC 1     10.8                       6.8    4.0      7.3
  SINCE JUL 1     10.8                       6.9    3.9      7.3
  SNOW DEPTH       0

DEGREE DAYS
 HEATING
  TODAY            0                        23    -23       11
  MONTH TO DATE  350                       555   -205      394
  SINCE DEC 1   2073                      2215   -142     1736
  SINCE JUL 1   2791                      3082   -291     2307

 COOLING
  TODAY            3                         0      3        0
  MONTH TO DATE    4                         0      4        0
  SINCE DEC 1      4                         0      4        0
  SINCE JAN 1      4                         0      4        0
..................................................................


WIND (MPH)
  HIGHEST WIND SPEED    18   HIGHEST WIND DIRECTION     S (190)
  HIGHEST GUST SPEED    24   HIGHEST GUST DIRECTION     S (180)
  AVERAGE WIND SPEED    10.4


SKY COVER
  POSSIBLE SUNSHINE  MM
  AVERAGE SKY COVER 0.3


WEATHER CONDITIONS
 THE FOLLOWING WEATHER WAS RECORDED TODAY.
  NO SIGNIFICANT WEATHER WAS OBSERVED.


RELATIVE HUMIDITY (PERCENT)
 HIGHEST    97          1200 AM
 LOWEST     58          1200 PM
 AVERAGE    78

..........................................................


THE ASHEVILLE NC CLIMATE NORMALS FOR TOMORROW
                         NORMAL    RECORD    YEAR
 MAXIMUM TEMPERATURE (F)   53        76      1982
 MINIMUM TEMPERATURE (F)   31        10      1939


SUNRISE AND SUNSET
FEBRUARY 22 2018......SUNRISE   709 AM EST   SUNSET   619 PM EST
FEBRUARY 23 2018......SUNRISE   707 AM EST   SUNSET   620 PM EST


-  INDICATES NEGATIVE NUMBERS.
R  INDICATES RECORD WAS SET OR TIED.
MM INDICATES DATA IS MISSING.
T  INDICATES TRACE AMOUNT.

$$
