000
CDUS42 KGSP 290628
CLIAVL

CLIMATE REPORT
NATIONAL WEATHER SERVICE GREENVILLE-SPARTANBURG SC
227 AM EDT SAT AUG 29 2015


...................................

...THE ASHEVILLE NC CLIMATE SUMMARY FOR AUGUST 28 2015...

CLIMATE NORMAL PERIOD 1981 TO 2010
CLIMATE RECORD PERIOD 1869 TO 2015


WEATHER ITEM   OBSERVED TIME   RECORD YEAR NORMAL DEPARTURE LAST
                VALUE   (LST)  VALUE       VALUE  FROM      YEAR
                                                  NORMAL
..................................................................
TEMPERATURE (F)
 YESTERDAY
  MAXIMUM         80    403 PM  93    1948  82     -2       88
  MINIMUM         57    554 AM  48    1968  61     -4       58
                                      1904
  AVERAGE         69                        72     -3       73

PRECIPITATION (IN)
  YESTERDAY        T             1.75 1949   0.13  -0.13      T
  MONTH TO DATE    2.69                      3.98  -1.29     3.16
  SINCE JUN 1     11.77                     12.94  -1.17    13.48
  SINCE JAN 1     26.02                     31.19  -5.17    29.99

SNOWFALL (IN)
  YESTERDAY        0.0           0.0    MM   0.0             0.0
  MONTH TO DATE    0.0                       0.0             0.0
  SINCE JUN 1      0.0                       0.0             0.0
  SINCE JUL 1      0.0                       0.0             0.0
  SNOW DEPTH       0

DEGREE DAYS
 HEATING
  YESTERDAY        0                         0      0        0
  MONTH TO DATE    0                         0      0        0
  SINCE JUN 1      0                        14    -14        2
  SINCE JUL 1      0                         0      0        2

 COOLING
  YESTERDAY        4                         7     -3        8
  MONTH TO DATE  260                       229     31      205
  SINCE JUN 1    863                       681    182      639
  SINCE JAN 1    985                       739    246      720
..................................................................


WIND (MPH)
  HIGHEST WIND SPEED    13   HIGHEST WIND DIRECTION     S (170)
  HIGHEST GUST SPEED    17   HIGHEST GUST DIRECTION    SE (150)
  AVERAGE WIND SPEED     2.2


SKY COVER
  POSSIBLE SUNSHINE  MM
  AVERAGE SKY COVER 0.2


WEATHER CONDITIONS
 THE FOLLOWING WEATHER WAS RECORDED YESTERDAY.
  LIGHT RAIN
  FOG


RELATIVE HUMIDITY (PERCENT)
 HIGHEST    93           600 AM
 LOWEST     39           300 PM
 AVERAGE    66

..........................................................


THE ASHEVILLE NC CLIMATE NORMALS FOR TODAY
                         NORMAL    RECORD    YEAR
 MAXIMUM TEMPERATURE (F)   82        98      1948
 MINIMUM TEMPERATURE (F)   61        42      1986


SUNRISE AND SUNSET
AUGUST 29 2015........SUNRISE   700 AM EDT   SUNSET   802 PM EDT
AUGUST 30 2015........SUNRISE   701 AM EDT   SUNSET   800 PM EDT


-  INDICATES NEGATIVE NUMBERS.
R  INDICATES RECORD WAS SET OR TIED.
MM INDICATES DATA IS MISSING.
T  INDICATES TRACE AMOUNT.




$$
