000
CDUS42 KGSP 240633
CLIAVL

CLIMATE REPORT
NATIONAL WEATHER SERVICE GREENVILLE-SPARTANBURG SC
230 AM EDT THU APR 24 2014


...................................

...THE ASHEVILLE NC CLIMATE SUMMARY FOR APRIL 23 2014...

CLIMATE NORMAL PERIOD 1981 TO 2010
CLIMATE RECORD PERIOD 1869 TO 2014


WEATHER ITEM   OBSERVED TIME   RECORD YEAR NORMAL DEPARTURE LAST
                VALUE   (LST)  VALUE       VALUE  FROM      YEAR
                                                  NORMAL
..................................................................
TEMPERATURE (F)
 YESTERDAY
  MAXIMUM         68    454 PM  88    1960  70     -2       70
  MINIMUM         47    603 AM  29    1986  45      2       34
  AVERAGE         58                        57      1       52

PRECIPITATION (IN)
  YESTERDAY        0.00          1.07 1983   0.12  -0.12     0.00
  MONTH TO DATE    4.27                      2.54   1.73     3.09
  SINCE MAR 1      6.57                      6.37   0.20     6.41
  SINCE JAN 1     11.92                     13.80  -1.88    18.55

SNOWFALL (IN)
  YESTERDAY        0.0           0.0    MM   0.0             0.0
  MONTH TO DATE    0.0                       0.7             0.0
  SINCE MAR 1      0.4                       2.6             0.3
  SINCE JUL 1      9.8                       9.9             0.5
  SNOW DEPTH       0

DEGREE DAYS
 HEATING
  YESTERDAY        7                         8     -1       13
  MONTH TO DATE  244                       251     -7      222
  SINCE MAR 1    873                       806     67      932
  SINCE JUL 1   4192                      4023    169     3873

 COOLING
  YESTERDAY        0                         0      0        0
  MONTH TO DATE    0                         0      0        5
  SINCE MAR 1      0                         1     -1        5
  SINCE JAN 1      0                         1     -1        5
..................................................................


WIND (MPH)
  HIGHEST WIND SPEED    20   HIGHEST WIND DIRECTION     N (340)
  HIGHEST GUST SPEED    27   HIGHEST GUST DIRECTION    NW (330)
  AVERAGE WIND SPEED    10.8


SKY COVER
  POSSIBLE SUNSHINE  MM
  AVERAGE SKY COVER 0.0


WEATHER CONDITIONS
 THE FOLLOWING WEATHER WAS RECORDED YESTERDAY.
  NO SIGNIFICANT WEATHER WAS OBSERVED.


RELATIVE HUMIDITY (PERCENT)
 HIGHEST    93          1200 AM
 LOWEST     19           500 PM
 AVERAGE    56

..........................................................


THE ASHEVILLE NC CLIMATE NORMALS FOR TODAY
                         NORMAL    RECORD    YEAR
 MAXIMUM TEMPERATURE (F)   70        89      1925
 MINIMUM TEMPERATURE (F)   45        26      1893


SUNRISE AND SUNSET
APRIL 24 2014.........SUNRISE   647 AM EDT   SUNSET   811 PM EDT
APRIL 25 2014.........SUNRISE   645 AM EDT   SUNSET   811 PM EDT


-  INDICATES NEGATIVE NUMBERS.
R  INDICATES RECORD WAS SET OR TIED.
MM INDICATES DATA IS MISSING.
T  INDICATES TRACE AMOUNT.




$$
