000
CDUS42 KGSP 200642
CLIAVL

CLIMATE REPORT
NATIONAL WEATHER SERVICE GREENVILLE-SPARTANBURG SC
139 AM EST MON FEB 20 2017


...................................

...THE ASHEVILLE NC CLIMATE SUMMARY FOR FEBRUARY 19 2017...

CLIMATE NORMAL PERIOD 1981 TO 2010
CLIMATE RECORD PERIOD 1869 TO 2017


WEATHER ITEM   OBSERVED TIME   RECORD YEAR NORMAL DEPARTURE LAST
                VALUE   (LST)  VALUE       VALUE  FROM      YEAR
                                                  NORMAL
..................................................................
TEMPERATURE (F)
 YESTERDAY
  MAXIMUM         61    458 PM  72    2014  52      9       56
  MINIMUM         38    124 AM   3    2015  31      7       29
  AVERAGE         50                        41      9       43

PRECIPITATION (IN)
  YESTERDAY        0.00          1.05 1927   0.13  -0.13     0.00
  MONTH TO DATE    0.44                      2.55  -2.11     3.52
  SINCE DEC 1      6.47                      9.81  -3.34    15.57
  SINCE JAN 1      4.16                      6.22  -2.06     6.81

SNOWFALL (IN)
  YESTERDAY        0.0           5.5  1908   0.1             0.0
  MONTH TO DATE    0.0                       1.6             0.1
  SINCE DEC 1      7.3                       6.6            13.9
  SINCE JUL 1      7.3                       6.7            13.9
  SNOW DEPTH       0

DEGREE DAYS
 HEATING
  YESTERDAY       15                        24     -9       22
  MONTH TO DATE  354                       485   -131      539
  SINCE DEC 1   1696                      2145   -449     1887
  SINCE JUL 1   2267                      3012   -745     2562

 COOLING
  YESTERDAY        0                         0      0        0
  MONTH TO DATE    0                         0      0        0
  SINCE DEC 1      0                         0      0        0
  SINCE JAN 1      0                         0      0        0
..................................................................


WIND (MPH)
  HIGHEST WIND SPEED    26   HIGHEST WIND DIRECTION    NW (330)
  HIGHEST GUST SPEED    31   HIGHEST GUST DIRECTION     N (350)
  AVERAGE WIND SPEED    11.9


SKY COVER
  POSSIBLE SUNSHINE  MM
  AVERAGE SKY COVER 0.3


WEATHER CONDITIONS
 THE FOLLOWING WEATHER WAS RECORDED YESTERDAY.
  NO SIGNIFICANT WEATHER WAS OBSERVED.


RELATIVE HUMIDITY (PERCENT)
 HIGHEST    92           100 AM
 LOWEST     42           500 PM
 AVERAGE    67

..........................................................


THE ASHEVILLE NC CLIMATE NORMALS FOR TODAY
                         NORMAL    RECORD    YEAR
 MAXIMUM TEMPERATURE (F)   52        75      1939
 MINIMUM TEMPERATURE (F)   31         4      2015


SUNRISE AND SUNSET
FEBRUARY 20 2017......SUNRISE   711 AM EST   SUNSET   617 PM EST
FEBRUARY 21 2017......SUNRISE   710 AM EST   SUNSET   618 PM EST


-  INDICATES NEGATIVE NUMBERS.
R  INDICATES RECORD WAS SET OR TIED.
MM INDICATES DATA IS MISSING.
T  INDICATES TRACE AMOUNT.




$$

LEV
