000
CDUS42 KGSP 300630 RRB
CLIAVL

CLIMATE REPORT
NATIONAL WEATHER SERVICE GREENVILLE-SPARTANBURG SC
229 AM EDT SUN APR 30 2017


...................................

...THE ASHEVILLE NC CLIMATE SUMMARY FOR APRIL 29 2017...

CLIMATE NORMAL PERIOD 1981 TO 2010
CLIMATE RECORD PERIOD 1869 TO 2017


WEATHER ITEM   OBSERVED TIME   RECORD YEAR NORMAL DEPARTURE LAST
                VALUE   (LST)  VALUE       VALUE  FROM      YEAR
                                                  NORMAL
..................................................................
TEMPERATURE (F)
 YESTERDAY
  MAXIMUM         84    243 PM  89    1970  71     13       82
  MINIMUM         61    611 AM  28    1967  47     14       56
  AVERAGE         73                        59     14       69

PRECIPITATION (IN)
  YESTERDAY        0.01          1.51 1963   0.11  -0.10     0.00
  MONTH TO DATE    7.59                      3.22   4.37     1.43
  SINCE MAR 1     11.51                      7.05   4.46     2.99
  SINCE JAN 1     15.93                     14.48   1.45    11.97

SNOWFALL (IN)
  YESTERDAY        0.0           0.1  1874   0.0             0.0
  MONTH TO DATE    0.0                       0.7             0.0
  SINCE MAR 1      2.1                       2.6              T
  SINCE JUL 1      9.4                       9.9            13.9
  SNOW DEPTH       0

DEGREE DAYS
 HEATING
  YESTERDAY        0                         7     -7        0
  MONTH TO DATE  152                       295   -143      255
  SINCE MAR 1    659                       850   -191      616
  SINCE JUL 1   3053                      4067  -1014     3363

 COOLING
  YESTERDAY        8                         0      8        4
  MONTH TO DATE   21                         0     21       15
  SINCE MAR 1     21                         1     20       15
  SINCE JAN 1     21                         1     20       15
..................................................................


WIND (MPH)
  HIGHEST WIND SPEED    18   HIGHEST WIND DIRECTION     S (180)
  HIGHEST GUST SPEED    26   HIGHEST GUST DIRECTION     S (190)
  AVERAGE WIND SPEED     7.5


SKY COVER
  POSSIBLE SUNSHINE  MM
  AVERAGE SKY COVER 0.1


WEATHER CONDITIONS
 THE FOLLOWING WEATHER WAS RECORDED YESTERDAY.
  LIGHT RAIN
  FOG


RELATIVE HUMIDITY (PERCENT)
 HIGHEST    97           600 AM
 LOWEST     47          1100 AM
 AVERAGE    72

..........................................................


THE ASHEVILLE NC CLIMATE NORMALS FOR TODAY
                         NORMAL    RECORD    YEAR
 MAXIMUM TEMPERATURE (F)   71        87      1962
 MINIMUM TEMPERATURE (F)   47        31      2008


SUNRISE AND SUNSET
APRIL 30 2017.........SUNRISE   639 AM EDT   SUNSET   816 PM EDT
MAY  1 2017...........SUNRISE   638 AM EDT   SUNSET   817 PM EDT


-  INDICATES NEGATIVE NUMBERS.
R  INDICATES RECORD WAS SET OR TIED.
MM INDICATES DATA IS MISSING.
T  INDICATES TRACE AMOUNT.




$$
