000
CDUS41 KBGM 290527
CLIAVP


CLIMATE REPORT
NATIONAL WEATHER SERVICE BINGHAMTON NY
124 AM EDT SUN MAR 29 2015


...................................

...THE AVOCA PA CLIMATE SUMMARY FOR MARCH 28 2015...

CLIMATE NORMAL PERIOD 1981 TO 2010
CLIMATE RECORD PERIOD 1901 TO 2015


WEATHER ITEM   OBSERVED TIME   RECORD YEAR NORMAL DEPARTURE LAST
                VALUE   (LST)  VALUE       VALUE  FROM      YEAR
                                                  NORMAL
..................................................................
TEMPERATURE (F)
 YESTERDAY
  MAXIMUM         31    108 AM  83    1945  51    -20       53
  MINIMUM         20   1159 PM   9    1923  32    -12       36
  AVERAGE         26                        41    -15       45

PRECIPITATION (IN)
  YESTERDAY        0.00          1.62 2005   0.10  -0.10     0.24
  MONTH TO DATE    1.66                      2.27  -0.61     0.60
  SINCE MAR 1      1.66                      2.27  -0.61     0.60
  SINCE JAN 1      4.66                      6.67  -2.01     5.48

SNOWFALL (IN)
  YESTERDAY        0.0           2.0  1984   0.2   -0.2      0.0
  MONTH TO DATE    6.4                       8.6   -2.2      0.2
  SINCE MAR 1      6.4                       8.6   -2.2      0.2
  SINCE JUL 1     48.5                      42.5    6.0     56.0

DEGREE DAYS
 HEATING
  YESTERDAY       39                        24     15       20
  MONTH TO DATE  908                       803    105      969
  SINCE MAR 1    908                       803    105      969
  SINCE JUL 1   5605                      5409    196     5792

 COOLING
  YESTERDAY        0                         0      0        0
  MONTH TO DATE    0                         0      0        0
  SINCE MAR 1      0                         0      0        0
  SINCE JAN 1      0                         0      0        0
..................................................................


WIND (MPH)
  HIGHEST WIND SPEED    22   HIGHEST WIND DIRECTION     N (340)
  HIGHEST GUST SPEED    30   HIGHEST GUST DIRECTION    NW (320)
  AVERAGE WIND SPEED    13.4


SKY COVER
  AVERAGE SKY COVER 1.0



RELATIVE HUMIDITY (PERCENT)
 HIGHEST    63          1200 AM
 LOWEST     40           600 PM
 AVERAGE    52

..........................................................


THE AVOCA PA CLIMATE NORMALS FOR TODAY
                         NORMAL    RECORD    YEAR
 MAXIMUM TEMPERATURE (F)   52        84      1905
 MINIMUM TEMPERATURE (F)   32         7      1923


SUNRISE AND SUNSET
MARCH 29 2015.........SUNRISE   652 AM EDT   SUNSET   725 PM EDT
MARCH 30 2015.........SUNRISE   650 AM EDT   SUNSET   726 PM EDT


-  INDICATES NEGATIVE NUMBERS.
R  INDICATES RECORD WAS SET OR TIED.
MM INDICATES DATA IS MISSING.
T  INDICATES TRACE AMOUNT.

$$
