677
CDUS41 KBGM 230547
CLIAVP


CLIMATE REPORT
NATIONAL WEATHER SERVICE BINGHAMTON NY
1246 AM EST FRI FEB 23 2018


...................................

...THE AVOCA PA CLIMATE SUMMARY FOR FEBRUARY 22 2018...

CLIMATE NORMAL PERIOD 1981 TO 2010
CLIMATE RECORD PERIOD 1901 TO 2018


WEATHER ITEM   OBSERVED TIME   RECORD YEAR NORMAL DEPARTURE LAST
                VALUE   (LST)  VALUE       VALUE  FROM      YEAR
                                                  NORMAL
..................................................................
TEMPERATURE (F)
 YESTERDAY
  MAXIMUM         41    137 AM  62    1997  39      2       57
                                      1974
                                      1930
  MINIMUM         36   1159 PM  -1    1963  22     14       42
  AVERAGE         39                        30      9       50

PRECIPITATION (IN)
  YESTERDAY        0.60          1.43 1902   0.07   0.53      T
  MONTH TO DATE    3.38                      1.61   1.77     1.49
  SINCE DEC 1      7.74                      6.66   1.08     6.80
  SINCE JAN 1      6.06                      3.98   2.08     4.74

SNOWFALL (IN)
  YESTERDAY        0.0           5.1  2008   0.3   -0.3      0.0
  MONTH TO DATE    9.6                       7.3    2.3      8.2
  SINCE DEC 1     27.0                      28.9   -1.9     19.0
  SINCE JUL 1     27.1                      31.9   -4.8     24.7

DEGREE DAYS
 HEATING
  YESTERDAY       26                        35     -9       15
  MONTH TO DATE  682                       811   -129      659
  SINCE DEC 1   3017                      3089    -72     2640
  SINCE JUL 1   4057                      4402   -345     3658

 COOLING
  YESTERDAY        0                         0      0        0
  MONTH TO DATE    0                         0      0        0
  SINCE DEC 1      0                         0      0        0
  SINCE JAN 1      0                         0      0        0
..................................................................


WIND (MPH)
  HIGHEST WIND SPEED    15   HIGHEST WIND DIRECTION     N (10)
  HIGHEST GUST SPEED    18   HIGHEST GUST DIRECTION    NE (30)
  AVERAGE WIND SPEED     6.3


SKY COVER
  AVERAGE SKY COVER 0.9



RELATIVE HUMIDITY (PERCENT)
 HIGHEST    92           800 AM
 LOWEST     79           200 AM
 AVERAGE    86

..........................................................


THE AVOCA PA CLIMATE NORMALS FOR TODAY
                         NORMAL    RECORD    YEAR
 MAXIMUM TEMPERATURE (F)   39        70      2017
 MINIMUM TEMPERATURE (F)   22        -3      2015


SUNRISE AND SUNSET
FEBRUARY 23 2018......SUNRISE   646 AM EST   SUNSET   547 PM EST
FEBRUARY 24 2018......SUNRISE   645 AM EST   SUNSET   548 PM EST


-  INDICATES NEGATIVE NUMBERS.
R  INDICATES RECORD WAS SET OR TIED.
MM INDICATES DATA IS MISSING.
T  INDICATES TRACE AMOUNT.




$$
