000
CDUS41 KBGM 230557
CLIAVP


CLIMATE REPORT
NATIONAL WEATHER SERVICE BINGHAMTON NY
1256 AM EST THU NOV 23 2017


...................................

...THE AVOCA PA CLIMATE SUMMARY FOR NOVEMBER 22 2017...

CLIMATE NORMAL PERIOD 1981 TO 2010
CLIMATE RECORD PERIOD 1901 TO 2017


WEATHER ITEM   OBSERVED TIME   RECORD YEAR NORMAL DEPARTURE LAST
                VALUE   (LST)  VALUE       VALUE  FROM      YEAR
                                                  NORMAL
..................................................................
TEMPERATURE (F)
 YESTERDAY
  MAXIMUM         48    226 AM  72    1931  47      1       34
                                      1913
  MINIMUM         30   1159 PM  15    2014  32     -2       31
                                      1987
                                      1969
  AVERAGE         39                        39      0       33

PRECIPITATION (IN)
  YESTERDAY        0.01          2.12 1991   0.11  -0.10      T
  MONTH TO DATE    1.01                      2.30  -1.29     0.87
  SINCE SEP 1      5.65                      9.71  -4.06     6.47
  SINCE JAN 1     35.77                     34.74   1.03    28.03

SNOWFALL (IN)
  YESTERDAY        0.0           0.3  1989   0.1   -0.1       T
                                      1972
                                      1967
  MONTH TO DATE    0.1                       1.9   -1.8      5.7
  SINCE SEP 1      0.1                       2.0   -1.9      5.7
  SINCE JUL 1      0.1                       2.0   -1.9      5.7

DEGREE DAYS
 HEATING
  YESTERDAY       26                        26      0       32
  MONTH TO DATE  503                       489     14      435
  SINCE SEP 1    824                      1066   -242      834
  SINCE JUL 1    841                      1092   -251      835

 COOLING
  YESTERDAY        0                         0      0        0
  MONTH TO DATE    0                         0      0        0
  SINCE SEP 1    165                        56    109      132
  SINCE JAN 1    804                       580    224      998
..................................................................


WIND (MPH)
  HIGHEST WIND SPEED    23   HIGHEST WIND DIRECTION     N (340)
  HIGHEST GUST SPEED    30   HIGHEST GUST DIRECTION    NW (330)
  AVERAGE WIND SPEED     9.6


SKY COVER
  AVERAGE SKY COVER 0.9



RELATIVE HUMIDITY (PERCENT)
 HIGHEST    92           500 AM
 LOWEST     56           600 PM
 AVERAGE    74

..........................................................


THE AVOCA PA CLIMATE NORMALS FOR TODAY
                         NORMAL    RECORD    YEAR
 MAXIMUM TEMPERATURE (F)   46        72      1931
 MINIMUM TEMPERATURE (F)   31        13      1972


SUNRISE AND SUNSET
NOVEMBER 23 2017......SUNRISE   701 AM EST   SUNSET   438 PM EST
NOVEMBER 24 2017......SUNRISE   702 AM EST   SUNSET   437 PM EST


-  INDICATES NEGATIVE NUMBERS.
R  INDICATES RECORD WAS SET OR TIED.
MM INDICATES DATA IS MISSING.
T  INDICATES TRACE AMOUNT.




$$
