000
CDUS41 KBGM 110623
CLIAVP


CLIMATE REPORT
NATIONAL WEATHER SERVICE BINGHAMTON NY
122 AM EST SUN DEC 11 2016


...................................

...THE AVOCA PA CLIMATE SUMMARY FOR DECEMBER 10 2016...

CLIMATE NORMAL PERIOD 1981 TO 2010
CLIMATE RECORD PERIOD 1901 TO 2016


WEATHER ITEM   OBSERVED TIME   RECORD YEAR NORMAL DEPARTURE LAST
                VALUE   (LST)  VALUE       VALUE  FROM      YEAR
                                                  NORMAL
..................................................................
TEMPERATURE (F)
 YESTERDAY
  MAXIMUM         31   1233 PM  65    1966  39     -8       53
  MINIMUM         21   1159 PM   4    1958  26     -5       40
  AVERAGE         26                        32     -6       47

PRECIPITATION (IN)
  YESTERDAY        T             1.43 1907   0.09  -0.09     0.01
  MONTH TO DATE    0.69                      0.98  -0.29     0.58
  SINCE DEC 1      0.69                      0.98  -0.29     0.58
  SINCE JAN 1     29.93                     36.56  -6.63    29.21

SNOWFALL (IN)
  YESTERDAY        T             3.4  1997   0.2   -0.2      0.0
  MONTH TO DATE    0.5                       1.7   -1.2       T
  SINCE DEC 1      0.5                       1.7   -1.2       T
  SINCE JUL 1      6.2                       4.7    1.5       T

DEGREE DAYS
 HEATING
  YESTERDAY       39                        33      6       18
  MONTH TO DATE  283                       310    -27      240
  SINCE DEC 1    283                       310    -27      240
  SINCE JUL 1   1301                      1623   -322     1148

 COOLING
  YESTERDAY        0                         0      0        0
  MONTH TO DATE    0                         0      0        0
  SINCE DEC 1      0                         0      0        0
  SINCE JAN 1    998                       580    418      929
..................................................................


WIND (MPH)
  HIGHEST WIND SPEED    20   HIGHEST WIND DIRECTION     W (270)
  HIGHEST GUST SPEED    22   HIGHEST GUST DIRECTION     W (270)
  AVERAGE WIND SPEED     6.9


SKY COVER
  AVERAGE SKY COVER 0.9



RELATIVE HUMIDITY (PERCENT)
 HIGHEST    81           600 AM
 LOWEST     57           300 AM
 AVERAGE    69

..........................................................


THE AVOCA PA CLIMATE NORMALS FOR TODAY
                         NORMAL    RECORD    YEAR
 MAXIMUM TEMPERATURE (F)   39        64      1979
 MINIMUM TEMPERATURE (F)   25        -1      1958


SUNRISE AND SUNSET
DECEMBER 11 2016......SUNRISE   719 AM EST   SUNSET   434 PM EST
DECEMBER 12 2016......SUNRISE   720 AM EST   SUNSET   434 PM EST


-  INDICATES NEGATIVE NUMBERS.
R  INDICATES RECORD WAS SET OR TIED.
MM INDICATES DATA IS MISSING.
T  INDICATES TRACE AMOUNT.




$$
