000
CDUS41 KBGM 270627
CLIAVP


CLIMATE REPORT
NATIONAL WEATHER SERVICE BINGHAMTON NY
126 AM EST FRI FEB 27 2015


...................................

...THE AVOCA PA CLIMATE SUMMARY FOR FEBRUARY 26 2015...

CLIMATE NORMAL PERIOD 1981 TO 2010
CLIMATE RECORD PERIOD 1901 TO 2015


WEATHER ITEM   OBSERVED TIME   RECORD YEAR NORMAL DEPARTURE LAST
                VALUE   (LST)  VALUE       VALUE  FROM      YEAR
                                                  NORMAL
..................................................................
TEMPERATURE (F)
 YESTERDAY
  MAXIMUM         24    122 PM  66    1976  40    -16       22
  MINIMUM         14   1159 PM   1    1970  23     -9        7
  AVERAGE         19                        31    -12       15

PRECIPITATION (IN)
  YESTERDAY        0.02          1.24 1908   0.07  -0.05      T
  MONTH TO DATE    1.13                      1.89  -0.76     2.77
  SINCE DEC 1      5.78                      6.94  -1.16     8.22
  SINCE JAN 1      3.00                      4.26  -1.26     4.88

SNOWFALL (IN)
  YESTERDAY        T             4.0  2010   0.3   -0.3      0.2
  MONTH TO DATE   13.4                       8.6    4.8     28.8
  SINCE DEC 1     33.0                      30.2    2.8     52.6
  SINCE JUL 1     41.9                      33.2    8.7     55.3

DEGREE DAYS
 HEATING
  YESTERDAY       46                        34     12       50
  MONTH TO DATE 1223                       948    275     1046
  SINCE DEC 1   3406                      3226    180     3441
  SINCE JUL 1   4596                      4539     57     4717

 COOLING
  YESTERDAY        0                         0      0        0
  MONTH TO DATE    0                         0      0        0
  SINCE DEC 1      0                         0      0        0
  SINCE JAN 1      0                         0      0        0
..................................................................


WIND (MPH)
  HIGHEST WIND SPEED    18   HIGHEST WIND DIRECTION    NE (30)
  HIGHEST GUST SPEED    20   HIGHEST GUST DIRECTION     N (20)
  AVERAGE WIND SPEED     7.4


SKY COVER
  AVERAGE SKY COVER 0.8



RELATIVE HUMIDITY (PERCENT)
 HIGHEST    67           700 PM
 LOWEST     46           100 AM
 AVERAGE    57

..........................................................


THE AVOCA PA CLIMATE NORMALS FOR TODAY
                         NORMAL    RECORD    YEAR
 MAXIMUM TEMPERATURE (F)   40        70      1997
 MINIMUM TEMPERATURE (F)   23        -2      1963


SUNRISE AND SUNSET
FEBRUARY 27 2015......SUNRISE   641 AM EST   SUNSET   551 PM EST
FEBRUARY 28 2015......SUNRISE   639 AM EST   SUNSET   552 PM EST


-  INDICATES NEGATIVE NUMBERS.
R  INDICATES RECORD WAS SET OR TIED.
MM INDICATES DATA IS MISSING.
T  INDICATES TRACE AMOUNT.




$$
