000
CDUS41 KBGM 302126
CLIAVP


CLIMATE REPORT
NATIONAL WEATHER SERVICE BINGHAMTON NY
525 PM EDT SAT MAY 30 2015


...................................

...THE AVOCA PA CLIMATE SUMMARY FOR MAY 30 2015...
VALID TODAY AS OF 0500 PM LOCAL TIME.

CLIMATE NORMAL PERIOD 1981 TO 2010
CLIMATE RECORD PERIOD 1901 TO 2015


WEATHER ITEM   OBSERVED TIME   RECORD YEAR NORMAL DEPARTURE LAST
                VALUE   (LST)  VALUE       VALUE  FROM      YEAR
                                                  NORMAL
..................................................................
TEMPERATURE (F)
 TODAY
  MAXIMUM         86    318 PM  93    2006  73     13       77
  MINIMUM         67    431 AM  37    1996  52     15       53
  AVERAGE         77                        63     14       65

PRECIPITATION (IN)
  TODAY            0.00          0.84 1972   0.13  -0.13     0.00
  MONTH TO DATE    1.25                      3.40  -2.15     2.75
  SINCE MAR 1      6.09                      9.28  -3.19     7.83
  SINCE JAN 1      9.09                     13.68  -4.59    12.71

SNOWFALL (IN)
  TODAY            0.0           0.0    MM   0.0    0.0      0.0
  MONTH TO DATE    0.0                       0.3   -0.3      0.0
  SINCE MAR 1      9.0                      12.6   -3.6      3.1
  SINCE JUL 1     51.4                      46.5    4.9     58.9

DEGREE DAYS
 HEATING
  TODAY            0                         4     -4        0
  MONTH TO DATE  100                       224   -124      143
  SINCE MAR 1   1547                      1591    -44     1684
  SINCE JUL 1   6244                      6197     47     6507

 COOLING
  TODAY           12                         2     10        0
  MONTH TO DATE  142                        29    113       34
  SINCE MAR 1    142                        35    107       41
  SINCE JAN 1    142                        35    107       41
..................................................................


WIND (MPH)
  HIGHEST WIND SPEED    16   HIGHEST WIND DIRECTION     S (200)
  HIGHEST GUST SPEED    24   HIGHEST GUST DIRECTION     S (190)
  AVERAGE WIND SPEED     6.8


SKY COVER
  AVERAGE SKY COVER 0.6


WEATHER CONDITIONS
 THE FOLLOWING WEATHER WAS RECORDED TODAY.
  HAZE


RELATIVE HUMIDITY (PERCENT)
 HIGHEST    84           300 AM
 LOWEST     45           300 PM
 AVERAGE    65

..........................................................


THE AVOCA PA CLIMATE NORMALS FOR TOMORROW
                         NORMAL    RECORD    YEAR
 MAXIMUM TEMPERATURE (F)   74        91      2011
                                             1939
 MINIMUM TEMPERATURE (F)   52        36      1996


SUNRISE AND SUNSET
MAY 30 2015...........SUNRISE   533 AM EDT   SUNSET   828 PM EDT
MAY 31 2015...........SUNRISE   533 AM EDT   SUNSET   829 PM EDT


-  INDICATES NEGATIVE NUMBERS.
R  INDICATES RECORD WAS SET OR TIED.
MM INDICATES DATA IS MISSING.
T  INDICATES TRACE AMOUNT.




$$
