000
CDUS43 KGRR 251348
CLIAZO


CLIMATE REPORT
NATIONAL WEATHER SERVICE GRAND RAPIDS, MI
947 AM EDT TUE JUL 25 2017


...................................

...THE KALAMAZOO MI CLIMATE SUMMARY FOR JULY 25 2017...
VALID AS OF 0900 AM LOCAL TIME.

CLIMATE NORMAL PERIOD 1981 TO 2010
CLIMATE RECORD PERIOD 1998 TO 2017


WEATHER ITEM   OBSERVED TIME   NORMAL DEPARTURE LAST
                VALUE   (LST)  VALUE  FROM      YEAR
                                      NORMAL
......................................................
TEMPERATURE (F)
 TODAY
  MAXIMUM         68    759 AM  83    -15       86
  MINIMUM         55    531 AM  62     -7       68
  AVERAGE         62            73    -11       77

PRECIPITATION (IN)
  TODAY            0.00          0.12  -0.12     0.03
  MONTH TO DATE    3.19          2.97   0.22     4.79
  SINCE JUN 1      4.43          6.55  -2.12     6.69
  SINCE JAN 1     19.58         18.99   0.59    17.67

DEGREE DAYS
 HEATING
  TODAY            3             0      3        0
  MONTH TO DATE    3             0      3        1
  SINCE JUN 1     22            48    -26       29
  SINCE JUL 1      3             0      3        1

 COOLING
  TODAY            0             8     -8       12
  MONTH TO DATE  204           197      7      229
  SINCE JUN 1    376           342     34      398
  SINCE JAN 1    415           383     32      465
......................................................


WIND (MPH)
  RESULTANT WIND SPEED   0   RESULTANT WIND DIRECTION   E (100)
  HIGHEST WIND SPEED     7   HIGHEST WIND DIRECTION     E (100)
  HIGHEST GUST SPEED     9   HIGHEST GUST DIRECTION     E (90)
  AVERAGE WIND SPEED     0.4


SKY COVER
  AVERAGE SKY COVER 0.0


WEATHER CONDITIONS
 THE FOLLOWING WEATHER WAS RECORDED TODAY.
  FOG
  HAZE


RELATIVE HUMIDITY (PERCENT)
 HIGHEST    93           600 AM
 LOWEST     68           800 AM
 AVERAGE    81

..........................................................


THE KALAMAZOO MI CLIMATE NORMALS FOR TOMORROW
                         NORMAL
 MAXIMUM TEMPERATURE (F)   83
 MINIMUM TEMPERATURE (F)   62


SUNRISE AND SUNSET
JULY 25 2017..........SUNRISE   628 AM EDT   SUNSET   908 PM EDT
JULY 26 2017..........SUNRISE   629 AM EDT   SUNSET   907 PM EDT


-  INDICATES NEGATIVE NUMBERS.
R  INDICATES RECORD WAS SET OR TIED.
MM INDICATES DATA IS MISSING.
T  INDICATES TRACE AMOUNT.




$$
