000
CDUS43 KGRR 020515
CLIAZO


CLIMATE REPORT
NATIONAL WEATHER SERVICE GRAND RAPIDS, MI
114 AM EDT SUN AUG 2 2015


...................................

...THE KALAMAZOO MI CLIMATE SUMMARY FOR AUGUST 1 2015...

CLIMATE NORMAL PERIOD 1981 TO 2010
CLIMATE RECORD PERIOD 1998 TO 2015


WEATHER ITEM   OBSERVED TIME   NORMAL DEPARTURE LAST
                VALUE   (LST)  VALUE  FROM      YEAR
                                      NORMAL
......................................................
TEMPERATURE (F)
 YESTERDAY
  MAXIMUM         84    200 PM  82      2       83
  MINIMUM         61    610 AM  62     -1       60
  AVERAGE         73            72      1       72

PRECIPITATION (IN)
  YESTERDAY        0.00          0.09  -0.09     0.06
  MONTH TO DATE    0.00          0.09  -0.09     0.06
  SINCE JUN 1      7.86          7.37   0.49     6.88
  SINCE JAN 1     17.57         19.81  -2.24    15.30

DEGREE DAYS
 HEATING
  YESTERDAY        0             0      0        0
  MONTH TO DATE    0             0      0        0
  SINCE JUN 1     30            53    -23       42
  SINCE JUL 1      9             5      4       23

 COOLING
  YESTERDAY        8             7      1        7
  MONTH TO DATE    8             7      1        7
  SINCE JUN 1    280           392   -112      298
  SINCE JAN 1    347           433    -86      352
......................................................


WIND (MPH)
  RESULTANT WIND SPEED   7   RESULTANT WIND DIRECTION   W (270)
  HIGHEST WIND SPEED    21   HIGHEST WIND DIRECTION     W (280)
  HIGHEST GUST SPEED    28   HIGHEST GUST DIRECTION     W (260)
  AVERAGE WIND SPEED     7.3


SKY COVER
  AVERAGE SKY COVER 0.2


WEATHER CONDITIONS
 THE FOLLOWING WEATHER WAS RECORDED YESTERDAY.
  NO SIGNIFICANT WEATHER WAS OBSERVED.


RELATIVE HUMIDITY (PERCENT)
 HIGHEST    84           500 AM
 LOWEST     33           200 PM
 AVERAGE    59

..........................................................


THE KALAMAZOO MI CLIMATE NORMALS FOR TODAY
                         NORMAL
 MAXIMUM TEMPERATURE (F)   82
 MINIMUM TEMPERATURE (F)   62


SUNRISE AND SUNSET
AUGUST  2 2015........SUNRISE   636 AM EDT   SUNSET   900 PM EDT
AUGUST  3 2015........SUNRISE   637 AM EDT   SUNSET   859 PM EDT


-  INDICATES NEGATIVE NUMBERS.
R  INDICATES RECORD WAS SET OR TIED.
MM INDICATES DATA IS MISSING.
T  INDICATES TRACE AMOUNT.




$$
