000
CDUS43 KGRR 281345
CLIAZO


CLIMATE REPORT
NATIONAL WEATHER SERVICE GRAND RAPIDS, MI
944 AM EDT THU MAY 28 2015


...................................

...THE KALAMAZOO MI CLIMATE SUMMARY FOR MAY 28 2015...
VALID AS OF 0900 AM LOCAL TIME.

CLIMATE NORMAL PERIOD 1981 TO 2010
CLIMATE RECORD PERIOD 1998 TO 2015


WEATHER ITEM   OBSERVED TIME   NORMAL DEPARTURE LAST
                VALUE   (LST)  VALUE  FROM      YEAR
                                      NORMAL
......................................................
TEMPERATURE (F)
 TODAY
  MAXIMUM         64    759 AM  74    -10       75
  MINIMUM         50    431 AM  52     -2       63
  AVERAGE         57            63     -6       69

PRECIPITATION (IN)
  TODAY            0.00          0.11  -0.11     0.01
  MONTH TO DATE    3.67          3.50   0.17     2.62
  SINCE MAR 1      6.03          8.83  -2.80     5.89
  SINCE JAN 1      7.56         12.07  -4.51     8.42

DEGREE DAYS
 HEATING
  TODAY            8             5      3        0
  MONTH TO DATE  139           213    -74      220
  SINCE MAR 1   1554          1583    -29     1880
  SINCE JUL 1   6840          6356    484     7048

 COOLING
  TODAY            0             2     -2        4
  MONTH TO DATE   57            30     27       43
  SINCE MAR 1     57            34     23       43
  SINCE JAN 1     57            34     23       43
......................................................


WIND (MPH)
  RESULTANT WIND SPEED   2   RESULTANT WIND DIRECTION   S (190)
  HIGHEST WIND SPEED     5   HIGHEST WIND DIRECTION     S (180)
  HIGHEST GUST SPEED     7   HIGHEST GUST DIRECTION     S (190)
  AVERAGE WIND SPEED     1.9


SKY COVER
  AVERAGE SKY COVER 0.0


WEATHER CONDITIONS
 THE FOLLOWING WEATHER WAS RECORDED TODAY.
  FOG
  HAZE


RELATIVE HUMIDITY (PERCENT)
 HIGHEST   100           200 AM
 LOWEST     78           800 AM
 AVERAGE    89

..........................................................


THE KALAMAZOO MI CLIMATE NORMALS FOR TOMORROW
                         NORMAL
 MAXIMUM TEMPERATURE (F)   74
 MINIMUM TEMPERATURE (F)   52


SUNRISE AND SUNSET
MAY 28 2015...........SUNRISE   611 AM EDT   SUNSET   909 PM EDT
MAY 29 2015...........SUNRISE   610 AM EDT   SUNSET   909 PM EDT


-  INDICATES NEGATIVE NUMBERS.
R  INDICATES RECORD WAS SET OR TIED.
MM INDICATES DATA IS MISSING.
T  INDICATES TRACE AMOUNT.




$$
