000
CDUS43 KGRR 050518
CLIAZO


CLIMATE REPORT
NATIONAL WEATHER SERVICE GRAND RAPIDS, MI
118 AM EDT THU MAY 5 2016


...................................

...THE KALAMAZOO MI CLIMATE SUMMARY FOR MAY 4 2016...

CLIMATE NORMAL PERIOD 1981 TO 2010
CLIMATE RECORD PERIOD 1998 TO 2016


WEATHER ITEM   OBSERVED TIME   NORMAL DEPARTURE LAST
                VALUE   (LST)  VALUE  FROM      YEAR
                                      NORMAL
......................................................
TEMPERATURE (F)
 YESTERDAY
  MAXIMUM         57   1200 AM  67    -10       75
  MINIMUM         41    723 PM  44     -3       56
  AVERAGE         49            55     -6       66

PRECIPITATION (IN)
  YESTERDAY        0.72          0.12   0.60     0.26
  MONTH TO DATE    1.14          0.47   0.67     0.26
  SINCE MAR 1      7.23          5.80   1.43     2.62
  SINCE JAN 1      8.79          9.04  -0.25     4.15

DEGREE DAYS
 HEATING
  YESTERDAY       16            10      6        0
  MONTH TO DATE   59            42     17       15
  SINCE MAR 1   1269          1412   -143     1430
  SINCE JUL 1   5317          6185   -868     6716

 COOLING
  YESTERDAY        0             0      0        1
  MONTH TO DATE    0             0      0        1
  SINCE MAR 1      2             4     -2        1
  SINCE JAN 1      2             4     -2        1
......................................................


WIND (MPH)
  RESULTANT WIND SPEED  11   RESULTANT WIND DIRECTION  NW (320)
  HIGHEST WIND SPEED    24   HIGHEST WIND DIRECTION    NW (330)
  HIGHEST GUST SPEED    30   HIGHEST GUST DIRECTION    NW (330)
  AVERAGE WIND SPEED    12.1


SKY COVER
  AVERAGE SKY COVER 0.9


WEATHER CONDITIONS
 THE FOLLOWING WEATHER WAS RECORDED YESTERDAY.
  RAIN
  LIGHT RAIN
  FOG


RELATIVE HUMIDITY (PERCENT)
 HIGHEST    89           900 PM
 LOWEST     66           200 AM
 AVERAGE    78

..........................................................


THE KALAMAZOO MI CLIMATE NORMALS FOR TODAY
                         NORMAL
 MAXIMUM TEMPERATURE (F)   67
 MINIMUM TEMPERATURE (F)   45


SUNRISE AND SUNSET
MAY  5 2016...........SUNRISE   632 AM EDT   SUNSET   846 PM EDT
MAY  6 2016...........SUNRISE   631 AM EDT   SUNSET   848 PM EDT


-  INDICATES NEGATIVE NUMBERS.
R  INDICATES RECORD WAS SET OR TIED.
MM INDICATES DATA IS MISSING.
T  INDICATES TRACE AMOUNT.




$$
