000
CDUS43 KGRR 161342
CLIAZO


CLIMATE REPORT
NATIONAL WEATHER SERVICE GRAND RAPIDS, MI
937 AM EDT WED APR 16 2014


...................................

...THE KALAMAZOO MI CLIMATE SUMMARY FOR APRIL 16 2014...
VALID AS OF 0900 AM LOCAL TIME.

CLIMATE NORMAL PERIOD 1981 TO 2010
CLIMATE RECORD PERIOD 9999 TO 9999


WEATHER ITEM   OBSERVED TIME   RECORD YEAR NORMAL DEPARTURE LAST
                VALUE   (LST)  VALUE       VALUE  FROM      YEAR
                                                  NORMAL
..................................................................
TEMPERATURE (F)
 TODAY
  MAXIMUM         31    759 AM  MM      MM  60    -29       56
  MINIMUM         22    307 AM  MM      MM  39    -17       41
  AVERAGE         27                        49    -22       49

PRECIPITATION (IN)
  TODAY            0.00         MM      MM   0.10  -0.10     0.21
  MONTH TO DATE    1.28                      1.55  -0.27     2.81
  SINCE MAR 1      2.53                      3.80  -1.27     3.49
  SINCE JAN 1      5.06                      7.04  -1.98     8.15

DEGREE DAYS
 HEATING
  TODAY           38                        16     22       16
  MONTH TO DATE  336                       301     35      345
  SINCE MAR 1   1495                      1185    310     1365

 COOLING
  TODAY            0                         0      0        0
  MONTH TO DATE    0                         0      0        0
  SINCE MAR 1      0                         0      0        0
..................................................................


WIND (MPH)
  HIGHEST WIND SPEED    10   HIGHEST WIND DIRECTION     S (180)
  HIGHEST GUST SPEED    13   HIGHEST GUST DIRECTION     S (170)



WEATHER CONDITIONS
 THE FOLLOWING WEATHER WAS RECORDED TODAY.
  NO SIGNIFICANT WEATHER WAS OBSERVED.


..........................................................




SUNRISE AND SUNSET
APRIL 16 2014.........SUNRISE   700 AM EDT   SUNSET   825 PM EDT
APRIL 17 2014.........SUNRISE   658 AM EDT   SUNSET   826 PM EDT


-  INDICATES NEGATIVE NUMBERS.
R  INDICATES RECORD WAS SET OR TIED.
MM INDICATES DATA IS MISSING.
T  INDICATES TRACE AMOUNT.




$$

JAM
