000
CDUS41 KBOX 260540
CLIBDL


CLIMATE REPORT
NATIONAL WEATHER SERVICE TAUNTON MA
1237 AM EST MON JAN 26 2015


...................................

...THE HARTFORD CT CLIMATE SUMMARY FOR JANUARY 25 2015...

CLIMATE NORMAL PERIOD 1981 TO 2010
CLIMATE RECORD PERIOD 1904 TO 2015


WEATHER ITEM   OBSERVED TIME   RECORD YEAR NORMAL DEPARTURE LAST
                VALUE   (LST)  VALUE       VALUE  FROM      YEAR
                                                  NORMAL
..................................................................
TEMPERATURE (F)
 YESTERDAY
  MAXIMUM         37    958 AM  58    1938  35      2       32
  MINIMUM         14   1146 PM  -4    1945  18     -4       14
  AVERAGE         26                        26      0       23

PRECIPITATION (IN)
  YESTERDAY        0.00          1.62 1938   0.11  -0.11     0.04
  MONTH TO DATE    2.89                      2.61   0.28     3.40
  SINCE DEC 1      7.44                      6.05   1.39     7.32
  SINCE JAN 1      2.89                      2.61   0.28     3.40

SNOWFALL (IN)
  YESTERDAY        0.0          13.6  1905   0.4   -0.4      0.5
  MONTH TO DATE    9.0                       9.9   -0.9     10.3
  SINCE DEC 1      9.7                      17.3   -7.6     23.0
  SINCE JUL 1     14.8                      19.3   -4.5     23.0
  SNOW DEPTH       5

DEGREE DAYS
 HEATING
  YESTERDAY       39                        39      0       42
  MONTH TO DATE 1008                       972     36      989
  SINCE DEC 1   1910                      2009    -99     2053
  SINCE JUL 1   3007                      3216   -209     3285

 COOLING
  YESTERDAY        0                         0      0        0
  MONTH TO DATE    0                         0      0        0
  SINCE DEC 1      0                         0      0        0
  SINCE JAN 1      0                         0      0        0
..................................................................


WIND (MPH)
  RESULTANT WIND SPEED   9   RESULTANT WIND DIRECTION   W (290)
  HIGHEST WIND SPEED    25   HIGHEST WIND DIRECTION     W (280)
  HIGHEST GUST SPEED    32   HIGHEST GUST DIRECTION     W (290)
  AVERAGE WIND SPEED    11.1


SKY COVER
  POSSIBLE SUNSHINE  MM
  AVERAGE SKY COVER 0.6


WEATHER CONDITIONS
 THE FOLLOWING WEATHER WAS RECORDED YESTERDAY.
  NO SIGNIFICANT WEATHER WAS OBSERVED.


RELATIVE HUMIDITY (PERCENT)
 HIGHEST    75           700 AM
 LOWEST     31           400 PM
 AVERAGE    53

..........................................................


THE HARTFORD CT CLIMATE NORMALS FOR TODAY
                         NORMAL    RECORD    YEAR
 MAXIMUM TEMPERATURE (F)   35        65      1950
 MINIMUM TEMPERATURE (F)   18        -8      1948


SUNRISE AND SUNSET
JANUARY 26 2015.......SUNRISE   709 AM EST   SUNSET   458 PM EST
JANUARY 27 2015.......SUNRISE   708 AM EST   SUNSET   459 PM EST


-  INDICATES NEGATIVE NUMBERS.
R  INDICATES RECORD WAS SET OR TIED.
MM INDICATES DATA IS MISSING.
T  INDICATES TRACE AMOUNT.




$$
