000
CDUS41 KBOX 250545
CLIBDL


CLIMATE REPORT
NATIONAL WEATHER SERVICE TAUNTON MA
1242 AM EST SAT FEB 25 2017


...................................

...THE HARTFORD CT CLIMATE SUMMARY FOR FEBRUARY 24 2017...

CLIMATE NORMAL PERIOD 1981 TO 2010
CLIMATE RECORD PERIOD 1904 TO 2017


WEATHER ITEM   OBSERVED TIME   RECORD YEAR NORMAL DEPARTURE LAST
                VALUE   (LST)  VALUE       VALUE  FROM      YEAR
                                                  NORMAL
..................................................................
TEMPERATURE (F)
 YESTERDAY
  MAXIMUM         72    256 PM  73    1985  41     31       63
  MINIMUM         42    648 AM  -8    2015  23     19       32
  AVERAGE         57                        32     25       48

PRECIPITATION (IN)
  YESTERDAY        0.00          1.85 1981   0.11  -0.11     1.41
  MONTH TO DATE    2.09                      2.45  -0.36     4.25
  SINCE DEC 1      8.31                      9.12  -0.81    10.46
  SINCE JAN 1      5.58                      5.68  -0.10     6.21

SNOWFALL (IN)
  YESTERDAY        0.0           9.0  1969   0.4   -0.4       T
  MONTH TO DATE   22.6                       9.9   12.7     14.2
  SINCE DEC 1     41.2                      29.6   11.6     17.1
  SINCE JUL 1     42.7                      31.6   11.1     17.1
  SNOW DEPTH       0

DEGREE DAYS
 HEATING
  YESTERDAY        8                        33    -25       17
  MONTH TO DATE  772                       858    -86      829
  SINCE DEC 1   2775                      3101   -326     2570
  SINCE JUL 1   3812                      4308   -496     3554

 COOLING
  YESTERDAY        0                         0      0        0
  MONTH TO DATE    0                         0      0        0
  SINCE DEC 1      0                         0      0        0
  SINCE JAN 1      0                         0      0        0
..................................................................


WIND (MPH)
  RESULTANT WIND SPEED   8   RESULTANT WIND DIRECTION   S (180)
  HIGHEST WIND SPEED    26   HIGHEST WIND DIRECTION     S (200)
  HIGHEST GUST SPEED    32   HIGHEST GUST DIRECTION     S (200)
  AVERAGE WIND SPEED     9.5


SKY COVER
  POSSIBLE SUNSHINE  MM
  AVERAGE SKY COVER 0.6


WEATHER CONDITIONS
 THE FOLLOWING WEATHER WAS RECORDED YESTERDAY.
  FOG
  FOG W/VISIBILITY <= 1/4 MILE


RELATIVE HUMIDITY (PERCENT)
 HIGHEST   100          1200 AM
 LOWEST     49           100 PM
 AVERAGE    75

..........................................................


THE HARTFORD CT CLIMATE NORMALS FOR TODAY
                         NORMAL    RECORD    YEAR
 MAXIMUM TEMPERATURE (F)   41        70      1976
 MINIMUM TEMPERATURE (F)   23        -2      1914


SUNRISE AND SUNSET
FEBRUARY 25 2017......SUNRISE   632 AM EST   SUNSET   536 PM EST
FEBRUARY 26 2017......SUNRISE   630 AM EST   SUNSET   538 PM EST


-  INDICATES NEGATIVE NUMBERS.
R  INDICATES RECORD WAS SET OR TIED.
MM INDICATES DATA IS MISSING.
T  INDICATES TRACE AMOUNT.




$$
