000
CDUS41 KBOX 280530
CLIBDL


CLIMATE REPORT
NATIONAL WEATHER SERVICE TAUNTON MA
130 AM EDT FRI APR 28 2017


...................................

...THE HARTFORD CT CLIMATE SUMMARY FOR APRIL 27 2017...

CLIMATE NORMAL PERIOD 1981 TO 2010
CLIMATE RECORD PERIOD 1904 TO 2017


WEATHER ITEM   OBSERVED TIME   RECORD YEAR NORMAL DEPARTURE LAST
                VALUE   (LST)  VALUE       VALUE  FROM      YEAR
                                                  NORMAL
..................................................................
TEMPERATURE (F)
 YESTERDAY
  MAXIMUM         68    509 PM  94    1962  65      3       64
  MINIMUM         56    609 AM  30    2002  42     14       34
                                      1987
                                      1963
  AVERAGE         62                        54      8       49

PRECIPITATION (IN)
  YESTERDAY        T             2.92 1979   0.13  -0.13     0.00
  MONTH TO DATE    3.67                      3.34   0.33     2.44
  SINCE MAR 1      7.60                      6.96   0.64     4.64
  SINCE JAN 1     13.58                     13.08   0.50    11.47

SNOWFALL (IN)
  YESTERDAY        0.0           0.1  1932   0.0    0.0      0.0
  MONTH TO DATE    0.5                       1.4   -0.9      6.9
  SINCE MAR 1     19.6                       7.8   11.8      9.8
  SINCE JUL 1     62.3                      40.5   21.8     26.9
  SNOW DEPTH       0

DEGREE DAYS
 HEATING
  YESTERDAY        3                        12     -9       16
  MONTH TO DATE  355                       441    -86      475
  SINCE MAR 1   1332                      1284     48     1119
  SINCE JUL 1   5225                      5722   -497     4795

 COOLING
  YESTERDAY        0                         0      0        0
  MONTH TO DATE    9                         0      9        2
  SINCE MAR 1      9                         0      9        2
  SINCE JAN 1      9                         0      9        2
..................................................................


WIND (MPH)
  RESULTANT WIND SPEED   4   RESULTANT WIND DIRECTION   S (160)
  HIGHEST WIND SPEED    16   HIGHEST WIND DIRECTION     S (170)
  HIGHEST GUST SPEED    19   HIGHEST GUST DIRECTION     S (170)
  AVERAGE WIND SPEED     6.4


SKY COVER
  POSSIBLE SUNSHINE  MM
  AVERAGE SKY COVER 0.9


WEATHER CONDITIONS
 THE FOLLOWING WEATHER WAS RECORDED YESTERDAY.
  LIGHT RAIN
  FOG


RELATIVE HUMIDITY (PERCENT)
 HIGHEST   100           400 AM
 LOWEST     72          1000 AM
 AVERAGE    86

..........................................................


THE HARTFORD CT CLIMATE NORMALS FOR TODAY
                         NORMAL    RECORD    YEAR
 MAXIMUM TEMPERATURE (F)   66        94      2009
                                             1990
 MINIMUM TEMPERATURE (F)   43        29      1972


SUNRISE AND SUNSET
APRIL 28 2017.........SUNRISE   551 AM EDT   SUNSET   746 PM EDT
APRIL 29 2017.........SUNRISE   549 AM EDT   SUNSET   747 PM EDT


-  INDICATES NEGATIVE NUMBERS.
R  INDICATES RECORD WAS SET OR TIED.
MM INDICATES DATA IS MISSING.
T  INDICATES TRACE AMOUNT.




$$
