000
CDUS41 KBOX 250546
CLIBDL


CLIMATE REPORT
NATIONAL WEATHER SERVICE TAUNTON MA
135 AM EDT WED MAY 25 2016


...................................

...THE HARTFORD CT CLIMATE SUMMARY FOR MAY 24 2016...

CLIMATE NORMAL PERIOD 1981 TO 2010
CLIMATE RECORD PERIOD 1904 TO 2016


WEATHER ITEM   OBSERVED TIME   RECORD YEAR NORMAL DEPARTURE LAST
                VALUE   (LST)  VALUE       VALUE  FROM      YEAR
                                                  NORMAL
..................................................................
TEMPERATURE (F)
 YESTERDAY
  MAXIMUM         67    536 PM  95    1964  74     -7       83
  MINIMUM         54   1147 PM  35    1963  50      4       47
                                      1956
  AVERAGE         61                        62     -1       65

PRECIPITATION (IN)
  YESTERDAY        0.06          4.81 1989   0.17  -0.11     0.00
  MONTH TO DATE    1.83                      3.23  -1.40     0.60
  SINCE MAR 1      6.47                     10.57  -4.10     6.66
  SINCE JAN 1     13.30                     16.69  -3.39    12.84

SNOWFALL (IN)
  YESTERDAY        0.0           0.0  2001   0.0    0.0      0.0
                                      2000
  MONTH TO DATE    0.0                       0.0    0.0      0.0
  SINCE MAR 1      9.8                       7.8    2.0      9.0
  SINCE JUL 1     26.9                      40.5  -13.6     63.8
  SNOW DEPTH       0

DEGREE DAYS
 HEATING
  YESTERDAY        4                         5     -1        0
  MONTH TO DATE  208                       176     32       74
  SINCE MAR 1   1368                      1491   -123     1532
  SINCE JUL 1   5044                      5929   -885     6177

 COOLING
  YESTERDAY        0                         2     -2        0
  MONTH TO DATE    0                        18    -18       66
  SINCE MAR 1      2                        24    -22       66
  SINCE JAN 1      2                        24    -22       66
..................................................................


WIND (MPH)
  RESULTANT WIND SPEED   6   RESULTANT WIND DIRECTION   N (10)
  HIGHEST WIND SPEED    17   HIGHEST WIND DIRECTION     N (360)
  HIGHEST GUST SPEED    22   HIGHEST GUST DIRECTION     N (10)
  AVERAGE WIND SPEED     6.6


SKY COVER
  POSSIBLE SUNSHINE  MM
  AVERAGE SKY COVER 0.8


WEATHER CONDITIONS
 THE FOLLOWING WEATHER WAS RECORDED YESTERDAY.
  LIGHT RAIN
  FOG


RELATIVE HUMIDITY (PERCENT)
 HIGHEST    93           300 AM
 LOWEST     68           300 PM
 AVERAGE    81

..........................................................


THE HARTFORD CT CLIMATE NORMALS FOR TODAY
                         NORMAL    RECORD    YEAR
 MAXIMUM TEMPERATURE (F)   74        93      2007
 MINIMUM TEMPERATURE (F)   50        33      1956


SUNRISE AND SUNSET
MAY 25 2016...........SUNRISE   522 AM EDT   SUNSET   814 PM EDT
MAY 26 2016...........SUNRISE   521 AM EDT   SUNSET   815 PM EDT


-  INDICATES NEGATIVE NUMBERS.
R  INDICATES RECORD WAS SET OR TIED.
MM INDICATES DATA IS MISSING.
T  INDICATES TRACE AMOUNT.




$$
