000
CDUS41 KOKX 170841
CLIBDR


CLIMATE REPORT
NATIONAL WEATHER SERVICE NEW YORK NY
340 AM EST WED JAN 17 2018


...................................

...THE BRIDGEPORT CT CLIMATE SUMMARY FOR JANUARY 16 2018...

CLIMATE NORMAL PERIOD 1981 TO 2010
CLIMATE RECORD PERIOD 1948 TO 2018


WEATHER ITEM   OBSERVED TIME   RECORD YEAR NORMAL DEPARTURE LAST
                VALUE   (LST)  VALUE       VALUE  FROM      YEAR
                                                  NORMAL
..................................................................
TEMPERATURE (F)
 YESTERDAY
  MAXIMUM         36   1120 PM  56    1995  37     -1       42
  MINIMUM         20    314 AM   0    2004  23     -3       22
                                      1994
  AVERAGE         28                        30     -2       32

PRECIPITATION (IN)
  YESTERDAY        0.00          0.84 1997   0.10  -0.10     0.00
  MONTH TO DATE    1.45                      1.67  -0.22     1.71
  SINCE DEC 1      3.14                      5.00  -1.86     5.14
  SINCE JAN 1      1.45                      1.67  -0.22     1.71

SNOWFALL (IN)
  YESTERDAY        0.0           7.6  1965   0.2   -0.2      0.0
  MONTH TO DATE    9.3                       4.1    5.2      8.5
  SINCE OCT 1     18.0                       9.9    8.1     14.5
  SINCE JUL 1     18.0                       9.9    8.1     14.5
  SNOW DEPTH       0

DEGREE DAYS
 HEATING
  YESTERDAY       37                        35      2       33
  MONTH TO DATE  659                       556    103      494
  SINCE DEC 1   1630                      1475    155     1331
  SINCE JUL 1   2385                      2449    -64     2059

 COOLING
  YESTERDAY        0                         0      0        0
  MONTH TO DATE    0                         0      0        0
  SINCE DEC 1      0                         0      0        0
  SINCE JAN 1      0                         0      0        0
..................................................................


WIND (MPH)
  HIGHEST WIND SPEED     9   HIGHEST WIND DIRECTION     E (90)
  HIGHEST GUST SPEED    11   HIGHEST GUST DIRECTION     E (80)
  AVERAGE WIND SPEED     5.2


SKY COVER
  AVERAGE SKY COVER 0.9


WEATHER CONDITIONS
 THE FOLLOWING WEATHER WAS RECORDED YESTERDAY.
  NO SIGNIFICANT WEATHER WAS OBSERVED.


RELATIVE HUMIDITY (PERCENT)
 HIGHEST    89           900 PM
 LOWEST     60           800 AM
 AVERAGE    75

..........................................................


THE BRIDGEPORT CT CLIMATE NORMALS FOR TODAY
                         NORMAL    RECORD    YEAR
 MAXIMUM TEMPERATURE (F)   37        55      1949
 MINIMUM TEMPERATURE (F)   23        -3      1982


SUNRISE AND SUNSET
JANUARY 17 2018.......SUNRISE   715 AM EST   SUNSET   451 PM EST
JANUARY 18 2018.......SUNRISE   714 AM EST   SUNSET   452 PM EST


-  INDICATES NEGATIVE NUMBERS.
R  INDICATES RECORD WAS SET OR TIED.
MM INDICATES DATA IS MISSING.
T  INDICATES TRACE AMOUNT.




$$
