000
CDUS41 KOKX 190616
CLIBDR


CLIMATE REPORT
NATIONAL WEATHER SERVICE NEW YORK NY
216 AM EDT TUE SEP 19 2017


...................................

...THE BRIDGEPORT CT CLIMATE SUMMARY FOR SEPTEMBER 18 2017...

CLIMATE NORMAL PERIOD 1981 TO 2010
CLIMATE RECORD PERIOD 1948 TO 2017


WEATHER ITEM   OBSERVED TIME   RECORD YEAR NORMAL DEPARTURE LAST
                VALUE   (LST)  VALUE       VALUE  FROM      YEAR
                                                  NORMAL
..................................................................
TEMPERATURE (F)
 YESTERDAY
  MAXIMUM         76    131 PM  84    1992  73      3       80
  MINIMUM         66    752 AM  42    1990  58      8       72
  AVERAGE         71                        65      6       76

PRECIPITATION (IN)
  YESTERDAY        T             2.69 2004   0.11  -0.11     0.00
  MONTH TO DATE    1.53                      2.06  -0.53     0.75
  SINCE SEP 1      1.53                      2.06  -0.53     0.75
  SINCE JAN 1     30.12                     30.96  -0.84    25.51

SNOWFALL (IN)
  YESTERDAY        0.0           0.0  2002   0.0    0.0      0.0
                                      2001
  MONTH TO DATE    0.0                       0.0    0.0      0.0
  SINCE OCT 1     40.9                      27.6   13.3     27.3
  SINCE JUL 1      0.0                       0.0    0.0      0.0
  SNOW DEPTH       0

DEGREE DAYS
 HEATING
  YESTERDAY        0                         2     -2        0
  MONTH TO DATE   12                        19     -7        0
  SINCE SEP 1     12                        19     -7        0
  SINCE JUL 1     12                        23    -11        0

 COOLING
  YESTERDAY        6                         3      3       11
  MONTH TO DATE   68                        79    -11      149
  SINCE SEP 1     68                        79    -11      149
  SINCE JAN 1    905                       797    108     1201
..................................................................


WIND (MPH)
  HIGHEST WIND SPEED    16   HIGHEST WIND DIRECTION     E (100)
  HIGHEST GUST SPEED    20   HIGHEST GUST DIRECTION     E (100)
  AVERAGE WIND SPEED     9.5


SKY COVER
  AVERAGE SKY COVER 1.0


WEATHER CONDITIONS
 THE FOLLOWING WEATHER WAS RECORDED YESTERDAY.
  FOG


RELATIVE HUMIDITY (PERCENT)
 HIGHEST    93           200 AM
 LOWEST     73          1100 AM
 AVERAGE    83

..........................................................


THE BRIDGEPORT CT CLIMATE NORMALS FOR TODAY
                         NORMAL    RECORD    YEAR
 MAXIMUM TEMPERATURE (F)   73        88      1983
 MINIMUM TEMPERATURE (F)   57        42      1959


SUNRISE AND SUNSET
SEPTEMBER 19 2017.....SUNRISE   637 AM EDT   SUNSET   654 PM EDT
SEPTEMBER 20 2017.....SUNRISE   638 AM EDT   SUNSET   653 PM EDT


-  INDICATES NEGATIVE NUMBERS.
R  INDICATES RECORD WAS SET OR TIED.
MM INDICATES DATA IS MISSING.
T  INDICATES TRACE AMOUNT.




$$
