000
CDAK48 PABE 281109
CLIBET

CLIMATE REPORT
NATIONAL WEATHER SERVICE BETHEL, AK
309 AM AKDT MON JUL 28 2014

...................................
...THE BETHEL AP CLIMATE SUMMARY FOR JULY 27 2014...

CLIMATE NORMAL PERIOD  1981 TO  2010
CLIMATE RECORD PERIOD  1923 TO  2014

WEATHER ITEM   OBSERVED TIME    RECORD YEAR NORMAL DEPARTURE LAST
               VALUE    (LST)   VALUE       VALUE  FROM      YEAR
                                                   NORMAL
...................................................................
TEMPERATURE
YESTERDAY
 MAXIMUM            60  0704 PM    82  1953     62      -2     79
 MINIMUM            54  1159 PM    40  1936     49       5     59
 AVERAGE            57                          56       1     69

PRECIPITATION
(INCHES)
 YESTERDAY           T           1.43  1952   0.09   -0.09   0.00
 MONTH TO DATE    2.44                        1.96    0.48   2.22
 SINCE JUN 1      3.96                        3.68    0.28   3.83
 SINCE JAN 1      7.00                        7.77   -0.77   7.13

SNOWFALL
(INCHES)
 YESTERDAY         0.0            0.0  2014    0.0     0.0    0.0
 MONTH TO DATE     0.0                         0.0     0.0    0.0
 SINCE JUN 1       0.0                         0.0     0.0    0.0
 SINCE JUL 1       0.0                         0.0     0.0    0.0
 SNOW DEPTH (IN)     0                                          0

DEGREE DAYS
 HEATING
  YESTERDAY          8                          10      -2      0
  MONTH TO DATE    252                         244       8    257
  SINCE JUN 1      672                         621      51    545
  SINCE JUL 1      252                         244       8    257

 COOLING
  YESTERDAY          0                           0       0      4
  MONTH TO DATE      0                           0       0      7
  SINCE JUN 1        0                           0       0     14
  SINCE JAN 1        0                           0       0     14
...................................................................

WIND (MPH)
 HIGHEST WIND SPEED    12     HIGHEST WIND DIRECTION    280
 HIGHEST GUST SPEED    15     HIGHEST GUST DIRECTION    240
 AVERAGE WIND SPEED   6.8

SKY COVER
  POSSIBLE SUNSHINE    MM          AVERAGE SKY COVER     MM

WEATHER CONDITIONS
 THE FOLLOWING WEATHER WAS RECORDED YESTERDAY.
  RAIN


RELATIVE HUMIDITY
 HIGHEST RH     MM PERCENT       MM
 LOWEST  RH     MM PERCENT       MM
 AVERAGE RH     MM PERCENT       MM
...................................................................

THE BETHEL CLIMATE NORMALS FOR TODAY
                           NORMAL    RECORD   YEAR
 MAXIMUM TEMPERATURE (F)     62        78     1987
 MINIMUM TEMPERATURE (F)     49        35     2000

SUNRISE AND SUNSET
 JUL 28 2014..........SUNRISE  6:14 AM      SUNSET 11:33 PM
 JUL 29 2014..........SUNRISE  6:16 AM      SUNSET 11:30 PM

-  INDICATES NEGATIVE NUMBERS.
R  INDICATES RECORD HAS BEEN SET OR TIED.
MM INDICATES DATA IS MISSING.
T  INDICATES TRACE OF PRECIPITATION.

&&
-------------------------------------------------------------------

AMOUNT OF DAYLIGHT TODAY  (HOUR:MIN)........17 HOURS 19 MINUTES
GAIN/LOSS SINCE YESTERDAY (HOUR:MIN:SEC)....-0:04:53

$$
BDW JUL 14
