870
CDAK48 PABE 281233
CLIBET

CLIMATE REPORT
NATIONAL WEATHER SERVICE BETHEL, AK
433 AM AKDT SAT MAY 28 2016

...................................
...THE BETHEL AP CLIMATE SUMMARY FOR MAY 27 2016...

CLIMATE NORMAL PERIOD  1981 TO  2010
CLIMATE RECORD PERIOD  1923 TO  2016

WEATHER ITEM   OBSERVED TIME    RECORD YEAR NORMAL DEPARTURE LAST
               VALUE    (LST)   VALUE       VALUE  FROM      YEAR
                                                   NORMAL
...................................................................
TEMPERATURE
YESTERDAY
 MAXIMUM           R78  0617 PM    78  2016     55      23     52
 MINIMUM            46  0414 AM    25  2001     37       9     44
 AVERAGE            62                          46      16     48

PRECIPITATION
(INCHES)
 YESTERDAY        0.00           0.42  2003   0.04   -0.04   0.06
 MONTH TO DATE    1.44                        0.97    0.47   1.80
 SINCE MAR 1      2.86                        2.42    0.44   3.36
 SINCE JAN 1      3.25                        3.92   -0.67   4.40

SNOWFALL
(INCHES)
 YESTERDAY         0.0            0.8  1999    0.0     0.0    0.0
 MONTH TO DATE     0.0                         2.0    -2.0      T
 SINCE MAR 1       2.9                        15.9   -13.0   16.6
 SINCE JUL 1      29.4                        61.7   -32.3   42.1
 SNOW DEPTH (IN)     0                                          0

DEGREE DAYS
 HEATING
  YESTERDAY          3                          19     -16     17
  MONTH TO DATE    457                         644    -187    521
  SINCE MAR 1     2508                        3330    -822   2925
  SINCE JUL 1     9957                       12076   -2119  10711

 COOLING
  YESTERDAY          0                           0       0      0
  MONTH TO DATE      0                           0       0      0
  SINCE MAR 1        0                           0       0      0
  SINCE JAN 1        0                           0       0      0
...................................................................

WIND (MPH)
 HIGHEST WIND SPEED    26     HIGHEST WIND DIRECTION     60
 HIGHEST GUST SPEED    36     HIGHEST GUST DIRECTION     50
 AVERAGE WIND SPEED  14.2

WEATHER CONDITIONS
 THE FOLLOWING WEATHER WAS RECORDED YESTERDAY.
 FOG

...................................................................

THE BETHEL CLIMATE NORMALS FOR TODAY
                           NORMAL    RECORD   YEAR
 MAXIMUM TEMPERATURE (F)     55        75     2013
 MINIMUM TEMPERATURE (F)     38        25     1934

SUNRISE AND SUNSET
 MAY 28 2016..........SUNRISE  5:34 AM      SUNSET 11:57 PM
 MAY 29 2016..........SUNRISE  5:33 AM      SUNSET 11:59 PM

-  INDICATES NEGATIVE NUMBERS.
R  INDICATES RECORD HAS BEEN SET OR TIED.
MM INDICATES DATA IS MISSING.
T  INDICATES TRACE OF PRECIPITATION.

&&
-------------------------------------------------------------------

AMOUNT OF DAYLIGHT TODAY  (HOUR:MIN)........18 HOURS 23 MINUTES
GAIN SINCE YESTERDAY (HOUR:MIN:SEC)....+0:03:52

$$
CR MAY 16
