000
CDAK48 PABE 270054
CLIBET


CLIMATE REPORT
NATIONAL WEATHER SERVICE ANCHORAGE, AK
454 PM AKDT SUN MAR 26 2017


...................................

...THE BETHEL CLIMATE SUMMARY FOR MARCH 26 2017...
VALID TODAY AS OF 0400 PM LOCAL TIME.

CLIMATE NORMAL PERIOD 1981 TO 2010
CLIMATE RECORD PERIOD 1948 TO 2017


WEATHER ITEM   OBSERVED TIME   RECORD YEAR NORMAL DEPARTURE LAST
                VALUE   (LST)  VALUE       VALUE  FROM      YEAR
                                                  NORMAL
..................................................................
TEMPERATURE (F)
 TODAY
  MAXIMUM         19    100 PM  46    1954  24     -5       MM
  MINIMUM          2        MM -25    1925  10     -8       MM
  AVERAGE         11                        17     -6       MM

PRECIPITATION (IN)
  TODAY            0.00          0.41 1948   0.03  -0.03     0.02
  MONTH TO DATE    0.01                      0.60  -0.59     0.09
  SINCE MAR 1      0.01                      0.60  -0.59     0.09
  SINCE JAN 1      1.90                      2.10  -0.20     0.48

SNOWFALL (IN)
  TODAY            0.0           3.8  2002   0.2   -0.2      0.2
  MONTH TO DATE    T                         6.9   -6.9      0.3
  SINCE MAR 1      T                         6.9   -6.9      0.3
  SINCE JUL 1     27.4                      52.7  -25.3     27.3
  SNOW DEPTH      MM

DEGREE DAYS
 HEATING
  TODAY           54                        48      6       MM
  MONTH TO DATE 1556                      1309    247     1099
  SINCE MAR 1   1556                      1309    247     1099
  SINCE JUL 1   9816                     10047   -231     8356

 COOLING
  TODAY            0                         0      0       MM
  MONTH TO DATE    0                         0      0        0
  SINCE MAR 1      0                         0      0        0
  SINCE JAN 1      0                         0      0        0
..................................................................


WIND (MPH)
  RESULTANT WIND SPEED  13   RESULTANT WIND DIRECTION   N (20)
  HIGHEST WIND SPEED    17   HIGHEST WIND DIRECTION     N (20)
  HIGHEST GUST SPEED    MM   HIGHEST GUST DIRECTION    MM
  AVERAGE WIND SPEED    12.7



WEATHER CONDITIONS
 THE FOLLOWING WEATHER WAS RECORDED TODAY.
  NO SIGNIFICANT WEATHER WAS OBSERVED.


RELATIVE HUMIDITY (PERCENT)
 HIGHEST    83
 LOWEST     67
 AVERAGE    75

..........................................................


THE BETHEL CLIMATE NORMALS FOR TOMORROW
                         NORMAL    RECORD    YEAR
 MAXIMUM TEMPERATURE (F)   25        50      2015
 MINIMUM TEMPERATURE (F)   10       -29      1953


SUNRISE AND SUNSET
MARCH 26 2017.........SUNRISE   828 AM AKDT  SUNSET   919 PM AKDT
MARCH 27 2017.........SUNRISE   825 AM AKDT  SUNSET   921 PM AKDT


-  INDICATES NEGATIVE NUMBERS.
R  INDICATES RECORD WAS SET OR TIED.
MM INDICATES DATA IS MISSING.
T  INDICATES TRACE AMOUNT.




$$
