000
CDAK48 PABE 211027
CLIBET

CLIMATE REPORT
NATIONAL WEATHER SERVICE BETHEL, AK
227 AM AKDT SUN SEP 21 2014

...................................
...THE BETHEL AP CLIMATE SUMMARY FOR SEPTEMBER 20 2014...

CLIMATE NORMAL PERIOD  1981 TO  2010
CLIMATE RECORD PERIOD  1923 TO  2014

WEATHER ITEM   OBSERVED TIME    RECORD YEAR NORMAL DEPARTURE LAST
               VALUE    (LST)   VALUE       VALUE  FROM      YEAR
                                                   NORMAL
...................................................................
TEMPERATURE
YESTERDAY
 MAXIMUM            49  0655 PM    64  1926     51      -2     46
 MINIMUM            40  1159 PM    24  1987     37       3     34
 AVERAGE            45                          44       1     40

PRECIPITATION
(INCHES)
 YESTERDAY        0.00           0.56  2000   0.09   -0.09   0.01
 MONTH TO DATE    1.19                        1.90   -0.71   2.21
 SINCE SEP 1      1.19                        1.90   -0.71   2.21
 SINCE JAN 1     10.50                       13.32   -2.82  12.69

SNOWFALL
(INCHES)
 YESTERDAY         0.0            0.3  1992    0.0     0.0    0.0
 MONTH TO DATE     0.0                         0.2    -0.2    0.0
 SINCE SEP 1       0.0                         0.2    -0.2    0.0
 SINCE JUL 1       0.0                         0.2    -0.2    0.0
 SNOW DEPTH (IN)     0                                          0

DEGREE DAYS
 HEATING
  YESTERDAY         20                          21      -1     25
  MONTH TO DATE    276                         344     -68    332
  SINCE SEP 1      276                         344     -68    332
  SINCE JUL 1      797                         986    -189    916

 COOLING
  YESTERDAY          0                           0       0      0
  MONTH TO DATE      0                           0       0      0
  SINCE SEP 1        0                           0       0      0
  SINCE JAN 1        0                           0       0     18
...................................................................

WIND (MPH)
 HIGHEST WIND SPEED    21     HIGHEST WIND DIRECTION    340
 HIGHEST GUST SPEED    27     HIGHEST GUST DIRECTION    330
 AVERAGE WIND SPEED  13.4

SKY COVER
  POSSIBLE SUNSHINE    MM          AVERAGE SKY COVER     MM

WEATHER CONDITIONS
 THE FOLLOWING WEATHER WAS RECORDED YESTERDAY.
  NO SIGNIFICANT WEATHER WAS OBSERVED.

RELATIVE HUMIDITY
 HIGHEST RH     MM PERCENT       MM
 LOWEST  RH     MM PERCENT       MM
 AVERAGE RH     MM PERCENT       MM
...................................................................

THE BETHEL CLIMATE NORMALS FOR TODAY
                           NORMAL    RECORD   YEAR
 MAXIMUM TEMPERATURE (F)     50        63     2010
 MINIMUM TEMPERATURE (F)     37        25     2003

SUNRISE AND SUNSET
 SEP 21 2014..........SUNRISE  8:30 AM      SUNSET  8:50 PM
 SEP 22 2014..........SUNRISE  8:32 AM      SUNSET  8:47 PM

-  INDICATES NEGATIVE NUMBERS.
R  INDICATES RECORD HAS BEEN SET OR TIED.
MM INDICATES DATA IS MISSING.
T  INDICATES TRACE OF PRECIPITATION.

&&
-------------------------------------------------------------------

AMOUNT OF DAYLIGHT TODAY  (HOUR:MIN)........12 HOURS 20 MINUTES
GAIN/LOSS SINCE YESTERDAY (HOUR:MIN:SEC)....-0:05:33

$$
DPA SEP 14
