000
CDAK48 PABE 291202
CLIBET

CLIMATE REPORT
NATIONAL WEATHER SERVICE BETHEL, AK
402 AM AKDT SUN MAR 29 2015

...................................
...THE BETHEL AP CLIMATE SUMMARY FOR MARCH 28 2015...

CLIMATE NORMAL PERIOD  1981 TO  2015
CLIMATE RECORD PERIOD  1923 TO  2015

WEATHER ITEM   OBSERVED TIME    RECORD YEAR NORMAL DEPARTURE LAST
               VALUE    (LST)   VALUE       VALUE  FROM      YEAR
                                                   NORMAL
...................................................................
TEMPERATURE
YESTERDAY
 MAXIMUM            48  0347 PM    48  2015     25      23     27
 MINIMUM            25  0805 AM   -26  1951     10      15      6
 AVERAGE            37                          18      19     17

PRECIPITATION
(INCHES)
 YESTERDAY        0.00           0.42  1994   0.02   -0.02   0.00
 MONTH TO DATE    0.47                        0.64   -0.17   0.48
 SINCE MAR 1      0.47                        0.64   -0.17   0.48
 SINCE JAN 1      1.51                        2.14   -0.63   2.06

SNOWFALL
(INCHES)
 YESTERDAY         0.0            3.7  1992    0.2    -0.2    0.0
 MONTH TO DATE     5.7                         7.4    -1.7    4.7
 SINCE MAR 1       5.7                         7.4    -1.7    4.7
 SINCE JUL 1      31.2                        53.2   -22.0   26.8
 SNOW DEPTH (IN)     T                                          2

DEGREE DAYS
 HEATING
  YESTERDAY         28                          47     -19     48
  MONTH TO DATE   1248                        1404    -156   1473
  SINCE MAR 1     1244                        1404    -160   1473
  SINCE JUL 1     9019                       10150   -1131   8948

 COOLING
  YESTERDAY          0                           0       0      0
  MONTH TO DATE      0                           0       0      0
  SINCE MAR 1        0                           0       0      0
  SINCE JAN 1        0                           0       0      0
...................................................................

WIND (MPH)
 HIGHEST WIND SPEED    16     HIGHEST WIND DIRECTION     10
 HIGHEST GUST SPEED    21     HIGHEST GUST DIRECTION    360
 AVERAGE WIND SPEED   8.3

SKY COVER
  POSSIBLE SUNSHINE    MM          AVERAGE SKY COVER     MM

WEATHER CONDITIONS
 THE FOLLOWING WEATHER WAS RECORDED YESTERDAY.
  NO SIGNIFICANT WEATHER WAS OBSERVED.

RELATIVE HUMIDITY
 HIGHEST RH     MM PERCENT       MM
 LOWEST  RH     MM PERCENT       MM
 AVERAGE RH     MM PERCENT       MM
...................................................................

THE BETHEL CLIMATE NORMALS FOR TODAY
                           NORMAL    RECORD   YEAR
 MAXIMUM TEMPERATURE (F)     25        53     1934
 MINIMUM TEMPERATURE (F)     11       -28     1944

SUNRISE AND SUNSET
 MAR 29 2015..........SUNRISE  8:21 AM      SUNSET  9:26 PM
 MAR 30 2015..........SUNRISE  8:18 AM      SUNSET  9:28 PM

-  INDICATES NEGATIVE NUMBERS.
R  INDICATES RECORD HAS BEEN SET OR TIED.
MM INDICATES DATA IS MISSING.
T  INDICATES TRACE OF PRECIPITATION.

&&
-------------------------------------------------------------------

AMOUNT OF DAYLIGHT TODAY  (HOUR:MIN)........13 HOURS 5 MINUTES
GAIN/LOSS SINCE YESTERDAY (HOUR:MIN:SEC)....+0:05:38

$$
*** MAR 15
