000
CDAK48 PABE 231107
CLIBET

CLIMATE REPORT
NATIONAL WEATHER SERVICE BETHEL, AK
307 AM AKDT WED JUL 23 2014

...................................
...THE BETHEL AP CLIMATE SUMMARY FOR JULY 22 2014...

CLIMATE NORMAL PERIOD  1981 TO  2010
CLIMATE RECORD PERIOD  1948 TO  2014

WEATHER ITEM   OBSERVED TIME    RECORD YEAR NORMAL DEPARTURE LAST
               VALUE    (LST)   VALUE       VALUE  FROM      YEAR
                                                   NORMAL
...................................................................
TEMPERATURE
YESTERDAY
 MAXIMUM            59  0626 PM    79  1980     63      -4     62
 MINIMUM            48  0254 AM    38  1942     49      -1     51
 AVERAGE            54                          56      -2     57

PRECIPITATION
(INCHES)
 YESTERDAY        0.03           0.76  2004   0.08   -0.05   0.00
 MONTH TO DATE    2.31                        1.52    0.79   2.22
 SINCE JUN 1      3.83                        3.24    0.59   3.83
 SINCE JAN 1      6.87                        7.33   -0.46   7.13

SNOWFALL
(INCHES)
 YESTERDAY         0.0            0.0  2014    0.0     0.0    0.0
 MONTH TO DATE     0.0                         0.0     0.0    0.0
 SINCE JUN 1       0.0                         0.0     0.0    0.0
 SINCE JUL 1       0.0                         0.0     0.0    0.0
 SNOW DEPTH (IN)     0                                          0

DEGREE DAYS
 HEATING
  YESTERDAY         11                           9       2      8
  MONTH TO DATE    194                         198      -4    246
  SINCE JUN 1      614                         575      39    534
  SINCE JUL 1      194                         198      -4    246

 COOLING
  YESTERDAY          0                           0       0      0
  MONTH TO DATE      0                           0       0      0
  SINCE JUN 1        0                           0       0      7
  SINCE JAN 1        0                           0       0      7
...................................................................

WIND (MPH)
 HIGHEST WIND SPEED    13     HIGHEST WIND DIRECTION    220
 HIGHEST GUST SPEED    16     HIGHEST GUST DIRECTION    220
 AVERAGE WIND SPEED   7.6

SKY COVER
  POSSIBLE SUNSHINE    MM          AVERAGE SKY COVER     MM

WEATHER CONDITIONS
 THE FOLLOWING WEATHER WAS RECORDED YESTERDAY.
  FOG
RAIN


RELATIVE HUMIDITY
 HIGHEST RH     MM PERCENT       MM
 LOWEST  RH     MM PERCENT       MM
 AVERAGE RH     MM PERCENT       MM
...................................................................

THE BETHEL CLIMATE NORMALS FOR TODAY
                           NORMAL    RECORD   YEAR
 MAXIMUM TEMPERATURE (F)     63        81     1966
 MINIMUM TEMPERATURE (F)     49        39     1937

SUNRISE AND SUNSET
 JUL 23 2014..........SUNRISE  6:02 AM      SUNSET 11:45 PM
 JUL 24 2014..........SUNRISE  6:04 AM      SUNSET 11:43 PM

-  INDICATES NEGATIVE NUMBERS.
R  INDICATES RECORD HAS BEEN SET OR TIED.
MM INDICATES DATA IS MISSING.
T  INDICATES TRACE OF PRECIPITATION.

&&
-------------------------------------------------------------------

AMOUNT OF DAYLIGHT TODAY  (HOUR:MIN)........17 HOURS 43 MINUTES
GAIN/LOSS SINCE YESTERDAY (HOUR:MIN:SEC)....-0:04:35

$$
BDW JUL 14
