000
CDUS45 KCYS 010728
CLIBFF


CLIMATE REPORT
NATIONAL WEATHER SERVICE CHEYENNE WY
127 AM MDT FRI AUG 1 2014


...................................

...THE SCOTTSBLUFF NEBRASKA AIRPORT CLIMATE SUMMARY FOR JULY 31 2014...

CLIMATE NORMAL PERIOD 1981 TO 2010
CLIMATE RECORD PERIOD 1871 TO 2014


WEATHER ITEM   OBSERVED TIME   RECORD YEAR NORMAL DEPARTURE LAST
                VALUE   (LST)  VALUE       VALUE  FROM      YEAR
                                                  NORMAL
..................................................................
TEMPERATURE (F)
 YESTERDAY
  MAXIMUM         87    347 PM 105    2002  90     -3       90
  MINIMUM         53    504 AM  39    1913  59     -6       56
  AVERAGE         70                        74     -4       73

PRECIPITATION (IN)
  YESTERDAY        0.00          0.92 1920   0.05  -0.05     0.04
  MONTH TO DATE    1.50                      1.83  -0.33     0.88
  SINCE JAN 1     10.38                     11.00  -0.62     7.06

SNOWFALL (IN)
  YESTERDAY        0.0          MM      MM   0.0    0.0      0.0
  MONTH TO DATE    0.0                       0.0    0.0      0.0
  SINCE JUL 1      0.0                       0.0    0.0      0.0
  SNOW DEPTH       0

DEGREE DAYS
 HEATING
  YESTERDAY        0                         0      0        0
  MONTH TO DATE    7                         1      6        2
  SINCE JUN 1     60                        66     -6       23
  SINCE JUL 1      7                         6      1        2

 COOLING
  YESTERDAY        5                        10     -5        8
  MONTH TO DATE  282                       287     -5      317
  SINCE JUN 1    377                       413    -36      512
  SINCE JAN 1    404                       436    -32      566
..................................................................


WIND (MPH)
  HIGHEST WIND SPEED    13   HIGHEST WIND DIRECTION     S (180)
  HIGHEST GUST SPEED    17   HIGHEST GUST DIRECTION    SE (150)
  AVERAGE WIND SPEED     5.0


SKY COVER
  AVERAGE SKY COVER 0.0


WEATHER CONDITIONS
 THE FOLLOWING WEATHER WAS RECORDED YESTERDAY.
  NO SIGNIFICANT WEATHER WAS OBSERVED.


RELATIVE HUMIDITY (PERCENT)
 HIGHEST   100           400 AM
 LOWEST     20           300 PM
 AVERAGE    60

..........................................................


THE SCOTTSBLUFF NEBRASKA AIRPORT CLIMATE NORMALS FOR TODAY
                         NORMAL    RECORD    YEAR
 MAXIMUM TEMPERATURE (F)   90       103      1926
 MINIMUM TEMPERATURE (F)   59        44      1913
                                             1903


SUNRISE AND SUNSET
AUGUST  1 2014........SUNRISE   548 AM MDT   SUNSET   813 PM MDT
AUGUST  2 2014........SUNRISE   549 AM MDT   SUNSET   811 PM MDT


-  INDICATES NEGATIVE NUMBERS.
R  INDICATES RECORD WAS SET OR TIED.
MM INDICATES DATA IS MISSING.
T  INDICATES TRACE AMOUNT.




$$
