000
CDUS45 KCYS 272132
CLIBFF


CLIMATE REPORT
NATIONAL WEATHER SERVICE CHEYENNE WY
330 PM MDT SAT AUG 27 2016


...................................

...THE SCOTTSBLUFF NE AIRPORT CLIMATE SUMMARY FOR AUGUST 27 2016...
VALID AS OF 0300 PM LOCAL TIME.

CLIMATE NORMAL PERIOD 1981 TO 2010
CLIMATE RECORD PERIOD 1871 TO 2016


WEATHER ITEM   OBSERVED TIME   RECORD YEAR NORMAL DEPARTURE LAST
                VALUE   (LST)  VALUE       VALUE  FROM      YEAR
                                                  NORMAL
..................................................................
TEMPERATURE (F)
 TODAY
  MAXIMUM         85    153 PM 106    1898  86     -1       87
  MINIMUM         51    251 AM  35    1940  54     -3       59
  AVERAGE         68                        70     -2       73

PRECIPITATION (IN)
  TODAY            0.00          1.70 1920   0.03  -0.03     0.00
  MONTH TO DATE    1.86                      1.15   0.71     1.24
  SINCE JUN 1      4.20                      5.83  -1.63     7.31
  SINCE JAN 1     13.32                     12.15   1.17    19.47

SNOWFALL (IN)
  TODAY            0.0          MM      MM   0.0    0.0      0.0
  MONTH TO DATE    0.0                       0.0    0.0      0.0
  SINCE JUL 1      0.0                       0.0    0.0      0.0
  SNOW DEPTH       0

DEGREE DAYS
 HEATING
  TODAY            0                         1     -1        0
  MONTH TO DATE   16                         6     10       27
  SINCE JUN 1     22                        72    -50       36
  SINCE JUL 1     16                        12      4       33

 COOLING
  TODAY            3                         6     -3        8
  MONTH TO DATE  183                       209    -26      211
  SINCE JUN 1    795                       622    173      643
  SINCE JAN 1    799                       645    154      643
..................................................................


WIND (MPH)
  HIGHEST WIND SPEED    13   HIGHEST WIND DIRECTION     E (110)
  HIGHEST GUST SPEED    17   HIGHEST GUST DIRECTION     E (110)
  AVERAGE WIND SPEED     5.8


SKY COVER
  AVERAGE SKY COVER 0.4


WEATHER CONDITIONS
 THE FOLLOWING WEATHER WAS RECORDED TODAY.
  FOG
  FOG W/VISIBILITY <= 1/4 MILE


RELATIVE HUMIDITY (PERCENT)
 HIGHEST   100           400 AM
 LOWEST     24           100 PM
 AVERAGE    62

..........................................................


THE SCOTTSBLUFF NE AIRPORT CLIMATE NORMALS FOR TOMORROW
                         NORMAL    RECORD    YEAR
 MAXIMUM TEMPERATURE (F)   86       101      2012
 MINIMUM TEMPERATURE (F)   53        39      2004
                                             1964


SUNRISE AND SUNSET
AUGUST 27 2016........SUNRISE   616 AM MDT   SUNSET   735 PM MDT
AUGUST 28 2016........SUNRISE   617 AM MDT   SUNSET   734 PM MDT


-  INDICATES NEGATIVE NUMBERS.
R  INDICATES RECORD WAS SET OR TIED.
MM INDICATES DATA IS MISSING.
T  INDICATES TRACE AMOUNT.




$$
