000
CDUS45 KCYS 300731
CLIBFF


CLIMATE REPORT
NATIONAL WEATHER SERVICE CHEYENNE WY
130 AM MDT SAT MAY 30 2015


...................................

...THE SCOTTSBLUFF NE AIRPORT CLIMATE SUMMARY FOR MAY 29 2015...

CLIMATE NORMAL PERIOD 1981 TO 2010
CLIMATE RECORD PERIOD 1871 TO 2015


WEATHER ITEM   OBSERVED TIME   RECORD YEAR NORMAL DEPARTURE LAST
                VALUE   (LST)  VALUE       VALUE  FROM      YEAR
                                                  NORMAL
..................................................................
TEMPERATURE (F)
 YESTERDAY
  MAXIMUM         60    806 AM 103    2003  76    -16       92
  MINIMUM         45    927 PM  18    1947  47     -2       58
  AVERAGE         53                        62     -9       75

PRECIPITATION (IN)
  YESTERDAY        0.87          1.74 1936   0.11   0.76     0.00
  MONTH TO DATE    7.99                      2.28   5.71     3.63
  SINCE JAN 1     12.20                      6.12   6.08     6.70

SNOWFALL (IN)
  YESTERDAY        0.0          MM      MM   0.0    0.0      0.0
  MONTH TO DATE    8.0                       0.5    7.5      5.0
  SINCE JUL 1     51.7                      42.1    9.6     66.5
  SNOW DEPTH       0

DEGREE DAYS
 HEATING
  YESTERDAY       12                         5      7        0
  MONTH TO DATE  346                       254     92      259
  SINCE MAR 1   1435                      1635   -200     1586
  SINCE JUL 1   6150                      6547   -397     6619

 COOLING
  YESTERDAY        0                         1     -1       10
  MONTH TO DATE    0                        18    -18       21
  SINCE MAR 1      0                        20    -20       21
  SINCE JAN 1      0                        20    -20       21
..................................................................


WIND (MPH)
  HIGHEST WIND SPEED    21   HIGHEST WIND DIRECTION    NE (30)
  HIGHEST GUST SPEED    26   HIGHEST GUST DIRECTION     N (20)
  AVERAGE WIND SPEED     8.7


SKY COVER
  AVERAGE SKY COVER 0.8


WEATHER CONDITIONS
 THE FOLLOWING WEATHER WAS RECORDED YESTERDAY.
  HEAVY RAIN
  RAIN
  LIGHT RAIN
  FOG


RELATIVE HUMIDITY (PERCENT)
 HIGHEST   100          1100 AM
 LOWEST     80           800 AM
 AVERAGE    90

..........................................................


THE SCOTTSBLUFF NE AIRPORT CLIMATE NORMALS FOR TODAY
                         NORMAL    RECORD    YEAR
 MAXIMUM TEMPERATURE (F)   76        99      1939
 MINIMUM TEMPERATURE (F)   48        30      1947


SUNRISE AND SUNSET
MAY 30 2015...........SUNRISE   523 AM MDT   SUNSET   821 PM MDT
MAY 31 2015...........SUNRISE   522 AM MDT   SUNSET   822 PM MDT


-  INDICATES NEGATIVE NUMBERS.
R  INDICATES RECORD WAS SET OR TIED.
MM INDICATES DATA IS MISSING.
T  INDICATES TRACE AMOUNT.




$$
