000
CDUS45 KCYS 150728
CLIBFF


CLIMATE REPORT
NATIONAL WEATHER SERVICE CHEYENNE WY
127 AM MDT MON SEP 15 2014


...................................

...THE SCOTTSBLUFF NEBRASKA AIRPORT CLIMATE SUMMARY FOR SEPTEMBER 14 2014...

CLIMATE NORMAL PERIOD 1981 TO 2010
CLIMATE RECORD PERIOD 1871 TO 2014


WEATHER ITEM   OBSERVED TIME   RECORD YEAR NORMAL DEPARTURE LAST
                VALUE   (LST)  VALUE       VALUE  FROM      YEAR
                                                  NORMAL
..................................................................
TEMPERATURE (F)
 YESTERDAY
  MAXIMUM         72    307 PM  95    1935  79     -7       83
  MINIMUM         42    425 AM  26    1904  46     -4       55
  AVERAGE         57                        62     -5       69

PRECIPITATION (IN)
  YESTERDAY        0.00          0.45 1903   0.04  -0.04     0.12
  MONTH TO DATE    0.26                      0.56  -0.30     1.02
  SINCE JAN 1     12.30                     12.86  -0.56     8.87

SNOWFALL (IN)
  YESTERDAY        0.0           2.0  1903   0.0    0.0      0.0
  MONTH TO DATE    T                         0.1   -0.1      0.0
  SINCE JUL 1      T                         0.1   -0.1      0.0
  SNOW DEPTH       0

DEGREE DAYS
 HEATING
  YESTERDAY        8                         4      4        0
  MONTH TO DATE   86                        40     46        4
  SINCE SEP 1     86                        40     46        4
  SINCE JUL 1     99                        60     39        6

 COOLING
  YESTERDAY        0                         2     -2        4
  MONTH TO DATE   21                        44    -23      134
  SINCE SEP 1     21                        44    -23      134
  SINCE JAN 1    664                       709    -45     1026
..................................................................


WIND (MPH)
  HIGHEST WIND SPEED    22   HIGHEST WIND DIRECTION    NE (30)
  HIGHEST GUST SPEED    27   HIGHEST GUST DIRECTION    NE (30)
  AVERAGE WIND SPEED     7.2


SKY COVER
  AVERAGE SKY COVER 0.3


WEATHER CONDITIONS
 THE FOLLOWING WEATHER WAS RECORDED YESTERDAY.
  FOG


RELATIVE HUMIDITY (PERCENT)
 HIGHEST   100           300 AM
 LOWEST     47           200 PM
 AVERAGE    74

..........................................................


THE SCOTTSBLUFF NEBRASKA AIRPORT CLIMATE NORMALS FOR TODAY
                         NORMAL    RECORD    YEAR
 MAXIMUM TEMPERATURE (F)   78        97      1948
 MINIMUM TEMPERATURE (F)   46        26      1934


SUNRISE AND SUNSET
SEPTEMBER 15 2014.....SUNRISE   635 AM MDT   SUNSET   704 PM MDT
SEPTEMBER 16 2014.....SUNRISE   636 AM MDT   SUNSET   702 PM MDT


-  INDICATES NEGATIVE NUMBERS.
R  INDICATES RECORD WAS SET OR TIED.
MM INDICATES DATA IS MISSING.
T  INDICATES TRACE AMOUNT.




$$
