000
CDUS45 KCYS 292133
CLIBFF


CLIMATE REPORT
NATIONAL WEATHER SERVICE CHEYENNE WY
333 PM MDT FRI JUL 29 2016


...................................

...THE SCOTTSBLUFF NE AIRPORT CLIMATE SUMMARY FOR JULY 29 2016...
VALID AS OF 0300 PM LOCAL TIME.

CLIMATE NORMAL PERIOD 1981 TO 2010
CLIMATE RECORD PERIOD 1871 TO 2016


WEATHER ITEM   OBSERVED TIME   RECORD YEAR NORMAL DEPARTURE LAST
                VALUE   (LST)  VALUE       VALUE  FROM      YEAR
                                                  NORMAL
..................................................................
TEMPERATURE (F)
 TODAY
  MAXIMUM         87    119 PM 106    1980  90     -3       88
  MINIMUM         58    453 AM  47    2009  59     -1       48
  AVERAGE         73                        74     -1       68

PRECIPITATION (IN)
  TODAY            0.00          1.14 1957   0.05  -0.05      T
  MONTH TO DATE    0.94                      1.72  -0.78     3.83
  SINCE JUN 1      2.02                      4.57  -2.55     6.07
  SINCE JAN 1     11.14                     10.89   0.25    18.23

SNOWFALL (IN)
  TODAY            0.0          MM      MM   0.0    0.0      0.0
  MONTH TO DATE    0.0                       0.0    0.0      0.0
  SINCE JUL 1      0.0                       0.0    0.0      0.0
  SNOW DEPTH       0

DEGREE DAYS
 HEATING
  TODAY            0                         0      0        0
  MONTH TO DATE    0                         1     -1        6
  SINCE JUN 1      6                        61    -55        9
  SINCE JUL 1      0                         1     -1        6

 COOLING
  TODAY            8                        10     -2        3
  MONTH TO DATE  316                       270     46      228
  SINCE JUN 1    586                       396    190      413
  SINCE JAN 1    590                       419    171      413
..................................................................


WIND (MPH)
  HIGHEST WIND SPEED    18   HIGHEST WIND DIRECTION    SE (120)
  HIGHEST GUST SPEED    24   HIGHEST GUST DIRECTION     E (110)
  AVERAGE WIND SPEED     6.3


SKY COVER
  AVERAGE SKY COVER 0.0


WEATHER CONDITIONS
 THE FOLLOWING WEATHER WAS RECORDED TODAY.
  NO SIGNIFICANT WEATHER WAS OBSERVED.


RELATIVE HUMIDITY (PERCENT)
 HIGHEST    93           500 AM
 LOWEST     43           100 PM
 AVERAGE    68

..........................................................


THE SCOTTSBLUFF NE AIRPORT CLIMATE NORMALS FOR TOMORROW
                         NORMAL    RECORD    YEAR
 MAXIMUM TEMPERATURE (F)   90       104      1934
 MINIMUM TEMPERATURE (F)   59        44      2009


SUNRISE AND SUNSET
JULY 29 2016..........SUNRISE   546 AM MDT   SUNSET   815 PM MDT
JULY 30 2016..........SUNRISE   547 AM MDT   SUNSET   814 PM MDT


-  INDICATES NEGATIVE NUMBERS.
R  INDICATES RECORD WAS SET OR TIED.
MM INDICATES DATA IS MISSING.
T  INDICATES TRACE AMOUNT.




$$
