000
CDUS45 KCYS 300350
CLIBFF


CLIMATE REPORT
NATIONAL WEATHER SERVICE CHEYENNE WY
950 PM MDT FRI APR 29 2016


...................................

...THE SCOTTSBLUFF NE AIRPORT CLIMATE SUMMARY FOR APRIL 29 2016...
VALID TODAY AS OF 0900 PM LOCAL TIME.

CLIMATE NORMAL PERIOD 1981 TO 2010
CLIMATE RECORD PERIOD 1871 TO 2016


WEATHER ITEM   OBSERVED TIME   RECORD YEAR NORMAL DEPARTURE LAST
                VALUE   (LST)  VALUE       VALUE  FROM      YEAR
                                                  NORMAL
..................................................................
TEMPERATURE (F)
 TODAY
  MAXIMUM         46    109 PM  86    1934  66    -20       77
                                      1926
  MINIMUM         33    759 PM  19    1925  36     -3       40
                                      1904
  AVERAGE         40                        51    -11       59

PRECIPITATION (IN)
  TODAY            0.34          0.66 2000   0.07   0.27     0.00
                                      1953
  MONTH TO DATE    3.51                      1.76   1.75     3.09
  SINCE MAR 1      6.11                      2.76   3.35     3.36
  SINCE JAN 1      6.88                      3.77   3.11     4.20

SNOWFALL (IN)
  TODAY           MM             5.0  1911   0.1   MM        0.0
                                      1893
  MONTH TO DATE    T                         5.3   -5.3      0.5
  SINCE JUL 1     31.4                      41.5  -10.1     43.7
  SNOW DEPTH       0

DEGREE DAYS
 HEATING
  TODAY           25                        14     11        6
  MONTH TO DATE  468                       538    -70      463
  SINCE MAR 1   1163                      1367   -204     1083
  SINCE JUL 1   5593                      6279   -686     5798

 COOLING
  TODAY            0                         0      0        0
  MONTH TO DATE    0                         0      0        0
  SINCE MAR 1      0                         0      0        0
  SINCE JAN 1      0                         0      0        0
..................................................................


WIND (MPH)
  HIGHEST WIND SPEED    24   HIGHEST WIND DIRECTION     E (70)
  HIGHEST GUST SPEED    27   HIGHEST GUST DIRECTION     E (70)
  AVERAGE WIND SPEED     6.7


SKY COVER
  AVERAGE SKY COVER 1.0


WEATHER CONDITIONS
 THE FOLLOWING WEATHER WAS RECORDED TODAY.
  LIGHT RAIN
  LIGHT SNOW
  FOG


RELATIVE HUMIDITY (PERCENT)
 HIGHEST    96           200 AM
 LOWEST     60           100 PM
 AVERAGE    78

..........................................................


THE SCOTTSBLUFF NE AIRPORT CLIMATE NORMALS FOR TOMORROW
                         NORMAL    RECORD    YEAR
 MAXIMUM TEMPERATURE (F)   66        93      1992
 MINIMUM TEMPERATURE (F)   37        16      1903


SUNRISE AND SUNSET
APRIL 29 2016.........SUNRISE   553 AM MDT   SUNSET   751 PM MDT
APRIL 30 2016.........SUNRISE   551 AM MDT   SUNSET   752 PM MDT


-  INDICATES NEGATIVE NUMBERS.
R  INDICATES RECORD WAS SET OR TIED.
MM INDICATES DATA IS MISSING.
T  INDICATES TRACE AMOUNT.




$$
