000
CDUS45 KCYS 290728
CLIBFF


CLIMATE REPORT
NATIONAL WEATHER SERVICE CHEYENNE WY
127 AM MDT SUN MAR 29 2015


...................................

...THE SCOTTSBLUFF NE AIRPORT CLIMATE SUMMARY FOR MARCH 28 2015...

CLIMATE NORMAL PERIOD 1981 TO 2010
CLIMATE RECORD PERIOD 1871 TO 2015


WEATHER ITEM   OBSERVED TIME   RECORD YEAR NORMAL DEPARTURE LAST
                VALUE   (LST)  VALUE       VALUE  FROM      YEAR
                                                  NORMAL
..................................................................
TEMPERATURE (F)
 YESTERDAY
  MAXIMUM         82R   417 PM  79    1986  56     26       54
                                      1963
                                      1946
  MINIMUM         30    518 AM  -9    1899  27      3       28
  AVERAGE         56                        41     15       41

PRECIPITATION (IN)
  YESTERDAY        0.00          0.80 1977   0.04  -0.04     0.00
  MONTH TO DATE    0.27                      0.87  -0.60     0.82
  SINCE JAN 1      1.11                      1.88  -0.77     2.42

SNOWFALL (IN)
  YESTERDAY        0.0           3.9  1980   0.2   -0.2      0.0
  MONTH TO DATE    0.9                       7.0   -6.1      9.1
  SINCE JUL 1     43.2                      35.4    7.8     60.4
  SNOW DEPTH       0

DEGREE DAYS
 HEATING
  YESTERDAY        9                        24    -15       24
  MONTH TO DATE  585                       761   -176      775
  SINCE MAR 1    585                       761   -176      775
  SINCE JUL 1   5300                      5673   -373     5808

 COOLING
  YESTERDAY        0                         0      0        0
  MONTH TO DATE    0                         0      0        0
  SINCE MAR 1      0                         0      0        0
  SINCE JAN 1      0                         0      0        0
..................................................................


WIND (MPH)
  HIGHEST WIND SPEED    29   HIGHEST WIND DIRECTION     W (260)
  HIGHEST GUST SPEED    35   HIGHEST GUST DIRECTION     W (260)
  AVERAGE WIND SPEED    11.5


SKY COVER
  AVERAGE SKY COVER 0.0


WEATHER CONDITIONS
 THE FOLLOWING WEATHER WAS RECORDED YESTERDAY.
  NO SIGNIFICANT WEATHER WAS OBSERVED.


RELATIVE HUMIDITY (PERCENT)
 HIGHEST    78           400 AM
 LOWEST     12           400 PM
 AVERAGE    45

..........................................................


THE SCOTTSBLUFF NE AIRPORT CLIMATE NORMALS FOR TODAY
                         NORMAL    RECORD    YEAR
 MAXIMUM TEMPERATURE (F)   56        87      1943
 MINIMUM TEMPERATURE (F)   27        -4      1975


SUNRISE AND SUNSET
MARCH 29 2015.........SUNRISE   643 AM MDT   SUNSET   716 PM MDT
MARCH 30 2015.........SUNRISE   641 AM MDT   SUNSET   717 PM MDT


-  INDICATES NEGATIVE NUMBERS.
R  INDICATES RECORD WAS SET OR TIED.
MM INDICATES DATA IS MISSING.
T  INDICATES TRACE AMOUNT.




$$
