000
CDUS45 KCYS 300728
CLIBFF


CLIMATE REPORT
NATIONAL WEATHER SERVICE CHEYENNE WY
128 AM MDT TUE SEP 30 2014


...................................

...THE SCOTTSBLUFF NEBRASKA AIRPORT CLIMATE SUMMARY FOR SEPTEMBER 29 2014...

CLIMATE NORMAL PERIOD 1981 TO 2010
CLIMATE RECORD PERIOD 1871 TO 2014


WEATHER ITEM   OBSERVED TIME   RECORD YEAR NORMAL DEPARTURE LAST
                VALUE   (LST)  VALUE       VALUE  FROM      YEAR
                                                  NORMAL
..................................................................
TEMPERATURE (F)
 YESTERDAY
  MAXIMUM         66    316 PM  93    1942  71     -5       81
  MINIMUM         51   1159 PM  21    1984  39     12       40
  AVERAGE         59                        55      4       61

PRECIPITATION (IN)
  YESTERDAY        2.95R         0.41 1995   0.04   2.91     0.00
  MONTH TO DATE    3.66                      1.14   2.52     2.37
  SINCE JAN 1     15.70                     13.44   2.26    10.22

SNOWFALL (IN)
  YESTERDAY        0.0           0.4  1912   0.1   -0.1      0.0
  MONTH TO DATE    T                         0.5   -0.5      0.0
  SINCE JUL 1      T                         0.5   -0.5      0.0
  SNOW DEPTH       0

DEGREE DAYS
 HEATING
  YESTERDAY        6                        10     -4        4
  MONTH TO DATE  106                       149    -43       86
  SINCE SEP 1    106                       149    -43       86
  SINCE JUL 1    119                       169    -50       88

 COOLING
  YESTERDAY        0                         0      0        0
  MONTH TO DATE   76                        57     19      155
  SINCE SEP 1     76                        57     19      155
  SINCE JAN 1    719                       722     -3     1047
..................................................................


WIND (MPH)
  HIGHEST WIND SPEED    31   HIGHEST WIND DIRECTION     W (280)
  HIGHEST GUST SPEED    41   HIGHEST GUST DIRECTION    NW (300)
  AVERAGE WIND SPEED     9.5


SKY COVER
  AVERAGE SKY COVER 0.8


WEATHER CONDITIONS
 THE FOLLOWING WEATHER WAS RECORDED YESTERDAY.
  THUNDERSTORM
  HEAVY RAIN
  RAIN
  LIGHT RAIN
  FOG


RELATIVE HUMIDITY (PERCENT)
 HIGHEST   100           300 AM
 LOWEST     68           300 PM
 AVERAGE    84

..........................................................


THE SCOTTSBLUFF NEBRASKA AIRPORT CLIMATE NORMALS FOR TODAY
                         NORMAL    RECORD    YEAR
 MAXIMUM TEMPERATURE (F)   71        94      1989
                                             1980
 MINIMUM TEMPERATURE (F)   39        19      1985


SUNRISE AND SUNSET
SEPTEMBER 30 2014.....SUNRISE   650 AM MDT   SUNSET   638 PM MDT
OCTOBER  1 2014.......SUNRISE   651 AM MDT   SUNSET   636 PM MDT


-  INDICATES NEGATIVE NUMBERS.
R  INDICATES RECORD WAS SET OR TIED.
MM INDICATES DATA IS MISSING.
T  INDICATES TRACE AMOUNT.




$$
