000
CDUS46 KHNX 180823
CLIBFL


CLIMATE REPORT
NATIONAL WEATHER SERVICE SAN JOAQUIN VALLEY, CA
1222 AM PST MON DEC 18 2017


...................................

...THE BAKERSFIELD CLIMATE SUMMARY FOR DECEMBER 17 2017...

CLIMATE NORMAL PERIOD 1981 TO 2010
CLIMATE RECORD PERIOD 1889 TO 2017


WEATHER ITEM   OBSERVED TIME   RECORD YEAR NORMAL DEPARTURE
                VALUE   (LST)  VALUE       VALUE  FROM
                                                  NORMAL
...............................................................
TEMPERATURE (F)
 YESTERDAY
  MAXIMUM         62    355 PM  75    1977  56      6
  MINIMUM         37    718 AM  23    1901  39     -2
  AVERAGE         50                        47      3

PRECIPITATION (IN)
  YESTERDAY        0.00          0.36 2002   0.03  -0.03
  MONTH TO DATE    0.00                      0.50  -0.50
  SINCE OCT 1      0.03                      1.44  -1.41
  SINCE JAN 1      5.34                      5.95  -0.61

SNOWFALL (IN)
  YESTERDAY        0.0
  MONTH TO DATE    0.0
  SINCE DEC 1      0.0
  SINCE JUL 1      0.0
  SNOW DEPTH       0

DEGREE DAYS
 HEATING
  YESTERDAY       15                               -3
  MONTH TO DATE  243                              -37
  SINCE DEC 1    243                              -37
  SINCE JUL 1    420                             -218

 COOLING
  YESTERDAY        0                                0
  MONTH TO DATE    0                                0
  SINCE DEC 1      0                                0
  SINCE JAN 1   2948                              690
...............................................................


WIND (MPH)
  HIGHEST WIND SPEED    13   HIGHEST WIND DIRECTION    NW (330)
  HIGHEST GUST SPEED    15   HIGHEST GUST DIRECTION    NW (330)
  AVERAGE WIND SPEED     4.7




RELATIVE HUMIDITY (PERCENT)
 HIGHEST    64
 LOWEST     21
 AVERAGE    43

..........................................................


THE BAKERSFIELD CLIMATE NORMALS FOR TODAY
                         NORMAL    RECORD    YEAR
 MAXIMUM TEMPERATURE (F)   56        75      1979
 MINIMUM TEMPERATURE (F)   39        23      1908
                                             1901


SUNRISE AND SUNSET
DECEMBER 18 2017......SUNRISE   700 AM PST   SUNSET   446 PM PST
DECEMBER 19 2017......SUNRISE   700 AM PST   SUNSET   447 PM PST


-  INDICATES NEGATIVE NUMBERS.
R  INDICATES RECORD WAS SET OR TIED.
MM INDICATES DATA IS MISSING.
T  INDICATES TRACE AMOUNT.




$$
