000
CDUS46 KHNX 050822
CLIBFL


CLIMATE REPORT
NATIONAL WEATHER SERVICE SAN JOAQUIN VALLEY, CA
122 AM PDT SAT SEP 5 2015


...................................

...THE BAKERSFIELD CLIMATE SUMMARY FOR SEPTEMBER 4 2015...

CLIMATE NORMAL PERIOD 1981 TO 2010
CLIMATE RECORD PERIOD 1889 TO 2015


WEATHER ITEM   OBSERVED TIME   RECORD YEAR NORMAL DEPARTURE
                VALUE   (LST)  VALUE       VALUE  FROM
                                                  NORMAL
...............................................................
TEMPERATURE (F)
 YESTERDAY
  MAXIMUM         87    447 PM 109    1988  93     -6
                                      1955
  MINIMUM         62    512 AM  49    1915  66     -4
  AVERAGE         75                        80     -5

PRECIPITATION (IN)
  YESTERDAY        0.00          0.27 1998   0.01  -0.01
  MONTH TO DATE    0.00                      0.01  -0.01
  SINCE OCT 1      5.33                      6.40  -1.07
  SINCE JAN 1      2.66                      4.44  -1.78

SNOWFALL (IN)
  YESTERDAY        0.0
  MONTH TO DATE    0.0
  SINCE SEP 1      0.0
  SINCE JUL 1      0.0
  SNOW DEPTH       0

DEGREE DAYS
 HEATING
  YESTERDAY        0                                0
  MONTH TO DATE    0                                0
  SINCE SEP 1      0                                0
  SINCE JUL 1      0                                0

 COOLING
  YESTERDAY       10                               -5
  MONTH TO DATE   53                               -7
  SINCE SEP 1     53                               -7
  SINCE JAN 1   2160                              332
...............................................................


WIND (MPH)
  HIGHEST WIND SPEED    15   HIGHEST WIND DIRECTION    NW (320)
  HIGHEST GUST SPEED    19   HIGHEST GUST DIRECTION    NW (310)
  AVERAGE WIND SPEED     6.6




RELATIVE HUMIDITY (PERCENT)
 HIGHEST    52
 LOWEST     26
 AVERAGE    39

..........................................................


THE BAKERSFIELD CLIMATE NORMALS FOR TODAY
                         NORMAL    RECORD    YEAR
 MAXIMUM TEMPERATURE (F)   93       109      1904
 MINIMUM TEMPERATURE (F)   66        49      1916
                                             1903


SUNRISE AND SUNSET
SEPTEMBER  5 2015.....SUNRISE   631 AM PDT   SUNSET   718 PM PDT
SEPTEMBER  6 2015.....SUNRISE   632 AM PDT   SUNSET   716 PM PDT


-  INDICATES NEGATIVE NUMBERS.
R  INDICATES RECORD WAS SET OR TIED.
MM INDICATES DATA IS MISSING.
T  INDICATES TRACE AMOUNT.




$$
