528
CDUS46 KHNX 270823
CLIBFL


CLIMATE REPORT
NATIONAL WEATHER SERVICE SAN JOAQUIN VALLEY, CA
122 AM PDT MON MAR 27 2017


...................................

...THE BAKERSFIELD CLIMATE SUMMARY FOR MARCH 26 2017...

CLIMATE NORMAL PERIOD 1981 TO 2010
CLIMATE RECORD PERIOD 1889 TO 2017


WEATHER ITEM   OBSERVED TIME   RECORD YEAR NORMAL DEPARTURE
                VALUE   (LST)  VALUE       VALUE  FROM
                                                  NORMAL
...............................................................
TEMPERATURE (F)
 YESTERDAY
  MAXIMUM         70    410 PM  90    2015  70      0
  MINIMUM         50   1202 AM  21    1907  47      3
  AVERAGE         60                        59      1

PRECIPITATION (IN)
  YESTERDAY        0.00          0.87 1924   0.03  -0.03
  MONTH TO DATE    0.16                      1.05  -0.89
  SINCE OCT 1      7.41                      5.41   2.00
  SINCE JAN 1      4.38                      3.45   0.93

SNOWFALL (IN)
  YESTERDAY        0.0
  MONTH TO DATE    0.0
  SINCE MAR 1      0.0
  SINCE JUL 1      0.0
  SNOW DEPTH       0

DEGREE DAYS
 HEATING
  YESTERDAY        5                               -2
  MONTH TO DATE  146                              -60
  SINCE MAR 1    146                              -60
  SINCE JUL 1   1514                             -466

 COOLING
  YESTERDAY        0                                0
  MONTH TO DATE   24                               24
  SINCE MAR 1     24                               24
  SINCE JAN 1     26                               26
...............................................................


WIND (MPH)
  HIGHEST WIND SPEED    14   HIGHEST WIND DIRECTION    NW (310)
  HIGHEST GUST SPEED    19   HIGHEST GUST DIRECTION     W (270)
  AVERAGE WIND SPEED     3.7




RELATIVE HUMIDITY (PERCENT)
 HIGHEST    86
 LOWEST     44
 AVERAGE    65

..........................................................


THE BAKERSFIELD CLIMATE NORMALS FOR TODAY
                         NORMAL    RECORD    YEAR
 MAXIMUM TEMPERATURE (F)   70        93      2015
 MINIMUM TEMPERATURE (F)   47        32      1908
                                             1907


SUNRISE AND SUNSET
MARCH 27 2017.........SUNRISE   649 AM PDT   SUNSET   714 PM PDT
MARCH 28 2017.........SUNRISE   648 AM PDT   SUNSET   715 PM PDT


-  INDICATES NEGATIVE NUMBERS.
R  INDICATES RECORD WAS SET OR TIED.
MM INDICATES DATA IS MISSING.
T  INDICATES TRACE AMOUNT.




$$
