000
CDUS44 KAMA 101409
CLIBGD


CLIMATE REPORT
NATIONAL WEATHER SERVICE AMARILLO TX
909 AM CDT THU JUL 10 2014


...................................

...THE BORGER CLIMATE SUMMARY FOR JULY 10 2014...
VALID AS OF 0900 AM LOCAL TIME.

CLIMATE NORMAL PERIOD 1981 TO 2013
CLIMATE RECORD PERIOD 1949 TO 2014


WEATHER ITEM   OBSERVED TIME   RECORD YEAR NORMAL DEPARTURE LAST
                VALUE   (LST)  VALUE       VALUE  FROM      YEAR
                                                  NORMAL
..................................................................
TEMPERATURE (F)
 TODAY
  MINIMUM         76    640 AM  58    1996  70      6       80

PRECIPITATION (IN)
  TODAY            0.00          1.05 1988   0.08  -0.08     0.00
  MONTH TO DATE    0.90                      0.94  -0.04     0.09
  SINCE JUN 1      2.64                      4.11  -1.47     2.26
  SINCE JAN 1      4.76                     11.16  -6.40     6.73

SNOWFALL (IN)
  TODAY            0.0           0.0  2013                   0.0
                                      2012
                                      2011
  MONTH TO DATE    0.0                                       0.0
  SINCE JUN 1      0.0                                       0.0
  SINCE JUL 1      0.0                                       0.0
  SNOW DEPTH       0

..................................................................


WIND (MPH)
  RESULTANT WIND SPEED   9   RESULTANT WIND DIRECTION   S (200)
  HIGHEST WIND SPEED    17   HIGHEST WIND DIRECTION    SW (220)
  HIGHEST GUST SPEED    25   HIGHEST GUST DIRECTION    SW (230)
  AVERAGE WIND SPEED    10.1


SKY COVER
  AVERAGE SKY COVER 0.0


WEATHER CONDITIONS
 THE FOLLOWING WEATHER WAS RECORDED TODAY.
  NO SIGNIFICANT WEATHER WAS OBSERVED.


RELATIVE HUMIDITY (PERCENT)
 HIGHEST    60           300 AM
 LOWEST     50           700 AM
 AVERAGE    55

..........................................................


THE BORGER CLIMATE NORMALS FOR TOMORROW
                         NORMAL    RECORD    YEAR
 MAXIMUM TEMPERATURE (F)   94       105      2001
                                             1980
 MINIMUM TEMPERATURE (F)   70        55      1999


SUNRISE AND SUNSET
JULY 10 2014..........SUNRISE   638 AM CDT   SUNSET   904 PM CDT
JULY 11 2014..........SUNRISE   639 AM CDT   SUNSET   903 PM CDT


-  INDICATES NEGATIVE NUMBERS.
R  INDICATES RECORD WAS SET OR TIED.
MM INDICATES DATA IS MISSING.
T  INDICATES TRACE AMOUNT.




$$
