000
CDUS44 KAMA 230639
CLIBGD


CLIMATE REPORT
NATIONAL WEATHER SERVICE AMARILLO TX
139 AM CDT MON OCT 23 2017


...................................

...THE BORGER CLIMATE SUMMARY FOR OCTOBER 22 2017...

CLIMATE NORMAL PERIOD 1981 TO 2010
CLIMATE RECORD PERIOD 1949 TO 2017


WEATHER ITEM   OBSERVED TIME   RECORD YEAR NORMAL DEPARTURE LAST
                VALUE   (LST)  VALUE       VALUE  FROM      YEAR
                                                  NORMAL
..................................................................
TEMPERATURE (F)
 YESTERDAY
  MAXIMUM         70    452 PM  91    1961  71     -1       89
  MINIMUM         38    720 AM  30    1996  45     -7       53
  AVERAGE         54                        58     -4       71

PRECIPITATION (IN)
  YESTERDAY        0.00          1.52 1953   0.04  -0.04     0.00
  MONTH TO DATE    2.13                      1.33   0.80     0.05
  SINCE SEP 1      5.04                      3.71   1.33     1.07
  SINCE JAN 1     26.04                     19.72   6.32    15.41

SNOWFALL (IN)
  YESTERDAY        0.0           0.0  2013                   0.0
                                      2012
                                      2011
  MONTH TO DATE    0.0                                       0.0
  SINCE SEP 1      0.0                                       0.0
  SINCE JUL 1      0.0                                       0.0
  SNOW DEPTH       0

DEGREE DAYS
 HEATING
  YESTERDAY       11                         7      4        0
  MONTH TO DATE   69                       110    -41       44
  SINCE SEP 1     94                       137    -43       48
  SINCE JUL 1     94                       138    -44       48

 COOLING
  YESTERDAY        0                         1     -1        6
  MONTH TO DATE   68                        46     22      117
  SINCE SEP 1    329                       281     48      409
  SINCE JAN 1   1992                      1831    161     2127
..................................................................


WIND (MPH)
  RESULTANT WIND SPEED   6   RESULTANT WIND DIRECTION  SW (230)
  HIGHEST WIND SPEED    17   HIGHEST WIND DIRECTION     W (250)
  HIGHEST GUST SPEED    22   HIGHEST GUST DIRECTION    SW (230)
  AVERAGE WIND SPEED     8.0


SKY COVER
  AVERAGE SKY COVER 0.0


WEATHER CONDITIONS
 THE FOLLOWING WEATHER WAS RECORDED YESTERDAY.
  NO SIGNIFICANT WEATHER WAS OBSERVED.


RELATIVE HUMIDITY (PERCENT)
 HIGHEST    76           400 AM
 LOWEST     18           100 PM
 AVERAGE    47

..........................................................


THE BORGER CLIMATE NORMALS FOR TODAY
                         NORMAL    RECORD    YEAR
 MAXIMUM TEMPERATURE (F)   71        93      2012
 MINIMUM TEMPERATURE (F)   45        30      1981


SUNRISE AND SUNSET
OCTOBER 23 2017.......SUNRISE   759 AM CDT   SUNSET   700 PM CDT
OCTOBER 24 2017.......SUNRISE   800 AM CDT   SUNSET   659 PM CDT


-  INDICATES NEGATIVE NUMBERS.
R  INDICATES RECORD WAS SET OR TIED.
MM INDICATES DATA IS MISSING.
T  INDICATES TRACE AMOUNT.




$$
