000
CDUS44 KAMA 011528
CLIBGD


CLIMATE REPORT
NATIONAL WEATHER SERVICE AMARILLO TX
927 AM CST SUN FEB 1 2015


...................................

...THE BORGER CLIMATE SUMMARY FOR FEBRUARY 1 2015...
VALID AS OF 0900 AM LOCAL TIME.

CLIMATE NORMAL PERIOD 1981 TO 2013
CLIMATE RECORD PERIOD 1949 TO 2015


WEATHER ITEM   OBSERVED TIME   RECORD YEAR NORMAL DEPARTURE LAST
                VALUE   (LST)  VALUE       VALUE  FROM      YEAR
                                                  NORMAL
..................................................................
TEMPERATURE (F)
 TODAY
  MINIMUM         33    924 AM -12    1951  27      6       24

PRECIPITATION (IN)
  TODAY            0.00          0.87 1983   0.02  -0.02      T
  MONTH TO DATE    0.00                      0.02  -0.02      T
  SINCE DEC 1      1.37                      1.38  -0.01     0.34
  SINCE JAN 1      1.23                      0.61   0.62     0.07

SNOWFALL (IN)
  TODAY            0.0           8.0  1983                    T
  MONTH TO DATE    0.0                                        T
  SINCE DEC 1      8.0                                       4.7
  SINCE JUL 1      9.9                                       8.5
  SNOW DEPTH       0

..................................................................


WIND (MPH)
  RESULTANT WIND SPEED   8   RESULTANT WIND DIRECTION   N (350)
  HIGHEST WIND SPEED    28   HIGHEST WIND DIRECTION     N (360)
  HIGHEST GUST SPEED    34   HIGHEST GUST DIRECTION     N (360)
  AVERAGE WIND SPEED     9.2


SKY COVER
  AVERAGE SKY COVER 1.0


WEATHER CONDITIONS
 THE FOLLOWING WEATHER WAS RECORDED TODAY.
  NO SIGNIFICANT WEATHER WAS OBSERVED.


RELATIVE HUMIDITY (PERCENT)
 HIGHEST    89          1200 AM
 LOWEST     70           800 AM
 AVERAGE    80

..........................................................


THE BORGER CLIMATE NORMALS FOR TOMORROW
                         NORMAL    RECORD    YEAR
 MAXIMUM TEMPERATURE (F)   53        76      2003
 MINIMUM TEMPERATURE (F)   28        -2      2011


SUNRISE AND SUNSET
FEBRUARY  1 2015......SUNRISE   746 AM CST   SUNSET   613 PM CST
FEBRUARY  2 2015......SUNRISE   745 AM CST   SUNSET   614 PM CST


-  INDICATES NEGATIVE NUMBERS.
R  INDICATES RECORD WAS SET OR TIED.
MM INDICATES DATA IS MISSING.
T  INDICATES TRACE AMOUNT.




$$
