000
CDUS44 KAMA 170728
CLIBGD


CLIMATE REPORT
NATIONAL WEATHER SERVICE AMARILLO TX
127 AM CST WED JAN 17 2018


...................................

...THE BORGER CLIMATE SUMMARY FOR JANUARY 16 2018...

CLIMATE NORMAL PERIOD 1981 TO 2010
CLIMATE RECORD PERIOD 1949 TO 2018


WEATHER ITEM   OBSERVED TIME   RECORD YEAR NORMAL DEPARTURE LAST
                VALUE   (LST)  VALUE       VALUE  FROM      YEAR
                                                  NORMAL
..................................................................
TEMPERATURE (F)
 YESTERDAY
  MAXIMUM         28    508 PM  71    2012  51    -23       42
                                      1952
  MINIMUM          4R   826 AM   5    1982  26    -22       29
  AVERAGE         16                        39    -23       36

PRECIPITATION (IN)
  YESTERDAY        0.00          0.26 1987   0.03  -0.03     0.14
  MONTH TO DATE    0.01                      0.26  -0.25     2.56
  SINCE DEC 1      0.01                      1.03  -1.02     2.78
  SINCE JAN 1      0.01                      0.26  -0.25     2.56

SNOWFALL (IN)
  YESTERDAY        0.0           5.0  1987                  MM
  MONTH TO DATE    0.0                                       3.5
  SINCE DEC 1      1.2                                       3.6
  SINCE JUL 1      2.0                                       3.6
  SNOW DEPTH       0

DEGREE DAYS
 HEATING
  YESTERDAY       49                        26     23       29
  MONTH TO DATE  449                       434     15      457
  SINCE DEC 1   1223                      1254    -31     1228
  SINCE JUL 1   1746                      1971   -225     1601

 COOLING
  YESTERDAY        0                         0      0        0
  MONTH TO DATE    0                         0      0        0
  SINCE DEC 1      0                         0      0        0
  SINCE JAN 1      0                         0      0        0
..................................................................


WIND (MPH)
  RESULTANT WIND SPEED   2   RESULTANT WIND DIRECTION   N (20)
  HIGHEST WIND SPEED    13   HIGHEST WIND DIRECTION     S (170)
  HIGHEST GUST SPEED    17   HIGHEST GUST DIRECTION     S (180)
  AVERAGE WIND SPEED     5.8


SKY COVER
  AVERAGE SKY COVER 0.0


WEATHER CONDITIONS
 THE FOLLOWING WEATHER WAS RECORDED YESTERDAY.
  NO SIGNIFICANT WEATHER WAS OBSERVED.


RELATIVE HUMIDITY (PERCENT)
 HIGHEST    69           500 AM
 LOWEST     25           300 PM
 AVERAGE    47

..........................................................


THE BORGER CLIMATE NORMALS FOR TODAY
                         NORMAL    RECORD    YEAR
 MAXIMUM TEMPERATURE (F)   52        75      1950
 MINIMUM TEMPERATURE (F)   26         4      1978


SUNRISE AND SUNSET
JANUARY 17 2018.......SUNRISE   754 AM CST   SUNSET   558 PM CST
JANUARY 18 2018.......SUNRISE   754 AM CST   SUNSET   559 PM CST


-  INDICATES NEGATIVE NUMBERS.
R  INDICATES RECORD WAS SET OR TIED.
MM INDICATES DATA IS MISSING.
T  INDICATES TRACE AMOUNT.




$$
