000
CDUS44 KAMA 302132
CLIBGD


CLIMATE REPORT
NATIONAL WEATHER SERVICE AMARILLO TX
432 PM CDT SAT AUG 30 2014


...................................

...THE BORGER CLIMATE SUMMARY FOR AUGUST 30 2014...
VALID TODAY AS OF 0400 PM LOCAL TIME.

CLIMATE NORMAL PERIOD 1981 TO 2013
CLIMATE RECORD PERIOD 1949 TO 2014


WEATHER ITEM   OBSERVED TIME   RECORD YEAR NORMAL DEPARTURE LAST
                VALUE   (LST)  VALUE       VALUE  FROM      YEAR
                                                  NORMAL
..................................................................
TEMPERATURE (F)
 TODAY
  MAXIMUM         95    257 PM 104    2011  90      5      102
  MINIMUM         66    525 AM  55    1950  65      1       75
  AVERAGE         81                        77      4       89

PRECIPITATION (IN)
  TODAY            0.00          2.35 2003   0.10  -0.10     0.00
  MONTH TO DATE    0.71                      3.08  -2.37     2.73
  SINCE JUN 1      5.62                      8.87  -3.25     7.09
  SINCE JAN 1      7.74                     15.92  -8.18    11.56

SNOWFALL (IN)
  TODAY            0.0           0.0  2013                   0.0
                                      2012
                                      2011
  MONTH TO DATE    0.0                                       0.0
  SINCE JUN 1      0.0                                       0.0
  SINCE JUL 1      0.0                                       0.0
  SNOW DEPTH       0

DEGREE DAYS
 HEATING
  TODAY            0                         0      0        0
  MONTH TO DATE    0                         0      0        0
  SINCE JUN 1      4                         3      1        0
  SINCE JUL 1      1                         0      1        0

 COOLING
  TODAY           16                        12      4       24
  MONTH TO DATE  518                       457     61      500
  SINCE JUN 1   1395                      1341     54     1497
  SINCE JAN 1   1709                      1538    171     1785
..................................................................


WIND (MPH)
  RESULTANT WIND SPEED   3   RESULTANT WIND DIRECTION   S (170)
  HIGHEST WIND SPEED    16   HIGHEST WIND DIRECTION     S (200)
  HIGHEST GUST SPEED    22   HIGHEST GUST DIRECTION     S (200)
  AVERAGE WIND SPEED     5.2


SKY COVER
  AVERAGE SKY COVER 0.0


WEATHER CONDITIONS
 THE FOLLOWING WEATHER WAS RECORDED TODAY.
  NO SIGNIFICANT WEATHER WAS OBSERVED.


RELATIVE HUMIDITY (PERCENT)
 HIGHEST    81           600 AM
 LOWEST     20           200 PM
 AVERAGE    51

..........................................................


THE BORGER CLIMATE NORMALS FOR TOMORROW
                         NORMAL    RECORD    YEAR
 MAXIMUM TEMPERATURE (F)   89       105      2011
 MINIMUM TEMPERATURE (F)   65        54      1993


SUNRISE AND SUNSET
AUGUST 30 2014........SUNRISE   716 AM CDT   SUNSET   816 PM CDT
AUGUST 31 2014........SUNRISE   717 AM CDT   SUNSET   814 PM CDT


-  INDICATES NEGATIVE NUMBERS.
R  INDICATES RECORD WAS SET OR TIED.
MM INDICATES DATA IS MISSING.
T  INDICATES TRACE AMOUNT.




$$
