000
CDUS44 KAMA 260639
CLIBGD


CLIMATE REPORT
NATIONAL WEATHER SERVICE AMARILLO TX
137 AM CDT MON JUN 26 2017


...................................

...THE BORGER CLIMATE SUMMARY FOR JUNE 25 2017...

CLIMATE NORMAL PERIOD 1981 TO 2010
CLIMATE RECORD PERIOD 1949 TO 2017


WEATHER ITEM   OBSERVED TIME   RECORD YEAR NORMAL DEPARTURE LAST
                VALUE   (LST)  VALUE       VALUE  FROM      YEAR
                                                  NORMAL
..................................................................
TEMPERATURE (F)
 YESTERDAY
  MAXIMUM         82    532 PM 106    2013  92    -10       97
                                      2012
                                      1994
  MINIMUM         67   1159 PM  51    1958  67      0       74
  AVERAGE         75                        79     -4       86

PRECIPITATION (IN)
  YESTERDAY        0.08          2.18 1965   0.10  -0.02     0.00
  MONTH TO DATE    0.44                      2.74  -2.30     1.13
  SINCE JUN 1      0.44                      2.74  -2.30     1.13
  SINCE JAN 1     11.59                      9.79   1.80    10.00

SNOWFALL (IN)
  YESTERDAY        0.0           T    1949                   0.0
  MONTH TO DATE    0.0                                       0.0
  SINCE JUN 1      0.0                                       0.0
  SINCE JUL 1      1.2                                       8.9
  SNOW DEPTH       0

DEGREE DAYS
 HEATING
  YESTERDAY        0                         0      0        0
  MONTH TO DATE    0                         0      0        0
  SINCE JUN 1      0                         0      0        0
  SINCE JUL 1   2909                      3763   -854     3087

 COOLING
  YESTERDAY       10                        14     -4       21
  MONTH TO DATE  371                       284     87      370
  SINCE JUN 1    371                       284     87      370
  SINCE JAN 1    611                       481    130      557
..................................................................


WIND (MPH)
  RESULTANT WIND SPEED  10   RESULTANT WIND DIRECTION  SE (150)
  HIGHEST WIND SPEED    33   HIGHEST WIND DIRECTION     S (160)
  HIGHEST GUST SPEED    45   HIGHEST GUST DIRECTION     S (170)
  AVERAGE WIND SPEED    10.4


SKY COVER
  AVERAGE SKY COVER 0.8


WEATHER CONDITIONS
 THE FOLLOWING WEATHER WAS RECORDED YESTERDAY.
  THUNDERSTORM
  LIGHT RAIN
  FOG


RELATIVE HUMIDITY (PERCENT)
 HIGHEST    87           700 AM
 LOWEST     51           500 PM
 AVERAGE    69

..........................................................


THE BORGER CLIMATE NORMALS FOR TODAY
                         NORMAL    RECORD    YEAR
 MAXIMUM TEMPERATURE (F)   92       113      2011
 MINIMUM TEMPERATURE (F)   67        48      1958


SUNRISE AND SUNSET
JUNE 26 2017..........SUNRISE   632 AM CDT   SUNSET   905 PM CDT
JUNE 27 2017..........SUNRISE   632 AM CDT   SUNSET   906 PM CDT


-  INDICATES NEGATIVE NUMBERS.
R  INDICATES RECORD WAS SET OR TIED.
MM INDICATES DATA IS MISSING.
T  INDICATES TRACE AMOUNT.




$$
