000
CDUS44 KAMA 251435
CLIBGD


CLIMATE REPORT
NATIONAL WEATHER SERVICE AMARILLO TX
935 AM CDT MON MAY 25 2015


...................................

...THE BORGER CLIMATE SUMMARY FOR MAY 25 2015...
VALID AS OF 0900 AM LOCAL TIME.

CLIMATE NORMAL PERIOD 1981 TO 2013
CLIMATE RECORD PERIOD 1949 TO 2015


WEATHER ITEM   OBSERVED TIME   RECORD YEAR NORMAL DEPARTURE LAST
                VALUE   (LST)  VALUE       VALUE  FROM      YEAR
                                                  NORMAL
..................................................................
TEMPERATURE (F)
 TODAY
  MINIMUM         54    558 AM  44    2002  58     -4       58
                                      1995

PRECIPITATION (IN)
  TODAY            0.00          1.66 1974   0.12  -0.12     0.22
  MONTH TO DATE    8.70                      2.10   6.60     1.40
  SINCE MAR 1     13.37                      5.05   8.32     1.60
  SINCE JAN 1     15.22                      6.26   8.96     1.98

SNOWFALL (IN)
  TODAY            0.0           T    2000                   0.0
  MONTH TO DATE    0.0                                       0.0
  SINCE MAR 1      T                                         2.1
  SINCE JUL 1     17.5                                      14.7
  SNOW DEPTH       0

..................................................................


WIND (MPH)
  RESULTANT WIND SPEED   5   RESULTANT WIND DIRECTION  SW (230)
  HIGHEST WIND SPEED    15   HIGHEST WIND DIRECTION     S (190)
  HIGHEST GUST SPEED    23   HIGHEST GUST DIRECTION     S (200)
  AVERAGE WIND SPEED     7.5


SKY COVER
  AVERAGE SKY COVER 0.0


WEATHER CONDITIONS
 THE FOLLOWING WEATHER WAS RECORDED TODAY.
  NO SIGNIFICANT WEATHER WAS OBSERVED.


RELATIVE HUMIDITY (PERCENT)
 HIGHEST    77           500 AM
 LOWEST     42           100 AM
 AVERAGE    60

..........................................................


THE BORGER CLIMATE NORMALS FOR TOMORROW
                         NORMAL    RECORD    YEAR
 MAXIMUM TEMPERATURE (F)   84       101      1953
 MINIMUM TEMPERATURE (F)   59        40      1950


SUNRISE AND SUNSET
MAY 25 2015...........SUNRISE   634 AM CDT   SUNSET   851 PM CDT
MAY 26 2015...........SUNRISE   634 AM CDT   SUNSET   852 PM CDT


-  INDICATES NEGATIVE NUMBERS.
R  INDICATES RECORD WAS SET OR TIED.
MM INDICATES DATA IS MISSING.
T  INDICATES TRACE AMOUNT.




$$
