000
CDUS44 KAMA 260729
CLIBGD


CLIMATE REPORT
NATIONAL WEATHER SERVICE AMARILLO TX
128 AM CST FRI DEC 26 2014


...................................

...THE BORGER CLIMATE SUMMARY FOR DECEMBER 25 2014...

CLIMATE NORMAL PERIOD 1981 TO 2013
CLIMATE RECORD PERIOD 1949 TO 2014


WEATHER ITEM   OBSERVED TIME   RECORD YEAR NORMAL DEPARTURE LAST
                VALUE   (LST)  VALUE       VALUE  FROM      YEAR
                                                  NORMAL
..................................................................
TEMPERATURE (F)
 YESTERDAY
  MAXIMUM         65    223 PM  77    1971  49     16       47
  MINIMUM         42   1242 AM   0    1983  25     17       31
  AVERAGE         54                        37     17       39

PRECIPITATION (IN)
  YESTERDAY        0.00          0.16 1987   0.03  -0.03     0.00
  MONTH TO DATE    0.13                      0.56  -0.43     0.27
  SINCE DEC 1      0.13                      0.56  -0.43     0.27
  SINCE JAN 1     10.77                     21.51 -10.74    15.20

SNOWFALL (IN)
  YESTERDAY        0.0          MM      MM                   0.0
  MONTH TO DATE    T                                         3.4
  SINCE DEC 1      T                                         3.4
  SINCE JUL 1      1.9                                       7.2
  SNOW DEPTH       0

DEGREE DAYS
 HEATING
  YESTERDAY       11                        28    -17       26
  MONTH TO DATE  497                       654   -157      696
  SINCE DEC 1    497                       654   -157      696
  SINCE JUL 1   1182                      1371   -189     1410

 COOLING
  YESTERDAY        0                         0      0        0
  MONTH TO DATE    0                         0      0        0
  SINCE DEC 1      0                         0      0        0
  SINCE JAN 1   2053                      1839    214     2220
..................................................................


WIND (MPH)
  RESULTANT WIND SPEED  15   RESULTANT WIND DIRECTION  SW (210)
  HIGHEST WIND SPEED    29   HIGHEST WIND DIRECTION    SW (240)
  HIGHEST GUST SPEED    38   HIGHEST GUST DIRECTION     W (250)
  AVERAGE WIND SPEED    15.3


SKY COVER
  AVERAGE SKY COVER 0.0


WEATHER CONDITIONS
 THE FOLLOWING WEATHER WAS RECORDED YESTERDAY.
  NO SIGNIFICANT WEATHER WAS OBSERVED.


RELATIVE HUMIDITY (PERCENT)
 HIGHEST    34          1000 PM
 LOWEST     13           100 PM
 AVERAGE    24

..........................................................


THE BORGER CLIMATE NORMALS FOR TODAY
                         NORMAL    RECORD    YEAR
 MAXIMUM TEMPERATURE (F)   49        78      1971
 MINIMUM TEMPERATURE (F)   25         7      2012
                                             1962


SUNRISE AND SUNSET
DECEMBER 26 2014......SUNRISE   754 AM CST   SUNSET   539 PM CST
DECEMBER 27 2014......SUNRISE   754 AM CST   SUNSET   539 PM CST


-  INDICATES NEGATIVE NUMBERS.
R  INDICATES RECORD WAS SET OR TIED.
MM INDICATES DATA IS MISSING.
T  INDICATES TRACE AMOUNT.




$$
